[INFO] cloning repository https://github.com/Cosmian/kms
[INFO] running `Command { std: "git" "-c" "credential.helper=" "-c" "credential.helper=/workspace/cargo-home/bin/git-credential-null" "clone" "--bare" "https://github.com/Cosmian/kms" "/workspace/cache/git-repos/https%3A%2F%2Fgithub.com%2FCosmian%2Fkms", kill_on_drop: false }`
[INFO] [stderr] Cloning into bare repository '/workspace/cache/git-repos/https%3A%2F%2Fgithub.com%2FCosmian%2Fkms'...
[INFO] running `Command { std: "git" "rev-parse" "HEAD", kill_on_drop: false }`
[INFO] [stdout] b3c66863feb923be91d1b33f0d7570b04ce2f2bd
[INFO] documenting Cosmian/kms against 1.75.0 for beta-1.76-rustdoc-1
[INFO] running `Command { std: "git" "clone" "/workspace/cache/git-repos/https%3A%2F%2Fgithub.com%2FCosmian%2Fkms" "/workspace/builds/worker-2-tc1/source", kill_on_drop: false }`
[INFO] [stderr] Cloning into '/workspace/builds/worker-2-tc1/source'...
[INFO] [stderr] done.
[INFO] validating manifest of git repo https://github.com/Cosmian/kms on toolchain 1.75.0
[INFO] running `Command { std: CARGO_HOME="/workspace/cargo-home" RUSTUP_HOME="/workspace/rustup-home" "/workspace/cargo-home/bin/cargo" "+1.75.0" "metadata" "--manifest-path" "Cargo.toml" "--no-deps", kill_on_drop: false }`
[INFO] removed /workspace/builds/worker-2-tc1/source/.cargo/config.toml
[INFO] removed /workspace/builds/worker-2-tc1/source/rust-toolchain
[INFO] started tweaking git repo https://github.com/Cosmian/kms
[INFO] finished tweaking git repo https://github.com/Cosmian/kms
[INFO] tweaked toml for git repo https://github.com/Cosmian/kms written to /workspace/builds/worker-2-tc1/source/Cargo.toml
[INFO] crate git repo https://github.com/Cosmian/kms already has a lockfile, it will not be regenerated
[INFO] running `Command { std: CARGO_HOME="/workspace/cargo-home" RUSTUP_HOME="/workspace/rustup-home" "/workspace/cargo-home/bin/cargo" "+1.75.0" "fetch" "--manifest-path" "Cargo.toml", kill_on_drop: false }`
[INFO] [stderr]     Updating crates.io index
[INFO] [stderr]     Updating git repository `https://github.com/Cosmian/tee-tools`
[INFO] [stderr]     Updating git repository `https://github.com/Cosmian/acme-lib`
[INFO] [stderr]     Updating git repository `https://github.com/virtee/sev`
[INFO] [stderr]  Downloading crates ...
[INFO] [stderr]   Downloaded pyo3-macros v0.20.0
[INFO] [stderr]   Downloaded parse-size v1.0.0
[INFO] [stderr]   Downloaded unindent v0.2.3
[INFO] [stderr]   Downloaded serde-big-array v0.5.1
[INFO] [stderr]   Downloaded pyo3-ffi v0.20.0
[INFO] [stderr]   Downloaded iocuddle v0.1.1
[INFO] [stderr]   Downloaded cloudproof_aesgcm v0.1.2
[INFO] [stderr]   Downloaded pyo3-build-config v0.20.0
[INFO] [stderr]   Downloaded actix-identity v0.6.0
[INFO] [stderr]   Downloaded pyo3-macros-backend v0.20.0
[INFO] [stderr]   Downloaded rsa v0.9.4
[INFO] [stderr]   Downloaded pqc_kyber v0.4.0
[INFO] [stderr]   Downloaded cosmian_cover_crypt v13.0.0
[INFO] [stderr]   Downloaded pyo3 v0.20.0
[INFO] [stderr]   Downloaded cosmian_findex v5.0.3
[INFO] [stderr]   Downloaded openssl-src v111.28.0+1.1.1w
[INFO] [stderr]   Downloaded cloudproof v2.3.0
[INFO] [stderr]   Downloaded cloudproof_anonymization v0.1.1
[INFO] [stderr]   Downloaded rawsql v0.1.1
[INFO] [stderr]   Downloaded cloudproof_cover_crypt v13.0.0
[INFO] [stderr]   Downloaded cloudproof_findex v5.0.4
[INFO] [stderr]   Downloaded cloudproof_fpe v0.2.1
[INFO] [stderr]   Downloaded josekit v0.8.3
[INFO] [stderr]   Downloaded oauth2 v4.4.2
[INFO] [stderr]   Downloaded x509-cert v0.2.4
[INFO] [stderr]   Downloaded actix-session v0.8.0
[INFO] [stderr]   Downloaded pyo3-asyncio v0.20.0
[INFO] [stderr]   Downloaded actix-multipart v0.6.1
[INFO] [stderr]   Downloaded atomic-write-file v0.1.0
[INFO] [stderr]   Downloaded cloudproof_ecies v0.1.2
[INFO] [stderr]   Downloaded codicon v3.0.0
[INFO] [stderr]   Downloaded cosmian_fpe v0.5.2
[INFO] [stderr]   Downloaded alcoholic_jwt v4091.0.0
[INFO] [stderr]   Downloaded ureq v2.9.0
[INFO] [stderr]   Downloaded actix-multipart-derive v0.6.1
[INFO] running `Command { std: "docker" "create" "-v" "/var/lib/crater-agent-workspace/builds/worker-2-tc1/target:/opt/rustwide/target:rw,Z" "-v" "/var/lib/crater-agent-workspace/builds/worker-2-tc1/source:/opt/rustwide/workdir:ro,Z" "-v" "/var/lib/crater-agent-workspace/cargo-home:/opt/rustwide/cargo-home:ro,Z" "-v" "/var/lib/crater-agent-workspace/rustup-home:/opt/rustwide/rustup-home:ro,Z" "-e" "SOURCE_DIR=/opt/rustwide/workdir" "-e" "CARGO_TARGET_DIR=/opt/rustwide/target" "-e" "CARGO_HOME=/opt/rustwide/cargo-home" "-e" "RUSTUP_HOME=/opt/rustwide/rustup-home" "-w" "/opt/rustwide/workdir" "-m" "1610612736" "--user" "0:0" "--network" "none" "ghcr.io/rust-lang/crates-build-env/linux@sha256:2788e3201cd34a07e3172128adcd8b3090168a8e3bcc40d7c032b9dda1df7d1c" "/opt/rustwide/cargo-home/bin/cargo" "+1.75.0" "metadata" "--no-deps" "--format-version=1", kill_on_drop: false }`
[INFO] [stdout] 6ae4967643b6741bf5774001210dbba419a923a260f74c97deba10e33e1daddd
[INFO] running `Command { std: "docker" "start" "-a" "6ae4967643b6741bf5774001210dbba419a923a260f74c97deba10e33e1daddd", kill_on_drop: false }`
[INFO] running `Command { std: "docker" "inspect" "6ae4967643b6741bf5774001210dbba419a923a260f74c97deba10e33e1daddd", kill_on_drop: false }`
[INFO] running `Command { std: "docker" "rm" "-f" "6ae4967643b6741bf5774001210dbba419a923a260f74c97deba10e33e1daddd", kill_on_drop: false }`
[INFO] [stdout] 6ae4967643b6741bf5774001210dbba419a923a260f74c97deba10e33e1daddd
[INFO] running `Command { std: "docker" "create" "-v" "/var/lib/crater-agent-workspace/builds/worker-2-tc1/target:/opt/rustwide/target:rw,Z" "-v" "/var/lib/crater-agent-workspace/builds/worker-2-tc1/source:/opt/rustwide/workdir:ro,Z" "-v" "/var/lib/crater-agent-workspace/cargo-home:/opt/rustwide/cargo-home:ro,Z" "-v" "/var/lib/crater-agent-workspace/rustup-home:/opt/rustwide/rustup-home:ro,Z" "-e" "SOURCE_DIR=/opt/rustwide/workdir" "-e" "CARGO_TARGET_DIR=/opt/rustwide/target" "-e" "CARGO_INCREMENTAL=0" "-e" "RUST_BACKTRACE=full" "-e" "RUSTFLAGS=--cap-lints=warn" "-e" "RUSTDOCFLAGS=--cap-lints=warn" "-e" "CARGO_HOME=/opt/rustwide/cargo-home" "-e" "RUSTUP_HOME=/opt/rustwide/rustup-home" "-w" "/opt/rustwide/workdir" "-m" "1610612736" "--user" "0:0" "--network" "none" "ghcr.io/rust-lang/crates-build-env/linux@sha256:2788e3201cd34a07e3172128adcd8b3090168a8e3bcc40d7c032b9dda1df7d1c" "/opt/rustwide/cargo-home/bin/cargo" "+1.75.0" "doc" "--frozen" "--no-deps" "--document-private-items" "--message-format=json", kill_on_drop: false }`
[INFO] [stdout] be8c464feced195d908130b06d5016a4f91f72caa34ad4d49628e0c84a0a7efa
[INFO] running `Command { std: "docker" "start" "-a" "be8c464feced195d908130b06d5016a4f91f72caa34ad4d49628e0c84a0a7efa", kill_on_drop: false }`
[INFO] [stderr]    Compiling libc v0.2.150
[INFO] [stderr]     Checking cfg-if v1.0.0
[INFO] [stderr]     Checking subtle v2.5.0
[INFO] [stderr]    Compiling serde v1.0.193
[INFO] [stderr]     Checking once_cell v1.18.0
[INFO] [stderr]     Checking cpufeatures v0.2.11
[INFO] [stderr]     Checking smallvec v1.11.2
[INFO] [stderr]     Checking scopeguard v1.2.0
[INFO] [stderr]     Checking memchr v2.6.4
[INFO] [stderr]     Checking log v0.4.20
[INFO] [stderr]     Checking pin-project-lite v0.2.13
[INFO] [stderr]    Compiling generic-array v0.14.7
[INFO] [stderr]     Checking typenum v1.17.0
[INFO] [stderr]    Compiling syn v2.0.39
[INFO] [stderr]     Checking itoa v1.0.9
[INFO] [stderr]     Checking futures-core v0.3.29
[INFO] [stderr]     Checking bytes v1.5.0
[INFO] [stderr]     Checking spin v0.5.2
[INFO] [stderr]     Checking lock_api v0.4.11
[INFO] [stderr]     Checking futures-sink v0.3.29
[INFO] [stderr]    Compiling libm v0.2.8
[INFO] [stderr]    Compiling num-traits v0.2.17
[INFO] [stderr]    Compiling futures-task v0.3.29
[INFO] [stderr]    Compiling futures-channel v0.3.29
[INFO] [stderr]     Checking zerocopy v0.7.26
[INFO] [stderr]     Checking tracing-core v0.1.32
[INFO] [stderr]     Checking allocator-api2 v0.2.16
[INFO] [stderr]    Compiling futures-util v0.3.29
[INFO] [stderr]     Checking slab v0.4.9
[INFO] [stderr]     Checking futures-io v0.3.29
[INFO] [stderr]     Checking pin-utils v0.1.0
[INFO] [stderr]     Checking base64ct v1.6.0
[INFO] [stderr]     Checking ppv-lite86 v0.2.17
[INFO] [stderr]     Checking equivalent v1.0.1
[INFO] [stderr]     Checking bitflags v1.3.2
[INFO] [stderr]    Compiling openssl v0.10.56
[INFO] [stderr]     Checking foreign-types-shared v0.1.1
[INFO] [stderr]     Checking flagset v0.4.4
[INFO] [stderr]     Checking ryu v1.0.15
[INFO] [stderr]     Checking tinyvec_macros v0.1.1
[INFO] [stderr]     Checking foreign-types v0.3.2
[INFO] [stderr]     Checking percent-encoding v2.3.1
[INFO] [stderr]     Checking tinyvec v1.6.0
[INFO] [stderr]    Compiling serde_json v1.0.108
[INFO] [stderr]     Checking lazy_static v1.4.0
[INFO] [stderr]     Checking base64 v0.21.5
[INFO] [stderr]     Checking unicode-bidi v0.3.13
[INFO] [stderr]     Checking pem-rfc7468 v0.7.0
[INFO] [stderr]     Checking spin v0.9.8
[INFO] [stderr]     Checking opaque-debug v0.3.0
[INFO] [stderr]     Checking form_urlencoded v1.2.1
[INFO] [stderr]    Compiling time-core v0.1.2
[INFO] [stderr]     Checking untrusted v0.9.0
[INFO] [stderr]     Checking base16ct v0.2.0
[INFO] [stderr]     Checking powerfmt v0.2.0
[INFO] [stderr]     Checking byteorder v1.5.0
[INFO] [stderr]    Compiling time-macros v0.2.15
[INFO] [stderr]    Compiling num-iter v0.1.43
[INFO] [stderr]    Compiling syn v1.0.109
[INFO] [stderr]     Checking num_threads v0.1.6
[INFO] [stderr]     Checking untrusted v0.7.1
[INFO] [stderr]    Compiling num-bigint-dig v0.8.4
[INFO] [stderr]    Compiling semver v1.0.20
[INFO] [stderr]     Checking aho-corasick v1.1.2
[INFO] [stderr]     Checking fnv v1.0.7
[INFO] [stderr]    Compiling rustls v0.21.7
[INFO] [stderr]     Checking regex-syntax v0.8.2
[INFO] [stderr]    Compiling target-lexicon v0.12.12
[INFO] [stderr]     Checking http v0.2.11
[INFO] [stderr]    Compiling platforms v3.2.0
[INFO] [stderr]     Checking minimal-lexical v0.2.1
[INFO] [stderr]     Checking httparse v1.8.0
[INFO] [stderr]     Checking getrandom v0.2.11
[INFO] [stderr]     Checking parking_lot_core v0.9.9
[INFO] [stderr]     Checking socket2 v0.5.5
[INFO] [stderr]     Checking num_cpus v1.16.0
[INFO] [stderr]    Compiling jobserver v0.1.27
[INFO] [stderr]     Checking rand_core v0.6.4
[INFO] [stderr]     Checking mio v0.8.9
[INFO] [stderr]     Checking signal-hook-registry v1.4.1
[INFO] [stderr]     Checking ahash v0.8.6
[INFO] [stderr]     Checking parking_lot v0.12.1
[INFO] [stderr]     Checking unicode-normalization v0.1.22
[INFO] [stderr]     Checking rand_chacha v0.3.1
[INFO] [stderr]     Checking ff v0.13.0
[INFO] [stderr]    Compiling cc v1.0.83
[INFO] [stderr]     Checking group v0.13.0
[INFO] [stderr]     Checking rand v0.8.5
[INFO] [stderr]     Checking hashbrown v0.14.2
[INFO] [stderr]     Checking nom v7.1.3
[INFO] [stderr]     Checking socket2 v0.4.10
[INFO] [stderr]    Compiling num-bigint v0.4.4
[INFO] [stderr]    Compiling python3-dll-a v0.2.9
[INFO] [stderr]     Checking num-integer v0.1.45
[INFO] [stderr]     Checking idna v0.5.0
[INFO] [stderr]    Compiling rustc_version v0.4.0
[INFO] [stderr]     Checking httpdate v1.0.3
[INFO] [stderr]    Compiling crunchy v0.2.2
[INFO] [stderr]    Compiling pyo3-build-config v0.20.0
[INFO] [stderr]    Compiling tiny-keccak v2.0.2
[INFO] [stderr]     Checking keccak v0.1.4
[INFO] [stderr]    Compiling paste v1.0.14
[INFO] [stderr]    Compiling openssl-src v111.28.0+1.1.1w
[INFO] [stderr]     Checking openssl-probe v0.1.5
[INFO] [stderr]    Compiling curve25519-dalek v4.1.1
[INFO] [stderr]     Checking mime v0.3.17
[INFO] [stderr]     Checking indexmap v2.1.0
[INFO] [stderr]     Checking encoding_rs v0.8.33
[INFO] [stderr]    Compiling unicase v2.7.0
[INFO] [stderr]     Checking leb128 v0.2.5
[INFO] [stderr]    Compiling async-trait v0.1.74
[INFO] [stderr]     Checking adler v1.0.2
[INFO] [stderr]     Checking crc32fast v1.3.2
[INFO] [stderr]     Checking miniz_oxide v0.7.1
[INFO] [stderr]     Checking iana-time-zone v0.1.58
[INFO] [stderr]     Checking static_assertions v1.1.0
[INFO] [stderr]     Checking try-lock v0.2.4
[INFO] [stderr]     Checking want v0.3.1
[INFO] [stderr]     Checking http-body v0.4.5
[INFO] [stderr]    Compiling ahash v0.7.7
[INFO] [stderr]     Checking regex-automata v0.4.3
[INFO] [stderr]     Checking tower-service v0.3.2
[INFO] [stderr]    Compiling pqc_kyber v0.4.0
[INFO] [stderr]    Compiling mime_guess v2.0.4
[INFO] [stderr]     Checking flate2 v1.0.28
[INFO] [stderr]     Checking local-waker v0.1.4
[INFO] [stderr]     Checking webpki-roots v0.25.3
[INFO] [stderr]    Compiling rustversion v1.0.14
[INFO] [stderr]    Compiling oid-registry v0.6.1
[INFO] [stderr]    Compiling openssl-sys v0.9.91
[INFO] [stderr]    Compiling ring v0.17.5
[INFO] [stderr]    Compiling ring v0.16.20
[INFO] [stderr]    Compiling zstd-sys v2.0.9+zstd.1.5.5
[INFO] [stderr]     Checking rusticata-macros v4.1.0
[INFO] [stderr]     Checking password-hash v0.5.0
[INFO] [stderr]     Checking never v0.1.0
[INFO] [stderr]     Checking arc-swap v1.6.0
[INFO] [stderr]    Compiling tokio-openssl v0.6.3
[INFO] [stderr]     Checking sha1_smol v1.0.0
[INFO] [stderr]    Compiling zstd-safe v6.0.6
[INFO] [stderr]     Checking alloc-no-stdlib v2.0.4
[INFO] [stderr]     Checking alloc-stdlib v0.2.2
[INFO] [stderr]     Checking memoffset v0.9.0
[INFO] [stderr]     Checking actix-service v2.0.2
[INFO] [stderr]     Checking actix-utils v3.0.1
[INFO] [stderr]     Checking rand_distr v0.4.3
[INFO] [stderr]     Checking rustls-pemfile v1.0.4
[INFO] [stderr]    Compiling indoc v2.0.4
[INFO] [stderr]     Checking option-ext v0.2.0
[INFO] [stderr]     Checking unindent v0.2.3
[INFO] [stderr]     Checking data-encoding v2.5.0
[INFO] [stderr]    Compiling pyo3-ffi v0.20.0
[INFO] [stderr]    Compiling pyo3 v0.20.0
[INFO] [stderr]     Checking ipnet v2.9.0
[INFO] [stderr]    Compiling pyo3-macros-backend v0.20.0
[INFO] [stderr]    Compiling bytestring v1.3.1
[INFO] [stderr]     Checking dirs-sys v0.4.1
[INFO] [stderr]     Checking brotli-decompressor v2.5.1
[INFO] [stderr]    Compiling cookie v0.16.2
[INFO] [stderr]    Compiling tracing v0.1.40
[INFO] [stderr]    Compiling sev v1.2.1 (https://github.com/virtee/sev?rev=a6d6568c96a7a5d6c55d10228a54cda5f3c32e44#a6d6568c)
[INFO] [stderr]    Compiling anyhow v1.0.75
[INFO] [stderr]     Checking urlencoding v2.1.3
[INFO] [stderr]     Checking impl-more v0.1.6
[INFO] [stderr]     Checking dirs v5.0.1
[INFO] [stderr]     Checking local-channel v0.1.5
[INFO] [stderr]     Checking language-tags v0.3.2
[INFO] [stderr]     Checking iocuddle v0.1.1
[INFO] [stderr]     Checking base64 v0.20.0
[INFO] [stderr]     Checking regex v1.10.2
[INFO] [stderr]     Checking codicon v3.0.0
[INFO] [stderr]     Checking bitfield v0.13.2
[INFO] [stderr]    Compiling crossbeam-queue v0.3.8
[INFO] [stderr]     Checking regex-syntax v0.6.29
[INFO] [stderr]     Checking crossbeam-utils v0.8.16
[INFO] [stderr]     Checking unicode_categories v0.1.1
[INFO] [stderr]    Compiling rustix v0.38.25
[INFO] [stderr]    Compiling synstructure v0.12.6
[INFO] [stderr]     Checking overload v0.1.1
[INFO] [stderr]     Checking brotli v3.4.0
[INFO] [stderr]     Checking crc-catalog v2.4.0
[INFO] [stderr]     Checking crc v3.0.1
[INFO] [stderr]     Checking nu-ansi-term v0.46.0
[INFO] [stderr]     Checking hashlink v0.8.4
[INFO] [stderr]     Checking atoi v2.0.0
[INFO] [stderr]     Checking futures-intrusive v0.5.0
[INFO] [stderr]     Checking sharded-slab v0.1.7
[INFO] [stderr]     Checking tracing-log v0.2.0
[INFO] [stderr]     Checking thread_local v1.1.7
[INFO] [stderr]     Checking clap_lex v0.6.0
[INFO] [stderr]    Compiling ident_case v1.0.1
[INFO] [stderr]     Checking anstyle v1.0.4
[INFO] [stderr]     Checking event-listener v2.5.3
[INFO] [stderr]     Checking dotenvy v0.15.7
[INFO] [stderr]    Compiling strsim v0.10.0
[INFO] [stderr]     Checking linux-raw-sys v0.4.11
[INFO] [stderr]     Checking base64 v0.13.1
[INFO] [stderr]     Checking clap_builder v4.4.8
[INFO] [stderr]    Compiling darling_core v0.20.3
[INFO] [stderr]    Compiling libsqlite3-sys v0.27.0
[INFO] [stderr]     Checking finl_unicode v1.2.0
[INFO] [stderr]     Checking stringprep v0.1.4
[INFO] [stderr]    Compiling deranged v0.3.9
[INFO] [stderr]     Checking whoami v1.4.1
[INFO] [stderr]     Checking pem v3.0.2
[INFO] [stderr]     Checking flume v0.11.0
[INFO] [stderr]     Checking home v0.5.5
[INFO] [stderr]    Compiling parse-size v1.0.0
[INFO] [stderr]     Checking fastrand v2.0.1
[INFO] [stderr]    Compiling cosmian_kms_python v4.10.1 (/opt/rustwide/workdir/crate/pyo3)
[INFO] [stderr]     Checking regex-automata v0.1.10
[INFO] [stderr]     Checking time v0.1.45
[INFO] [stderr]     Checking humantime v2.1.0
[INFO] [stderr]     Checking termcolor v1.4.0
[INFO] [stderr]     Checking askama_escape v0.10.3
[INFO] [stderr]     Checking http-range v0.1.5
[INFO] [stderr]     Checking rawsql v0.1.1
[INFO] [stderr]    Compiling zeroize_derive v1.4.2
[INFO] [stderr]    Compiling serde_derive v1.0.193
[INFO] [stderr]    Compiling derive_arbitrary v1.3.2
[INFO] [stderr]    Compiling tokio-macros v2.2.0
[INFO] [stderr]    Compiling tracing-attributes v0.1.27
[INFO] [stderr]    Compiling futures-macro v0.3.29
[INFO] [stderr]    Compiling der_derive v0.7.2
[INFO] [stderr]     Checking zeroize v1.7.0
[INFO] [stderr]    Compiling openssl-macros v0.1.1
[INFO] [stderr]     Checking arbitrary v1.3.2
[INFO] [stderr]     Checking tokio v1.34.0
[INFO] [stderr]    Compiling thiserror-impl v1.0.50
[INFO] [stderr]    Compiling curve25519-dalek-derive v0.1.1
[INFO] [stderr]    Compiling asn1-rs-derive v0.4.0
[INFO] [stderr]    Compiling asn1-rs-impl v0.1.0
[INFO] [stderr]     Checking crypto-common v0.1.6
[INFO] [stderr]     Checking block-buffer v0.10.4
[INFO] [stderr]     Checking block-padding v0.3.3
[INFO] [stderr]     Checking universal-hash v0.5.1
[INFO] [stderr]     Checking inout v0.1.3
[INFO] [stderr]     Checking const-oid v0.9.5
[INFO] [stderr]     Checking aead v0.5.2
[INFO] [stderr]     Checking cipher v0.4.4
[INFO] [stderr]     Checking crypto-bigint v0.5.5
[INFO] [stderr]     Checking polyval v0.6.1
[INFO] [stderr]     Checking aes v0.8.3
[INFO] [stderr]     Checking salsa20 v0.10.2
[INFO] [stderr]     Checking cbc v0.1.2
[INFO] [stderr]     Checking ghash v0.5.0
[INFO] [stderr]     Checking ctr v0.9.2
[INFO] [stderr]     Checking poly1305 v0.8.0
[INFO] [stderr]     Checking chacha20 v0.9.1
[INFO] [stderr]    Compiling displaydoc v0.2.4
[INFO] [stderr]    Compiling pin-project-internal v1.1.3
[INFO] [stderr]    Compiling actix-macros v0.2.4
[INFO] [stderr]     Checking aes-gcm v0.10.3
[INFO] [stderr]     Checking cosmian_fpe v0.5.2
[INFO] [stderr]     Checking crypto_secretbox v0.1.1
[INFO] [stderr]     Checking chacha20poly1305 v0.10.1
[INFO] [stderr]    Compiling pyo3-macros v0.20.0
[INFO] [stderr]    Compiling asn1_derive v0.15.5
[INFO] [stderr]    Compiling strum_macros v0.25.3
[INFO] [stderr]     Checking digest v0.10.7
[INFO] [stderr]     Checking der v0.7.8
[INFO] [stderr]     Checking sha2 v0.10.8
[INFO] [stderr]     Checking hmac v0.12.1
[INFO] [stderr]     Checking hkdf v0.12.3
[INFO] [stderr]     Checking pbkdf2 v0.12.2
[INFO] [stderr]     Checking signature v2.2.0
[INFO] [stderr]     Checking sha1 v0.10.6
[INFO] [stderr]     Checking thiserror v1.0.50
[INFO] [stderr]     Checking scrypt v0.11.0
[INFO] [stderr]     Checking rfc6979 v0.4.0
[INFO] [stderr]     Checking blake2 v0.10.6
[INFO] [stderr]     Checking ed25519 v2.2.3
[INFO] [stderr]     Checking sha3 v0.10.8
[INFO] [stderr]    Compiling actix-router v0.5.1
[INFO] [stderr]     Checking argon2 v0.5.2
[INFO] [stderr]    Compiling derive_more v0.99.17
[INFO] [stderr]    Compiling scroll_derive v0.11.1
[INFO] [stderr]     Checking matchers v0.1.0
[INFO] [stderr]     Checking tracing-subscriber v0.3.18
[INFO] [stderr]    Compiling clap_derive v4.4.7
[INFO] [stderr]     Checking spki v0.7.2
[INFO] [stderr]     Checking asn1 v0.15.5
[INFO] [stderr]     Checking pin-project v1.1.3
[INFO] [stderr]     Checking pkcs5 v0.7.1
[INFO] [stderr]     Checking x509-cert v0.2.4
[INFO] [stderr]     Checking crypto_box v0.9.1
[INFO] [stderr]     Checking ed25519-dalek v2.1.0
[INFO] [stderr]     Checking pkcs8 v0.10.2
[INFO] [stderr]     Checking md-5 v0.10.6
[INFO] [stderr]    Compiling actix-web-codegen v4.2.2
[INFO] [stderr]    Compiling darling_macro v0.20.3
[INFO] [stderr]    Compiling time v0.3.30
[INFO] [stderr]     Checking sec1 v0.7.3
[INFO] [stderr]     Checking pkcs1 v0.7.5
[INFO] [stderr]     Checking futures-executor v0.3.29
[INFO] [stderr]     Checking elliptic-curve v0.13.8
[INFO] [stderr]     Checking scroll v0.11.0
[INFO] [stderr]     Checking futures v0.3.29
[INFO] [stderr]    Compiling async-recursion v1.0.5
[INFO] [stderr]     Checking tokio-util v0.7.10
[INFO] [stderr]     Checking tokio-retry v0.3.0
[INFO] [stderr]     Checking actix-rt v2.9.0
[INFO] [stderr]     Checking primeorder v0.13.6
[INFO] [stderr]     Checking ecdsa v0.16.9
[INFO] [stderr]     Checking strum v0.25.0
[INFO] [stderr]     Checking actix-server v2.3.0
[INFO] [stderr]     Checking tokio-stream v0.1.14
[INFO] [stderr]     Checking cosmian_logger v4.10.1 (/opt/rustwide/workdir/crate/logger)
[INFO] [stderr]  Documenting cosmian_logger v4.10.1 (/opt/rustwide/workdir/crate/logger)
[INFO] [stderr]    Compiling darling v0.20.3
[INFO] [stderr]    Compiling actix-multipart-derive v0.6.1
[INFO] [stderr]     Checking h2 v0.3.22
[INFO] [stderr]     Checking combine v4.6.6
[INFO] [stderr]     Checking p256 v0.13.2
[INFO] [stderr]     Checking p384 v0.13.0
[INFO] [stderr]     Checking p224 v0.13.2
[INFO] [stderr]     Checking p192 v0.13.0
[INFO] [stderr]     Checking actix-codec v0.5.1
[INFO] [stderr]     Checking pyo3-asyncio v0.20.0
[INFO] [stderr]     Checking clap v4.4.8
[INFO] [stderr]    Compiling cosmian_kms_server v4.10.1 (/opt/rustwide/workdir/crate/server)
[INFO] [stderr]     Checking url v2.5.0
[INFO] [stderr]     Checking bitflags v2.4.1
[INFO] [stderr]     Checking uuid v1.6.1
[INFO] [stderr]     Checking hex v0.4.3
[INFO] [stderr]     Checking either v1.9.0
[INFO] [stderr]     Checking serde_urlencoded v0.7.1
[INFO] [stderr]     Checking chrono v0.4.31
[INFO] [stderr]     Checking itertools v0.10.5
[INFO] [stderr]     Checking serde_bytes v0.11.12
[INFO] [stderr]     Checking serde-big-array v0.5.1
[INFO] [stderr]     Checking bincode v1.3.3
[INFO] [stderr]     Checking itertools v0.11.0
[INFO] [stderr]     Checking serde_path_to_error v0.1.14
[INFO] [stderr]     Checking serde_plain v1.0.2
[INFO] [stderr]     Checking rsa v0.9.4
[INFO] [stderr]     Checking cosmian_crypto_core v9.3.0
[INFO] [stderr]     Checking hyper v0.14.27
[INFO] [stderr]     Checking cloudproof_fpe v0.2.1
[INFO] [stderr]     Checking sqlformat v0.2.2
[INFO] [stderr]     Checking cosmian_findex v5.0.3
[INFO] [stderr]     Checking asn1-rs v0.5.2
[INFO] [stderr]     Checking cosmian_cover_crypt v13.0.0
[INFO] [stderr]     Checking cloudproof_anonymization v0.1.1
[INFO] [stderr]     Checking redis v0.23.3
[INFO] [stderr]     Checking cloudproof_aesgcm v0.1.2
[INFO] [stderr]     Checking cloudproof_ecies v0.1.2
[INFO] [stderr]     Checking tempfile v3.8.1
[INFO] [stderr]     Checking is-terminal v0.4.9
[INFO] [stderr]     Checking env_logger v0.10.1
[INFO] [stderr]     Checking cloudproof_cover_crypt v13.0.0
[INFO] [stderr]     Checking der-parser v8.2.0
[INFO] [stderr]     Checking x509-parser v0.15.1
[INFO] [stderr]     Checking sgx_pck_extension v0.1.1 (https://github.com/Cosmian/tee-tools?branch=get_quote#9085550a)
[INFO] [stderr]     Checking zstd v0.12.4
[INFO] [stderr]     Checking sct v0.7.1
[INFO] [stderr]     Checking rustls-webpki v0.101.7
[INFO] [stderr]     Checking cloudproof_findex v5.0.4
[INFO] [stderr]     Checking webpki v0.22.4
[INFO] [stderr]     Checking webpki-roots v0.22.6
[INFO] [stderr]     Checking cloudproof v2.3.0
[INFO] [stderr]     Checking tokio-rustls v0.24.1
[INFO] [stderr]     Checking ureq v2.9.0
[INFO] [stderr]     Checking hyper-rustls v0.24.2
[INFO] [stderr]    Compiling native-tls v0.2.11
[INFO] [stderr]     Checking cosmian_kmip v4.10.1 (/opt/rustwide/workdir/crate/kmip)
[INFO] [stderr]     Checking josekit v0.8.3
[INFO] [stderr]     Checking acme-lib v0.9.0 (https://github.com/Cosmian/acme-lib?branch=master#12e28317)
[INFO] [stderr]     Checking alcoholic_jwt v4091.0.0
[INFO] [stderr]  Documenting cosmian_kmip v4.10.1 (/opt/rustwide/workdir/crate/kmip)
[INFO] [stderr]     Checking actix-tls v3.1.1
[INFO] [stderr]     Checking tokio-native-tls v0.3.1
[INFO] [stderr]     Checking sqlx-core v0.7.3
[INFO] [stderr]     Checking hyper-tls v0.5.0
[INFO] [stderr]     Checking reqwest v0.11.22
[INFO] [stderr]     Checking actix-http v3.4.0
[INFO] [stdout] error[E0554]: `#![feature]` may not be used on the stable release channel
[INFO] [stdout]  --> crate/kmip/src/lib.rs:3:1
[INFO] [stdout]   |
[INFO] [stdout] 3 | #![feature(min_specialization)]
[INFO] [stdout]   | ^^^^^^^^^^^^^^^^^^^^^^^^^^^^^^^
[INFO] [stdout] 
[INFO] [stdout] 
[INFO] [stdout] error[E0554]: `#![feature]` may not be used on the stable release channel
[INFO] [stdout]  --> crate/kmip/src/lib.rs:5:1
[INFO] [stdout]   |
[INFO] [stdout] 5 | #![feature(slice_take)]
[INFO] [stdout]   | ^^^^^^^^^^^^^^^^^^^^^^^
[INFO] [stdout] 
[INFO] [stdout] 
[INFO] [stdout] error[E0554]: `#![feature]` may not be used on the stable release channel
[INFO] [stdout]  --> crate/kmip/src/lib.rs:3:1
[INFO] [stdout]   |
[INFO] [stdout] 3 | #![feature(min_specialization)]
[INFO] [stdout]   | ^^^^^^^^^^^^^^^^^^^^^^^^^^^^^^^
[INFO] [stdout] 
[INFO] [stdout] 
[INFO] [stdout] error[E0554]: `#![feature]` may not be used on the stable release channel
[INFO] [stdout]  --> crate/kmip/src/lib.rs:5:1
[INFO] [stdout]   |
[INFO] [stdout] 5 | #![feature(slice_take)]
[INFO] [stdout]   | ^^^^^^^^^^^^^^^^^^^^^^^
[INFO] [stdout] 
[INFO] [stdout] 
[INFO] [stdout] error[E0554]: `#![feature]` may not be used on the stable release channel
[INFO] [stdout]  --> crate/kmip/src/lib.rs:5:12
[INFO] [stdout]   |
[INFO] [stdout] 5 | #![feature(slice_take)]
[INFO] [stdout]   |            ^^^^^^^^^^
[INFO] [stdout] 
[INFO] [stdout] 
[INFO] [stderr]     Checking sgx_quote v0.2.0 (https://github.com/Cosmian/tee-tools?branch=get_quote#9085550a)
[INFO] [stderr]     Checking oauth2 v4.4.2
[INFO] [stdout] error: aborting due to 2 previous errors
[INFO] [stdout] 
[INFO] [stdout] 
[INFO] [stdout] For more information about this error, try `rustc --explain E0554`.
[INFO] [stdout] 
[INFO] [stderr] error: could not document `cosmian_kmip`
[INFO] [stderr] 
[INFO] [stderr] Caused by:
[INFO] [stderr]   process didn't exit successfully: `/opt/rustwide/rustup-home/toolchains/1.75.0-x86_64-unknown-linux-gnu/bin/rustdoc --edition=2021 --crate-type lib --crate-name cosmian_kmip crate/kmip/src/lib.rs -o /opt/rustwide/target/doc --cfg 'feature="default"' --cfg 'feature="openssl"' --cfg 'feature="pyo3"' --error-format=json --json=diagnostic-rendered-ansi,artifacts,future-incompat --document-private-items -C metadata=acd81082d5727a3c -L dependency=/opt/rustwide/target/debug/deps --extern bitflags=/opt/rustwide/target/debug/deps/libbitflags-383d877a695ac7f2.rmeta --extern chrono=/opt/rustwide/target/debug/deps/libchrono-67f86c9c0b9cf1a8.rmeta --extern cloudproof=/opt/rustwide/target/debug/deps/libcloudproof-d7c9aee0fdfd9c21.rmeta --extern hex=/opt/rustwide/target/debug/deps/libhex-4690db4d6e7b45dd.rmeta --extern num_bigint_dig=/opt/rustwide/target/debug/deps/libnum_bigint_dig-6a186b311b0c9744.rmeta --extern openssl=/opt/rustwide/target/debug/deps/libopenssl-35b8762422b1679e.rmeta --extern pyo3=/opt/rustwide/target/debug/deps/libpyo3-7000707e19361874.rmeta --extern serde=/opt/rustwide/target/debug/deps/libserde-5008cba5b4e2b786.rmeta --extern serde_json=/opt/rustwide/target/debug/deps/libserde_json-78a2759845a11fb5.rmeta --extern strum=/opt/rustwide/target/debug/deps/libstrum-cd11621d3405f8c5.rmeta --extern thiserror=/opt/rustwide/target/debug/deps/libthiserror-2459427bb8f57d24.rmeta --extern time=/opt/rustwide/target/debug/deps/libtime-785a40240e972792.rmeta --extern tracing=/opt/rustwide/target/debug/deps/libtracing-2177f914868d1303.rmeta --extern uuid=/opt/rustwide/target/debug/deps/libuuid-5a63cc01ab7d4866.rmeta --extern zeroize=/opt/rustwide/target/debug/deps/libzeroize-c9e3528e0b591690.rmeta --cap-lints=warn --crate-version 4.10.1` (exit status: 1)
[INFO] [stderr] warning: build failed, waiting for other jobs to finish...
[INFO] [stdout] error: aborting due to 3 previous errors
[INFO] [stdout] 
[INFO] [stdout] 
[INFO] [stdout] For more information about this error, try `rustc --explain E0554`.
[INFO] [stdout] 
[INFO] [stderr] error: could not compile `cosmian_kmip` (lib) due to 4 previous errors
[INFO] running `Command { std: "docker" "inspect" "be8c464feced195d908130b06d5016a4f91f72caa34ad4d49628e0c84a0a7efa", kill_on_drop: false }`
[INFO] running `Command { std: "docker" "rm" "-f" "be8c464feced195d908130b06d5016a4f91f72caa34ad4d49628e0c84a0a7efa", kill_on_drop: false }`
[INFO] [stdout] be8c464feced195d908130b06d5016a4f91f72caa34ad4d49628e0c84a0a7efa
