[INFO] cloning repository https://github.com/CoreyCole/chat_gpt_rs
[INFO] running `Command { std: "git" "-c" "credential.helper=" "-c" "credential.helper=/workspace/cargo-home/bin/git-credential-null" "clone" "--bare" "https://github.com/CoreyCole/chat_gpt_rs" "/workspace/cache/git-repos/https%3A%2F%2Fgithub.com%2FCoreyCole%2Fchat_gpt_rs", kill_on_drop: false }`
[INFO] [stderr] Cloning into bare repository '/workspace/cache/git-repos/https%3A%2F%2Fgithub.com%2FCoreyCole%2Fchat_gpt_rs'...
[INFO] running `Command { std: "git" "rev-parse" "HEAD", kill_on_drop: false }`
[INFO] [stdout] 98891e5dc69b1f2d709923fab2df386090a05317
[INFO] documenting CoreyCole/chat_gpt_rs against 1.75.0 for beta-1.76-rustdoc-1
[INFO] running `Command { std: "git" "clone" "/workspace/cache/git-repos/https%3A%2F%2Fgithub.com%2FCoreyCole%2Fchat_gpt_rs" "/workspace/builds/worker-2-tc1/source", kill_on_drop: false }`
[INFO] [stderr] Cloning into '/workspace/builds/worker-2-tc1/source'...
[INFO] [stderr] done.
[INFO] validating manifest of git repo https://github.com/CoreyCole/chat_gpt_rs on toolchain 1.75.0
[INFO] running `Command { std: CARGO_HOME="/workspace/cargo-home" RUSTUP_HOME="/workspace/rustup-home" "/workspace/cargo-home/bin/cargo" "+1.75.0" "metadata" "--manifest-path" "Cargo.toml" "--no-deps", kill_on_drop: false }`
[INFO] started tweaking git repo https://github.com/CoreyCole/chat_gpt_rs
[INFO] finished tweaking git repo https://github.com/CoreyCole/chat_gpt_rs
[INFO] tweaked toml for git repo https://github.com/CoreyCole/chat_gpt_rs written to /workspace/builds/worker-2-tc1/source/Cargo.toml
[INFO] crate git repo https://github.com/CoreyCole/chat_gpt_rs already has a lockfile, it will not be regenerated
[INFO] running `Command { std: CARGO_HOME="/workspace/cargo-home" RUSTUP_HOME="/workspace/rustup-home" "/workspace/cargo-home/bin/cargo" "+1.75.0" "fetch" "--manifest-path" "Cargo.toml", kill_on_drop: false }`
[INFO] [stderr]     Updating crates.io index
[INFO] [stderr]  Downloading crates ...
[INFO] [stderr]   Downloaded syn-rsx v0.9.0
[INFO] [stderr]   Downloaded leptos_macro v0.1.3
[INFO] [stderr]   Downloaded leptos_server v0.1.3
[INFO] [stderr]   Downloaded time-macros v0.2.7
[INFO] [stderr]   Downloaded enum-ordinalize v3.1.12
[INFO] [stderr]   Downloaded gloo-utils v0.1.6
[INFO] [stderr]   Downloaded simple_logger v4.0.0
[INFO] [stderr]   Downloaded tokio-openssl v0.6.3
[INFO] [stderr]   Downloaded leptos v0.1.3
[INFO] [stderr]   Downloaded leptos_reactive v0.1.3
[INFO] [stderr]   Downloaded educe v0.4.20
[INFO] [stderr]   Downloaded leptos_dom v0.1.3
[INFO] [stderr]   Downloaded actix-web v4.3.0
[INFO] [stderr]   Downloaded time v0.3.19
[INFO] [stderr]   Downloaded typed-builder v0.11.0
[INFO] [stderr]   Downloaded actix-tls v3.0.3
[INFO] [stderr]   Downloaded actix-web-codegen v4.1.0
[INFO] [stderr]   Downloaded leptos_meta v0.1.3
[INFO] [stderr]   Downloaded leptos_actix v0.1.3
[INFO] [stderr]   Downloaded leptos_config v0.1.3
[INFO] [stderr]   Downloaded leptos_router v0.1.3
[INFO] running `Command { std: "docker" "create" "-v" "/var/lib/crater-agent-workspace/builds/worker-2-tc1/target:/opt/rustwide/target:rw,Z" "-v" "/var/lib/crater-agent-workspace/builds/worker-2-tc1/source:/opt/rustwide/workdir:ro,Z" "-v" "/var/lib/crater-agent-workspace/cargo-home:/opt/rustwide/cargo-home:ro,Z" "-v" "/var/lib/crater-agent-workspace/rustup-home:/opt/rustwide/rustup-home:ro,Z" "-e" "SOURCE_DIR=/opt/rustwide/workdir" "-e" "CARGO_TARGET_DIR=/opt/rustwide/target" "-e" "CARGO_HOME=/opt/rustwide/cargo-home" "-e" "RUSTUP_HOME=/opt/rustwide/rustup-home" "-w" "/opt/rustwide/workdir" "-m" "1610612736" "--user" "0:0" "--network" "none" "ghcr.io/rust-lang/crates-build-env/linux@sha256:2788e3201cd34a07e3172128adcd8b3090168a8e3bcc40d7c032b9dda1df7d1c" "/opt/rustwide/cargo-home/bin/cargo" "+1.75.0" "metadata" "--no-deps" "--format-version=1", kill_on_drop: false }`
[INFO] [stdout] f4b49c128b63f3c004d46a0050cb2ae2cc0b7cf8d6fb39e1f6a396da6929428a
[INFO] running `Command { std: "docker" "start" "-a" "f4b49c128b63f3c004d46a0050cb2ae2cc0b7cf8d6fb39e1f6a396da6929428a", kill_on_drop: false }`
[INFO] running `Command { std: "docker" "inspect" "f4b49c128b63f3c004d46a0050cb2ae2cc0b7cf8d6fb39e1f6a396da6929428a", kill_on_drop: false }`
[INFO] running `Command { std: "docker" "rm" "-f" "f4b49c128b63f3c004d46a0050cb2ae2cc0b7cf8d6fb39e1f6a396da6929428a", kill_on_drop: false }`
[INFO] [stdout] f4b49c128b63f3c004d46a0050cb2ae2cc0b7cf8d6fb39e1f6a396da6929428a
[INFO] running `Command { std: "docker" "create" "-v" "/var/lib/crater-agent-workspace/builds/worker-2-tc1/target:/opt/rustwide/target:rw,Z" "-v" "/var/lib/crater-agent-workspace/builds/worker-2-tc1/source:/opt/rustwide/workdir:ro,Z" "-v" "/var/lib/crater-agent-workspace/cargo-home:/opt/rustwide/cargo-home:ro,Z" "-v" "/var/lib/crater-agent-workspace/rustup-home:/opt/rustwide/rustup-home:ro,Z" "-e" "SOURCE_DIR=/opt/rustwide/workdir" "-e" "CARGO_TARGET_DIR=/opt/rustwide/target" "-e" "CARGO_INCREMENTAL=0" "-e" "RUST_BACKTRACE=full" "-e" "RUSTFLAGS=--cap-lints=warn" "-e" "RUSTDOCFLAGS=--cap-lints=warn" "-e" "CARGO_HOME=/opt/rustwide/cargo-home" "-e" "RUSTUP_HOME=/opt/rustwide/rustup-home" "-w" "/opt/rustwide/workdir" "-m" "1610612736" "--user" "0:0" "--network" "none" "ghcr.io/rust-lang/crates-build-env/linux@sha256:2788e3201cd34a07e3172128adcd8b3090168a8e3bcc40d7c032b9dda1df7d1c" "/opt/rustwide/cargo-home/bin/cargo" "+1.75.0" "doc" "--frozen" "--no-deps" "--document-private-items" "--message-format=json", kill_on_drop: false }`
[INFO] [stdout] 157a76fe941db502086a2f2a9a5ffdbb6f6d371b266b44e517cd9e2d260b3376
[INFO] running `Command { std: "docker" "start" "-a" "157a76fe941db502086a2f2a9a5ffdbb6f6d371b266b44e517cd9e2d260b3376", kill_on_drop: false }`
[INFO] [stderr]    Compiling proc-macro2 v1.0.51
[INFO] [stderr]    Compiling quote v1.0.23
[INFO] [stderr]    Compiling unicode-ident v1.0.6
[INFO] [stderr]    Compiling syn v1.0.107
[INFO] [stderr]    Compiling serde_derive v1.0.152
[INFO] [stderr]    Compiling once_cell v1.17.1
[INFO] [stderr]    Compiling serde v1.0.152
[INFO] [stderr]    Compiling libc v0.2.139
[INFO] [stderr]    Compiling wasm-bindgen-shared v0.2.84
[INFO] [stderr]    Compiling log v0.4.17
[INFO] [stderr]    Compiling bumpalo v3.12.0
[INFO] [stderr]    Compiling futures-core v0.3.26
[INFO] [stderr]    Compiling wasm-bindgen v0.2.84
[INFO] [stderr]    Compiling futures-channel v0.3.26
[INFO] [stderr]    Compiling thiserror v1.0.38
[INFO] [stderr]    Compiling slab v0.4.7
[INFO] [stderr]    Compiling futures-task v0.3.26
[INFO] [stderr]    Compiling futures-util v0.3.26
[INFO] [stderr]    Compiling serde_json v1.0.93
[INFO] [stderr]     Checking itoa v1.0.5
[INFO] [stderr]    Compiling num-traits v0.2.15
[INFO] [stderr]     Checking futures-sink v0.3.26
[INFO] [stderr]    Compiling paste v1.0.11
[INFO] [stderr]     Checking getrandom v0.2.8
[INFO] [stderr]     Checking ahash v0.7.6
[INFO] [stderr]    Compiling slotmap v1.0.6
[INFO] [stderr]     Checking futures-io v0.3.26
[INFO] [stderr]     Checking ryu v1.0.12
[INFO] [stderr]    Compiling num-integer v0.1.45
[INFO] [stderr]     Checking tracing-core v0.1.30
[INFO] [stderr]     Checking hashbrown v0.12.3
[INFO] [stderr]    Compiling num-bigint v0.4.3
[INFO] [stderr]    Compiling pin-project-lite v0.2.9
[INFO] [stderr]    Compiling memchr v2.5.0
[INFO] [stderr]    Compiling cc v1.0.79
[INFO] [stderr]    Compiling pin-utils v0.1.0
[INFO] [stderr]    Compiling ucd-trie v0.1.5
[INFO] [stderr]     Checking indexmap v1.9.2
[INFO] [stderr]     Checking bytes v1.4.0
[INFO] [stderr]    Compiling tokio v1.25.0
[INFO] [stderr]     Checking form_urlencoded v1.1.0
[INFO] [stderr]     Checking mio v0.8.6
[INFO] [stderr]     Checking socket2 v0.4.7
[INFO] [stderr]    Compiling base64 v0.21.0
[INFO] [stderr]     Checking dlv-list v0.3.0
[INFO] [stderr]    Compiling ciborium-io v0.2.0
[INFO] [stderr]    Compiling percent-encoding v2.2.0
[INFO] [stderr]    Compiling openssl-sys v0.9.80
[INFO] [stderr]    Compiling half v1.8.2
[INFO] [stderr]    Compiling either v1.8.1
[INFO] [stderr]    Compiling async-trait v0.1.64
[INFO] [stderr]    Compiling utf8-width v0.1.6
[INFO] [stderr]    Compiling byteorder v1.4.3
[INFO] [stderr]    Compiling itertools v0.10.5
[INFO] [stderr]    Compiling ciborium-ll v0.2.0
[INFO] [stderr]    Compiling html-escape v0.2.13
[INFO] [stderr]    Compiling rmp v0.8.11
[INFO] [stderr]     Checking ordered-multimap v0.4.3
[INFO] [stderr]     Checking num_cpus v1.15.0
[INFO] [stderr]     Checking iovec v0.1.4
[INFO] [stderr]     Checking linked-hash-map v0.5.6
[INFO] [stderr]    Compiling openssl v0.10.45
[INFO] [stderr]    Compiling pad-adapter v0.1.1
[INFO] [stderr]    Compiling smallvec v1.10.0
[INFO] [stderr]    Compiling prettyplease v0.1.23
[INFO] [stderr]    Compiling rustc-hash v1.1.0
[INFO] [stderr]    Compiling drain_filter_polyfill v0.1.3
[INFO] [stderr]    Compiling doc-comment v0.3.3
[INFO] [stderr]     Checking futures v0.1.31
[INFO] [stderr]    Compiling wasm-bindgen-backend v0.2.84
[INFO] [stderr]     Checking http v0.2.9
[INFO] [stderr]     Checking yaml-rust v0.4.5
[INFO] [stderr]     Checking nom v7.1.3
[INFO] [stderr]     Checking bytes v0.4.12
[INFO] [stderr]    Compiling wasm-bindgen-macro-support v0.2.84
[INFO] [stderr]     Checking futures-cpupool v0.1.8
[INFO] [stderr]    Compiling proc-macro-error-attr v1.0.4
[INFO] [stderr]     Checking rust-ini v0.18.0
[INFO] [stderr]    Compiling native-tls v0.2.11
[INFO] [stderr]    Compiling httparse v1.8.0
[INFO] [stderr]     Checking pathdiff v0.2.1
[INFO] [stderr]    Compiling linear-map v1.2.0
[INFO] [stderr]     Checking regex v1.7.1
[INFO] [stderr]    Compiling convert_case v0.6.0
[INFO] [stderr]    Compiling proc-macro-error v1.0.4
[INFO] [stderr]     Checking fs v0.0.5
[INFO] [stderr]    Compiling uuid v1.3.0
[INFO] [stderr]     Checking try-lock v0.2.4
[INFO] [stderr]     Checking want v0.3.0
[INFO] [stderr]     Checking http-body v0.4.5
[INFO] [stderr]     Checking unicode-bidi v0.3.10
[INFO] [stderr]    Compiling time-core v0.1.0
[INFO] [stderr]     Checking tower-service v0.3.2
[INFO] [stderr]    Compiling time-macros v0.2.7
[INFO] [stderr]     Checking atty v0.2.14
[INFO] [stderr]     Checking num_threads v0.1.6
[INFO] [stderr]    Compiling anyhow v1.0.69
[INFO] [stderr]     Checking idna v0.3.0
[INFO] [stderr]     Checking colored v2.0.0
[INFO] [stderr]     Checking encoding_rs v0.8.32
[INFO] [stderr]     Checking common_macros v0.1.1
[INFO] [stderr]     Checking ipnet v2.7.1
[INFO] [stderr]    Compiling wasm-bindgen-macro v0.2.84
[INFO] [stderr]    Compiling thiserror-impl v1.0.38
[INFO] [stderr]    Compiling futures-macro v0.3.26
[INFO] [stderr]    Compiling tracing-attributes v0.1.23
[INFO] [stderr]     Checking js-sys v0.3.61
[INFO] [stderr]    Compiling pin-project-internal v1.0.12
[INFO] [stderr]    Compiling pest v2.5.5
[INFO] [stderr]     Checking tracing v0.1.37
[INFO] [stderr]    Compiling enum-ordinalize v3.1.12
[INFO] [stderr]    Compiling pest_meta v2.5.5
[INFO] [stderr]     Checking web-sys v0.3.61
[INFO] [stderr]    Compiling educe v0.4.20
[INFO] [stderr]     Checking wasm-bindgen-futures v0.4.34
[INFO] [stderr]     Checking futures-executor v0.3.26
[INFO] [stderr]    Compiling pest_generator v2.5.5
[INFO] [stderr]     Checking futures v0.3.26
[INFO] [stderr]    Compiling pin-project v1.0.12
[INFO] [stderr]    Compiling pest_derive v2.5.5
[INFO] [stderr]    Compiling openssl-macros v0.1.0
[INFO] [stderr]     Checking tokio-util v0.7.7
[INFO] [stderr]    Compiling syn-rsx v0.9.0
[INFO] [stderr]    Compiling typed-builder v0.11.0
[INFO] [stderr]     Checking h2 v0.3.15
[INFO] [stderr]     Checking time v0.3.19
[INFO] [stderr]    Compiling serde-wasm-bindgen v0.4.5
[INFO] [stderr]    Compiling ciborium v0.2.0
[INFO] [stderr]    Compiling serde_urlencoded v0.7.1
[INFO] [stderr]    Compiling rmp-serde v1.1.1
[INFO] [stderr]     Checking ron v0.7.1
[INFO] [stderr]     Checking toml v0.5.11
[INFO] [stderr]     Checking json5 v0.4.1
[INFO] [stderr]     Checking hyper v0.14.24
[INFO] [stderr]     Checking bincode v1.3.3
[INFO] [stderr]     Checking config v0.13.3
[INFO] [stderr]     Checking tokio-native-tls v0.3.1
[INFO] [stderr]     Checking url v2.3.1
[INFO] [stderr]     Checking simple_logger v4.0.0
[INFO] [stderr]     Checking console_error_panic_hook v0.1.7
[INFO] [stderr]     Checking leptos_config v0.1.3
[INFO] [stderr]     Checking hyper-tls v0.5.0
[INFO] [stderr]     Checking leptos_reactive v0.1.3
[INFO] [stderr]     Checking gloo-utils v0.1.6
[INFO] [stderr]     Checking console_log v0.2.0
[INFO] [stderr]     Checking reqwest v0.11.14
[INFO] [stderr]     Checking gloo-net v0.2.6
[INFO] [stdout] error[E0554]: `#![feature]` may not be used on the stable release channel
[INFO] [stdout]  --> /opt/rustwide/cargo-home/registry/src/index.crates.io-6f17d22bba15001f/leptos_reactive-0.1.3/src/lib.rs:2:38
[INFO] [stdout]   |
[INFO] [stdout] 2 | #![cfg_attr(not(feature = "stable"), feature(fn_traits))]
[INFO] [stdout]   |                                      ^^^^^^^^^^^^^^^^^^
[INFO] [stdout] 
[INFO] [stdout] 
[INFO] [stdout] error[E0554]: `#![feature]` may not be used on the stable release channel
[INFO] [stdout]  --> /opt/rustwide/cargo-home/registry/src/index.crates.io-6f17d22bba15001f/leptos_reactive-0.1.3/src/lib.rs:3:38
[INFO] [stdout]   |
[INFO] [stdout] 3 | #![cfg_attr(not(feature = "stable"), feature(unboxed_closures))]
[INFO] [stdout]   |                                      ^^^^^^^^^^^^^^^^^^^^^^^^^
[INFO] [stdout] 
[INFO] [stdout] 
[INFO] [stdout] error[E0554]: `#![feature]` may not be used on the stable release channel
[INFO] [stdout]  --> /opt/rustwide/cargo-home/registry/src/index.crates.io-6f17d22bba15001f/leptos_reactive-0.1.3/src/lib.rs:4:38
[INFO] [stdout]   |
[INFO] [stdout] 4 | #![cfg_attr(not(feature = "stable"), feature(type_name_of_val))]
[INFO] [stdout]   |                                      ^^^^^^^^^^^^^^^^^^^^^^^^^
[INFO] [stdout] 
[INFO] [stdout] 
[INFO] [stdout] error[E0554]: `#![feature]` may not be used on the stable release channel
[INFO] [stdout]  --> /opt/rustwide/cargo-home/registry/src/index.crates.io-6f17d22bba15001f/leptos_reactive-0.1.3/src/lib.rs:2:46
[INFO] [stdout]   |
[INFO] [stdout] 2 | #![cfg_attr(not(feature = "stable"), feature(fn_traits))]
[INFO] [stdout]   |                                              ^^^^^^^^^
[INFO] [stdout] 
[INFO] [stdout] 
[INFO] [stdout] error[E0554]: `#![feature]` may not be used on the stable release channel
[INFO] [stdout]  --> /opt/rustwide/cargo-home/registry/src/index.crates.io-6f17d22bba15001f/leptos_reactive-0.1.3/src/lib.rs:4:46
[INFO] [stdout]   |
[INFO] [stdout] 4 | #![cfg_attr(not(feature = "stable"), feature(type_name_of_val))]
[INFO] [stdout]   |                                              ^^^^^^^^^^^^^^^^
[INFO] [stdout] 
[INFO] [stdout] 
[INFO] [stdout] error: aborting due to 5 previous errors
[INFO] [stdout] 
[INFO] [stdout] 
[INFO] [stdout] For more information about this error, try `rustc --explain E0554`.
[INFO] [stdout] 
[INFO] [stderr] error: could not compile `leptos_reactive` (lib) due to 6 previous errors
[INFO] [stderr] warning: build failed, waiting for other jobs to finish...
[INFO] running `Command { std: "docker" "inspect" "157a76fe941db502086a2f2a9a5ffdbb6f6d371b266b44e517cd9e2d260b3376", kill_on_drop: false }`
[INFO] running `Command { std: "docker" "rm" "-f" "157a76fe941db502086a2f2a9a5ffdbb6f6d371b266b44e517cd9e2d260b3376", kill_on_drop: false }`
[INFO] [stdout] 157a76fe941db502086a2f2a9a5ffdbb6f6d371b266b44e517cd9e2d260b3376
[INFO] documenting CoreyCole/chat_gpt_rs against beta-2023-12-22 for beta-1.76-rustdoc-1
[INFO] running `Command { std: "git" "clone" "/workspace/cache/git-repos/https%3A%2F%2Fgithub.com%2FCoreyCole%2Fchat_gpt_rs" "/workspace/builds/worker-2-tc2/source", kill_on_drop: false }`
[INFO] [stderr] Cloning into '/workspace/builds/worker-2-tc2/source'...
[INFO] [stderr] done.
[INFO] validating manifest of git repo https://github.com/CoreyCole/chat_gpt_rs on toolchain beta-2023-12-22
[INFO] running `Command { std: CARGO_HOME="/workspace/cargo-home" RUSTUP_HOME="/workspace/rustup-home" "/workspace/cargo-home/bin/cargo" "+beta-2023-12-22" "metadata" "--manifest-path" "Cargo.toml" "--no-deps", kill_on_drop: false }`
[INFO] started tweaking git repo https://github.com/CoreyCole/chat_gpt_rs
[INFO] finished tweaking git repo https://github.com/CoreyCole/chat_gpt_rs
[INFO] tweaked toml for git repo https://github.com/CoreyCole/chat_gpt_rs written to /workspace/builds/worker-2-tc2/source/Cargo.toml
[INFO] crate git repo https://github.com/CoreyCole/chat_gpt_rs already has a lockfile, it will not be regenerated
[INFO] running `Command { std: CARGO_HOME="/workspace/cargo-home" RUSTUP_HOME="/workspace/rustup-home" "/workspace/cargo-home/bin/cargo" "+beta-2023-12-22" "fetch" "--manifest-path" "Cargo.toml", kill_on_drop: false }`
[INFO] running `Command { std: "docker" "create" "-v" "/var/lib/crater-agent-workspace/builds/worker-2-tc2/target:/opt/rustwide/target:rw,Z" "-v" "/var/lib/crater-agent-workspace/builds/worker-2-tc2/source:/opt/rustwide/workdir:ro,Z" "-v" "/var/lib/crater-agent-workspace/cargo-home:/opt/rustwide/cargo-home:ro,Z" "-v" "/var/lib/crater-agent-workspace/rustup-home:/opt/rustwide/rustup-home:ro,Z" "-e" "SOURCE_DIR=/opt/rustwide/workdir" "-e" "CARGO_TARGET_DIR=/opt/rustwide/target" "-e" "CARGO_HOME=/opt/rustwide/cargo-home" "-e" "RUSTUP_HOME=/opt/rustwide/rustup-home" "-w" "/opt/rustwide/workdir" "-m" "1610612736" "--user" "0:0" "--network" "none" "ghcr.io/rust-lang/crates-build-env/linux@sha256:2788e3201cd34a07e3172128adcd8b3090168a8e3bcc40d7c032b9dda1df7d1c" "/opt/rustwide/cargo-home/bin/cargo" "+beta-2023-12-22" "metadata" "--no-deps" "--format-version=1", kill_on_drop: false }`
[INFO] [stdout] 0d5794a5dd46eed9afb136941e28e7655b9888d72308eac712ad3fd9549a7361
[INFO] running `Command { std: "docker" "start" "-a" "0d5794a5dd46eed9afb136941e28e7655b9888d72308eac712ad3fd9549a7361", kill_on_drop: false }`
[INFO] running `Command { std: "docker" "inspect" "0d5794a5dd46eed9afb136941e28e7655b9888d72308eac712ad3fd9549a7361", kill_on_drop: false }`
[INFO] running `Command { std: "docker" "rm" "-f" "0d5794a5dd46eed9afb136941e28e7655b9888d72308eac712ad3fd9549a7361", kill_on_drop: false }`
[INFO] [stdout] 0d5794a5dd46eed9afb136941e28e7655b9888d72308eac712ad3fd9549a7361
[INFO] running `Command { std: "docker" "create" "-v" "/var/lib/crater-agent-workspace/builds/worker-2-tc2/target:/opt/rustwide/target:rw,Z" "-v" "/var/lib/crater-agent-workspace/builds/worker-2-tc2/source:/opt/rustwide/workdir:ro,Z" "-v" "/var/lib/crater-agent-workspace/cargo-home:/opt/rustwide/cargo-home:ro,Z" "-v" "/var/lib/crater-agent-workspace/rustup-home:/opt/rustwide/rustup-home:ro,Z" "-e" "SOURCE_DIR=/opt/rustwide/workdir" "-e" "CARGO_TARGET_DIR=/opt/rustwide/target" "-e" "CARGO_INCREMENTAL=0" "-e" "RUST_BACKTRACE=full" "-e" "RUSTFLAGS=--cap-lints=warn" "-e" "RUSTDOCFLAGS=--cap-lints=warn" "-e" "CARGO_HOME=/opt/rustwide/cargo-home" "-e" "RUSTUP_HOME=/opt/rustwide/rustup-home" "-w" "/opt/rustwide/workdir" "-m" "1610612736" "--user" "0:0" "--network" "none" "ghcr.io/rust-lang/crates-build-env/linux@sha256:2788e3201cd34a07e3172128adcd8b3090168a8e3bcc40d7c032b9dda1df7d1c" "/opt/rustwide/cargo-home/bin/cargo" "+beta-2023-12-22" "doc" "--frozen" "--no-deps" "--document-private-items" "--message-format=json", kill_on_drop: false }`
[INFO] [stdout] 13f415abac1301144e76f2589d72e12a93c0cc613059e31d987c2525b891c986
[INFO] running `Command { std: "docker" "start" "-a" "13f415abac1301144e76f2589d72e12a93c0cc613059e31d987c2525b891c986", kill_on_drop: false }`
[INFO] [stderr]    Compiling proc-macro2 v1.0.51
[INFO] [stderr]    Compiling quote v1.0.23
[INFO] [stderr]    Compiling unicode-ident v1.0.6
[INFO] [stderr]    Compiling syn v1.0.107
[INFO] [stderr]    Compiling once_cell v1.17.1
[INFO] [stderr]    Compiling serde_derive v1.0.152
[INFO] [stderr]    Compiling serde v1.0.152
[INFO] [stderr]    Compiling libc v0.2.139
[INFO] [stderr]    Compiling wasm-bindgen-shared v0.2.84
[INFO] [stderr]    Compiling log v0.4.17
[INFO] [stderr]    Compiling bumpalo v3.12.0
[INFO] [stderr]    Compiling futures-core v0.3.26
[INFO] [stderr]    Compiling wasm-bindgen v0.2.84
[INFO] [stderr]    Compiling futures-channel v0.3.26
[INFO] [stderr]    Compiling thiserror v1.0.38
[INFO] [stderr]    Compiling slab v0.4.7
[INFO] [stderr]    Compiling futures-task v0.3.26
[INFO] [stderr]    Compiling futures-util v0.3.26
[INFO] [stderr]    Compiling serde_json v1.0.93
[INFO] [stderr]     Checking itoa v1.0.5
[INFO] [stderr]    Compiling num-traits v0.2.15
[INFO] [stderr]     Checking futures-sink v0.3.26
[INFO] [stderr]    Compiling paste v1.0.11
[INFO] [stderr]    Compiling slotmap v1.0.6
[INFO] [stderr]     Checking ryu v1.0.12
[INFO] [stderr]     Checking futures-io v0.3.26
[INFO] [stderr]     Checking getrandom v0.2.8
[INFO] [stderr]    Compiling num-integer v0.1.45
[INFO] [stderr]     Checking tracing-core v0.1.30
[INFO] [stderr]     Checking ahash v0.7.6
[INFO] [stderr]    Compiling num-bigint v0.4.3
[INFO] [stderr]     Checking hashbrown v0.12.3
[INFO] [stderr]    Compiling pin-project-lite v0.2.9
[INFO] [stderr]    Compiling memchr v2.5.0
[INFO] [stderr]    Compiling pin-utils v0.1.0
[INFO] [stderr]    Compiling ucd-trie v0.1.5
[INFO] [stderr]    Compiling cc v1.0.79
[INFO] [stderr]     Checking bytes v1.4.0
[INFO] [stderr]     Checking indexmap v1.9.2
[INFO] [stderr]    Compiling tokio v1.25.0
[INFO] [stderr]     Checking form_urlencoded v1.1.0
[INFO] [stderr]     Checking mio v0.8.6
[INFO] [stderr]     Checking socket2 v0.4.7
[INFO] [stderr]    Compiling async-trait v0.1.64
[INFO] [stderr]    Compiling either v1.8.1
[INFO] [stderr]     Checking dlv-list v0.3.0
[INFO] [stderr]    Compiling base64 v0.21.0
[INFO] [stderr]    Compiling ciborium-io v0.2.0
[INFO] [stderr]    Compiling utf8-width v0.1.6
[INFO] [stderr]    Compiling byteorder v1.4.3
[INFO] [stderr]    Compiling half v1.8.2
[INFO] [stderr]    Compiling percent-encoding v2.2.0
[INFO] [stderr]    Compiling openssl-sys v0.9.80
[INFO] [stderr]    Compiling rmp v0.8.11
[INFO] [stderr]    Compiling ciborium-ll v0.2.0
[INFO] [stderr]    Compiling html-escape v0.2.13
[INFO] [stderr]     Checking ordered-multimap v0.4.3
[INFO] [stderr]    Compiling itertools v0.10.5
[INFO] [stderr]     Checking iovec v0.1.4
[INFO] [stderr]     Checking num_cpus v1.15.0
[INFO] [stderr]     Checking linked-hash-map v0.5.6
[INFO] [stderr]    Compiling rustc-hash v1.1.0
[INFO] [stderr]    Compiling drain_filter_polyfill v0.1.3
[INFO] [stderr]    Compiling pad-adapter v0.1.1
[INFO] [stderr]     Checking futures v0.1.31
[INFO] [stderr]    Compiling openssl v0.10.45
[INFO] [stderr]    Compiling doc-comment v0.3.3
[INFO] [stderr]    Compiling smallvec v1.10.0
[INFO] [stderr]    Compiling prettyplease v0.1.23
[INFO] [stderr]     Checking nom v7.1.3
[INFO] [stderr]     Checking futures-cpupool v0.1.8
[INFO] [stderr]     Checking http v0.2.9
[INFO] [stderr]     Checking yaml-rust v0.4.5
[INFO] [stderr]     Checking bytes v0.4.12
[INFO] [stderr]    Compiling proc-macro-error-attr v1.0.4
[INFO] [stderr]     Checking rust-ini v0.18.0
[INFO] [stderr]    Compiling httparse v1.8.0
[INFO] [stderr]    Compiling wasm-bindgen-backend v0.2.84
[INFO] [stderr]    Compiling native-tls v0.2.11
[INFO] [stderr]     Checking pathdiff v0.2.1
[INFO] [stderr]    Compiling linear-map v1.2.0
[INFO] [stderr]    Compiling convert_case v0.6.0
[INFO] [stderr]    Compiling proc-macro-error v1.0.4
[INFO] [stderr]    Compiling wasm-bindgen-macro-support v0.2.84
[INFO] [stderr]     Checking regex v1.7.1
[INFO] [stderr]     Checking fs v0.0.5
[INFO] [stderr]    Compiling uuid v1.3.0
[INFO] [stderr]     Checking try-lock v0.2.4
[INFO] [stderr]     Checking want v0.3.0
[INFO] [stderr]     Checking http-body v0.4.5
[INFO] [stderr]    Compiling time-core v0.1.0
[INFO] [stderr]     Checking unicode-bidi v0.3.10
[INFO] [stderr]     Checking tower-service v0.3.2
[INFO] [stderr]    Compiling time-macros v0.2.7
[INFO] [stderr]     Checking atty v0.2.14
[INFO] [stderr]     Checking num_threads v0.1.6
[INFO] [stderr]    Compiling anyhow v1.0.69
[INFO] [stderr]     Checking colored v2.0.0
[INFO] [stderr]     Checking encoding_rs v0.8.32
[INFO] [stderr]     Checking idna v0.3.0
[INFO] [stderr]     Checking ipnet v2.7.1
[INFO] [stderr]     Checking common_macros v0.1.1
[INFO] [stderr]     Checking url v2.3.1
[INFO] [stderr]    Compiling wasm-bindgen-macro v0.2.84
[INFO] [stderr]    Compiling thiserror-impl v1.0.38
[INFO] [stderr]    Compiling futures-macro v0.3.26
[INFO] [stderr]    Compiling tracing-attributes v0.1.23
[INFO] [stderr]    Compiling pin-project-internal v1.0.12
[INFO] [stderr]    Compiling enum-ordinalize v3.1.12
[INFO] [stderr]    Compiling openssl-macros v0.1.0
[INFO] [stderr]    Compiling educe v0.4.20
[INFO] [stderr]     Checking js-sys v0.3.61
[INFO] [stderr]    Compiling pin-project v1.0.12
[INFO] [stderr]    Compiling pest v2.5.5
[INFO] [stderr]     Checking tracing v0.1.37
[INFO] [stderr]    Compiling pest_meta v2.5.5
[INFO] [stderr]     Checking web-sys v0.3.61
[INFO] [stderr]     Checking wasm-bindgen-futures v0.4.34
[INFO] [stderr]     Checking futures-executor v0.3.26
[INFO] [stderr]     Checking tokio-util v0.7.7
[INFO] [stderr]    Compiling pest_generator v2.5.5
[INFO] [stderr]     Checking futures v0.3.26
[INFO] [stderr]    Compiling syn-rsx v0.9.0
[INFO] [stderr]    Compiling typed-builder v0.11.0
[INFO] [stderr]    Compiling pest_derive v2.5.5
[INFO] [stderr]     Checking h2 v0.3.15
[INFO] [stderr]     Checking time v0.3.19
[INFO] [stderr]     Checking console_error_panic_hook v0.1.7
[INFO] [stderr]     Checking serde-wasm-bindgen v0.4.5
[INFO] [stderr]     Checking ron v0.7.1
[INFO] [stderr]     Checking toml v0.5.11
[INFO] [stderr]    Compiling rmp-serde v1.1.1
[INFO] [stderr]    Compiling ciborium v0.2.0
[INFO] [stderr]    Compiling serde_urlencoded v0.7.1
[INFO] [stderr]     Checking json5 v0.4.1
[INFO] [stderr]     Checking tokio-native-tls v0.3.1
[INFO] [stderr]     Checking config v0.13.3
[INFO] [stderr]     Checking hyper v0.14.24
[INFO] [stderr]     Checking bincode v1.3.3
[INFO] [stderr]     Checking simple_logger v4.0.0
[INFO] [stderr]     Checking leptos_config v0.1.3
[INFO] [stderr]     Checking hyper-tls v0.5.0
[INFO] [stderr]     Checking reqwest v0.11.14
[INFO] [stderr]     Checking leptos_reactive v0.1.3
[INFO] [stderr]     Checking gloo-utils v0.1.6
[INFO] [stderr]     Checking console_log v0.2.0
[INFO] [stderr]     Checking gloo-net v0.2.6
[INFO] [stdout] error[E0554]: `#![feature]` may not be used on the beta release channel
[INFO] [stdout]  --> /opt/rustwide/cargo-home/registry/src/index.crates.io-6f17d22bba15001f/leptos_reactive-0.1.3/src/lib.rs:2:38
[INFO] [stdout]   |
[INFO] [stdout] 2 | #![cfg_attr(not(feature = "stable"), feature(fn_traits))]
[INFO] [stdout]   |                                      ^^^^^^^^^^^^^^^^^^
[INFO] [stdout] 
[INFO] [stdout] 
[INFO] [stdout] error[E0554]: `#![feature]` may not be used on the beta release channel
[INFO] [stdout]  --> /opt/rustwide/cargo-home/registry/src/index.crates.io-6f17d22bba15001f/leptos_reactive-0.1.3/src/lib.rs:3:38
[INFO] [stdout]   |
[INFO] [stdout] 3 | #![cfg_attr(not(feature = "stable"), feature(unboxed_closures))]
[INFO] [stdout]   |                                      ^^^^^^^^^^^^^^^^^^^^^^^^^
[INFO] [stdout] 
[INFO] [stdout] 
[INFO] [stdout] error[E0554]: `#![feature]` may not be used on the beta release channel
[INFO] [stdout]  --> /opt/rustwide/cargo-home/registry/src/index.crates.io-6f17d22bba15001f/leptos_reactive-0.1.3/src/lib.rs:4:38
[INFO] [stdout]   |
[INFO] [stdout] 4 | #![cfg_attr(not(feature = "stable"), feature(type_name_of_val))]
[INFO] [stdout]   |                                      ^^^^^^^^^^^^^^^^^^^^^^^^^
[INFO] [stdout] 
[INFO] [stdout] 
[INFO] [stdout] error[E0554]: `#![feature]` may not be used on the beta release channel
[INFO] [stdout]  --> /opt/rustwide/cargo-home/registry/src/index.crates.io-6f17d22bba15001f/leptos_reactive-0.1.3/src/lib.rs:2:46
[INFO] [stdout]   |
[INFO] [stdout] 2 | #![cfg_attr(not(feature = "stable"), feature(fn_traits))]
[INFO] [stdout]   |                                              ^^^^^^^^^
[INFO] [stdout] 
[INFO] [stdout] 
[INFO] [stdout] error[E0554]: `#![feature]` may not be used on the beta release channel
[INFO] [stdout]  --> /opt/rustwide/cargo-home/registry/src/index.crates.io-6f17d22bba15001f/leptos_reactive-0.1.3/src/lib.rs:4:46
[INFO] [stdout]   |
[INFO] [stdout] 4 | #![cfg_attr(not(feature = "stable"), feature(type_name_of_val))]
[INFO] [stdout]   |                                              ^^^^^^^^^^^^^^^^
[INFO] [stdout] 
[INFO] [stdout] 
[INFO] [stdout] error[E0554]: `#![feature]` may not be used on the beta release channel
[INFO] [stdout]  --> /opt/rustwide/cargo-home/registry/src/index.crates.io-6f17d22bba15001f/leptos_reactive-0.1.3/src/lib.rs:2:38
[INFO] [stdout]   |
[INFO] [stdout] 2 | #![cfg_attr(not(feature = "stable"), feature(fn_traits))]
[INFO] [stdout]   |                                      ^^^^^^^^^^^^^^^^^^
[INFO] [stdout] 
[INFO] [stdout] 
[INFO] [stdout] error[E0554]: `#![feature]` may not be used on the beta release channel
[INFO] [stdout]  --> /opt/rustwide/cargo-home/registry/src/index.crates.io-6f17d22bba15001f/leptos_reactive-0.1.3/src/lib.rs:3:38
[INFO] [stdout]   |
[INFO] [stdout] 3 | #![cfg_attr(not(feature = "stable"), feature(unboxed_closures))]
[INFO] [stdout]   |                                      ^^^^^^^^^^^^^^^^^^^^^^^^^
[INFO] [stdout] 
[INFO] [stdout] 
[INFO] [stdout] error[E0554]: `#![feature]` may not be used on the beta release channel
[INFO] [stdout]  --> /opt/rustwide/cargo-home/registry/src/index.crates.io-6f17d22bba15001f/leptos_reactive-0.1.3/src/lib.rs:4:38
[INFO] [stdout]   |
[INFO] [stdout] 4 | #![cfg_attr(not(feature = "stable"), feature(type_name_of_val))]
[INFO] [stdout]   |                                      ^^^^^^^^^^^^^^^^^^^^^^^^^
[INFO] [stdout] 
[INFO] [stdout] 
[INFO] [stdout] error[E0554]: `#![feature]` may not be used on the beta release channel
[INFO] [stdout]  --> /opt/rustwide/cargo-home/registry/src/index.crates.io-6f17d22bba15001f/leptos_reactive-0.1.3/src/lib.rs:2:46
[INFO] [stdout]   |
[INFO] [stdout] 2 | #![cfg_attr(not(feature = "stable"), feature(fn_traits))]
[INFO] [stdout]   |                                              ^^^^^^^^^
[INFO] [stdout] 
[INFO] [stdout] 
[INFO] [stdout] error[E0554]: `#![feature]` may not be used on the beta release channel
[INFO] [stdout]  --> /opt/rustwide/cargo-home/registry/src/index.crates.io-6f17d22bba15001f/leptos_reactive-0.1.3/src/lib.rs:4:46
[INFO] [stdout]   |
[INFO] [stdout] 4 | #![cfg_attr(not(feature = "stable"), feature(type_name_of_val))]
[INFO] [stdout]   |                                              ^^^^^^^^^^^^^^^^
[INFO] [stdout] 
[INFO] [stdout] 
[INFO] [stdout] error: aborting due to 5 previous errors
[INFO] [stdout] 
[INFO] [stdout] 
[INFO] [stdout] For more information about this error, try `rustc --explain E0554`.
[INFO] [stdout] 
[INFO] [stderr] error: could not compile `leptos_reactive` (lib) due to 6 previous errors
[INFO] [stderr] warning: build failed, waiting for other jobs to finish...
[INFO] [stdout] error: aborting due to 5 previous errors
[INFO] [stdout] 
[INFO] [stdout] 
[INFO] [stdout] For more information about this error, try `rustc --explain E0554`.
[INFO] [stdout] 
[INFO] [stderr] error: could not compile `leptos_reactive` (lib) due to 6 previous errors
[INFO] running `Command { std: "docker" "inspect" "13f415abac1301144e76f2589d72e12a93c0cc613059e31d987c2525b891c986", kill_on_drop: false }`
[INFO] running `Command { std: "docker" "rm" "-f" "13f415abac1301144e76f2589d72e12a93c0cc613059e31d987c2525b891c986", kill_on_drop: false }`
[INFO] [stdout] 13f415abac1301144e76f2589d72e12a93c0cc613059e31d987c2525b891c986
