[INFO] cloning repository https://github.com/ConnorGray/NotebookWebsiteTools
[INFO] running `Command { std: "git" "-c" "credential.helper=" "-c" "credential.helper=/workspace/cargo-home/bin/git-credential-null" "clone" "--bare" "https://github.com/ConnorGray/NotebookWebsiteTools" "/workspace/cache/git-repos/https%3A%2F%2Fgithub.com%2FConnorGray%2FNotebookWebsiteTools", kill_on_drop: false }`
[INFO] [stderr] Cloning into bare repository '/workspace/cache/git-repos/https%3A%2F%2Fgithub.com%2FConnorGray%2FNotebookWebsiteTools'...
[INFO] running `Command { std: "git" "rev-parse" "HEAD", kill_on_drop: false }`
[INFO] [stdout] ae22b4a67caaab278b53a3a11dcde38caa412045
[INFO] documenting ConnorGray/NotebookWebsiteTools against 1.75.0 for beta-1.76-rustdoc-1
[INFO] running `Command { std: "git" "clone" "/workspace/cache/git-repos/https%3A%2F%2Fgithub.com%2FConnorGray%2FNotebookWebsiteTools" "/workspace/builds/worker-3-tc1/source", kill_on_drop: false }`
[INFO] [stderr] Cloning into '/workspace/builds/worker-3-tc1/source'...
[INFO] [stderr] done.
[INFO] validating manifest of git repo https://github.com/ConnorGray/NotebookWebsiteTools on toolchain 1.75.0
[INFO] running `Command { std: CARGO_HOME="/workspace/cargo-home" RUSTUP_HOME="/workspace/rustup-home" "/workspace/cargo-home/bin/cargo" "+1.75.0" "metadata" "--manifest-path" "Cargo.toml" "--no-deps", kill_on_drop: false }`
[INFO] started tweaking git repo https://github.com/ConnorGray/NotebookWebsiteTools
[INFO] finished tweaking git repo https://github.com/ConnorGray/NotebookWebsiteTools
[INFO] tweaked toml for git repo https://github.com/ConnorGray/NotebookWebsiteTools written to /workspace/builds/worker-3-tc1/source/Cargo.toml
[INFO] crate git repo https://github.com/ConnorGray/NotebookWebsiteTools already has a lockfile, it will not be regenerated
[INFO] running `Command { std: CARGO_HOME="/workspace/cargo-home" RUSTUP_HOME="/workspace/rustup-home" "/workspace/cargo-home/bin/cargo" "+1.75.0" "fetch" "--manifest-path" "Cargo.toml", kill_on_drop: false }`
[INFO] [stderr] warning: virtual workspace defaulting to `resolver = "1"` despite one or more workspace members being on edition 2021 which implies `resolver = "2"`
[INFO] [stderr] note: to keep the current resolver, specify `workspace.resolver = "1"` in the workspace root's manifest
[INFO] [stderr] note: to use the edition 2021 resolver, specify `workspace.resolver = "2"` in the workspace root's manifest
[INFO] [stderr] note: for more details see https://doc.rust-lang.org/cargo/reference/resolver.html#resolver-versions
[INFO] [stderr]     Updating crates.io index
[INFO] [stderr]  Downloading crates ...
[INFO] [stderr]   Downloaded wolfram-library-link-macros v0.2.10
[INFO] [stderr]   Downloaded wolfram-expr v0.1.4
[INFO] [stderr]   Downloaded ghost v0.1.14
[INFO] [stderr]   Downloaded process_path v0.1.4
[INFO] [stderr]   Downloaded wolfram-app-discovery v0.4.8
[INFO] [stderr]   Downloaded memchr v2.6.1
[INFO] [stderr]   Downloaded rustix v0.38.10
[INFO] [stderr]   Downloaded wstp-sys v0.2.8
[INFO] [stderr]   Downloaded wolfram-library-link v0.2.10
[INFO] [stderr]   Downloaded wstp v0.2.8
[INFO] [stderr]   Downloaded wolfram-library-link-sys v0.2.10
[INFO] [stderr]   Downloaded ref-cast-impl v1.0.20
[INFO] [stderr]   Downloaded ref-cast v1.0.20
[INFO] [stderr]   Downloaded windows v0.32.0
[INFO] running `Command { std: "docker" "create" "-v" "/var/lib/crater-agent-workspace/builds/worker-3-tc1/target:/opt/rustwide/target:rw,Z" "-v" "/var/lib/crater-agent-workspace/builds/worker-3-tc1/source:/opt/rustwide/workdir:ro,Z" "-v" "/var/lib/crater-agent-workspace/cargo-home:/opt/rustwide/cargo-home:ro,Z" "-v" "/var/lib/crater-agent-workspace/rustup-home:/opt/rustwide/rustup-home:ro,Z" "-e" "SOURCE_DIR=/opt/rustwide/workdir" "-e" "CARGO_TARGET_DIR=/opt/rustwide/target" "-e" "CARGO_HOME=/opt/rustwide/cargo-home" "-e" "RUSTUP_HOME=/opt/rustwide/rustup-home" "-w" "/opt/rustwide/workdir" "-m" "1610612736" "--user" "0:0" "--network" "none" "ghcr.io/rust-lang/crates-build-env/linux@sha256:2788e3201cd34a07e3172128adcd8b3090168a8e3bcc40d7c032b9dda1df7d1c" "/opt/rustwide/cargo-home/bin/cargo" "+1.75.0" "metadata" "--no-deps" "--format-version=1", kill_on_drop: false }`
[INFO] [stdout] 8a754c38bc117b5ecbd553b166c33393477191c15411c7bcb8aeebb414bc9e7b
[INFO] running `Command { std: "docker" "start" "-a" "8a754c38bc117b5ecbd553b166c33393477191c15411c7bcb8aeebb414bc9e7b", kill_on_drop: false }`
[INFO] running `Command { std: "docker" "inspect" "8a754c38bc117b5ecbd553b166c33393477191c15411c7bcb8aeebb414bc9e7b", kill_on_drop: false }`
[INFO] running `Command { std: "docker" "rm" "-f" "8a754c38bc117b5ecbd553b166c33393477191c15411c7bcb8aeebb414bc9e7b", kill_on_drop: false }`
[INFO] [stdout] 8a754c38bc117b5ecbd553b166c33393477191c15411c7bcb8aeebb414bc9e7b
[INFO] running `Command { std: "docker" "create" "-v" "/var/lib/crater-agent-workspace/builds/worker-3-tc1/target:/opt/rustwide/target:rw,Z" "-v" "/var/lib/crater-agent-workspace/builds/worker-3-tc1/source:/opt/rustwide/workdir:ro,Z" "-v" "/var/lib/crater-agent-workspace/cargo-home:/opt/rustwide/cargo-home:ro,Z" "-v" "/var/lib/crater-agent-workspace/rustup-home:/opt/rustwide/rustup-home:ro,Z" "-e" "SOURCE_DIR=/opt/rustwide/workdir" "-e" "CARGO_TARGET_DIR=/opt/rustwide/target" "-e" "CARGO_INCREMENTAL=0" "-e" "RUST_BACKTRACE=full" "-e" "RUSTFLAGS=--cap-lints=warn" "-e" "RUSTDOCFLAGS=--cap-lints=warn" "-e" "CARGO_HOME=/opt/rustwide/cargo-home" "-e" "RUSTUP_HOME=/opt/rustwide/rustup-home" "-w" "/opt/rustwide/workdir" "-m" "1610612736" "--user" "0:0" "--network" "none" "ghcr.io/rust-lang/crates-build-env/linux@sha256:2788e3201cd34a07e3172128adcd8b3090168a8e3bcc40d7c032b9dda1df7d1c" "/opt/rustwide/cargo-home/bin/cargo" "+1.75.0" "doc" "--frozen" "--no-deps" "--document-private-items" "--message-format=json", kill_on_drop: false }`
[INFO] [stdout] e80d7c018b8854009d5a26bac4ae272ab801189effba35fb341ec7ec54dfbe01
[INFO] running `Command { std: "docker" "start" "-a" "e80d7c018b8854009d5a26bac4ae272ab801189effba35fb341ec7ec54dfbe01", kill_on_drop: false }`
[INFO] [stderr] warning: virtual workspace defaulting to `resolver = "1"` despite one or more workspace members being on edition 2021 which implies `resolver = "2"`
[INFO] [stderr] note: to keep the current resolver, specify `workspace.resolver = "1"` in the workspace root's manifest
[INFO] [stderr] note: to use the edition 2021 resolver, specify `workspace.resolver = "2"` in the workspace root's manifest
[INFO] [stderr] note: for more details see https://doc.rust-lang.org/cargo/reference/resolver.html#resolver-versions
[INFO] [stderr]    Compiling proc-macro2 v1.0.66
[INFO] [stderr]    Compiling libc v0.2.147
[INFO] [stderr]    Compiling unicode-ident v1.0.11
[INFO] [stderr]    Compiling memchr v2.6.1
[INFO] [stderr]    Compiling rustix v0.38.10
[INFO] [stderr]    Compiling regex-syntax v0.7.5
[INFO] [stderr]    Compiling linux-raw-sys v0.4.5
[INFO] [stderr]    Compiling bitflags v2.4.0
[INFO] [stderr]    Compiling log v0.4.20
[INFO] [stderr]    Compiling wolfram-app-discovery v0.4.8
[INFO] [stderr]    Compiling humantime v2.1.0
[INFO] [stderr]    Compiling termcolor v1.2.0
[INFO] [stderr]    Compiling serde v1.0.188
[INFO] [stderr]    Compiling num-traits v0.2.16
[INFO] [stderr]    Compiling pkg-config v0.3.27
[INFO] [stderr]     Checking adler v1.0.2
[INFO] [stderr]    Compiling indexmap v1.9.3
[INFO] [stderr]     Checking miniz_oxide v0.7.1
[INFO] [stderr]    Compiling crc32fast v1.3.2
[INFO] [stderr]     Checking itoa v1.0.9
[INFO] [stderr]    Compiling ref-cast v1.0.20
[INFO] [stderr]    Compiling serde_json v1.0.105
[INFO] [stderr]     Checking safemem v0.3.3
[INFO] [stderr]    Compiling aho-corasick v1.0.4
[INFO] [stderr]     Checking gimli v0.28.0
[INFO] [stderr]    Compiling thiserror v1.0.47
[INFO] [stderr]     Checking time v0.3.28
[INFO] [stderr]     Checking line-wrap v0.1.1
[INFO] [stderr]    Compiling quote v1.0.33
[INFO] [stderr]     Checking quick-xml v0.29.0
[INFO] [stderr]     Checking object v0.32.0
[INFO] [stderr]    Compiling syn v2.0.29
[INFO] [stderr]    Compiling syn v1.0.109
[INFO] [stderr]     Checking linked-hash-map v0.5.6
[INFO] [stderr]     Checking base64 v0.21.3
[INFO] [stderr]    Compiling is-terminal v0.4.9
[INFO] [stderr]     Checking same-file v1.0.6
[INFO] [stderr]     Checking ryu v1.0.15
[INFO] [stderr]     Checking rustc-demangle v0.1.23
[INFO] [stderr]     Checking walkdir v2.3.3
[INFO] [stderr]     Checking yaml-rust v0.4.5
[INFO] [stderr]     Checking flate2 v1.0.27
[INFO] [stderr]     Checking static_assertions v1.1.0
[INFO] [stderr]     Checking ordered-float v3.9.1
[INFO] [stderr]     Checking process_path v0.1.4
[INFO] [stderr]    Compiling cc v1.0.83
[INFO] [stderr]    Compiling regex-automata v0.3.7
[INFO] [stderr]     Checking wolfram-expr v0.1.4
[INFO] [stderr]    Compiling link-cplusplus v1.0.9
[INFO] [stderr]    Compiling onig_sys v69.8.1
[INFO] [stderr]    Compiling backtrace v0.3.69
[INFO] [stderr]     Checking addr2line v0.21.0
[INFO] [stderr]    Compiling serde_derive v1.0.188
[INFO] [stderr]    Compiling ref-cast-impl v1.0.20
[INFO] [stderr]    Compiling thiserror-impl v1.0.47
[INFO] [stderr]    Compiling ghost v0.1.14
[INFO] [stderr]    Compiling ctor v0.1.26
[INFO] [stderr]    Compiling wolfram-library-link-macros v0.2.10
[INFO] [stderr]    Compiling regex v1.9.4
[INFO] [stderr]    Compiling env_logger v0.10.0
[INFO] [stderr]     Checking inventory v0.2.3
[INFO] [stderr]    Compiling wstp-sys v0.2.8
[INFO] [stderr]    Compiling wolfram-library-link-sys v0.2.10
[INFO] [stderr] error: failed to run custom build command for `wstp-sys v0.2.8`
[INFO] [stderr] note: To improve backtraces for build dependencies, set the CARGO_PROFILE_DEV_BUILD_OVERRIDE_DEBUG=true environment variable to enable debug information generation.
[INFO] [stderr] 
[INFO] [stderr] Caused by:
[INFO] [stderr]   process didn't exit successfully: `/opt/rustwide/target/debug/build/wstp-sys-c07b6ce5b15b6e40/build-script-build` (exit status: 101)
[INFO] [stderr]   --- stdout
[INFO] [stderr]   cargo:rerun-if-env-changed=RUST_WOLFRAM_LOCATION
[INFO] [stderr]   cargo:rerun-if-env-changed=WOLFRAM_APP_DIRECTORY
[INFO] [stderr]   cargo:rerun-if-env-changed=WSTP_COMPILER_ADDITIONS_DIRECTORY
[INFO] [stderr]   cargo:rerun-if-env-changed=WSTP_COMPILER_ADDITIONS
[INFO] [stderr] 
[INFO] [stderr]   --- stderr
[INFO] [stderr]   warning: error looking for Wolfram apps in '/usr/local/Wolfram': No such file or directory (os error 2)
[INFO] [stderr]   warning: error looking for Wolfram apps in '/opt/Wolfram': No such file or directory (os error 2)
[INFO] [stderr]   thread 'main' panicked at /opt/rustwide/cargo-home/registry/src/index.crates.io-6f17d22bba15001f/wstp-sys-0.2.8/build.rs:175:10:
[INFO] [stderr]   unable to get WSTP static library path: Error(Undiscoverable { resource: "WSTP CompilerAdditions directory", environment_variable: Some("WSTP_COMPILER_ADDITIONS_DIRECTORY") })
[INFO] [stderr]   stack backtrace:
[INFO] [stderr]      0:     0x561bb8f5dd8c - std::backtrace_rs::backtrace::libunwind::trace::ha637c64ce894333a
[INFO] [stderr]                                  at /rustc/82e1608dfa6e0b5569232559e3d385fea5a93112/library/std/src/../../backtrace/src/backtrace/libunwind.rs:104:5
[INFO] [stderr]      1:     0x561bb8f5dd8c - std::backtrace_rs::backtrace::trace_unsynchronized::h47f62dea28e0c88d
[INFO] [stderr]                                  at /rustc/82e1608dfa6e0b5569232559e3d385fea5a93112/library/std/src/../../backtrace/src/backtrace/mod.rs:66:5
[INFO] [stderr]      2:     0x561bb8f5dd8c - std::sys_common::backtrace::_print_fmt::h9eef0abe20ede486
[INFO] [stderr]                                  at /rustc/82e1608dfa6e0b5569232559e3d385fea5a93112/library/std/src/sys_common/backtrace.rs:67:5
[INFO] [stderr]      3:     0x561bb8f5dd8c - <std::sys_common::backtrace::_print::DisplayBacktrace as core::fmt::Display>::fmt::hed7f999df88cc644
[INFO] [stderr]                                  at /rustc/82e1608dfa6e0b5569232559e3d385fea5a93112/library/std/src/sys_common/backtrace.rs:44:22
[INFO] [stderr]      4:     0x561bb8f82860 - core::fmt::rt::Argument::fmt::h1539a9308b8d058d
[INFO] [stderr]                                  at /rustc/82e1608dfa6e0b5569232559e3d385fea5a93112/library/core/src/fmt/rt.rs:142:9
[INFO] [stderr]      5:     0x561bb8f82860 - core::fmt::write::h3a39390d8560d9c9
[INFO] [stderr]                                  at /rustc/82e1608dfa6e0b5569232559e3d385fea5a93112/library/core/src/fmt/mod.rs:1120:17
[INFO] [stderr]      6:     0x561bb8f5b7ef - std::io::Write::write_fmt::h5fc9997dfe05f882
[INFO] [stderr]                                  at /rustc/82e1608dfa6e0b5569232559e3d385fea5a93112/library/std/src/io/mod.rs:1762:15
[INFO] [stderr]      7:     0x561bb8f5db74 - std::sys_common::backtrace::_print::h894006fb5c6f3d45
[INFO] [stderr]                                  at /rustc/82e1608dfa6e0b5569232559e3d385fea5a93112/library/std/src/sys_common/backtrace.rs:47:5
[INFO] [stderr]      8:     0x561bb8f5db74 - std::sys_common::backtrace::print::h23a2d212c6fff936
[INFO] [stderr]                                  at /rustc/82e1608dfa6e0b5569232559e3d385fea5a93112/library/std/src/sys_common/backtrace.rs:34:9
[INFO] [stderr]      9:     0x561bb8f5f087 - std::panicking::default_hook::{{closure}}::h8a1d2ee00185001a
[INFO] [stderr]     10:     0x561bb8f5edef - std::panicking::default_hook::h6038f2eba384e475
[INFO] [stderr]                                  at /rustc/82e1608dfa6e0b5569232559e3d385fea5a93112/library/std/src/panicking.rs:292:9
[INFO] [stderr]     11:     0x561bb8f5f508 - std::panicking::rust_panic_with_hook::h2b5517d590cab22e
[INFO] [stderr]                                  at /rustc/82e1608dfa6e0b5569232559e3d385fea5a93112/library/std/src/panicking.rs:779:13
[INFO] [stderr]     12:     0x561bb8f5f3ee - std::panicking::begin_panic_handler::{{closure}}::h233112c06e0ef43e
[INFO] [stderr]                                  at /rustc/82e1608dfa6e0b5569232559e3d385fea5a93112/library/std/src/panicking.rs:657:13
[INFO] [stderr]     13:     0x561bb8f5e256 - std::sys_common::backtrace::__rust_end_short_backtrace::h6e893f24d7ebbff8
[INFO] [stderr]                                  at /rustc/82e1608dfa6e0b5569232559e3d385fea5a93112/library/std/src/sys_common/backtrace.rs:170:18
[INFO] [stderr]     14:     0x561bb8f5f152 - rust_begin_unwind
[INFO] [stderr]                                  at /rustc/82e1608dfa6e0b5569232559e3d385fea5a93112/library/std/src/panicking.rs:645:5
[INFO] [stderr]     15:     0x561bb8cec9b5 - core::panicking::panic_fmt::hbf0e066aabfa482c
[INFO] [stderr]                                  at /rustc/82e1608dfa6e0b5569232559e3d385fea5a93112/library/core/src/panicking.rs:72:14
[INFO] [stderr]     16:     0x561bb8cecf43 - core::result::unwrap_failed::hddb4fea594200c52
[INFO] [stderr]                                  at /rustc/82e1608dfa6e0b5569232559e3d385fea5a93112/library/core/src/result.rs:1653:5
[INFO] [stderr]     17:     0x561bb8cee4fd - core::result::Result<T,E>::expect::h24aff9e850dd8aa3
[INFO] [stderr]     18:     0x561bb8cf09b7 - build_script_build::link_to_wstp::h4468122540f0c266
[INFO] [stderr]     19:     0x561bb8cefbff - build_script_build::main::hfa0ec0db2898fb2c
[INFO] [stderr]     20:     0x561bb8cedc23 - core::ops::function::FnOnce::call_once::h94c422a2e0129ea5
[INFO] [stderr]     21:     0x561bb8ced316 - std::sys_common::backtrace::__rust_begin_short_backtrace::h47e0d69116e76b0d
[INFO] [stderr]     22:     0x561bb8ced369 - std::rt::lang_start::{{closure}}::h4e115c0233ce3a9b
[INFO] [stderr]     23:     0x561bb8f57127 - core::ops::function::impls::<impl core::ops::function::FnOnce<A> for &F>::call_once::hd95060ecd5e1ca24
[INFO] [stderr]                                  at /rustc/82e1608dfa6e0b5569232559e3d385fea5a93112/library/core/src/ops/function.rs:284:13
[INFO] [stderr]     24:     0x561bb8f57127 - std::panicking::try::do_call::h6e8cf51db32a6e4b
[INFO] [stderr]                                  at /rustc/82e1608dfa6e0b5569232559e3d385fea5a93112/library/std/src/panicking.rs:552:40
[INFO] [stderr]     25:     0x561bb8f57127 - std::panicking::try::h3a52eefe24fe3c29
[INFO] [stderr]                                  at /rustc/82e1608dfa6e0b5569232559e3d385fea5a93112/library/std/src/panicking.rs:516:19
[INFO] [stderr]     26:     0x561bb8f57127 - std::panic::catch_unwind::h24c28c23c02c3841
[INFO] [stderr]                                  at /rustc/82e1608dfa6e0b5569232559e3d385fea5a93112/library/std/src/panic.rs:142:14
[INFO] [stderr]     27:     0x561bb8f57127 - std::rt::lang_start_internal::{{closure}}::h705d3c9cbc06ef47
[INFO] [stderr]                                  at /rustc/82e1608dfa6e0b5569232559e3d385fea5a93112/library/std/src/rt.rs:148:48
[INFO] [stderr]     28:     0x561bb8f57127 - std::panicking::try::do_call::ha21f52ba13158470
[INFO] [stderr]                                  at /rustc/82e1608dfa6e0b5569232559e3d385fea5a93112/library/std/src/panicking.rs:552:40
[INFO] [stderr]     29:     0x561bb8f57127 - std::panicking::try::h5581346bf6aeb1f8
[INFO] [stderr]                                  at /rustc/82e1608dfa6e0b5569232559e3d385fea5a93112/library/std/src/panicking.rs:516:19
[INFO] [stderr]     30:     0x561bb8f57127 - std::panic::catch_unwind::h7919645a6b72e25b
[INFO] [stderr]                                  at /rustc/82e1608dfa6e0b5569232559e3d385fea5a93112/library/std/src/panic.rs:142:14
[INFO] [stderr]     31:     0x561bb8f57127 - std::rt::lang_start_internal::h12de51168669836e
[INFO] [stderr]                                  at /rustc/82e1608dfa6e0b5569232559e3d385fea5a93112/library/std/src/rt.rs:148:20
[INFO] [stderr]     32:     0x561bb8ced347 - std::rt::lang_start::h18a1a2d2c4036848
[INFO] [stderr]     33:     0x561bb8cf1a15 - main
[INFO] [stderr]     34:     0x7fb633c11d90 - <unknown>
[INFO] [stderr]     35:     0x7fb633c11e40 - __libc_start_main
[INFO] [stderr]     36:     0x561bb8ced245 - _start
[INFO] [stderr]     37:                0x0 - <unknown>
[INFO] [stderr] warning: build failed, waiting for other jobs to finish...
[INFO] running `Command { std: "docker" "inspect" "e80d7c018b8854009d5a26bac4ae272ab801189effba35fb341ec7ec54dfbe01", kill_on_drop: false }`
[INFO] running `Command { std: "docker" "rm" "-f" "e80d7c018b8854009d5a26bac4ae272ab801189effba35fb341ec7ec54dfbe01", kill_on_drop: false }`
[INFO] [stdout] e80d7c018b8854009d5a26bac4ae272ab801189effba35fb341ec7ec54dfbe01
