[INFO] cloning repository https://github.com/Congyuwang/train_tokenizer
[INFO] running `Command { std: "git" "-c" "credential.helper=" "-c" "credential.helper=/workspace/cargo-home/bin/git-credential-null" "clone" "--bare" "https://github.com/Congyuwang/train_tokenizer" "/workspace/cache/git-repos/https%3A%2F%2Fgithub.com%2FCongyuwang%2Ftrain_tokenizer", kill_on_drop: false }`
[INFO] [stderr] Cloning into bare repository '/workspace/cache/git-repos/https%3A%2F%2Fgithub.com%2FCongyuwang%2Ftrain_tokenizer'...
[INFO] running `Command { std: "git" "rev-parse" "HEAD", kill_on_drop: false }`
[INFO] [stdout] 98a47cc372102611d88009dca99ea3607fcb0f92
[INFO] documenting Congyuwang/train_tokenizer against 1.75.0 for beta-1.76-rustdoc-1
[INFO] running `Command { std: "git" "clone" "/workspace/cache/git-repos/https%3A%2F%2Fgithub.com%2FCongyuwang%2Ftrain_tokenizer" "/workspace/builds/worker-5-tc1/source", kill_on_drop: false }`
[INFO] [stderr] Cloning into '/workspace/builds/worker-5-tc1/source'...
[INFO] [stderr] done.
[INFO] validating manifest of git repo https://github.com/Congyuwang/train_tokenizer on toolchain 1.75.0
[INFO] running `Command { std: CARGO_HOME="/workspace/cargo-home" RUSTUP_HOME="/workspace/rustup-home" "/workspace/cargo-home/bin/cargo" "+1.75.0" "metadata" "--manifest-path" "Cargo.toml" "--no-deps", kill_on_drop: false }`
[INFO] started tweaking git repo https://github.com/Congyuwang/train_tokenizer
[INFO] finished tweaking git repo https://github.com/Congyuwang/train_tokenizer
[INFO] tweaked toml for git repo https://github.com/Congyuwang/train_tokenizer written to /workspace/builds/worker-5-tc1/source/Cargo.toml
[INFO] crate git repo https://github.com/Congyuwang/train_tokenizer already has a lockfile, it will not be regenerated
[INFO] running `Command { std: CARGO_HOME="/workspace/cargo-home" RUSTUP_HOME="/workspace/rustup-home" "/workspace/cargo-home/bin/cargo" "+1.75.0" "fetch" "--manifest-path" "Cargo.toml", kill_on_drop: false }`
[INFO] [stderr]     Updating crates.io index
[INFO] [stderr]  Downloading crates ...
[INFO] [stderr]   Downloaded prettyplease v0.2.9
[INFO] [stderr]   Downloaded monostate-impl v0.1.6
[INFO] [stderr]   Downloaded tokenizers v0.13.3
[INFO] [stderr]   Downloaded esaxx-rs v0.1.8
[INFO] [stderr]   Downloaded monostate v0.1.6
[INFO] [stderr]   Downloaded cached-path v0.6.1
[INFO] running `Command { std: "docker" "create" "-v" "/var/lib/crater-agent-workspace/builds/worker-5-tc1/target:/opt/rustwide/target:rw,Z" "-v" "/var/lib/crater-agent-workspace/builds/worker-5-tc1/source:/opt/rustwide/workdir:ro,Z" "-v" "/var/lib/crater-agent-workspace/cargo-home:/opt/rustwide/cargo-home:ro,Z" "-v" "/var/lib/crater-agent-workspace/rustup-home:/opt/rustwide/rustup-home:ro,Z" "-e" "SOURCE_DIR=/opt/rustwide/workdir" "-e" "CARGO_TARGET_DIR=/opt/rustwide/target" "-e" "CARGO_HOME=/opt/rustwide/cargo-home" "-e" "RUSTUP_HOME=/opt/rustwide/rustup-home" "-w" "/opt/rustwide/workdir" "-m" "1610612736" "--user" "0:0" "--network" "none" "ghcr.io/rust-lang/crates-build-env/linux@sha256:2788e3201cd34a07e3172128adcd8b3090168a8e3bcc40d7c032b9dda1df7d1c" "/opt/rustwide/cargo-home/bin/cargo" "+1.75.0" "metadata" "--no-deps" "--format-version=1", kill_on_drop: false }`
[INFO] [stdout] 62092fc30aea99181ac77e002c6e95054a258643c12c090536d599e6d68f7955
[INFO] running `Command { std: "docker" "start" "-a" "62092fc30aea99181ac77e002c6e95054a258643c12c090536d599e6d68f7955", kill_on_drop: false }`
[INFO] running `Command { std: "docker" "inspect" "62092fc30aea99181ac77e002c6e95054a258643c12c090536d599e6d68f7955", kill_on_drop: false }`
[INFO] running `Command { std: "docker" "rm" "-f" "62092fc30aea99181ac77e002c6e95054a258643c12c090536d599e6d68f7955", kill_on_drop: false }`
[INFO] [stdout] 62092fc30aea99181ac77e002c6e95054a258643c12c090536d599e6d68f7955
[INFO] running `Command { std: "docker" "create" "-v" "/var/lib/crater-agent-workspace/builds/worker-5-tc1/target:/opt/rustwide/target:rw,Z" "-v" "/var/lib/crater-agent-workspace/builds/worker-5-tc1/source:/opt/rustwide/workdir:ro,Z" "-v" "/var/lib/crater-agent-workspace/cargo-home:/opt/rustwide/cargo-home:ro,Z" "-v" "/var/lib/crater-agent-workspace/rustup-home:/opt/rustwide/rustup-home:ro,Z" "-e" "SOURCE_DIR=/opt/rustwide/workdir" "-e" "CARGO_TARGET_DIR=/opt/rustwide/target" "-e" "CARGO_INCREMENTAL=0" "-e" "RUST_BACKTRACE=full" "-e" "RUSTFLAGS=--cap-lints=warn" "-e" "RUSTDOCFLAGS=--cap-lints=warn" "-e" "CARGO_HOME=/opt/rustwide/cargo-home" "-e" "RUSTUP_HOME=/opt/rustwide/rustup-home" "-w" "/opt/rustwide/workdir" "-m" "1610612736" "--user" "0:0" "--network" "none" "ghcr.io/rust-lang/crates-build-env/linux@sha256:2788e3201cd34a07e3172128adcd8b3090168a8e3bcc40d7c032b9dda1df7d1c" "/opt/rustwide/cargo-home/bin/cargo" "+1.75.0" "doc" "--frozen" "--no-deps" "--document-private-items" "--message-format=json", kill_on_drop: false }`
[INFO] [stdout] eb6c87534575cd1164278801a69a9c1d8bbdc3622b08f7193981333bcb2226a6
[INFO] running `Command { std: "docker" "start" "-a" "eb6c87534575cd1164278801a69a9c1d8bbdc3622b08f7193981333bcb2226a6", kill_on_drop: false }`
[INFO] [stderr]    Compiling libc v0.2.146
[INFO] [stderr]    Compiling proc-macro2 v1.0.60
[INFO] [stderr]    Compiling quote v1.0.28
[INFO] [stderr]     Checking once_cell v1.18.0
[INFO] [stderr]    Compiling futures-core v0.3.28
[INFO] [stderr]     Checking bytes v1.4.0
[INFO] [stderr]    Compiling tokio v1.28.2
[INFO] [stderr]     Checking itoa v1.0.6
[INFO] [stderr]    Compiling io-lifetimes v1.0.11
[INFO] [stderr]    Compiling slab v0.4.8
[INFO] [stderr]    Compiling futures-task v0.3.28
[INFO] [stderr]    Compiling glob v0.3.1
[INFO] [stderr]     Checking generic-array v0.14.7
[INFO] [stderr]    Compiling serde v1.0.164
[INFO] [stderr]     Checking subtle v2.5.0
[INFO] [stderr]    Compiling memchr v2.5.0
[INFO] [stderr]    Compiling rustix v0.37.20
[INFO] [stderr]     Checking tracing-core v0.1.31
[INFO] [stderr]    Compiling crossbeam-utils v0.8.16
[INFO] [stderr]    Compiling indexmap v1.9.3
[INFO] [stderr]    Compiling futures-util v0.3.28
[INFO] [stderr]    Compiling openssl v0.10.55
[INFO] [stderr]    Compiling prettyplease v0.2.9
[INFO] [stderr]    Compiling memoffset v0.9.0
[INFO] [stderr]     Checking http v0.2.9
[INFO] [stderr]    Compiling clang-sys v1.6.1
[INFO] [stderr]    Compiling fnv v1.0.7
[INFO] [stderr]     Checking cpufeatures v0.2.8
[INFO] [stderr]    Compiling minimal-lexical v0.2.1
[INFO] [stderr]     Checking tracing v0.1.37
[INFO] [stderr]    Compiling futures-channel v0.3.28
[INFO] [stderr]    Compiling cfg-if v1.0.0
[INFO] [stderr]    Compiling ident_case v1.0.1
[INFO] [stderr]    Compiling strsim v0.10.0
[INFO] [stderr]     Checking crypto-common v0.1.6
[INFO] [stderr]     Checking block-buffer v0.10.4
[INFO] [stderr]     Checking futures-io v0.3.28
[INFO] [stderr]     Checking futures-sink v0.3.28
[INFO] [stderr]    Compiling libloading v0.7.4
[INFO] [stderr]     Checking digest v0.10.7
[INFO] [stderr]    Compiling crossbeam-epoch v0.9.15
[INFO] [stderr]     Checking try-lock v0.2.4
[INFO] [stderr]     Checking log v0.4.19
[INFO] [stderr]    Compiling zstd-safe v5.0.2+zstd.1.5.2
[INFO] [stderr]    Compiling bindgen v0.65.1
[INFO] [stderr]    Compiling regex-syntax v0.7.2
[INFO] [stderr]    Compiling nom v7.1.3
[INFO] [stderr]     Checking want v0.3.1
[INFO] [stderr]     Checking inout v0.1.3
[INFO] [stderr]     Checking aho-corasick v1.0.2
[INFO] [stderr]    Compiling syn v2.0.18
[INFO] [stderr]    Compiling syn v1.0.109
[INFO] [stderr]     Checking either v1.8.1
[INFO] [stderr]    Compiling jobserver v0.1.26
[INFO] [stderr]    Compiling lazycell v1.3.0
[INFO] [stderr]     Checking ryu v1.0.13
[INFO] [stderr]     Checking http-body v0.4.5
[INFO] [stderr]     Checking utf8parse v0.2.1
[INFO] [stderr]    Compiling bitflags v1.3.2
[INFO] [stderr]     Checking base64ct v1.6.0
[INFO] [stderr]     Checking httpdate v1.0.2
[INFO] [stderr]    Compiling rustc-hash v1.1.0
[INFO] [stderr]    Compiling shlex v1.1.0
[INFO] [stderr]    Compiling lazy_static v1.4.0
[INFO] [stderr]    Compiling cc v1.0.79
[INFO] [stderr]     Checking unicode-width v0.1.10
[INFO] [stderr]    Compiling peeking_take_while v0.1.2
[INFO] [stderr]     Checking miniz_oxide v0.7.1
[INFO] [stderr]    Compiling rayon-core v1.11.0
[INFO] [stderr]     Checking anstyle-parse v0.2.1
[INFO] [stderr]     Checking crossbeam-deque v0.8.3
[INFO] [stderr]     Checking cipher v0.4.4
[INFO] [stderr]     Checking sha2 v0.10.7
[INFO] [stderr]     Checking hmac v0.12.1
[INFO] [stderr]     Checking crossbeam-channel v0.5.8
[INFO] [stderr]    Compiling tempfile v3.6.0
[INFO] [stderr]     Checking anstyle-query v1.0.0
[INFO] [stderr]    Compiling paste v1.0.12
[INFO] [stderr]     Checking anstyle v1.0.1
[INFO] [stderr]    Compiling thiserror v1.0.40
[INFO] [stderr]     Checking colorchoice v1.0.0
[INFO] [stderr]     Checking num_cpus v1.15.0
[INFO] [stderr]     Checking mio v0.8.8
[INFO] [stderr]     Checking socket2 v0.4.9
[INFO] [stderr]     Checking getrandom v0.2.10
[INFO] [stderr]     Checking console v0.15.7
[INFO] [stderr]     Checking time-core v0.1.1
[INFO] [stderr]    Compiling serde_json v1.0.97
[INFO] [stderr]     Checking time v0.3.22
[INFO] [stderr]     Checking rand_core v0.6.4
[INFO] [stderr]     Checking password-hash v0.4.2
[INFO] [stderr]     Checking rand_chacha v0.3.1
[INFO] [stderr]     Checking flate2 v1.0.26
[INFO] [stderr]     Checking xattr v0.2.3
[INFO] [stderr]     Checking filetime v0.2.21
[INFO] [stderr]     Checking aes v0.8.3
[INFO] [stderr]     Checking pbkdf2 v0.11.0
[INFO] [stderr]     Checking url v2.4.0
[INFO] [stderr]     Checking sha1 v0.10.5
[INFO] [stderr]     Checking encoding_rs v0.8.32
[INFO] [stderr]     Checking mime v0.3.17
[INFO] [stderr]     Checking number_prefix v0.4.0
[INFO] [stderr]     Checking clap_lex v0.5.0
[INFO] [stderr]    Compiling heck v0.4.1
[INFO] [stderr]    Compiling zstd-sys v2.0.8+zstd.1.5.5
[INFO] [stderr]    Compiling openssl-sys v0.9.90
[INFO] [stderr]    Compiling bzip2-sys v0.1.11+1.0.8
[INFO] [stderr]    Compiling libz-sys v1.1.9
[INFO] [stderr]    Compiling lz4-sys v1.9.4
[INFO] [stderr]    Compiling regex v1.8.4
[INFO] [stderr]    Compiling cexpr v0.6.0
[INFO] [stderr]    Compiling onig_sys v69.8.1
[INFO] [stderr]    Compiling esaxx-rs v0.1.8
[INFO] [stderr]     Checking constant_time_eq v0.1.5
[INFO] [stderr]    Compiling native-tls v0.2.11
[INFO] [stderr]     Checking ipnet v2.7.2
[INFO] [stderr]     Checking base64 v0.21.2
[INFO] [stderr]     Checking rayon v1.7.0
[INFO] [stderr]     Checking tar v0.4.38
[INFO] [stderr]     Checking rand v0.8.5
[INFO] [stderr]     Checking dirs-sys v0.3.7
[INFO] [stderr]     Checking indicatif v0.16.2
[INFO] [stderr]     Checking is-terminal v0.4.7
[INFO] [stderr]     Checking anstream v0.3.2
[INFO] [stderr]     Checking fs2 v0.4.3
[INFO] [stderr]     Checking clap_builder v4.3.5
[INFO] [stderr]     Checking itertools v0.8.2
[INFO] [stderr]     Checking smallvec v1.10.0
[INFO] [stderr]    Compiling macro_rules_attribute-proc_macro v0.1.3
[INFO] [stderr]     Checking number_prefix v0.3.0
[INFO] [stderr]    Compiling darling_core v0.14.4
[INFO] [stderr]     Checking unicode-segmentation v1.10.1
[INFO] [stderr]     Checking indicatif v0.15.0
[INFO] [stderr]     Checking unicode-normalization-alignments v0.1.12
[INFO] [stderr]     Checking dirs v4.0.0
[INFO] [stderr]     Checking itertools v0.9.0
[INFO] [stderr]     Checking aho-corasick v0.7.20
[INFO] [stderr]     Checking macro_rules_attribute v0.1.3
[INFO] [stderr]     Checking unicode_categories v0.1.1
[INFO] [stderr]     Checking regex-syntax v0.6.29
[INFO] [stderr]     Checking tokio-util v0.7.8
[INFO] [stderr]     Checking rayon-cond v0.1.0
[INFO] [stderr]     Checking h2 v0.3.19
[INFO] [stderr]     Checking bzip2 v0.4.4
[INFO] [stderr]    Compiling darling_macro v0.14.4
[INFO] [stderr]    Compiling serde_derive v1.0.164
[INFO] [stderr]    Compiling openssl-macros v0.1.1
[INFO] [stderr]    Compiling thiserror-impl v1.0.40
[INFO] [stderr]    Compiling monostate-impl v0.1.6
[INFO] [stderr]    Compiling clap_derive v4.3.2
[INFO] [stderr]    Compiling darling v0.14.4
[INFO] [stderr]    Compiling derive_builder_core v0.12.0
[INFO] [stderr]    Compiling derive_builder_macro v0.12.0
[INFO] [stderr]     Checking hyper v0.14.26
[INFO] [stderr]     Checking onig v6.4.0
[INFO] [stderr]     Checking clap v4.3.5
[INFO] [stderr]     Checking derive_builder v0.12.0
[INFO] [stderr]    Compiling librocksdb-sys v0.11.0+8.1.1
[INFO] [stderr]     Checking zstd v0.11.2+zstd.1.5.2
[INFO] [stderr]     Checking tokio-native-tls v0.3.1
[INFO] [stderr]     Checking zip v0.6.6
[INFO] [stderr]     Checking hyper-tls v0.5.0
[INFO] [stderr]     Checking serde_urlencoded v0.7.1
[INFO] [stderr]     Checking monostate v0.1.6
[INFO] [stderr]     Checking spm_precompiled v0.1.4
[INFO] [stderr]     Checking reqwest v0.11.18
[INFO] [stderr]     Checking cached-path v0.6.1
[INFO] [stderr]     Checking tokenizers v0.13.3
[INFO] [stderr] error: could not compile `tokenizers` (lib)
[INFO] [stderr] 
[INFO] [stderr] Caused by:
[INFO] [stderr]   process didn't exit successfully: `/opt/rustwide/rustup-home/toolchains/1.75.0-x86_64-unknown-linux-gnu/bin/rustc --crate-name tokenizers --edition=2018 /opt/rustwide/cargo-home/registry/src/index.crates.io-6f17d22bba15001f/tokenizers-0.13.3/src/lib.rs --error-format=json --json=diagnostic-rendered-ansi,artifacts,future-incompat --crate-type lib --emit=dep-info,metadata -C embed-bitcode=no -C debuginfo=2 --cfg 'feature="cached-path"' --cfg 'feature="clap"' --cfg 'feature="cli"' --cfg 'feature="default"' --cfg 'feature="dirs"' --cfg 'feature="esaxx_fast"' --cfg 'feature="http"' --cfg 'feature="indicatif"' --cfg 'feature="onig"' --cfg 'feature="progressbar"' --cfg 'feature="reqwest"' -C metadata=5560422738da7bfa -C extra-filename=-5560422738da7bfa --out-dir /opt/rustwide/target/debug/deps -L dependency=/opt/rustwide/target/debug/deps --extern aho_corasick=/opt/rustwide/target/debug/deps/libaho_corasick-1f912b0f79bf6c4c.rmeta --extern cached_path=/opt/rustwide/target/debug/deps/libcached_path-76ff72a8abe9ff5f.rmeta --extern clap=/opt/rustwide/target/debug/deps/libclap-d76b3695374e0a8a.rmeta --extern derive_builder=/opt/rustwide/target/debug/deps/libderive_builder-516cd733fe236cc2.rmeta --extern dirs=/opt/rustwide/target/debug/deps/libdirs-197a40f9ec7b9dcc.rmeta --extern esaxx_rs=/opt/rustwide/target/debug/deps/libesaxx_rs-87e762fd97fa6f2f.rmeta --extern getrandom=/opt/rustwide/target/debug/deps/libgetrandom-a7b7d31aba25f154.rmeta --extern indicatif=/opt/rustwide/target/debug/deps/libindicatif-fd01423feba8642a.rmeta --extern itertools=/opt/rustwide/target/debug/deps/libitertools-b592244866c7a4bd.rmeta --extern lazy_static=/opt/rustwide/target/debug/deps/liblazy_static-e7445b4e8703c20b.rmeta --extern log=/opt/rustwide/target/debug/deps/liblog-7fa3ce7c91dd0018.rmeta --extern macro_rules_attribute=/opt/rustwide/target/debug/deps/libmacro_rules_attribute-5e5c9e4547545d5c.rmeta --extern monostate=/opt/rustwide/target/debug/deps/libmonostate-e473efe2081efb5e.rmeta --extern onig=/opt/rustwide/target/debug/deps/libonig-22fdd3b745e06c70.rmeta --extern paste=/opt/rustwide/target/debug/deps/libpaste-c60c46dfb3a8a062.so --extern rand=/opt/rustwide/target/debug/deps/librand-676bedf2452d3700.rmeta --extern rayon=/opt/rustwide/target/debug/deps/librayon-058b5ebbfed29bfa.rmeta --extern rayon_cond=/opt/rustwide/target/debug/deps/librayon_cond-5f3ac7091e666a85.rmeta --extern regex=/opt/rustwide/target/debug/deps/libregex-a6a7c58205cdd988.rmeta --extern regex_syntax=/opt/rustwide/target/debug/deps/libregex_syntax-016fc0e9eb7507b6.rmeta --extern reqwest=/opt/rustwide/target/debug/deps/libreqwest-f1878a40c4ad52ff.rmeta --extern serde=/opt/rustwide/target/debug/deps/libserde-85117ce11231f834.rmeta --extern serde_json=/opt/rustwide/target/debug/deps/libserde_json-ad524524300e55b2.rmeta --extern spm_precompiled=/opt/rustwide/target/debug/deps/libspm_precompiled-57afc4e9e20bdb8d.rmeta --extern thiserror=/opt/rustwide/target/debug/deps/libthiserror-8324c327b621b3ac.rmeta --extern unicode_normalization_alignments=/opt/rustwide/target/debug/deps/libunicode_normalization_alignments-24a03312d41cd421.rmeta --extern unicode_segmentation=/opt/rustwide/target/debug/deps/libunicode_segmentation-2dd8e02529dfdc3b.rmeta --extern unicode_categories=/opt/rustwide/target/debug/deps/libunicode_categories-2a93e055fd082234.rmeta --cap-lints allow --cap-lints=warn -L native=/opt/rustwide/target/debug/build/bzip2-sys-6dfbcabc56615b66/out/lib -L native=/opt/rustwide/target/debug/build/zstd-sys-e343620ee659e5a1/out -L native=/opt/rustwide/target/debug/build/esaxx-rs-7be7bb046d7d6e55/out -L native=/opt/rustwide/target/debug/build/onig_sys-2a8344831d6ac7d5/out` (signal: 9, SIGKILL: kill)
[INFO] [stderr] warning: build failed, waiting for other jobs to finish...
[INFO] [stderr] The following warnings were emitted during compilation:
[INFO] [stderr] 
[INFO] [stderr] warning: librocksdb-sys@0.11.0+8.1.1: c++: fatal error: Killed signal terminated program cc1plus
[INFO] [stderr] warning: librocksdb-sys@0.11.0+8.1.1: compilation terminated.
[INFO] [stderr] warning: librocksdb-sys@0.11.0+8.1.1: c++: fatal error: Killed signal terminated program cc1plus
[INFO] [stderr] warning: librocksdb-sys@0.11.0+8.1.1: compilation terminated.
[INFO] [stderr] warning: librocksdb-sys@0.11.0+8.1.1: c++: fatal error: Killed signal terminated program cc1plus
[INFO] [stderr] warning: librocksdb-sys@0.11.0+8.1.1: compilation terminated.
[INFO] [stderr] warning: librocksdb-sys@0.11.0+8.1.1: c++: fatal error: Killed signal terminated program cc1plus
[INFO] [stderr] warning: librocksdb-sys@0.11.0+8.1.1: compilation terminated.
[INFO] [stderr] 
[INFO] [stderr] error: failed to run custom build command for `librocksdb-sys v0.11.0+8.1.1`
[INFO] [stderr] note: To improve backtraces for build dependencies, set the CARGO_PROFILE_DEV_BUILD_OVERRIDE_DEBUG=true environment variable to enable debug information generation.
[INFO] [stderr] 
[INFO] [stderr] Caused by:
[INFO] [stderr]   process didn't exit successfully: `/opt/rustwide/target/debug/build/librocksdb-sys-f748748533c7be9f/build-script-build` (exit status: 1)
[INFO] [stderr]   --- stdout
[INFO] [stderr]   cargo:rerun-if-env-changed=ROCKSDB_COMPILE
[INFO] [stderr]   cargo:rerun-if-env-changed=ROCKSDB_LIB_DIR
[INFO] [stderr]   cargo:rerun-if-env-changed=ROCKSDB_STATIC
[INFO] [stderr]   cargo:rerun-if-changed=rocksdb/
[INFO] [stderr]   TARGET = Some("x86_64-unknown-linux-gnu")
[INFO] [stderr]   OPT_LEVEL = Some("0")
[INFO] [stderr]   HOST = Some("x86_64-unknown-linux-gnu")
[INFO] [stderr]   cargo:rerun-if-env-changed=CXX_x86_64-unknown-linux-gnu
[INFO] [stderr]   CXX_x86_64-unknown-linux-gnu = None
[INFO] [stderr]   cargo:rerun-if-env-changed=CXX_x86_64_unknown_linux_gnu
[INFO] [stderr]   CXX_x86_64_unknown_linux_gnu = None
[INFO] [stderr]   cargo:rerun-if-env-changed=HOST_CXX
[INFO] [stderr]   HOST_CXX = None
[INFO] [stderr]   cargo:rerun-if-env-changed=CXX
[INFO] [stderr]   CXX = None
[INFO] [stderr]   cargo:rerun-if-env-changed=CXXFLAGS_x86_64-unknown-linux-gnu
[INFO] [stderr]   CXXFLAGS_x86_64-unknown-linux-gnu = None
[INFO] [stderr]   cargo:rerun-if-env-changed=CXXFLAGS_x86_64_unknown_linux_gnu
[INFO] [stderr]   CXXFLAGS_x86_64_unknown_linux_gnu = None
[INFO] [stderr]   cargo:rerun-if-env-changed=HOST_CXXFLAGS
[INFO] [stderr]   HOST_CXXFLAGS = None
[INFO] [stderr]   cargo:rerun-if-env-changed=CXXFLAGS
[INFO] [stderr]   CXXFLAGS = None
[INFO] [stderr]   cargo:rerun-if-env-changed=CRATE_CC_NO_DEFAULTS
[INFO] [stderr]   CRATE_CC_NO_DEFAULTS = None
[INFO] [stderr]   DEBUG = Some("true")
[INFO] [stderr]   CARGO_CFG_TARGET_FEATURE = Some("fxsr,sse,sse2")
[INFO] [stderr]   cargo:rerun-if-env-changed=CXX_x86_64-unknown-linux-gnu
[INFO] [stderr]   CXX_x86_64-unknown-linux-gnu = None
[INFO] [stderr]   cargo:rerun-if-env-changed=CXX_x86_64_unknown_linux_gnu
[INFO] [stderr]   CXX_x86_64_unknown_linux_gnu = None
[INFO] [stderr]   cargo:rerun-if-env-changed=HOST_CXX
[INFO] [stderr]   HOST_CXX = None
[INFO] [stderr]   cargo:rerun-if-env-changed=CXX
[INFO] [stderr]   CXX = None
[INFO] [stderr]   cargo:rerun-if-env-changed=CXXFLAGS_x86_64-unknown-linux-gnu
[INFO] [stderr]   CXXFLAGS_x86_64-unknown-linux-gnu = None
[INFO] [stderr]   cargo:rerun-if-env-changed=CXXFLAGS_x86_64_unknown_linux_gnu
[INFO] [stderr]   CXXFLAGS_x86_64_unknown_linux_gnu = None
[INFO] [stderr]   cargo:rerun-if-env-changed=HOST_CXXFLAGS
[INFO] [stderr]   HOST_CXXFLAGS = None
[INFO] [stderr]   cargo:rerun-if-env-changed=CXXFLAGS
[INFO] [stderr]   CXXFLAGS = None
[INFO] [stderr]   cargo:rerun-if-env-changed=CRATE_CC_NO_DEFAULTS
[INFO] [stderr]   CRATE_CC_NO_DEFAULTS = None
[INFO] [stderr]   CARGO_CFG_TARGET_FEATURE = Some("fxsr,sse,sse2")
[INFO] [stderr]   cargo:rerun-if-env-changed=CXX_x86_64-unknown-linux-gnu
[INFO] [stderr]   CXX_x86_64-unknown-linux-gnu = None
[INFO] [stderr]   cargo:rerun-if-env-changed=CXX_x86_64_unknown_linux_gnu
[INFO] [stderr]   CXX_x86_64_unknown_linux_gnu = None
[INFO] [stderr]   cargo:rerun-if-env-changed=HOST_CXX
[INFO] [stderr]   HOST_CXX = None
[INFO] [stderr]   cargo:rerun-if-env-changed=CXX
[INFO] [stderr]   CXX = None
[INFO] [stderr]   cargo:rerun-if-env-changed=CXXFLAGS_x86_64-unknown-linux-gnu
[INFO] [stderr]   CXXFLAGS_x86_64-unknown-linux-gnu = None
[INFO] [stderr]   cargo:rerun-if-env-changed=CXXFLAGS_x86_64_unknown_linux_gnu
[INFO] [stderr]   CXXFLAGS_x86_64_unknown_linux_gnu = None
[INFO] [stderr]   cargo:rerun-if-env-changed=HOST_CXXFLAGS
[INFO] [stderr]   HOST_CXXFLAGS = None
[INFO] [stderr]   cargo:rerun-if-env-changed=CXXFLAGS
[INFO] [stderr]   CXXFLAGS = None
[INFO] [stderr]   cargo:rerun-if-env-changed=CRATE_CC_NO_DEFAULTS
[INFO] [stderr]   CRATE_CC_NO_DEFAULTS = None
[INFO] [stderr]   CARGO_CFG_TARGET_FEATURE = Some("fxsr,sse,sse2")
[INFO] [stderr]   running: "c++" "-O0" "-ffunction-sections" "-fdata-sections" "-fPIC" "-gdwarf-4" "-fno-omit-frame-pointer" "-m64" "-I" "rocksdb/include/" "-I" "rocksdb/" "-I" "rocksdb/third-party/gtest-1.8.1/fused-src/" "-I" "snappy/" "-I" "/opt/rustwide/target/debug/build/lz4-sys-27150faf9f30b149/out/include" "-I" "/opt/rustwide/cargo-home/registry/src/index.crates.io-6f17d22bba15001f/zstd-sys-2.0.8+zstd.1.5.5/zstd/lib" "-I" "/opt/rustwide/target/debug/build/libz-sys-3cc9704c9c6271ea/out/include" "-I" "/opt/rustwide/target/debug/build/bzip2-sys-6dfbcabc56615b66/out/include" "-I" "." "-Wall" "-Wextra" "-std=c++17" "-Wsign-compare" "-Wshadow" "-Wno-unused-parameter" "-Wno-unused-variable" "-Woverloaded-virtual" "-Wnon-virtual-dtor" "-Wno-missing-field-initializers" "-Wno-strict-aliasing" "-Wno-invalid-offsetof" "-msse2" "-std=c++17" "-DSNAPPY=1" "-DLZ4=1" "-DZSTD=1" "-DZLIB=1" "-DBZIP2=1" "-DNDEBUG=1" "-DOS_LINUX" "-DROCKSDB_PLATFORM_POSIX" "-DROCKSDB_LIB_IO_POSIX" "-DROCKSDB_SUPPORT_THREAD_LOCAL" "-o" "/opt/rustwide/target/debug/build/librocksdb-sys-ebd6dc600709712e/out/rocksdb/cache/cache.o" "-c" "rocksdb/cache/cache.cc"
[INFO] [stderr]   running: "c++" "-O0" "-ffunction-sections" "-fdata-sections" "-fPIC" "-gdwarf-4" "-fno-omit-frame-pointer" "-m64" "-I" "rocksdb/include/" "-I" "rocksdb/" "-I" "rocksdb/third-party/gtest-1.8.1/fused-src/" "-I" "snappy/" "-I" "/opt/rustwide/target/debug/build/lz4-sys-27150faf9f30b149/out/include" "-I" "/opt/rustwide/cargo-home/registry/src/index.crates.io-6f17d22bba15001f/zstd-sys-2.0.8+zstd.1.5.5/zstd/lib" "-I" "/opt/rustwide/target/debug/build/libz-sys-3cc9704c9c6271ea/out/include" "-I" "/opt/rustwide/target/debug/build/bzip2-sys-6dfbcabc56615b66/out/include" "-I" "." "-Wall" "-Wextra" "-std=c++17" "-Wsign-compare" "-Wshadow" "-Wno-unused-parameter" "-Wno-unused-variable" "-Woverloaded-virtual" "-Wnon-virtual-dtor" "-Wno-missing-field-initializers" "-Wno-strict-aliasing" "-Wno-invalid-offsetof" "-msse2" "-std=c++17" "-DSNAPPY=1" "-DLZ4=1" "-DZSTD=1" "-DZLIB=1" "-DBZIP2=1" "-DNDEBUG=1" "-DOS_LINUX" "-DROCKSDB_PLATFORM_POSIX" "-DROCKSDB_LIB_IO_POSIX" "-DROCKSDB_SUPPORT_THREAD_LOCAL" "-o" "/opt/rustwide/target/debug/build/librocksdb-sys-ebd6dc600709712e/out/rocksdb/cache/cache_key.o" "-c" "rocksdb/cache/cache_key.cc"
[INFO] [stderr]   running: "c++" "-O0" "-ffunction-sections" "-fdata-sections" "-fPIC" "-gdwarf-4" "-fno-omit-frame-pointer" "-m64" "-I" "rocksdb/include/" "-I" "rocksdb/" "-I" "rocksdb/third-party/gtest-1.8.1/fused-src/" "-I" "snappy/" "-I" "/opt/rustwide/target/debug/build/lz4-sys-27150faf9f30b149/out/include" "-I" "/opt/rustwide/cargo-home/registry/src/index.crates.io-6f17d22bba15001f/zstd-sys-2.0.8+zstd.1.5.5/zstd/lib" "-I" "/opt/rustwide/target/debug/build/libz-sys-3cc9704c9c6271ea/out/include" "-I" "/opt/rustwide/target/debug/build/bzip2-sys-6dfbcabc56615b66/out/include" "-I" "." "-Wall" "-Wextra" "-std=c++17" "-Wsign-compare" "-Wshadow" "-Wno-unused-parameter" "-Wno-unused-variable" "-Woverloaded-virtual" "-Wnon-virtual-dtor" "-Wno-missing-field-initializers" "-Wno-strict-aliasing" "-Wno-invalid-offsetof" "-msse2" "-std=c++17" "-DSNAPPY=1" "-DLZ4=1" "-DZSTD=1" "-DZLIB=1" "-DBZIP2=1" "-DNDEBUG=1" "-DOS_LINUX" "-DROCKSDB_PLATFORM_POSIX" "-DROCKSDB_LIB_IO_POSIX" "-DROCKSDB_SUPPORT_THREAD_LOCAL" "-o" "/opt/rustwide/target/debug/build/librocksdb-sys-ebd6dc600709712e/out/rocksdb/cache/cache_reservation_manager.o" "-c" "rocksdb/cache/cache_reservation_manager.cc"
[INFO] [stderr]   running: "c++" "-O0" "-ffunction-sections" "-fdata-sections" "-fPIC" "-gdwarf-4" "-fno-omit-frame-pointer" "-m64" "-I" "rocksdb/include/" "-I" "rocksdb/" "-I" "rocksdb/third-party/gtest-1.8.1/fused-src/" "-I" "snappy/" "-I" "/opt/rustwide/target/debug/build/lz4-sys-27150faf9f30b149/out/include" "-I" "/opt/rustwide/cargo-home/registry/src/index.crates.io-6f17d22bba15001f/zstd-sys-2.0.8+zstd.1.5.5/zstd/lib" "-I" "/opt/rustwide/target/debug/build/libz-sys-3cc9704c9c6271ea/out/include" "-I" "/opt/rustwide/target/debug/build/bzip2-sys-6dfbcabc56615b66/out/include" "-I" "." "-Wall" "-Wextra" "-std=c++17" "-Wsign-compare" "-Wshadow" "-Wno-unused-parameter" "-Wno-unused-variable" "-Woverloaded-virtual" "-Wnon-virtual-dtor" "-Wno-missing-field-initializers" "-Wno-strict-aliasing" "-Wno-invalid-offsetof" "-msse2" "-std=c++17" "-DSNAPPY=1" "-DLZ4=1" "-DZSTD=1" "-DZLIB=1" "-DBZIP2=1" "-DNDEBUG=1" "-DOS_LINUX" "-DROCKSDB_PLATFORM_POSIX" "-DROCKSDB_LIB_IO_POSIX" "-DROCKSDB_SUPPORT_THREAD_LOCAL" "-o" "/opt/rustwide/target/debug/build/librocksdb-sys-ebd6dc600709712e/out/rocksdb/cache/cache_helpers.o" "-c" "rocksdb/cache/cache_helpers.cc"
[INFO] [stderr]   running: "c++" "-O0" "-ffunction-sections" "-fdata-sections" "-fPIC" "-gdwarf-4" "-fno-omit-frame-pointer" "-m64" "-I" "rocksdb/include/" "-I" "rocksdb/" "-I" "rocksdb/third-party/gtest-1.8.1/fused-src/" "-I" "snappy/" "-I" "/opt/rustwide/target/debug/build/lz4-sys-27150faf9f30b149/out/include" "-I" "/opt/rustwide/cargo-home/registry/src/index.crates.io-6f17d22bba15001f/zstd-sys-2.0.8+zstd.1.5.5/zstd/lib" "-I" "/opt/rustwide/target/debug/build/libz-sys-3cc9704c9c6271ea/out/include" "-I" "/opt/rustwide/target/debug/build/bzip2-sys-6dfbcabc56615b66/out/include" "-I" "." "-Wall" "-Wextra" "-std=c++17" "-Wsign-compare" "-Wshadow" "-Wno-unused-parameter" "-Wno-unused-variable" "-Woverloaded-virtual" "-Wnon-virtual-dtor" "-Wno-missing-field-initializers" "-Wno-strict-aliasing" "-Wno-invalid-offsetof" "-msse2" "-std=c++17" "-DSNAPPY=1" "-DLZ4=1" "-DZSTD=1" "-DZLIB=1" "-DBZIP2=1" "-DNDEBUG=1" "-DOS_LINUX" "-DROCKSDB_PLATFORM_POSIX" "-DROCKSDB_LIB_IO_POSIX" "-DROCKSDB_SUPPORT_THREAD_LOCAL" "-o" "/opt/rustwide/target/debug/build/librocksdb-sys-ebd6dc600709712e/out/rocksdb/cache/clock_cache.o" "-c" "rocksdb/cache/clock_cache.cc"
[INFO] [stderr]   running: "c++" "-O0" "-ffunction-sections" "-fdata-sections" "-fPIC" "-gdwarf-4" "-fno-omit-frame-pointer" "-m64" "-I" "rocksdb/include/" "-I" "rocksdb/" "-I" "rocksdb/third-party/gtest-1.8.1/fused-src/" "-I" "snappy/" "-I" "/opt/rustwide/target/debug/build/lz4-sys-27150faf9f30b149/out/include" "-I" "/opt/rustwide/cargo-home/registry/src/index.crates.io-6f17d22bba15001f/zstd-sys-2.0.8+zstd.1.5.5/zstd/lib" "-I" "/opt/rustwide/target/debug/build/libz-sys-3cc9704c9c6271ea/out/include" "-I" "/opt/rustwide/target/debug/build/bzip2-sys-6dfbcabc56615b66/out/include" "-I" "." "-Wall" "-Wextra" "-std=c++17" "-Wsign-compare" "-Wshadow" "-Wno-unused-parameter" "-Wno-unused-variable" "-Woverloaded-virtual" "-Wnon-virtual-dtor" "-Wno-missing-field-initializers" "-Wno-strict-aliasing" "-Wno-invalid-offsetof" "-msse2" "-std=c++17" "-DSNAPPY=1" "-DLZ4=1" "-DZSTD=1" "-DZLIB=1" "-DBZIP2=1" "-DNDEBUG=1" "-DOS_LINUX" "-DROCKSDB_PLATFORM_POSIX" "-DROCKSDB_LIB_IO_POSIX" "-DROCKSDB_SUPPORT_THREAD_LOCAL" "-o" "/opt/rustwide/target/debug/build/librocksdb-sys-ebd6dc600709712e/out/rocksdb/cache/compressed_secondary_cache.o" "-c" "rocksdb/cache/compressed_secondary_cache.cc"
[INFO] [stderr]   running: "c++" "-O0" "-ffunction-sections" "-fdata-sections" "-fPIC" "-gdwarf-4" "-fno-omit-frame-pointer" "-m64" "-I" "rocksdb/include/" "-I" "rocksdb/" "-I" "rocksdb/third-party/gtest-1.8.1/fused-src/" "-I" "snappy/" "-I" "/opt/rustwide/target/debug/build/lz4-sys-27150faf9f30b149/out/include" "-I" "/opt/rustwide/cargo-home/registry/src/index.crates.io-6f17d22bba15001f/zstd-sys-2.0.8+zstd.1.5.5/zstd/lib" "-I" "/opt/rustwide/target/debug/build/libz-sys-3cc9704c9c6271ea/out/include" "-I" "/opt/rustwide/target/debug/build/bzip2-sys-6dfbcabc56615b66/out/include" "-I" "." "-Wall" "-Wextra" "-std=c++17" "-Wsign-compare" "-Wshadow" "-Wno-unused-parameter" "-Wno-unused-variable" "-Woverloaded-virtual" "-Wnon-virtual-dtor" "-Wno-missing-field-initializers" "-Wno-strict-aliasing" "-Wno-invalid-offsetof" "-msse2" "-std=c++17" "-DSNAPPY=1" "-DLZ4=1" "-DZSTD=1" "-DZLIB=1" "-DBZIP2=1" "-DNDEBUG=1" "-DOS_LINUX" "-DROCKSDB_PLATFORM_POSIX" "-DROCKSDB_LIB_IO_POSIX" "-DROCKSDB_SUPPORT_THREAD_LOCAL" "-o" "/opt/rustwide/target/debug/build/librocksdb-sys-ebd6dc600709712e/out/rocksdb/cache/charged_cache.o" "-c" "rocksdb/cache/charged_cache.cc"
[INFO] [stderr]   running: "c++" "-O0" "-ffunction-sections" "-fdata-sections" "-fPIC" "-gdwarf-4" "-fno-omit-frame-pointer" "-m64" "-I" "rocksdb/include/" "-I" "rocksdb/" "-I" "rocksdb/third-party/gtest-1.8.1/fused-src/" "-I" "snappy/" "-I" "/opt/rustwide/target/debug/build/lz4-sys-27150faf9f30b149/out/include" "-I" "/opt/rustwide/cargo-home/registry/src/index.crates.io-6f17d22bba15001f/zstd-sys-2.0.8+zstd.1.5.5/zstd/lib" "-I" "/opt/rustwide/target/debug/build/libz-sys-3cc9704c9c6271ea/out/include" "-I" "/opt/rustwide/target/debug/build/bzip2-sys-6dfbcabc56615b66/out/include" "-I" "." "-Wall" "-Wextra" "-std=c++17" "-Wsign-compare" "-Wshadow" "-Wno-unused-parameter" "-Wno-unused-variable" "-Woverloaded-virtual" "-Wnon-virtual-dtor" "-Wno-missing-field-initializers" "-Wno-strict-aliasing" "-Wno-invalid-offsetof" "-msse2" "-std=c++17" "-DSNAPPY=1" "-DLZ4=1" "-DZSTD=1" "-DZLIB=1" "-DBZIP2=1" "-DNDEBUG=1" "-DOS_LINUX" "-DROCKSDB_PLATFORM_POSIX" "-DROCKSDB_LIB_IO_POSIX" "-DROCKSDB_SUPPORT_THREAD_LOCAL" "-o" "/opt/rustwide/target/debug/build/librocksdb-sys-ebd6dc600709712e/out/rocksdb/cache/sharded_cache.o" "-c" "rocksdb/cache/sharded_cache.cc"
[INFO] [stderr]   running: "c++" "-O0" "-ffunction-sections" "-fdata-sections" "-fPIC" "-gdwarf-4" "-fno-omit-frame-pointer" "-m64" "-I" "rocksdb/include/" "-I" "rocksdb/" "-I" "rocksdb/third-party/gtest-1.8.1/fused-src/" "-I" "snappy/" "-I" "/opt/rustwide/target/debug/build/lz4-sys-27150faf9f30b149/out/include" "-I" "/opt/rustwide/cargo-home/registry/src/index.crates.io-6f17d22bba15001f/zstd-sys-2.0.8+zstd.1.5.5/zstd/lib" "-I" "/opt/rustwide/target/debug/build/libz-sys-3cc9704c9c6271ea/out/include" "-I" "/opt/rustwide/target/debug/build/bzip2-sys-6dfbcabc56615b66/out/include" "-I" "." "-Wall" "-Wextra" "-std=c++17" "-Wsign-compare" "-Wshadow" "-Wno-unused-parameter" "-Wno-unused-variable" "-Woverloaded-virtual" "-Wnon-virtual-dtor" "-Wno-missing-field-initializers" "-Wno-strict-aliasing" "-Wno-invalid-offsetof" "-msse2" "-std=c++17" "-DSNAPPY=1" "-DLZ4=1" "-DZSTD=1" "-DZLIB=1" "-DBZIP2=1" "-DNDEBUG=1" "-DOS_LINUX" "-DROCKSDB_PLATFORM_POSIX" "-DROCKSDB_LIB_IO_POSIX" "-DROCKSDB_SUPPORT_THREAD_LOCAL" "-o" "/opt/rustwide/target/debug/build/librocksdb-sys-ebd6dc600709712e/out/rocksdb/cache/lru_cache.o" "-c" "rocksdb/cache/lru_cache.cc"
[INFO] [stderr]   running: "c++" "-O0" "-ffunction-sections" "-fdata-sections" "-fPIC" "-gdwarf-4" "-fno-omit-frame-pointer" "-m64" "-I" "rocksdb/include/" "-I" "rocksdb/" "-I" "rocksdb/third-party/gtest-1.8.1/fused-src/" "-I" "snappy/" "-I" "/opt/rustwide/target/debug/build/lz4-sys-27150faf9f30b149/out/include" "-I" "/opt/rustwide/cargo-home/registry/src/index.crates.io-6f17d22bba15001f/zstd-sys-2.0.8+zstd.1.5.5/zstd/lib" "-I" "/opt/rustwide/target/debug/build/libz-sys-3cc9704c9c6271ea/out/include" "-I" "/opt/rustwide/target/debug/build/bzip2-sys-6dfbcabc56615b66/out/include" "-I" "." "-Wall" "-Wextra" "-std=c++17" "-Wsign-compare" "-Wshadow" "-Wno-unused-parameter" "-Wno-unused-variable" "-Woverloaded-virtual" "-Wnon-virtual-dtor" "-Wno-missing-field-initializers" "-Wno-strict-aliasing" "-Wno-invalid-offsetof" "-msse2" "-std=c++17" "-DSNAPPY=1" "-DLZ4=1" "-DZSTD=1" "-DZLIB=1" "-DBZIP2=1" "-DNDEBUG=1" "-DOS_LINUX" "-DROCKSDB_PLATFORM_POSIX" "-DROCKSDB_LIB_IO_POSIX" "-DROCKSDB_SUPPORT_THREAD_LOCAL" "-o" "/opt/rustwide/target/debug/build/librocksdb-sys-ebd6dc600709712e/out/rocksdb/db/blob/blob_fetcher.o" "-c" "rocksdb/db/blob/blob_fetcher.cc"
[INFO] [stderr]   running: "c++" "-O0" "-ffunction-sections" "-fdata-sections" "-fPIC" "-gdwarf-4" "-fno-omit-frame-pointer" "-m64" "-I" "rocksdb/include/" "-I" "rocksdb/" "-I" "rocksdb/third-party/gtest-1.8.1/fused-src/" "-I" "snappy/" "-I" "/opt/rustwide/target/debug/build/lz4-sys-27150faf9f30b149/out/include" "-I" "/opt/rustwide/cargo-home/registry/src/index.crates.io-6f17d22bba15001f/zstd-sys-2.0.8+zstd.1.5.5/zstd/lib" "-I" "/opt/rustwide/target/debug/build/libz-sys-3cc9704c9c6271ea/out/include" "-I" "/opt/rustwide/target/debug/build/bzip2-sys-6dfbcabc56615b66/out/include" "-I" "." "-Wall" "-Wextra" "-std=c++17" "-Wsign-compare" "-Wshadow" "-Wno-unused-parameter" "-Wno-unused-variable" "-Woverloaded-virtual" "-Wnon-virtual-dtor" "-Wno-missing-field-initializers" "-Wno-strict-aliasing" "-Wno-invalid-offsetof" "-msse2" "-std=c++17" "-DSNAPPY=1" "-DLZ4=1" "-DZSTD=1" "-DZLIB=1" "-DBZIP2=1" "-DNDEBUG=1" "-DOS_LINUX" "-DROCKSDB_PLATFORM_POSIX" "-DROCKSDB_LIB_IO_POSIX" "-DROCKSDB_SUPPORT_THREAD_LOCAL" "-o" "/opt/rustwide/target/debug/build/librocksdb-sys-ebd6dc600709712e/out/rocksdb/cache/cache_entry_roles.o" "-c" "rocksdb/cache/cache_entry_roles.cc"
[INFO] [stderr]   running: "c++" "-O0" "-ffunction-sections" "-fdata-sections" "-fPIC" "-gdwarf-4" "-fno-omit-frame-pointer" "-m64" "-I" "rocksdb/include/" "-I" "rocksdb/" "-I" "rocksdb/third-party/gtest-1.8.1/fused-src/" "-I" "snappy/" "-I" "/opt/rustwide/target/debug/build/lz4-sys-27150faf9f30b149/out/include" "-I" "/opt/rustwide/cargo-home/registry/src/index.crates.io-6f17d22bba15001f/zstd-sys-2.0.8+zstd.1.5.5/zstd/lib" "-I" "/opt/rustwide/target/debug/build/libz-sys-3cc9704c9c6271ea/out/include" "-I" "/opt/rustwide/target/debug/build/bzip2-sys-6dfbcabc56615b66/out/include" "-I" "." "-Wall" "-Wextra" "-std=c++17" "-Wsign-compare" "-Wshadow" "-Wno-unused-parameter" "-Wno-unused-variable" "-Woverloaded-virtual" "-Wnon-virtual-dtor" "-Wno-missing-field-initializers" "-Wno-strict-aliasing" "-Wno-invalid-offsetof" "-msse2" "-std=c++17" "-DSNAPPY=1" "-DLZ4=1" "-DZSTD=1" "-DZLIB=1" "-DBZIP2=1" "-DNDEBUG=1" "-DOS_LINUX" "-DROCKSDB_PLATFORM_POSIX" "-DROCKSDB_LIB_IO_POSIX" "-DROCKSDB_SUPPORT_THREAD_LOCAL" "-o" "/opt/rustwide/target/debug/build/librocksdb-sys-ebd6dc600709712e/out/rocksdb/cache/secondary_cache.o" "-c" "rocksdb/cache/secondary_cache.cc"
[INFO] [stderr]   running: "c++" "-O0" "-ffunction-sections" "-fdata-sections" "-fPIC" "-gdwarf-4" "-fno-omit-frame-pointer" "-m64" "-I" "rocksdb/include/" "-I" "rocksdb/" "-I" "rocksdb/third-party/gtest-1.8.1/fused-src/" "-I" "snappy/" "-I" "/opt/rustwide/target/debug/build/lz4-sys-27150faf9f30b149/out/include" "-I" "/opt/rustwide/cargo-home/registry/src/index.crates.io-6f17d22bba15001f/zstd-sys-2.0.8+zstd.1.5.5/zstd/lib" "-I" "/opt/rustwide/target/debug/build/libz-sys-3cc9704c9c6271ea/out/include" "-I" "/opt/rustwide/target/debug/build/bzip2-sys-6dfbcabc56615b66/out/include" "-I" "." "-Wall" "-Wextra" "-std=c++17" "-Wsign-compare" "-Wshadow" "-Wno-unused-parameter" "-Wno-unused-variable" "-Woverloaded-virtual" "-Wnon-virtual-dtor" "-Wno-missing-field-initializers" "-Wno-strict-aliasing" "-Wno-invalid-offsetof" "-msse2" "-std=c++17" "-DSNAPPY=1" "-DLZ4=1" "-DZSTD=1" "-DZLIB=1" "-DBZIP2=1" "-DNDEBUG=1" "-DOS_LINUX" "-DROCKSDB_PLATFORM_POSIX" "-DROCKSDB_LIB_IO_POSIX" "-DROCKSDB_SUPPORT_THREAD_LOCAL" "-o" "/opt/rustwide/target/debug/build/librocksdb-sys-ebd6dc600709712e/out/rocksdb/db/arena_wrapped_db_iter.o" "-c" "rocksdb/db/arena_wrapped_db_iter.cc"
[INFO] [stderr]   running: "c++" "-O0" "-ffunction-sections" "-fdata-sections" "-fPIC" "-gdwarf-4" "-fno-omit-frame-pointer" "-m64" "-I" "rocksdb/include/" "-I" "rocksdb/" "-I" "rocksdb/third-party/gtest-1.8.1/fused-src/" "-I" "snappy/" "-I" "/opt/rustwide/target/debug/build/lz4-sys-27150faf9f30b149/out/include" "-I" "/opt/rustwide/cargo-home/registry/src/index.crates.io-6f17d22bba15001f/zstd-sys-2.0.8+zstd.1.5.5/zstd/lib" "-I" "/opt/rustwide/target/debug/build/libz-sys-3cc9704c9c6271ea/out/include" "-I" "/opt/rustwide/target/debug/build/bzip2-sys-6dfbcabc56615b66/out/include" "-I" "." "-Wall" "-Wextra" "-std=c++17" "-Wsign-compare" "-Wshadow" "-Wno-unused-parameter" "-Wno-unused-variable" "-Woverloaded-virtual" "-Wnon-virtual-dtor" "-Wno-missing-field-initializers" "-Wno-strict-aliasing" "-Wno-invalid-offsetof" "-msse2" "-std=c++17" "-DSNAPPY=1" "-DLZ4=1" "-DZSTD=1" "-DZLIB=1" "-DBZIP2=1" "-DNDEBUG=1" "-DOS_LINUX" "-DROCKSDB_PLATFORM_POSIX" "-DROCKSDB_LIB_IO_POSIX" "-DROCKSDB_SUPPORT_THREAD_LOCAL" "-o" "/opt/rustwide/target/debug/build/librocksdb-sys-ebd6dc600709712e/out/rocksdb/db/blob/blob_contents.o" "-c" "rocksdb/db/blob/blob_contents.cc"
[INFO] [stderr]   running: "c++" "-O0" "-ffunction-sections" "-fdata-sections" "-fPIC" "-gdwarf-4" "-fno-omit-frame-pointer" "-m64" "-I" "rocksdb/include/" "-I" "rocksdb/" "-I" "rocksdb/third-party/gtest-1.8.1/fused-src/" "-I" "snappy/" "-I" "/opt/rustwide/target/debug/build/lz4-sys-27150faf9f30b149/out/include" "-I" "/opt/rustwide/cargo-home/registry/src/index.crates.io-6f17d22bba15001f/zstd-sys-2.0.8+zstd.1.5.5/zstd/lib" "-I" "/opt/rustwide/target/debug/build/libz-sys-3cc9704c9c6271ea/out/include" "-I" "/opt/rustwide/target/debug/build/bzip2-sys-6dfbcabc56615b66/out/include" "-I" "." "-Wall" "-Wextra" "-std=c++17" "-Wsign-compare" "-Wshadow" "-Wno-unused-parameter" "-Wno-unused-variable" "-Woverloaded-virtual" "-Wnon-virtual-dtor" "-Wno-missing-field-initializers" "-Wno-strict-aliasing" "-Wno-invalid-offsetof" "-msse2" "-std=c++17" "-DSNAPPY=1" "-DLZ4=1" "-DZSTD=1" "-DZLIB=1" "-DBZIP2=1" "-DNDEBUG=1" "-DOS_LINUX" "-DROCKSDB_PLATFORM_POSIX" "-DROCKSDB_LIB_IO_POSIX" "-DROCKSDB_SUPPORT_THREAD_LOCAL" "-o" "/opt/rustwide/target/debug/build/librocksdb-sys-ebd6dc600709712e/out/rocksdb/cache/secondary_cache_adapter.o" "-c" "rocksdb/cache/secondary_cache_adapter.cc"
[INFO] [stderr]   exit status: 0
[INFO] [stderr]   running: "c++" "-O0" "-ffunction-sections" "-fdata-sections" "-fPIC" "-gdwarf-4" "-fno-omit-frame-pointer" "-m64" "-I" "rocksdb/include/" "-I" "rocksdb/" "-I" "rocksdb/third-party/gtest-1.8.1/fused-src/" "-I" "snappy/" "-I" "/opt/rustwide/target/debug/build/lz4-sys-27150faf9f30b149/out/include" "-I" "/opt/rustwide/cargo-home/registry/src/index.crates.io-6f17d22bba15001f/zstd-sys-2.0.8+zstd.1.5.5/zstd/lib" "-I" "/opt/rustwide/target/debug/build/libz-sys-3cc9704c9c6271ea/out/include" "-I" "/opt/rustwide/target/debug/build/bzip2-sys-6dfbcabc56615b66/out/include" "-I" "." "-Wall" "-Wextra" "-std=c++17" "-Wsign-compare" "-Wshadow" "-Wno-unused-parameter" "-Wno-unused-variable" "-Woverloaded-virtual" "-Wnon-virtual-dtor" "-Wno-missing-field-initializers" "-Wno-strict-aliasing" "-Wno-invalid-offsetof" "-msse2" "-std=c++17" "-DSNAPPY=1" "-DLZ4=1" "-DZSTD=1" "-DZLIB=1" "-DBZIP2=1" "-DNDEBUG=1" "-DOS_LINUX" "-DROCKSDB_PLATFORM_POSIX" "-DROCKSDB_LIB_IO_POSIX" "-DROCKSDB_SUPPORT_THREAD_LOCAL" "-o" "/opt/rustwide/target/debug/build/librocksdb-sys-ebd6dc600709712e/out/rocksdb/db/blob/blob_file_addition.o" "-c" "rocksdb/db/blob/blob_file_addition.cc"
[INFO] [stderr]   exit status: 0
[INFO] [stderr]   running: "c++" "-O0" "-ffunction-sections" "-fdata-sections" "-fPIC" "-gdwarf-4" "-fno-omit-frame-pointer" "-m64" "-I" "rocksdb/include/" "-I" "rocksdb/" "-I" "rocksdb/third-party/gtest-1.8.1/fused-src/" "-I" "snappy/" "-I" "/opt/rustwide/target/debug/build/lz4-sys-27150faf9f30b149/out/include" "-I" "/opt/rustwide/cargo-home/registry/src/index.crates.io-6f17d22bba15001f/zstd-sys-2.0.8+zstd.1.5.5/zstd/lib" "-I" "/opt/rustwide/target/debug/build/libz-sys-3cc9704c9c6271ea/out/include" "-I" "/opt/rustwide/target/debug/build/bzip2-sys-6dfbcabc56615b66/out/include" "-I" "." "-Wall" "-Wextra" "-std=c++17" "-Wsign-compare" "-Wshadow" "-Wno-unused-parameter" "-Wno-unused-variable" "-Woverloaded-virtual" "-Wnon-virtual-dtor" "-Wno-missing-field-initializers" "-Wno-strict-aliasing" "-Wno-invalid-offsetof" "-msse2" "-std=c++17" "-DSNAPPY=1" "-DLZ4=1" "-DZSTD=1" "-DZLIB=1" "-DBZIP2=1" "-DNDEBUG=1" "-DOS_LINUX" "-DROCKSDB_PLATFORM_POSIX" "-DROCKSDB_LIB_IO_POSIX" "-DROCKSDB_SUPPORT_THREAD_LOCAL" "-o" "/opt/rustwide/target/debug/build/librocksdb-sys-ebd6dc600709712e/out/rocksdb/db/blob/blob_file_builder.o" "-c" "rocksdb/db/blob/blob_file_builder.cc"
[INFO] [stderr]   exit status: 0
[INFO] [stderr]   running: "c++" "-O0" "-ffunction-sections" "-fdata-sections" "-fPIC" "-gdwarf-4" "-fno-omit-frame-pointer" "-m64" "-I" "rocksdb/include/" "-I" "rocksdb/" "-I" "rocksdb/third-party/gtest-1.8.1/fused-src/" "-I" "snappy/" "-I" "/opt/rustwide/target/debug/build/lz4-sys-27150faf9f30b149/out/include" "-I" "/opt/rustwide/cargo-home/registry/src/index.crates.io-6f17d22bba15001f/zstd-sys-2.0.8+zstd.1.5.5/zstd/lib" "-I" "/opt/rustwide/target/debug/build/libz-sys-3cc9704c9c6271ea/out/include" "-I" "/opt/rustwide/target/debug/build/bzip2-sys-6dfbcabc56615b66/out/include" "-I" "." "-Wall" "-Wextra" "-std=c++17" "-Wsign-compare" "-Wshadow" "-Wno-unused-parameter" "-Wno-unused-variable" "-Woverloaded-virtual" "-Wnon-virtual-dtor" "-Wno-missing-field-initializers" "-Wno-strict-aliasing" "-Wno-invalid-offsetof" "-msse2" "-std=c++17" "-DSNAPPY=1" "-DLZ4=1" "-DZSTD=1" "-DZLIB=1" "-DBZIP2=1" "-DNDEBUG=1" "-DOS_LINUX" "-DROCKSDB_PLATFORM_POSIX" "-DROCKSDB_LIB_IO_POSIX" "-DROCKSDB_SUPPORT_THREAD_LOCAL" "-o" "/opt/rustwide/target/debug/build/librocksdb-sys-ebd6dc600709712e/out/rocksdb/db/blob/blob_file_cache.o" "-c" "rocksdb/db/blob/blob_file_cache.cc"
[INFO] [stderr]   exit status: 0
[INFO] [stderr]   running: "c++" "-O0" "-ffunction-sections" "-fdata-sections" "-fPIC" "-gdwarf-4" "-fno-omit-frame-pointer" "-m64" "-I" "rocksdb/include/" "-I" "rocksdb/" "-I" "rocksdb/third-party/gtest-1.8.1/fused-src/" "-I" "snappy/" "-I" "/opt/rustwide/target/debug/build/lz4-sys-27150faf9f30b149/out/include" "-I" "/opt/rustwide/cargo-home/registry/src/index.crates.io-6f17d22bba15001f/zstd-sys-2.0.8+zstd.1.5.5/zstd/lib" "-I" "/opt/rustwide/target/debug/build/libz-sys-3cc9704c9c6271ea/out/include" "-I" "/opt/rustwide/target/debug/build/bzip2-sys-6dfbcabc56615b66/out/include" "-I" "." "-Wall" "-Wextra" "-std=c++17" "-Wsign-compare" "-Wshadow" "-Wno-unused-parameter" "-Wno-unused-variable" "-Woverloaded-virtual" "-Wnon-virtual-dtor" "-Wno-missing-field-initializers" "-Wno-strict-aliasing" "-Wno-invalid-offsetof" "-msse2" "-std=c++17" "-DSNAPPY=1" "-DLZ4=1" "-DZSTD=1" "-DZLIB=1" "-DBZIP2=1" "-DNDEBUG=1" "-DOS_LINUX" "-DROCKSDB_PLATFORM_POSIX" "-DROCKSDB_LIB_IO_POSIX" "-DROCKSDB_SUPPORT_THREAD_LOCAL" "-o" "/opt/rustwide/target/debug/build/librocksdb-sys-ebd6dc600709712e/out/rocksdb/db/blob/blob_file_garbage.o" "-c" "rocksdb/db/blob/blob_file_garbage.cc"
[INFO] [stderr]   exit status: 0
[INFO] [stderr]   running: "c++" "-O0" "-ffunction-sections" "-fdata-sections" "-fPIC" "-gdwarf-4" "-fno-omit-frame-pointer" "-m64" "-I" "rocksdb/include/" "-I" "rocksdb/" "-I" "rocksdb/third-party/gtest-1.8.1/fused-src/" "-I" "snappy/" "-I" "/opt/rustwide/target/debug/build/lz4-sys-27150faf9f30b149/out/include" "-I" "/opt/rustwide/cargo-home/registry/src/index.crates.io-6f17d22bba15001f/zstd-sys-2.0.8+zstd.1.5.5/zstd/lib" "-I" "/opt/rustwide/target/debug/build/libz-sys-3cc9704c9c6271ea/out/include" "-I" "/opt/rustwide/target/debug/build/bzip2-sys-6dfbcabc56615b66/out/include" "-I" "." "-Wall" "-Wextra" "-std=c++17" "-Wsign-compare" "-Wshadow" "-Wno-unused-parameter" "-Wno-unused-variable" "-Woverloaded-virtual" "-Wnon-virtual-dtor" "-Wno-missing-field-initializers" "-Wno-strict-aliasing" "-Wno-invalid-offsetof" "-msse2" "-std=c++17" "-DSNAPPY=1" "-DLZ4=1" "-DZSTD=1" "-DZLIB=1" "-DBZIP2=1" "-DNDEBUG=1" "-DOS_LINUX" "-DROCKSDB_PLATFORM_POSIX" "-DROCKSDB_LIB_IO_POSIX" "-DROCKSDB_SUPPORT_THREAD_LOCAL" "-o" "/opt/rustwide/target/debug/build/librocksdb-sys-ebd6dc600709712e/out/rocksdb/db/blob/blob_file_meta.o" "-c" "rocksdb/db/blob/blob_file_meta.cc"
[INFO] [stderr]   exit status: 0
[INFO] [stderr]   running: "c++" "-O0" "-ffunction-sections" "-fdata-sections" "-fPIC" "-gdwarf-4" "-fno-omit-frame-pointer" "-m64" "-I" "rocksdb/include/" "-I" "rocksdb/" "-I" "rocksdb/third-party/gtest-1.8.1/fused-src/" "-I" "snappy/" "-I" "/opt/rustwide/target/debug/build/lz4-sys-27150faf9f30b149/out/include" "-I" "/opt/rustwide/cargo-home/registry/src/index.crates.io-6f17d22bba15001f/zstd-sys-2.0.8+zstd.1.5.5/zstd/lib" "-I" "/opt/rustwide/target/debug/build/libz-sys-3cc9704c9c6271ea/out/include" "-I" "/opt/rustwide/target/debug/build/bzip2-sys-6dfbcabc56615b66/out/include" "-I" "." "-Wall" "-Wextra" "-std=c++17" "-Wsign-compare" "-Wshadow" "-Wno-unused-parameter" "-Wno-unused-variable" "-Woverloaded-virtual" "-Wnon-virtual-dtor" "-Wno-missing-field-initializers" "-Wno-strict-aliasing" "-Wno-invalid-offsetof" "-msse2" "-std=c++17" "-DSNAPPY=1" "-DLZ4=1" "-DZSTD=1" "-DZLIB=1" "-DBZIP2=1" "-DNDEBUG=1" "-DOS_LINUX" "-DROCKSDB_PLATFORM_POSIX" "-DROCKSDB_LIB_IO_POSIX" "-DROCKSDB_SUPPORT_THREAD_LOCAL" "-o" "/opt/rustwide/target/debug/build/librocksdb-sys-ebd6dc600709712e/out/rocksdb/db/blob/blob_file_reader.o" "-c" "rocksdb/db/blob/blob_file_reader.cc"
[INFO] [stderr]   running: "c++" "-O0" "-ffunction-sections" "-fdata-sections" "-fPIC" "-gdwarf-4" "-fno-omit-frame-pointer" "-m64" "-I" "rocksdb/include/" "-I" "rocksdb/" "-I" "rocksdb/third-party/gtest-1.8.1/fused-src/" "-I" "snappy/" "-I" "/opt/rustwide/target/debug/build/lz4-sys-27150faf9f30b149/out/include" "-I" "/opt/rustwide/cargo-home/registry/src/index.crates.io-6f17d22bba15001f/zstd-sys-2.0.8+zstd.1.5.5/zstd/lib" "-I" "/opt/rustwide/target/debug/build/libz-sys-3cc9704c9c6271ea/out/include" "-I" "/opt/rustwide/target/debug/build/bzip2-sys-6dfbcabc56615b66/out/include" "-I" "." "-Wall" "-Wextra" "-std=c++17" "-Wsign-compare" "-Wshadow" "-Wno-unused-parameter" "-Wno-unused-variable" "-Woverloaded-virtual" "-Wnon-virtual-dtor" "-Wno-missing-field-initializers" "-Wno-strict-aliasing" "-Wno-invalid-offsetof" "-msse2" "-std=c++17" "-DSNAPPY=1" "-DLZ4=1" "-DZSTD=1" "-DZLIB=1" "-DBZIP2=1" "-DNDEBUG=1" "-DOS_LINUX" "-DROCKSDB_PLATFORM_POSIX" "-DROCKSDB_LIB_IO_POSIX" "-DROCKSDB_SUPPORT_THREAD_LOCAL" "-o" "/opt/rustwide/target/debug/build/librocksdb-sys-ebd6dc600709712e/out/rocksdb/db/blob/blob_garbage_meter.o" "-c" "rocksdb/db/blob/blob_garbage_meter.cc"
[INFO] [stderr]   exit status: 0
[INFO] [stderr]   running: "c++" "-O0" "-ffunction-sections" "-fdata-sections" "-fPIC" "-gdwarf-4" "-fno-omit-frame-pointer" "-m64" "-I" "rocksdb/include/" "-I" "rocksdb/" "-I" "rocksdb/third-party/gtest-1.8.1/fused-src/" "-I" "snappy/" "-I" "/opt/rustwide/target/debug/build/lz4-sys-27150faf9f30b149/out/include" "-I" "/opt/rustwide/cargo-home/registry/src/index.crates.io-6f17d22bba15001f/zstd-sys-2.0.8+zstd.1.5.5/zstd/lib" "-I" "/opt/rustwide/target/debug/build/libz-sys-3cc9704c9c6271ea/out/include" "-I" "/opt/rustwide/target/debug/build/bzip2-sys-6dfbcabc56615b66/out/include" "-I" "." "-Wall" "-Wextra" "-std=c++17" "-Wsign-compare" "-Wshadow" "-Wno-unused-parameter" "-Wno-unused-variable" "-Woverloaded-virtual" "-Wnon-virtual-dtor" "-Wno-missing-field-initializers" "-Wno-strict-aliasing" "-Wno-invalid-offsetof" "-msse2" "-std=c++17" "-DSNAPPY=1" "-DLZ4=1" "-DZSTD=1" "-DZLIB=1" "-DBZIP2=1" "-DNDEBUG=1" "-DOS_LINUX" "-DROCKSDB_PLATFORM_POSIX" "-DROCKSDB_LIB_IO_POSIX" "-DROCKSDB_SUPPORT_THREAD_LOCAL" "-o" "/opt/rustwide/target/debug/build/librocksdb-sys-ebd6dc600709712e/out/rocksdb/db/blob/blob_log_format.o" "-c" "rocksdb/db/blob/blob_log_format.cc"
[INFO] [stderr]   cargo:warning=c++: fatal error: Killed signal terminated program cc1plus
[INFO] [stderr]   cargo:warning=compilation terminated.
[INFO] [stderr]   exit status: 1
[INFO] [stderr]   running: "c++" "-O0" "-ffunction-sections" "-fdata-sections" "-fPIC" "-gdwarf-4" "-fno-omit-frame-pointer" "-m64" "-I" "rocksdb/include/" "-I" "rocksdb/" "-I" "rocksdb/third-party/gtest-1.8.1/fused-src/" "-I" "snappy/" "-I" "/opt/rustwide/target/debug/build/lz4-sys-27150faf9f30b149/out/include" "-I" "/opt/rustwide/cargo-home/registry/src/index.crates.io-6f17d22bba15001f/zstd-sys-2.0.8+zstd.1.5.5/zstd/lib" "-I" "/opt/rustwide/target/debug/build/libz-sys-3cc9704c9c6271ea/out/include" "-I" "/opt/rustwide/target/debug/build/bzip2-sys-6dfbcabc56615b66/out/include" "-I" "." "-Wall" "-Wextra" "-std=c++17" "-Wsign-compare" "-Wshadow" "-Wno-unused-parameter" "-Wno-unused-variable" "-Woverloaded-virtual" "-Wnon-virtual-dtor" "-Wno-missing-field-initializers" "-Wno-strict-aliasing" "-Wno-invalid-offsetof" "-msse2" "-std=c++17" "-DSNAPPY=1" "-DLZ4=1" "-DZSTD=1" "-DZLIB=1" "-DBZIP2=1" "-DNDEBUG=1" "-DOS_LINUX" "-DROCKSDB_PLATFORM_POSIX" "-DROCKSDB_LIB_IO_POSIX" "-DROCKSDB_SUPPORT_THREAD_LOCAL" "-o" "/opt/rustwide/target/debug/build/librocksdb-sys-ebd6dc600709712e/out/rocksdb/db/blob/blob_log_sequential_reader.o" "-c" "rocksdb/db/blob/blob_log_sequential_reader.cc"
[INFO] [stderr]   cargo:warning=c++: fatal error: Killed signal terminated program cc1plus
[INFO] [stderr]   cargo:warning=compilation terminated.
[INFO] [stderr]   exit status: 1
[INFO] [stderr]   exit status: 0
[INFO] [stderr]   cargo:warning=c++: fatal error: Killed signal terminated program cc1plus
[INFO] [stderr]   cargo:warning=compilation terminated.
[INFO] [stderr]   exit status: 1
[INFO] [stderr]   exit status: 0
[INFO] [stderr]   cargo:warning=c++: fatal error: Killed signal terminated program cc1plus
[INFO] [stderr]   cargo:warning=compilation terminated.
[INFO] [stderr]   exit status: 1
[INFO] [stderr]   exit status: 0
[INFO] [stderr]   exit status: 0
[INFO] [stderr]   exit status: 0
[INFO] [stderr]   exit status: 0
[INFO] [stderr]   exit status: 0
[INFO] [stderr]   exit status: 0
[INFO] [stderr]   exit status: 0
[INFO] [stderr]   exit status: 0
[INFO] [stderr]   exit status: 0
[INFO] [stderr]   exit status: 0
[INFO] [stderr]   exit status: 0
[INFO] [stderr] 
[INFO] [stderr]   --- stderr
[INFO] [stderr]   error: 'rustfmt' is not installed for the toolchain '1.75.0-x86_64-unknown-linux-gnu'
[INFO] [stderr]   To install, run `rustup component add rustfmt --toolchain 1.75.0-x86_64-unknown-linux-gnu`
[INFO] [stderr]   Failed to run rustfmt: Internal rustfmt error (non-fatal, continuing)
[INFO] [stderr] 
[INFO] [stderr] 
[INFO] [stderr]   error occurred: Command "c++" "-O0" "-ffunction-sections" "-fdata-sections" "-fPIC" "-gdwarf-4" "-fno-omit-frame-pointer" "-m64" "-I" "rocksdb/include/" "-I" "rocksdb/" "-I" "rocksdb/third-party/gtest-1.8.1/fused-src/" "-I" "snappy/" "-I" "/opt/rustwide/target/debug/build/lz4-sys-27150faf9f30b149/out/include" "-I" "/opt/rustwide/cargo-home/registry/src/index.crates.io-6f17d22bba15001f/zstd-sys-2.0.8+zstd.1.5.5/zstd/lib" "-I" "/opt/rustwide/target/debug/build/libz-sys-3cc9704c9c6271ea/out/include" "-I" "/opt/rustwide/target/debug/build/bzip2-sys-6dfbcabc56615b66/out/include" "-I" "." "-Wall" "-Wextra" "-std=c++17" "-Wsign-compare" "-Wshadow" "-Wno-unused-parameter" "-Wno-unused-variable" "-Woverloaded-virtual" "-Wnon-virtual-dtor" "-Wno-missing-field-initializers" "-Wno-strict-aliasing" "-Wno-invalid-offsetof" "-msse2" "-std=c++17" "-DSNAPPY=1" "-DLZ4=1" "-DZSTD=1" "-DZLIB=1" "-DBZIP2=1" "-DNDEBUG=1" "-DOS_LINUX" "-DROCKSDB_PLATFORM_POSIX" "-DROCKSDB_LIB_IO_POSIX" "-DROCKSDB_SUPPORT_THREAD_LOCAL" "-o" "/opt/rustwide/target/debug/build/librocksdb-sys-ebd6dc600709712e/out/rocksdb/cache/cache.o" "-c" "rocksdb/cache/cache.cc" with args "c++" did not execute successfully (status code exit status: 1).
[INFO] [stderr] 
[INFO] [stderr] 
[INFO] running `Command { std: "docker" "inspect" "eb6c87534575cd1164278801a69a9c1d8bbdc3622b08f7193981333bcb2226a6", kill_on_drop: false }`
[INFO] running `Command { std: "docker" "rm" "-f" "eb6c87534575cd1164278801a69a9c1d8bbdc3622b08f7193981333bcb2226a6", kill_on_drop: false }`
[INFO] [stdout] eb6c87534575cd1164278801a69a9c1d8bbdc3622b08f7193981333bcb2226a6
[INFO] documenting Congyuwang/train_tokenizer against beta-2023-12-22 for beta-1.76-rustdoc-1
[INFO] running `Command { std: "git" "clone" "/workspace/cache/git-repos/https%3A%2F%2Fgithub.com%2FCongyuwang%2Ftrain_tokenizer" "/workspace/builds/worker-5-tc2/source", kill_on_drop: false }`
[INFO] [stderr] Cloning into '/workspace/builds/worker-5-tc2/source'...
[INFO] [stderr] done.
[INFO] validating manifest of git repo https://github.com/Congyuwang/train_tokenizer on toolchain beta-2023-12-22
[INFO] running `Command { std: CARGO_HOME="/workspace/cargo-home" RUSTUP_HOME="/workspace/rustup-home" "/workspace/cargo-home/bin/cargo" "+beta-2023-12-22" "metadata" "--manifest-path" "Cargo.toml" "--no-deps", kill_on_drop: false }`
[INFO] started tweaking git repo https://github.com/Congyuwang/train_tokenizer
[INFO] finished tweaking git repo https://github.com/Congyuwang/train_tokenizer
[INFO] tweaked toml for git repo https://github.com/Congyuwang/train_tokenizer written to /workspace/builds/worker-5-tc2/source/Cargo.toml
[INFO] crate git repo https://github.com/Congyuwang/train_tokenizer already has a lockfile, it will not be regenerated
[INFO] running `Command { std: CARGO_HOME="/workspace/cargo-home" RUSTUP_HOME="/workspace/rustup-home" "/workspace/cargo-home/bin/cargo" "+beta-2023-12-22" "fetch" "--manifest-path" "Cargo.toml", kill_on_drop: false }`
[INFO] running `Command { std: "docker" "create" "-v" "/var/lib/crater-agent-workspace/builds/worker-5-tc2/target:/opt/rustwide/target:rw,Z" "-v" "/var/lib/crater-agent-workspace/builds/worker-5-tc2/source:/opt/rustwide/workdir:ro,Z" "-v" "/var/lib/crater-agent-workspace/cargo-home:/opt/rustwide/cargo-home:ro,Z" "-v" "/var/lib/crater-agent-workspace/rustup-home:/opt/rustwide/rustup-home:ro,Z" "-e" "SOURCE_DIR=/opt/rustwide/workdir" "-e" "CARGO_TARGET_DIR=/opt/rustwide/target" "-e" "CARGO_HOME=/opt/rustwide/cargo-home" "-e" "RUSTUP_HOME=/opt/rustwide/rustup-home" "-w" "/opt/rustwide/workdir" "-m" "1610612736" "--user" "0:0" "--network" "none" "ghcr.io/rust-lang/crates-build-env/linux@sha256:2788e3201cd34a07e3172128adcd8b3090168a8e3bcc40d7c032b9dda1df7d1c" "/opt/rustwide/cargo-home/bin/cargo" "+beta-2023-12-22" "metadata" "--no-deps" "--format-version=1", kill_on_drop: false }`
[INFO] [stdout] e952dbce8d216561be10a9d29839d37bab4a3db257e262008d2be316569a48d3
[INFO] running `Command { std: "docker" "start" "-a" "e952dbce8d216561be10a9d29839d37bab4a3db257e262008d2be316569a48d3", kill_on_drop: false }`
[INFO] running `Command { std: "docker" "inspect" "e952dbce8d216561be10a9d29839d37bab4a3db257e262008d2be316569a48d3", kill_on_drop: false }`
[INFO] running `Command { std: "docker" "rm" "-f" "e952dbce8d216561be10a9d29839d37bab4a3db257e262008d2be316569a48d3", kill_on_drop: false }`
[INFO] [stdout] e952dbce8d216561be10a9d29839d37bab4a3db257e262008d2be316569a48d3
[INFO] running `Command { std: "docker" "create" "-v" "/var/lib/crater-agent-workspace/builds/worker-5-tc2/target:/opt/rustwide/target:rw,Z" "-v" "/var/lib/crater-agent-workspace/builds/worker-5-tc2/source:/opt/rustwide/workdir:ro,Z" "-v" "/var/lib/crater-agent-workspace/cargo-home:/opt/rustwide/cargo-home:ro,Z" "-v" "/var/lib/crater-agent-workspace/rustup-home:/opt/rustwide/rustup-home:ro,Z" "-e" "SOURCE_DIR=/opt/rustwide/workdir" "-e" "CARGO_TARGET_DIR=/opt/rustwide/target" "-e" "CARGO_INCREMENTAL=0" "-e" "RUST_BACKTRACE=full" "-e" "RUSTFLAGS=--cap-lints=warn" "-e" "RUSTDOCFLAGS=--cap-lints=warn" "-e" "CARGO_HOME=/opt/rustwide/cargo-home" "-e" "RUSTUP_HOME=/opt/rustwide/rustup-home" "-w" "/opt/rustwide/workdir" "-m" "1610612736" "--user" "0:0" "--network" "none" "ghcr.io/rust-lang/crates-build-env/linux@sha256:2788e3201cd34a07e3172128adcd8b3090168a8e3bcc40d7c032b9dda1df7d1c" "/opt/rustwide/cargo-home/bin/cargo" "+beta-2023-12-22" "doc" "--frozen" "--no-deps" "--document-private-items" "--message-format=json", kill_on_drop: false }`
[INFO] [stdout] 8d77e409bb4caa6ad328c7f0879ee3923d34dc2a79dbdd907bab3bbeb9da3fdd
[INFO] running `Command { std: "docker" "start" "-a" "8d77e409bb4caa6ad328c7f0879ee3923d34dc2a79dbdd907bab3bbeb9da3fdd", kill_on_drop: false }`
[INFO] [stderr]    Compiling libc v0.2.146
[INFO] [stderr]    Compiling proc-macro2 v1.0.60
[INFO] [stderr]    Compiling quote v1.0.28
[INFO] [stderr]     Checking once_cell v1.18.0
[INFO] [stderr]     Checking bytes v1.4.0
[INFO] [stderr]    Compiling futures-core v0.3.28
[INFO] [stderr]    Compiling tokio v1.28.2
[INFO] [stderr]     Checking itoa v1.0.6
[INFO] [stderr]    Compiling io-lifetimes v1.0.11
[INFO] [stderr]    Compiling slab v0.4.8
[INFO] [stderr]     Checking subtle v2.5.0
[INFO] [stderr]    Compiling futures-task v0.3.28
[INFO] [stderr]     Checking generic-array v0.14.7
[INFO] [stderr]    Compiling memchr v2.5.0
[INFO] [stderr]    Compiling serde v1.0.164
[INFO] [stderr]    Compiling rustix v0.37.20
[INFO] [stderr]    Compiling glob v0.3.1
[INFO] [stderr]     Checking tracing-core v0.1.31
[INFO] [stderr]    Compiling crossbeam-utils v0.8.16
[INFO] [stderr]    Compiling indexmap v1.9.3
[INFO] [stderr]    Compiling futures-util v0.3.28
[INFO] [stderr]    Compiling openssl v0.10.55
[INFO] [stderr]    Compiling prettyplease v0.2.9
[INFO] [stderr]    Compiling memoffset v0.9.0
[INFO] [stderr]     Checking http v0.2.9
[INFO] [stderr]     Checking futures-io v0.3.28
[INFO] [stderr]    Compiling strsim v0.10.0
[INFO] [stderr]     Checking tracing v0.1.37
[INFO] [stderr]    Compiling clang-sys v1.6.1
[INFO] [stderr]    Compiling futures-channel v0.3.28
[INFO] [stderr]    Compiling fnv v1.0.7
[INFO] [stderr]    Compiling ident_case v1.0.1
[INFO] [stderr]    Compiling cfg-if v1.0.0
[INFO] [stderr]     Checking cpufeatures v0.2.8
[INFO] [stderr]     Checking futures-sink v0.3.28
[INFO] [stderr]     Checking crypto-common v0.1.6
[INFO] [stderr]     Checking block-buffer v0.10.4
[INFO] [stderr]    Compiling minimal-lexical v0.2.1
[INFO] [stderr]    Compiling libloading v0.7.4
[INFO] [stderr]    Compiling crossbeam-epoch v0.9.15
[INFO] [stderr]     Checking digest v0.10.7
[INFO] [stderr]    Compiling regex-syntax v0.7.2
[INFO] [stderr]     Checking try-lock v0.2.4
[INFO] [stderr]    Compiling zstd-safe v5.0.2+zstd.1.5.2
[INFO] [stderr]    Compiling bindgen v0.65.1
[INFO] [stderr]     Checking log v0.4.19
[INFO] [stderr]    Compiling nom v7.1.3
[INFO] [stderr]     Checking want v0.3.1
[INFO] [stderr]    Compiling syn v2.0.18
[INFO] [stderr]    Compiling syn v1.0.109
[INFO] [stderr]     Checking inout v0.1.3
[INFO] [stderr]     Checking aho-corasick v1.0.2
[INFO] [stderr]    Compiling rustc-hash v1.1.0
[INFO] [stderr]     Checking http-body v0.4.5
[INFO] [stderr]    Compiling jobserver v0.1.26
[INFO] [stderr]     Checking httpdate v1.0.2
[INFO] [stderr]     Checking base64ct v1.6.0
[INFO] [stderr]    Compiling bitflags v1.3.2
[INFO] [stderr]     Checking ryu v1.0.13
[INFO] [stderr]    Compiling shlex v1.1.0
[INFO] [stderr]     Checking unicode-width v0.1.10
[INFO] [stderr]     Checking utf8parse v0.2.1
[INFO] [stderr]    Compiling cc v1.0.79
[INFO] [stderr]    Compiling lazycell v1.3.0
[INFO] [stderr]     Checking either v1.8.1
[INFO] [stderr]    Compiling peeking_take_while v0.1.2
[INFO] [stderr]    Compiling lazy_static v1.4.0
[INFO] [stderr]    Compiling rayon-core v1.11.0
[INFO] [stderr]     Checking anstyle-parse v0.2.1
[INFO] [stderr]     Checking miniz_oxide v0.7.1
[INFO] [stderr]     Checking crossbeam-deque v0.8.3
[INFO] [stderr]     Checking cipher v0.4.4
[INFO] [stderr]     Checking sha2 v0.10.7
[INFO] [stderr]     Checking hmac v0.12.1
[INFO] [stderr]     Checking crossbeam-channel v0.5.8
[INFO] [stderr]    Compiling tempfile v3.6.0
[INFO] [stderr]    Compiling paste v1.0.12
[INFO] [stderr]     Checking time-core v0.1.1
[INFO] [stderr]     Checking anstyle v1.0.1
[INFO] [stderr]    Compiling serde_json v1.0.97
[INFO] [stderr]     Checking num_cpus v1.15.0
[INFO] [stderr]     Checking mio v0.8.8
[INFO] [stderr]     Checking socket2 v0.4.9
[INFO] [stderr]     Checking getrandom v0.2.10
[INFO] [stderr]     Checking console v0.15.7
[INFO] [stderr]     Checking colorchoice v1.0.0
[INFO] [stderr]     Checking rand_core v0.6.4
[INFO] [stderr]    Compiling thiserror v1.0.40
[INFO] [stderr]     Checking anstyle-query v1.0.0
[INFO] [stderr]     Checking flate2 v1.0.26
[INFO] [stderr]     Checking password-hash v0.4.2
[INFO] [stderr]     Checking rand_chacha v0.3.1
[INFO] [stderr]     Checking xattr v0.2.3
[INFO] [stderr]     Checking filetime v0.2.21
[INFO] [stderr]     Checking pbkdf2 v0.11.0
[INFO] [stderr]     Checking time v0.3.22
[INFO] [stderr]     Checking aes v0.8.3
[INFO] [stderr]     Checking url v2.4.0
[INFO] [stderr]     Checking sha1 v0.10.5
[INFO] [stderr]     Checking encoding_rs v0.8.32
[INFO] [stderr]     Checking number_prefix v0.4.0
[INFO] [stderr]    Compiling heck v0.4.1
[INFO] [stderr]    Compiling openssl-sys v0.9.90
[INFO] [stderr]    Compiling zstd-sys v2.0.8+zstd.1.5.5
[INFO] [stderr]    Compiling bzip2-sys v0.1.11+1.0.8
[INFO] [stderr]    Compiling cexpr v0.6.0
[INFO] [stderr]    Compiling lz4-sys v1.9.4
[INFO] [stderr]    Compiling libz-sys v1.1.9
[INFO] [stderr]     Checking regex v1.8.4
[INFO] [stderr]    Compiling onig_sys v69.8.1
[INFO] [stderr]    Compiling esaxx-rs v0.1.8
[INFO] [stderr]     Checking base64 v0.21.2
[INFO] [stderr]    Compiling native-tls v0.2.11
[INFO] [stderr]     Checking mime v0.3.17
[INFO] [stderr]     Checking clap_lex v0.5.0
[INFO] [stderr]     Checking constant_time_eq v0.1.5
[INFO] [stderr]     Checking ipnet v2.7.2
[INFO] [stderr]     Checking rayon v1.7.0
[INFO] [stderr]     Checking tar v0.4.38
[INFO] [stderr]     Checking indicatif v0.16.2
[INFO] [stderr]     Checking rand v0.8.5
[INFO] [stderr]     Checking dirs-sys v0.3.7
[INFO] [stderr]     Checking fs2 v0.4.3
[INFO] [stderr]     Checking itertools v0.8.2
[INFO] [stderr]    Compiling macro_rules_attribute-proc_macro v0.1.3
[INFO] [stderr]     Checking number_prefix v0.3.0
[INFO] [stderr]     Checking is-terminal v0.4.7
[INFO] [stderr]     Checking anstream v0.3.2
[INFO] [stderr]     Checking clap_builder v4.3.5
[INFO] [stderr]     Checking smallvec v1.10.0
[INFO] [stderr]     Checking unicode-segmentation v1.10.1
[INFO] [stderr]     Checking indicatif v0.15.0
[INFO] [stderr]    Compiling darling_core v0.14.4
[INFO] [stderr]     Checking unicode-normalization-alignments v0.1.12
[INFO] [stderr]     Checking dirs v4.0.0
[INFO] [stderr]     Checking itertools v0.9.0
[INFO] [stderr]     Checking macro_rules_attribute v0.1.3
[INFO] [stderr]     Checking aho-corasick v0.7.20
[INFO] [stderr]     Checking regex-syntax v0.6.29
[INFO] [stderr]     Checking unicode_categories v0.1.1
[INFO] [stderr]     Checking rayon-cond v0.1.0
[INFO] [stderr]     Checking tokio-util v0.7.8
[INFO] [stderr]     Checking h2 v0.3.19
[INFO] [stderr]     Checking bzip2 v0.4.4
[INFO] [stderr]    Compiling serde_derive v1.0.164
[INFO] [stderr]    Compiling openssl-macros v0.1.1
[INFO] [stderr]    Compiling thiserror-impl v1.0.40
[INFO] [stderr]    Compiling darling_macro v0.14.4
[INFO] [stderr]    Compiling clap_derive v4.3.2
[INFO] [stderr]    Compiling monostate-impl v0.1.6
[INFO] [stderr]    Compiling darling v0.14.4
[INFO] [stderr]    Compiling derive_builder_core v0.12.0
[INFO] [stderr]    Compiling derive_builder_macro v0.12.0
[INFO] [stderr]     Checking hyper v0.14.26
[INFO] [stderr]     Checking onig v6.4.0
[INFO] [stderr]     Checking clap v4.3.5
[INFO] [stderr]     Checking derive_builder v0.12.0
[INFO] [stderr]    Compiling librocksdb-sys v0.11.0+8.1.1
[INFO] [stderr]     Checking zstd v0.11.2+zstd.1.5.2
[INFO] [stderr]     Checking tokio-native-tls v0.3.1
[INFO] [stderr]     Checking zip v0.6.6
[INFO] [stderr]     Checking hyper-tls v0.5.0
[INFO] [stderr]     Checking serde_urlencoded v0.7.1
[INFO] [stderr]     Checking spm_precompiled v0.1.4
[INFO] [stderr]     Checking monostate v0.1.6
[INFO] [stderr]     Checking reqwest v0.11.18
[INFO] [stderr]     Checking cached-path v0.6.1
[INFO] [stderr]     Checking tokenizers v0.13.3
[INFO] [stderr] error: could not compile `tokenizers` (lib)
[INFO] [stderr] 
[INFO] [stderr] Caused by:
[INFO] [stderr]   process didn't exit successfully: `/opt/rustwide/rustup-home/toolchains/beta-2023-12-22-x86_64-unknown-linux-gnu/bin/rustc --crate-name tokenizers --edition=2018 /opt/rustwide/cargo-home/registry/src/index.crates.io-6f17d22bba15001f/tokenizers-0.13.3/src/lib.rs --error-format=json --json=diagnostic-rendered-ansi,artifacts,future-incompat --crate-type lib --emit=dep-info,metadata -C embed-bitcode=no -C debuginfo=2 --cfg 'feature="cached-path"' --cfg 'feature="clap"' --cfg 'feature="cli"' --cfg 'feature="default"' --cfg 'feature="dirs"' --cfg 'feature="esaxx_fast"' --cfg 'feature="http"' --cfg 'feature="indicatif"' --cfg 'feature="onig"' --cfg 'feature="progressbar"' --cfg 'feature="reqwest"' -C metadata=077f8e3610ac7c48 -C extra-filename=-077f8e3610ac7c48 --out-dir /opt/rustwide/target/debug/deps -L dependency=/opt/rustwide/target/debug/deps --extern aho_corasick=/opt/rustwide/target/debug/deps/libaho_corasick-86d6ac8db1386e5b.rmeta --extern cached_path=/opt/rustwide/target/debug/deps/libcached_path-eba9d6d370343b6f.rmeta --extern clap=/opt/rustwide/target/debug/deps/libclap-c1d9773b3a0853a2.rmeta --extern derive_builder=/opt/rustwide/target/debug/deps/libderive_builder-f0efe7ce0408626b.rmeta --extern dirs=/opt/rustwide/target/debug/deps/libdirs-32754e16e8edec87.rmeta --extern esaxx_rs=/opt/rustwide/target/debug/deps/libesaxx_rs-b88f67cb600dbc4d.rmeta --extern getrandom=/opt/rustwide/target/debug/deps/libgetrandom-5d7a1ca30a73156c.rmeta --extern indicatif=/opt/rustwide/target/debug/deps/libindicatif-6b916cc51c2b2bd6.rmeta --extern itertools=/opt/rustwide/target/debug/deps/libitertools-de705e23225d3d55.rmeta --extern lazy_static=/opt/rustwide/target/debug/deps/liblazy_static-cc91e7c9c894213a.rmeta --extern log=/opt/rustwide/target/debug/deps/liblog-d29bda883d1574e6.rmeta --extern macro_rules_attribute=/opt/rustwide/target/debug/deps/libmacro_rules_attribute-7acace8050e8658b.rmeta --extern monostate=/opt/rustwide/target/debug/deps/libmonostate-76ebcc730381e23c.rmeta --extern onig=/opt/rustwide/target/debug/deps/libonig-5dd8754694c144fa.rmeta --extern paste=/opt/rustwide/target/debug/deps/libpaste-c572d19bf0492e34.so --extern rand=/opt/rustwide/target/debug/deps/librand-b7d930677f80e012.rmeta --extern rayon=/opt/rustwide/target/debug/deps/librayon-33e426171c1af969.rmeta --extern rayon_cond=/opt/rustwide/target/debug/deps/librayon_cond-b380b5c01b2102d9.rmeta --extern regex=/opt/rustwide/target/debug/deps/libregex-8f9c16e6f8ea68fe.rmeta --extern regex_syntax=/opt/rustwide/target/debug/deps/libregex_syntax-e99da0024a1c5ec9.rmeta --extern reqwest=/opt/rustwide/target/debug/deps/libreqwest-c69c51d71bdf67e7.rmeta --extern serde=/opt/rustwide/target/debug/deps/libserde-76c0cec118a854bf.rmeta --extern serde_json=/opt/rustwide/target/debug/deps/libserde_json-1741f3243d8e1288.rmeta --extern spm_precompiled=/opt/rustwide/target/debug/deps/libspm_precompiled-31101093b339f5dd.rmeta --extern thiserror=/opt/rustwide/target/debug/deps/libthiserror-a14babfadcff215c.rmeta --extern unicode_normalization_alignments=/opt/rustwide/target/debug/deps/libunicode_normalization_alignments-eed13b98337ddf7e.rmeta --extern unicode_segmentation=/opt/rustwide/target/debug/deps/libunicode_segmentation-dc03beaff9f70a7a.rmeta --extern unicode_categories=/opt/rustwide/target/debug/deps/libunicode_categories-caf5f4fa817bf099.rmeta --cap-lints allow --cap-lints=warn -L native=/opt/rustwide/target/debug/build/bzip2-sys-9ce1c96bf8c979c5/out/lib -L native=/opt/rustwide/target/debug/build/zstd-sys-6a0cf10322c20ced/out -L native=/opt/rustwide/target/debug/build/esaxx-rs-0e4677d1c49c44f4/out -L native=/opt/rustwide/target/debug/build/onig_sys-f564b24a7d7a8435/out` (signal: 9, SIGKILL: kill)
[INFO] [stderr] warning: build failed, waiting for other jobs to finish...
[INFO] [stderr] The following warnings were emitted during compilation:
[INFO] [stderr] 
[INFO] [stderr] warning: librocksdb-sys@0.11.0+8.1.1: c++: fatal error: Killed signal terminated program cc1plus
[INFO] [stderr] warning: librocksdb-sys@0.11.0+8.1.1: compilation terminated.
[INFO] [stderr] warning: librocksdb-sys@0.11.0+8.1.1: c++: fatal error: Killed signal terminated program cc1plus
[INFO] [stderr] warning: librocksdb-sys@0.11.0+8.1.1: compilation terminated.
[INFO] [stderr] warning: librocksdb-sys@0.11.0+8.1.1: c++: fatal error: Killed signal terminated program cc1plus
[INFO] [stderr] warning: librocksdb-sys@0.11.0+8.1.1: compilation terminated.
[INFO] [stderr] warning: librocksdb-sys@0.11.0+8.1.1: c++: fatal error: Killed signal terminated program cc1plus
[INFO] [stderr] warning: librocksdb-sys@0.11.0+8.1.1: compilation terminated.
[INFO] [stderr] 
[INFO] [stderr] error: failed to run custom build command for `librocksdb-sys v0.11.0+8.1.1`
[INFO] [stderr] note: To improve backtraces for build dependencies, set the CARGO_PROFILE_DEV_BUILD_OVERRIDE_DEBUG=true environment variable to enable debug information generation.
[INFO] [stderr] 
[INFO] [stderr] Caused by:
[INFO] [stderr]   process didn't exit successfully: `/opt/rustwide/target/debug/build/librocksdb-sys-94591cef5109a063/build-script-build` (exit status: 1)
[INFO] [stderr]   --- stdout
[INFO] [stderr]   cargo:rerun-if-env-changed=ROCKSDB_COMPILE
[INFO] [stderr]   cargo:rerun-if-env-changed=ROCKSDB_LIB_DIR
[INFO] [stderr]   cargo:rerun-if-env-changed=ROCKSDB_STATIC
[INFO] [stderr]   cargo:rerun-if-changed=rocksdb/
[INFO] [stderr]   TARGET = Some("x86_64-unknown-linux-gnu")
[INFO] [stderr]   OPT_LEVEL = Some("0")
[INFO] [stderr]   HOST = Some("x86_64-unknown-linux-gnu")
[INFO] [stderr]   cargo:rerun-if-env-changed=CXX_x86_64-unknown-linux-gnu
[INFO] [stderr]   CXX_x86_64-unknown-linux-gnu = None
[INFO] [stderr]   cargo:rerun-if-env-changed=CXX_x86_64_unknown_linux_gnu
[INFO] [stderr]   CXX_x86_64_unknown_linux_gnu = None
[INFO] [stderr]   cargo:rerun-if-env-changed=HOST_CXX
[INFO] [stderr]   HOST_CXX = None
[INFO] [stderr]   cargo:rerun-if-env-changed=CXX
[INFO] [stderr]   CXX = None
[INFO] [stderr]   cargo:rerun-if-env-changed=CXXFLAGS_x86_64-unknown-linux-gnu
[INFO] [stderr]   CXXFLAGS_x86_64-unknown-linux-gnu = None
[INFO] [stderr]   cargo:rerun-if-env-changed=CXXFLAGS_x86_64_unknown_linux_gnu
[INFO] [stderr]   CXXFLAGS_x86_64_unknown_linux_gnu = None
[INFO] [stderr]   cargo:rerun-if-env-changed=HOST_CXXFLAGS
[INFO] [stderr]   HOST_CXXFLAGS = None
[INFO] [stderr]   cargo:rerun-if-env-changed=CXXFLAGS
[INFO] [stderr]   CXXFLAGS = None
[INFO] [stderr]   cargo:rerun-if-env-changed=CRATE_CC_NO_DEFAULTS
[INFO] [stderr]   CRATE_CC_NO_DEFAULTS = None
[INFO] [stderr]   DEBUG = Some("true")
[INFO] [stderr]   CARGO_CFG_TARGET_FEATURE = Some("fxsr,sse,sse2")
[INFO] [stderr]   cargo:rerun-if-env-changed=CXX_x86_64-unknown-linux-gnu
[INFO] [stderr]   CXX_x86_64-unknown-linux-gnu = None
[INFO] [stderr]   cargo:rerun-if-env-changed=CXX_x86_64_unknown_linux_gnu
[INFO] [stderr]   CXX_x86_64_unknown_linux_gnu = None
[INFO] [stderr]   cargo:rerun-if-env-changed=HOST_CXX
[INFO] [stderr]   HOST_CXX = None
[INFO] [stderr]   cargo:rerun-if-env-changed=CXX
[INFO] [stderr]   CXX = None
[INFO] [stderr]   cargo:rerun-if-env-changed=CXXFLAGS_x86_64-unknown-linux-gnu
[INFO] [stderr]   CXXFLAGS_x86_64-unknown-linux-gnu = None
[INFO] [stderr]   cargo:rerun-if-env-changed=CXXFLAGS_x86_64_unknown_linux_gnu
[INFO] [stderr]   CXXFLAGS_x86_64_unknown_linux_gnu = None
[INFO] [stderr]   cargo:rerun-if-env-changed=HOST_CXXFLAGS
[INFO] [stderr]   HOST_CXXFLAGS = None
[INFO] [stderr]   cargo:rerun-if-env-changed=CXXFLAGS
[INFO] [stderr]   CXXFLAGS = None
[INFO] [stderr]   cargo:rerun-if-env-changed=CRATE_CC_NO_DEFAULTS
[INFO] [stderr]   CRATE_CC_NO_DEFAULTS = None
[INFO] [stderr]   CARGO_CFG_TARGET_FEATURE = Some("fxsr,sse,sse2")
[INFO] [stderr]   cargo:rerun-if-env-changed=CXX_x86_64-unknown-linux-gnu
[INFO] [stderr]   CXX_x86_64-unknown-linux-gnu = None
[INFO] [stderr]   cargo:rerun-if-env-changed=CXX_x86_64_unknown_linux_gnu
[INFO] [stderr]   CXX_x86_64_unknown_linux_gnu = None
[INFO] [stderr]   cargo:rerun-if-env-changed=HOST_CXX
[INFO] [stderr]   HOST_CXX = None
[INFO] [stderr]   cargo:rerun-if-env-changed=CXX
[INFO] [stderr]   CXX = None
[INFO] [stderr]   cargo:rerun-if-env-changed=CXXFLAGS_x86_64-unknown-linux-gnu
[INFO] [stderr]   CXXFLAGS_x86_64-unknown-linux-gnu = None
[INFO] [stderr]   cargo:rerun-if-env-changed=CXXFLAGS_x86_64_unknown_linux_gnu
[INFO] [stderr]   CXXFLAGS_x86_64_unknown_linux_gnu = None
[INFO] [stderr]   cargo:rerun-if-env-changed=HOST_CXXFLAGS
[INFO] [stderr]   HOST_CXXFLAGS = None
[INFO] [stderr]   cargo:rerun-if-env-changed=CXXFLAGS
[INFO] [stderr]   CXXFLAGS = None
[INFO] [stderr]   cargo:rerun-if-env-changed=CRATE_CC_NO_DEFAULTS
[INFO] [stderr]   CRATE_CC_NO_DEFAULTS = None
[INFO] [stderr]   CARGO_CFG_TARGET_FEATURE = Some("fxsr,sse,sse2")
[INFO] [stderr]   running: "c++" "-O0" "-ffunction-sections" "-fdata-sections" "-fPIC" "-gdwarf-4" "-fno-omit-frame-pointer" "-m64" "-I" "rocksdb/include/" "-I" "rocksdb/" "-I" "rocksdb/third-party/gtest-1.8.1/fused-src/" "-I" "snappy/" "-I" "/opt/rustwide/target/debug/build/lz4-sys-87c6bbaa8782f74e/out/include" "-I" "/opt/rustwide/cargo-home/registry/src/index.crates.io-6f17d22bba15001f/zstd-sys-2.0.8+zstd.1.5.5/zstd/lib" "-I" "/opt/rustwide/target/debug/build/libz-sys-216c0a3552280bbc/out/include" "-I" "/opt/rustwide/target/debug/build/bzip2-sys-9ce1c96bf8c979c5/out/include" "-I" "." "-Wall" "-Wextra" "-std=c++17" "-Wsign-compare" "-Wshadow" "-Wno-unused-parameter" "-Wno-unused-variable" "-Woverloaded-virtual" "-Wnon-virtual-dtor" "-Wno-missing-field-initializers" "-Wno-strict-aliasing" "-Wno-invalid-offsetof" "-msse2" "-std=c++17" "-DSNAPPY=1" "-DLZ4=1" "-DZSTD=1" "-DZLIB=1" "-DBZIP2=1" "-DNDEBUG=1" "-DOS_LINUX" "-DROCKSDB_PLATFORM_POSIX" "-DROCKSDB_LIB_IO_POSIX" "-DROCKSDB_SUPPORT_THREAD_LOCAL" "-o" "/opt/rustwide/target/debug/build/librocksdb-sys-7a8f03394ee40d5f/out/rocksdb/cache/cache.o" "-c" "rocksdb/cache/cache.cc"
[INFO] [stderr]   running: "c++" "-O0" "-ffunction-sections" "-fdata-sections" "-fPIC" "-gdwarf-4" "-fno-omit-frame-pointer" "-m64" "-I" "rocksdb/include/" "-I" "rocksdb/" "-I" "rocksdb/third-party/gtest-1.8.1/fused-src/" "-I" "snappy/" "-I" "/opt/rustwide/target/debug/build/lz4-sys-87c6bbaa8782f74e/out/include" "-I" "/opt/rustwide/cargo-home/registry/src/index.crates.io-6f17d22bba15001f/zstd-sys-2.0.8+zstd.1.5.5/zstd/lib" "-I" "/opt/rustwide/target/debug/build/libz-sys-216c0a3552280bbc/out/include" "-I" "/opt/rustwide/target/debug/build/bzip2-sys-9ce1c96bf8c979c5/out/include" "-I" "." "-Wall" "-Wextra" "-std=c++17" "-Wsign-compare" "-Wshadow" "-Wno-unused-parameter" "-Wno-unused-variable" "-Woverloaded-virtual" "-Wnon-virtual-dtor" "-Wno-missing-field-initializers" "-Wno-strict-aliasing" "-Wno-invalid-offsetof" "-msse2" "-std=c++17" "-DSNAPPY=1" "-DLZ4=1" "-DZSTD=1" "-DZLIB=1" "-DBZIP2=1" "-DNDEBUG=1" "-DOS_LINUX" "-DROCKSDB_PLATFORM_POSIX" "-DROCKSDB_LIB_IO_POSIX" "-DROCKSDB_SUPPORT_THREAD_LOCAL" "-o" "/opt/rustwide/target/debug/build/librocksdb-sys-7a8f03394ee40d5f/out/rocksdb/cache/cache_helpers.o" "-c" "rocksdb/cache/cache_helpers.cc"
[INFO] [stderr]   running: "c++" "-O0" "-ffunction-sections" "-fdata-sections" "-fPIC" "-gdwarf-4" "-fno-omit-frame-pointer" "-m64" "-I" "rocksdb/include/" "-I" "rocksdb/" "-I" "rocksdb/third-party/gtest-1.8.1/fused-src/" "-I" "snappy/" "-I" "/opt/rustwide/target/debug/build/lz4-sys-87c6bbaa8782f74e/out/include" "-I" "/opt/rustwide/cargo-home/registry/src/index.crates.io-6f17d22bba15001f/zstd-sys-2.0.8+zstd.1.5.5/zstd/lib" "-I" "/opt/rustwide/target/debug/build/libz-sys-216c0a3552280bbc/out/include" "-I" "/opt/rustwide/target/debug/build/bzip2-sys-9ce1c96bf8c979c5/out/include" "-I" "." "-Wall" "-Wextra" "-std=c++17" "-Wsign-compare" "-Wshadow" "-Wno-unused-parameter" "-Wno-unused-variable" "-Woverloaded-virtual" "-Wnon-virtual-dtor" "-Wno-missing-field-initializers" "-Wno-strict-aliasing" "-Wno-invalid-offsetof" "-msse2" "-std=c++17" "-DSNAPPY=1" "-DLZ4=1" "-DZSTD=1" "-DZLIB=1" "-DBZIP2=1" "-DNDEBUG=1" "-DOS_LINUX" "-DROCKSDB_PLATFORM_POSIX" "-DROCKSDB_LIB_IO_POSIX" "-DROCKSDB_SUPPORT_THREAD_LOCAL" "-o" "/opt/rustwide/target/debug/build/librocksdb-sys-7a8f03394ee40d5f/out/rocksdb/cache/cache_key.o" "-c" "rocksdb/cache/cache_key.cc"
[INFO] [stderr]   running: "c++" "-O0" "-ffunction-sections" "-fdata-sections" "-fPIC" "-gdwarf-4" "-fno-omit-frame-pointer" "-m64" "-I" "rocksdb/include/" "-I" "rocksdb/" "-I" "rocksdb/third-party/gtest-1.8.1/fused-src/" "-I" "snappy/" "-I" "/opt/rustwide/target/debug/build/lz4-sys-87c6bbaa8782f74e/out/include" "-I" "/opt/rustwide/cargo-home/registry/src/index.crates.io-6f17d22bba15001f/zstd-sys-2.0.8+zstd.1.5.5/zstd/lib" "-I" "/opt/rustwide/target/debug/build/libz-sys-216c0a3552280bbc/out/include" "-I" "/opt/rustwide/target/debug/build/bzip2-sys-9ce1c96bf8c979c5/out/include" "-I" "." "-Wall" "-Wextra" "-std=c++17" "-Wsign-compare" "-Wshadow" "-Wno-unused-parameter" "-Wno-unused-variable" "-Woverloaded-virtual" "-Wnon-virtual-dtor" "-Wno-missing-field-initializers" "-Wno-strict-aliasing" "-Wno-invalid-offsetof" "-msse2" "-std=c++17" "-DSNAPPY=1" "-DLZ4=1" "-DZSTD=1" "-DZLIB=1" "-DBZIP2=1" "-DNDEBUG=1" "-DOS_LINUX" "-DROCKSDB_PLATFORM_POSIX" "-DROCKSDB_LIB_IO_POSIX" "-DROCKSDB_SUPPORT_THREAD_LOCAL" "-o" "/opt/rustwide/target/debug/build/librocksdb-sys-7a8f03394ee40d5f/out/rocksdb/cache/cache_reservation_manager.o" "-c" "rocksdb/cache/cache_reservation_manager.cc"
[INFO] [stderr]   running: "c++" "-O0" "-ffunction-sections" "-fdata-sections" "-fPIC" "-gdwarf-4" "-fno-omit-frame-pointer" "-m64" "-I" "rocksdb/include/" "-I" "rocksdb/" "-I" "rocksdb/third-party/gtest-1.8.1/fused-src/" "-I" "snappy/" "-I" "/opt/rustwide/target/debug/build/lz4-sys-87c6bbaa8782f74e/out/include" "-I" "/opt/rustwide/cargo-home/registry/src/index.crates.io-6f17d22bba15001f/zstd-sys-2.0.8+zstd.1.5.5/zstd/lib" "-I" "/opt/rustwide/target/debug/build/libz-sys-216c0a3552280bbc/out/include" "-I" "/opt/rustwide/target/debug/build/bzip2-sys-9ce1c96bf8c979c5/out/include" "-I" "." "-Wall" "-Wextra" "-std=c++17" "-Wsign-compare" "-Wshadow" "-Wno-unused-parameter" "-Wno-unused-variable" "-Woverloaded-virtual" "-Wnon-virtual-dtor" "-Wno-missing-field-initializers" "-Wno-strict-aliasing" "-Wno-invalid-offsetof" "-msse2" "-std=c++17" "-DSNAPPY=1" "-DLZ4=1" "-DZSTD=1" "-DZLIB=1" "-DBZIP2=1" "-DNDEBUG=1" "-DOS_LINUX" "-DROCKSDB_PLATFORM_POSIX" "-DROCKSDB_LIB_IO_POSIX" "-DROCKSDB_SUPPORT_THREAD_LOCAL" "-o" "/opt/rustwide/target/debug/build/librocksdb-sys-7a8f03394ee40d5f/out/rocksdb/cache/clock_cache.o" "-c" "rocksdb/cache/clock_cache.cc"
[INFO] [stderr]   running: "c++" "-O0" "-ffunction-sections" "-fdata-sections" "-fPIC" "-gdwarf-4" "-fno-omit-frame-pointer" "-m64" "-I" "rocksdb/include/" "-I" "rocksdb/" "-I" "rocksdb/third-party/gtest-1.8.1/fused-src/" "-I" "snappy/" "-I" "/opt/rustwide/target/debug/build/lz4-sys-87c6bbaa8782f74e/out/include" "-I" "/opt/rustwide/cargo-home/registry/src/index.crates.io-6f17d22bba15001f/zstd-sys-2.0.8+zstd.1.5.5/zstd/lib" "-I" "/opt/rustwide/target/debug/build/libz-sys-216c0a3552280bbc/out/include" "-I" "/opt/rustwide/target/debug/build/bzip2-sys-9ce1c96bf8c979c5/out/include" "-I" "." "-Wall" "-Wextra" "-std=c++17" "-Wsign-compare" "-Wshadow" "-Wno-unused-parameter" "-Wno-unused-variable" "-Woverloaded-virtual" "-Wnon-virtual-dtor" "-Wno-missing-field-initializers" "-Wno-strict-aliasing" "-Wno-invalid-offsetof" "-msse2" "-std=c++17" "-DSNAPPY=1" "-DLZ4=1" "-DZSTD=1" "-DZLIB=1" "-DBZIP2=1" "-DNDEBUG=1" "-DOS_LINUX" "-DROCKSDB_PLATFORM_POSIX" "-DROCKSDB_LIB_IO_POSIX" "-DROCKSDB_SUPPORT_THREAD_LOCAL" "-o" "/opt/rustwide/target/debug/build/librocksdb-sys-7a8f03394ee40d5f/out/rocksdb/cache/lru_cache.o" "-c" "rocksdb/cache/lru_cache.cc"
[INFO] [stderr]   running: "c++" "-O0" "-ffunction-sections" "-fdata-sections" "-fPIC" "-gdwarf-4" "-fno-omit-frame-pointer" "-m64" "-I" "rocksdb/include/" "-I" "rocksdb/" "-I" "rocksdb/third-party/gtest-1.8.1/fused-src/" "-I" "snappy/" "-I" "/opt/rustwide/target/debug/build/lz4-sys-87c6bbaa8782f74e/out/include" "-I" "/opt/rustwide/cargo-home/registry/src/index.crates.io-6f17d22bba15001f/zstd-sys-2.0.8+zstd.1.5.5/zstd/lib" "-I" "/opt/rustwide/target/debug/build/libz-sys-216c0a3552280bbc/out/include" "-I" "/opt/rustwide/target/debug/build/bzip2-sys-9ce1c96bf8c979c5/out/include" "-I" "." "-Wall" "-Wextra" "-std=c++17" "-Wsign-compare" "-Wshadow" "-Wno-unused-parameter" "-Wno-unused-variable" "-Woverloaded-virtual" "-Wnon-virtual-dtor" "-Wno-missing-field-initializers" "-Wno-strict-aliasing" "-Wno-invalid-offsetof" "-msse2" "-std=c++17" "-DSNAPPY=1" "-DLZ4=1" "-DZSTD=1" "-DZLIB=1" "-DBZIP2=1" "-DNDEBUG=1" "-DOS_LINUX" "-DROCKSDB_PLATFORM_POSIX" "-DROCKSDB_LIB_IO_POSIX" "-DROCKSDB_SUPPORT_THREAD_LOCAL" "-o" "/opt/rustwide/target/debug/build/librocksdb-sys-7a8f03394ee40d5f/out/rocksdb/cache/charged_cache.o" "-c" "rocksdb/cache/charged_cache.cc"
[INFO] [stderr]   running: "c++" "-O0" "-ffunction-sections" "-fdata-sections" "-fPIC" "-gdwarf-4" "-fno-omit-frame-pointer" "-m64" "-I" "rocksdb/include/" "-I" "rocksdb/" "-I" "rocksdb/third-party/gtest-1.8.1/fused-src/" "-I" "snappy/" "-I" "/opt/rustwide/target/debug/build/lz4-sys-87c6bbaa8782f74e/out/include" "-I" "/opt/rustwide/cargo-home/registry/src/index.crates.io-6f17d22bba15001f/zstd-sys-2.0.8+zstd.1.5.5/zstd/lib" "-I" "/opt/rustwide/target/debug/build/libz-sys-216c0a3552280bbc/out/include" "-I" "/opt/rustwide/target/debug/build/bzip2-sys-9ce1c96bf8c979c5/out/include" "-I" "." "-Wall" "-Wextra" "-std=c++17" "-Wsign-compare" "-Wshadow" "-Wno-unused-parameter" "-Wno-unused-variable" "-Woverloaded-virtual" "-Wnon-virtual-dtor" "-Wno-missing-field-initializers" "-Wno-strict-aliasing" "-Wno-invalid-offsetof" "-msse2" "-std=c++17" "-DSNAPPY=1" "-DLZ4=1" "-DZSTD=1" "-DZLIB=1" "-DBZIP2=1" "-DNDEBUG=1" "-DOS_LINUX" "-DROCKSDB_PLATFORM_POSIX" "-DROCKSDB_LIB_IO_POSIX" "-DROCKSDB_SUPPORT_THREAD_LOCAL" "-o" "/opt/rustwide/target/debug/build/librocksdb-sys-7a8f03394ee40d5f/out/rocksdb/cache/compressed_secondary_cache.o" "-c" "rocksdb/cache/compressed_secondary_cache.cc"
[INFO] [stderr]   running: "c++" "-O0" "-ffunction-sections" "-fdata-sections" "-fPIC" "-gdwarf-4" "-fno-omit-frame-pointer" "-m64" "-I" "rocksdb/include/" "-I" "rocksdb/" "-I" "rocksdb/third-party/gtest-1.8.1/fused-src/" "-I" "snappy/" "-I" "/opt/rustwide/target/debug/build/lz4-sys-87c6bbaa8782f74e/out/include" "-I" "/opt/rustwide/cargo-home/registry/src/index.crates.io-6f17d22bba15001f/zstd-sys-2.0.8+zstd.1.5.5/zstd/lib" "-I" "/opt/rustwide/target/debug/build/libz-sys-216c0a3552280bbc/out/include" "-I" "/opt/rustwide/target/debug/build/bzip2-sys-9ce1c96bf8c979c5/out/include" "-I" "." "-Wall" "-Wextra" "-std=c++17" "-Wsign-compare" "-Wshadow" "-Wno-unused-parameter" "-Wno-unused-variable" "-Woverloaded-virtual" "-Wnon-virtual-dtor" "-Wno-missing-field-initializers" "-Wno-strict-aliasing" "-Wno-invalid-offsetof" "-msse2" "-std=c++17" "-DSNAPPY=1" "-DLZ4=1" "-DZSTD=1" "-DZLIB=1" "-DBZIP2=1" "-DNDEBUG=1" "-DOS_LINUX" "-DROCKSDB_PLATFORM_POSIX" "-DROCKSDB_LIB_IO_POSIX" "-DROCKSDB_SUPPORT_THREAD_LOCAL" "-o" "/opt/rustwide/target/debug/build/librocksdb-sys-7a8f03394ee40d5f/out/rocksdb/cache/secondary_cache.o" "-c" "rocksdb/cache/secondary_cache.cc"
[INFO] [stderr]   running: "c++" "-O0" "-ffunction-sections" "-fdata-sections" "-fPIC" "-gdwarf-4" "-fno-omit-frame-pointer" "-m64" "-I" "rocksdb/include/" "-I" "rocksdb/" "-I" "rocksdb/third-party/gtest-1.8.1/fused-src/" "-I" "snappy/" "-I" "/opt/rustwide/target/debug/build/lz4-sys-87c6bbaa8782f74e/out/include" "-I" "/opt/rustwide/cargo-home/registry/src/index.crates.io-6f17d22bba15001f/zstd-sys-2.0.8+zstd.1.5.5/zstd/lib" "-I" "/opt/rustwide/target/debug/build/libz-sys-216c0a3552280bbc/out/include" "-I" "/opt/rustwide/target/debug/build/bzip2-sys-9ce1c96bf8c979c5/out/include" "-I" "." "-Wall" "-Wextra" "-std=c++17" "-Wsign-compare" "-Wshadow" "-Wno-unused-parameter" "-Wno-unused-variable" "-Woverloaded-virtual" "-Wnon-virtual-dtor" "-Wno-missing-field-initializers" "-Wno-strict-aliasing" "-Wno-invalid-offsetof" "-msse2" "-std=c++17" "-DSNAPPY=1" "-DLZ4=1" "-DZSTD=1" "-DZLIB=1" "-DBZIP2=1" "-DNDEBUG=1" "-DOS_LINUX" "-DROCKSDB_PLATFORM_POSIX" "-DROCKSDB_LIB_IO_POSIX" "-DROCKSDB_SUPPORT_THREAD_LOCAL" "-o" "/opt/rustwide/target/debug/build/librocksdb-sys-7a8f03394ee40d5f/out/rocksdb/db/arena_wrapped_db_iter.o" "-c" "rocksdb/db/arena_wrapped_db_iter.cc"
[INFO] [stderr]   running: "c++" "-O0" "-ffunction-sections" "-fdata-sections" "-fPIC" "-gdwarf-4" "-fno-omit-frame-pointer" "-m64" "-I" "rocksdb/include/" "-I" "rocksdb/" "-I" "rocksdb/third-party/gtest-1.8.1/fused-src/" "-I" "snappy/" "-I" "/opt/rustwide/target/debug/build/lz4-sys-87c6bbaa8782f74e/out/include" "-I" "/opt/rustwide/cargo-home/registry/src/index.crates.io-6f17d22bba15001f/zstd-sys-2.0.8+zstd.1.5.5/zstd/lib" "-I" "/opt/rustwide/target/debug/build/libz-sys-216c0a3552280bbc/out/include" "-I" "/opt/rustwide/target/debug/build/bzip2-sys-9ce1c96bf8c979c5/out/include" "-I" "." "-Wall" "-Wextra" "-std=c++17" "-Wsign-compare" "-Wshadow" "-Wno-unused-parameter" "-Wno-unused-variable" "-Woverloaded-virtual" "-Wnon-virtual-dtor" "-Wno-missing-field-initializers" "-Wno-strict-aliasing" "-Wno-invalid-offsetof" "-msse2" "-std=c++17" "-DSNAPPY=1" "-DLZ4=1" "-DZSTD=1" "-DZLIB=1" "-DBZIP2=1" "-DNDEBUG=1" "-DOS_LINUX" "-DROCKSDB_PLATFORM_POSIX" "-DROCKSDB_LIB_IO_POSIX" "-DROCKSDB_SUPPORT_THREAD_LOCAL" "-o" "/opt/rustwide/target/debug/build/librocksdb-sys-7a8f03394ee40d5f/out/rocksdb/db/blob/blob_fetcher.o" "-c" "rocksdb/db/blob/blob_fetcher.cc"
[INFO] [stderr]   running: "c++" "-O0" "-ffunction-sections" "-fdata-sections" "-fPIC" "-gdwarf-4" "-fno-omit-frame-pointer" "-m64" "-I" "rocksdb/include/" "-I" "rocksdb/" "-I" "rocksdb/third-party/gtest-1.8.1/fused-src/" "-I" "snappy/" "-I" "/opt/rustwide/target/debug/build/lz4-sys-87c6bbaa8782f74e/out/include" "-I" "/opt/rustwide/cargo-home/registry/src/index.crates.io-6f17d22bba15001f/zstd-sys-2.0.8+zstd.1.5.5/zstd/lib" "-I" "/opt/rustwide/target/debug/build/libz-sys-216c0a3552280bbc/out/include" "-I" "/opt/rustwide/target/debug/build/bzip2-sys-9ce1c96bf8c979c5/out/include" "-I" "." "-Wall" "-Wextra" "-std=c++17" "-Wsign-compare" "-Wshadow" "-Wno-unused-parameter" "-Wno-unused-variable" "-Woverloaded-virtual" "-Wnon-virtual-dtor" "-Wno-missing-field-initializers" "-Wno-strict-aliasing" "-Wno-invalid-offsetof" "-msse2" "-std=c++17" "-DSNAPPY=1" "-DLZ4=1" "-DZSTD=1" "-DZLIB=1" "-DBZIP2=1" "-DNDEBUG=1" "-DOS_LINUX" "-DROCKSDB_PLATFORM_POSIX" "-DROCKSDB_LIB_IO_POSIX" "-DROCKSDB_SUPPORT_THREAD_LOCAL" "-o" "/opt/rustwide/target/debug/build/librocksdb-sys-7a8f03394ee40d5f/out/rocksdb/cache/sharded_cache.o" "-c" "rocksdb/cache/sharded_cache.cc"
[INFO] [stderr]   running: "c++" "-O0" "-ffunction-sections" "-fdata-sections" "-fPIC" "-gdwarf-4" "-fno-omit-frame-pointer" "-m64" "-I" "rocksdb/include/" "-I" "rocksdb/" "-I" "rocksdb/third-party/gtest-1.8.1/fused-src/" "-I" "snappy/" "-I" "/opt/rustwide/target/debug/build/lz4-sys-87c6bbaa8782f74e/out/include" "-I" "/opt/rustwide/cargo-home/registry/src/index.crates.io-6f17d22bba15001f/zstd-sys-2.0.8+zstd.1.5.5/zstd/lib" "-I" "/opt/rustwide/target/debug/build/libz-sys-216c0a3552280bbc/out/include" "-I" "/opt/rustwide/target/debug/build/bzip2-sys-9ce1c96bf8c979c5/out/include" "-I" "." "-Wall" "-Wextra" "-std=c++17" "-Wsign-compare" "-Wshadow" "-Wno-unused-parameter" "-Wno-unused-variable" "-Woverloaded-virtual" "-Wnon-virtual-dtor" "-Wno-missing-field-initializers" "-Wno-strict-aliasing" "-Wno-invalid-offsetof" "-msse2" "-std=c++17" "-DSNAPPY=1" "-DLZ4=1" "-DZSTD=1" "-DZLIB=1" "-DBZIP2=1" "-DNDEBUG=1" "-DOS_LINUX" "-DROCKSDB_PLATFORM_POSIX" "-DROCKSDB_LIB_IO_POSIX" "-DROCKSDB_SUPPORT_THREAD_LOCAL" "-o" "/opt/rustwide/target/debug/build/librocksdb-sys-7a8f03394ee40d5f/out/rocksdb/db/blob/blob_contents.o" "-c" "rocksdb/db/blob/blob_contents.cc"
[INFO] [stderr]   running: "c++" "-O0" "-ffunction-sections" "-fdata-sections" "-fPIC" "-gdwarf-4" "-fno-omit-frame-pointer" "-m64" "-I" "rocksdb/include/" "-I" "rocksdb/" "-I" "rocksdb/third-party/gtest-1.8.1/fused-src/" "-I" "snappy/" "-I" "/opt/rustwide/target/debug/build/lz4-sys-87c6bbaa8782f74e/out/include" "-I" "/opt/rustwide/cargo-home/registry/src/index.crates.io-6f17d22bba15001f/zstd-sys-2.0.8+zstd.1.5.5/zstd/lib" "-I" "/opt/rustwide/target/debug/build/libz-sys-216c0a3552280bbc/out/include" "-I" "/opt/rustwide/target/debug/build/bzip2-sys-9ce1c96bf8c979c5/out/include" "-I" "." "-Wall" "-Wextra" "-std=c++17" "-Wsign-compare" "-Wshadow" "-Wno-unused-parameter" "-Wno-unused-variable" "-Woverloaded-virtual" "-Wnon-virtual-dtor" "-Wno-missing-field-initializers" "-Wno-strict-aliasing" "-Wno-invalid-offsetof" "-msse2" "-std=c++17" "-DSNAPPY=1" "-DLZ4=1" "-DZSTD=1" "-DZLIB=1" "-DBZIP2=1" "-DNDEBUG=1" "-DOS_LINUX" "-DROCKSDB_PLATFORM_POSIX" "-DROCKSDB_LIB_IO_POSIX" "-DROCKSDB_SUPPORT_THREAD_LOCAL" "-o" "/opt/rustwide/target/debug/build/librocksdb-sys-7a8f03394ee40d5f/out/rocksdb/cache/secondary_cache_adapter.o" "-c" "rocksdb/cache/secondary_cache_adapter.cc"
[INFO] [stderr]   running: "c++" "-O0" "-ffunction-sections" "-fdata-sections" "-fPIC" "-gdwarf-4" "-fno-omit-frame-pointer" "-m64" "-I" "rocksdb/include/" "-I" "rocksdb/" "-I" "rocksdb/third-party/gtest-1.8.1/fused-src/" "-I" "snappy/" "-I" "/opt/rustwide/target/debug/build/lz4-sys-87c6bbaa8782f74e/out/include" "-I" "/opt/rustwide/cargo-home/registry/src/index.crates.io-6f17d22bba15001f/zstd-sys-2.0.8+zstd.1.5.5/zstd/lib" "-I" "/opt/rustwide/target/debug/build/libz-sys-216c0a3552280bbc/out/include" "-I" "/opt/rustwide/target/debug/build/bzip2-sys-9ce1c96bf8c979c5/out/include" "-I" "." "-Wall" "-Wextra" "-std=c++17" "-Wsign-compare" "-Wshadow" "-Wno-unused-parameter" "-Wno-unused-variable" "-Woverloaded-virtual" "-Wnon-virtual-dtor" "-Wno-missing-field-initializers" "-Wno-strict-aliasing" "-Wno-invalid-offsetof" "-msse2" "-std=c++17" "-DSNAPPY=1" "-DLZ4=1" "-DZSTD=1" "-DZLIB=1" "-DBZIP2=1" "-DNDEBUG=1" "-DOS_LINUX" "-DROCKSDB_PLATFORM_POSIX" "-DROCKSDB_LIB_IO_POSIX" "-DROCKSDB_SUPPORT_THREAD_LOCAL" "-o" "/opt/rustwide/target/debug/build/librocksdb-sys-7a8f03394ee40d5f/out/rocksdb/cache/cache_entry_roles.o" "-c" "rocksdb/cache/cache_entry_roles.cc"
[INFO] [stderr]   exit status: 0
[INFO] [stderr]   running: "c++" "-O0" "-ffunction-sections" "-fdata-sections" "-fPIC" "-gdwarf-4" "-fno-omit-frame-pointer" "-m64" "-I" "rocksdb/include/" "-I" "rocksdb/" "-I" "rocksdb/third-party/gtest-1.8.1/fused-src/" "-I" "snappy/" "-I" "/opt/rustwide/target/debug/build/lz4-sys-87c6bbaa8782f74e/out/include" "-I" "/opt/rustwide/cargo-home/registry/src/index.crates.io-6f17d22bba15001f/zstd-sys-2.0.8+zstd.1.5.5/zstd/lib" "-I" "/opt/rustwide/target/debug/build/libz-sys-216c0a3552280bbc/out/include" "-I" "/opt/rustwide/target/debug/build/bzip2-sys-9ce1c96bf8c979c5/out/include" "-I" "." "-Wall" "-Wextra" "-std=c++17" "-Wsign-compare" "-Wshadow" "-Wno-unused-parameter" "-Wno-unused-variable" "-Woverloaded-virtual" "-Wnon-virtual-dtor" "-Wno-missing-field-initializers" "-Wno-strict-aliasing" "-Wno-invalid-offsetof" "-msse2" "-std=c++17" "-DSNAPPY=1" "-DLZ4=1" "-DZSTD=1" "-DZLIB=1" "-DBZIP2=1" "-DNDEBUG=1" "-DOS_LINUX" "-DROCKSDB_PLATFORM_POSIX" "-DROCKSDB_LIB_IO_POSIX" "-DROCKSDB_SUPPORT_THREAD_LOCAL" "-o" "/opt/rustwide/target/debug/build/librocksdb-sys-7a8f03394ee40d5f/out/rocksdb/db/blob/blob_file_addition.o" "-c" "rocksdb/db/blob/blob_file_addition.cc"
[INFO] [stderr]   exit status: 0
[INFO] [stderr]   running: "c++" "-O0" "-ffunction-sections" "-fdata-sections" "-fPIC" "-gdwarf-4" "-fno-omit-frame-pointer" "-m64" "-I" "rocksdb/include/" "-I" "rocksdb/" "-I" "rocksdb/third-party/gtest-1.8.1/fused-src/" "-I" "snappy/" "-I" "/opt/rustwide/target/debug/build/lz4-sys-87c6bbaa8782f74e/out/include" "-I" "/opt/rustwide/cargo-home/registry/src/index.crates.io-6f17d22bba15001f/zstd-sys-2.0.8+zstd.1.5.5/zstd/lib" "-I" "/opt/rustwide/target/debug/build/libz-sys-216c0a3552280bbc/out/include" "-I" "/opt/rustwide/target/debug/build/bzip2-sys-9ce1c96bf8c979c5/out/include" "-I" "." "-Wall" "-Wextra" "-std=c++17" "-Wsign-compare" "-Wshadow" "-Wno-unused-parameter" "-Wno-unused-variable" "-Woverloaded-virtual" "-Wnon-virtual-dtor" "-Wno-missing-field-initializers" "-Wno-strict-aliasing" "-Wno-invalid-offsetof" "-msse2" "-std=c++17" "-DSNAPPY=1" "-DLZ4=1" "-DZSTD=1" "-DZLIB=1" "-DBZIP2=1" "-DNDEBUG=1" "-DOS_LINUX" "-DROCKSDB_PLATFORM_POSIX" "-DROCKSDB_LIB_IO_POSIX" "-DROCKSDB_SUPPORT_THREAD_LOCAL" "-o" "/opt/rustwide/target/debug/build/librocksdb-sys-7a8f03394ee40d5f/out/rocksdb/db/blob/blob_file_builder.o" "-c" "rocksdb/db/blob/blob_file_builder.cc"
[INFO] [stderr]   exit status: 0
[INFO] [stderr]   running: "c++" "-O0" "-ffunction-sections" "-fdata-sections" "-fPIC" "-gdwarf-4" "-fno-omit-frame-pointer" "-m64" "-I" "rocksdb/include/" "-I" "rocksdb/" "-I" "rocksdb/third-party/gtest-1.8.1/fused-src/" "-I" "snappy/" "-I" "/opt/rustwide/target/debug/build/lz4-sys-87c6bbaa8782f74e/out/include" "-I" "/opt/rustwide/cargo-home/registry/src/index.crates.io-6f17d22bba15001f/zstd-sys-2.0.8+zstd.1.5.5/zstd/lib" "-I" "/opt/rustwide/target/debug/build/libz-sys-216c0a3552280bbc/out/include" "-I" "/opt/rustwide/target/debug/build/bzip2-sys-9ce1c96bf8c979c5/out/include" "-I" "." "-Wall" "-Wextra" "-std=c++17" "-Wsign-compare" "-Wshadow" "-Wno-unused-parameter" "-Wno-unused-variable" "-Woverloaded-virtual" "-Wnon-virtual-dtor" "-Wno-missing-field-initializers" "-Wno-strict-aliasing" "-Wno-invalid-offsetof" "-msse2" "-std=c++17" "-DSNAPPY=1" "-DLZ4=1" "-DZSTD=1" "-DZLIB=1" "-DBZIP2=1" "-DNDEBUG=1" "-DOS_LINUX" "-DROCKSDB_PLATFORM_POSIX" "-DROCKSDB_LIB_IO_POSIX" "-DROCKSDB_SUPPORT_THREAD_LOCAL" "-o" "/opt/rustwide/target/debug/build/librocksdb-sys-7a8f03394ee40d5f/out/rocksdb/db/blob/blob_file_cache.o" "-c" "rocksdb/db/blob/blob_file_cache.cc"
[INFO] [stderr]   exit status: 0
[INFO] [stderr]   running: "c++" "-O0" "-ffunction-sections" "-fdata-sections" "-fPIC" "-gdwarf-4" "-fno-omit-frame-pointer" "-m64" "-I" "rocksdb/include/" "-I" "rocksdb/" "-I" "rocksdb/third-party/gtest-1.8.1/fused-src/" "-I" "snappy/" "-I" "/opt/rustwide/target/debug/build/lz4-sys-87c6bbaa8782f74e/out/include" "-I" "/opt/rustwide/cargo-home/registry/src/index.crates.io-6f17d22bba15001f/zstd-sys-2.0.8+zstd.1.5.5/zstd/lib" "-I" "/opt/rustwide/target/debug/build/libz-sys-216c0a3552280bbc/out/include" "-I" "/opt/rustwide/target/debug/build/bzip2-sys-9ce1c96bf8c979c5/out/include" "-I" "." "-Wall" "-Wextra" "-std=c++17" "-Wsign-compare" "-Wshadow" "-Wno-unused-parameter" "-Wno-unused-variable" "-Woverloaded-virtual" "-Wnon-virtual-dtor" "-Wno-missing-field-initializers" "-Wno-strict-aliasing" "-Wno-invalid-offsetof" "-msse2" "-std=c++17" "-DSNAPPY=1" "-DLZ4=1" "-DZSTD=1" "-DZLIB=1" "-DBZIP2=1" "-DNDEBUG=1" "-DOS_LINUX" "-DROCKSDB_PLATFORM_POSIX" "-DROCKSDB_LIB_IO_POSIX" "-DROCKSDB_SUPPORT_THREAD_LOCAL" "-o" "/opt/rustwide/target/debug/build/librocksdb-sys-7a8f03394ee40d5f/out/rocksdb/db/blob/blob_file_garbage.o" "-c" "rocksdb/db/blob/blob_file_garbage.cc"
[INFO] [stderr]   exit status: 0
[INFO] [stderr]   running: "c++" "-O0" "-ffunction-sections" "-fdata-sections" "-fPIC" "-gdwarf-4" "-fno-omit-frame-pointer" "-m64" "-I" "rocksdb/include/" "-I" "rocksdb/" "-I" "rocksdb/third-party/gtest-1.8.1/fused-src/" "-I" "snappy/" "-I" "/opt/rustwide/target/debug/build/lz4-sys-87c6bbaa8782f74e/out/include" "-I" "/opt/rustwide/cargo-home/registry/src/index.crates.io-6f17d22bba15001f/zstd-sys-2.0.8+zstd.1.5.5/zstd/lib" "-I" "/opt/rustwide/target/debug/build/libz-sys-216c0a3552280bbc/out/include" "-I" "/opt/rustwide/target/debug/build/bzip2-sys-9ce1c96bf8c979c5/out/include" "-I" "." "-Wall" "-Wextra" "-std=c++17" "-Wsign-compare" "-Wshadow" "-Wno-unused-parameter" "-Wno-unused-variable" "-Woverloaded-virtual" "-Wnon-virtual-dtor" "-Wno-missing-field-initializers" "-Wno-strict-aliasing" "-Wno-invalid-offsetof" "-msse2" "-std=c++17" "-DSNAPPY=1" "-DLZ4=1" "-DZSTD=1" "-DZLIB=1" "-DBZIP2=1" "-DNDEBUG=1" "-DOS_LINUX" "-DROCKSDB_PLATFORM_POSIX" "-DROCKSDB_LIB_IO_POSIX" "-DROCKSDB_SUPPORT_THREAD_LOCAL" "-o" "/opt/rustwide/target/debug/build/librocksdb-sys-7a8f03394ee40d5f/out/rocksdb/db/blob/blob_file_meta.o" "-c" "rocksdb/db/blob/blob_file_meta.cc"
[INFO] [stderr]   exit status: 0
[INFO] [stderr]   running: "c++" "-O0" "-ffunction-sections" "-fdata-sections" "-fPIC" "-gdwarf-4" "-fno-omit-frame-pointer" "-m64" "-I" "rocksdb/include/" "-I" "rocksdb/" "-I" "rocksdb/third-party/gtest-1.8.1/fused-src/" "-I" "snappy/" "-I" "/opt/rustwide/target/debug/build/lz4-sys-87c6bbaa8782f74e/out/include" "-I" "/opt/rustwide/cargo-home/registry/src/index.crates.io-6f17d22bba15001f/zstd-sys-2.0.8+zstd.1.5.5/zstd/lib" "-I" "/opt/rustwide/target/debug/build/libz-sys-216c0a3552280bbc/out/include" "-I" "/opt/rustwide/target/debug/build/bzip2-sys-9ce1c96bf8c979c5/out/include" "-I" "." "-Wall" "-Wextra" "-std=c++17" "-Wsign-compare" "-Wshadow" "-Wno-unused-parameter" "-Wno-unused-variable" "-Woverloaded-virtual" "-Wnon-virtual-dtor" "-Wno-missing-field-initializers" "-Wno-strict-aliasing" "-Wno-invalid-offsetof" "-msse2" "-std=c++17" "-DSNAPPY=1" "-DLZ4=1" "-DZSTD=1" "-DZLIB=1" "-DBZIP2=1" "-DNDEBUG=1" "-DOS_LINUX" "-DROCKSDB_PLATFORM_POSIX" "-DROCKSDB_LIB_IO_POSIX" "-DROCKSDB_SUPPORT_THREAD_LOCAL" "-o" "/opt/rustwide/target/debug/build/librocksdb-sys-7a8f03394ee40d5f/out/rocksdb/db/blob/blob_file_reader.o" "-c" "rocksdb/db/blob/blob_file_reader.cc"
[INFO] [stderr]   running: "c++" "-O0" "-ffunction-sections" "-fdata-sections" "-fPIC" "-gdwarf-4" "-fno-omit-frame-pointer" "-m64" "-I" "rocksdb/include/" "-I" "rocksdb/" "-I" "rocksdb/third-party/gtest-1.8.1/fused-src/" "-I" "snappy/" "-I" "/opt/rustwide/target/debug/build/lz4-sys-87c6bbaa8782f74e/out/include" "-I" "/opt/rustwide/cargo-home/registry/src/index.crates.io-6f17d22bba15001f/zstd-sys-2.0.8+zstd.1.5.5/zstd/lib" "-I" "/opt/rustwide/target/debug/build/libz-sys-216c0a3552280bbc/out/include" "-I" "/opt/rustwide/target/debug/build/bzip2-sys-9ce1c96bf8c979c5/out/include" "-I" "." "-Wall" "-Wextra" "-std=c++17" "-Wsign-compare" "-Wshadow" "-Wno-unused-parameter" "-Wno-unused-variable" "-Woverloaded-virtual" "-Wnon-virtual-dtor" "-Wno-missing-field-initializers" "-Wno-strict-aliasing" "-Wno-invalid-offsetof" "-msse2" "-std=c++17" "-DSNAPPY=1" "-DLZ4=1" "-DZSTD=1" "-DZLIB=1" "-DBZIP2=1" "-DNDEBUG=1" "-DOS_LINUX" "-DROCKSDB_PLATFORM_POSIX" "-DROCKSDB_LIB_IO_POSIX" "-DROCKSDB_SUPPORT_THREAD_LOCAL" "-o" "/opt/rustwide/target/debug/build/librocksdb-sys-7a8f03394ee40d5f/out/rocksdb/db/blob/blob_garbage_meter.o" "-c" "rocksdb/db/blob/blob_garbage_meter.cc"
[INFO] [stderr]   cargo:warning=c++: fatal error: Killed signal terminated program cc1plus
[INFO] [stderr]   cargo:warning=compilation terminated.
[INFO] [stderr]   exit status: 1
[INFO] [stderr]   running: "c++" "-O0" "-ffunction-sections" "-fdata-sections" "-fPIC" "-gdwarf-4" "-fno-omit-frame-pointer" "-m64" "-I" "rocksdb/include/" "-I" "rocksdb/" "-I" "rocksdb/third-party/gtest-1.8.1/fused-src/" "-I" "snappy/" "-I" "/opt/rustwide/target/debug/build/lz4-sys-87c6bbaa8782f74e/out/include" "-I" "/opt/rustwide/cargo-home/registry/src/index.crates.io-6f17d22bba15001f/zstd-sys-2.0.8+zstd.1.5.5/zstd/lib" "-I" "/opt/rustwide/target/debug/build/libz-sys-216c0a3552280bbc/out/include" "-I" "/opt/rustwide/target/debug/build/bzip2-sys-9ce1c96bf8c979c5/out/include" "-I" "." "-Wall" "-Wextra" "-std=c++17" "-Wsign-compare" "-Wshadow" "-Wno-unused-parameter" "-Wno-unused-variable" "-Woverloaded-virtual" "-Wnon-virtual-dtor" "-Wno-missing-field-initializers" "-Wno-strict-aliasing" "-Wno-invalid-offsetof" "-msse2" "-std=c++17" "-DSNAPPY=1" "-DLZ4=1" "-DZSTD=1" "-DZLIB=1" "-DBZIP2=1" "-DNDEBUG=1" "-DOS_LINUX" "-DROCKSDB_PLATFORM_POSIX" "-DROCKSDB_LIB_IO_POSIX" "-DROCKSDB_SUPPORT_THREAD_LOCAL" "-o" "/opt/rustwide/target/debug/build/librocksdb-sys-7a8f03394ee40d5f/out/rocksdb/db/blob/blob_log_format.o" "-c" "rocksdb/db/blob/blob_log_format.cc"
[INFO] [stderr]   exit status: 0
[INFO] [stderr]   cargo:warning=c++: fatal error: Killed signal terminated program cc1plus
[INFO] [stderr]   cargo:warning=compilation terminated.
[INFO] [stderr]   exit status: 1
[INFO] [stderr]   exit status: 0
[INFO] [stderr]   cargo:warning=c++: fatal error: Killed signal terminated program cc1plus
[INFO] [stderr]   cargo:warning=compilation terminated.
[INFO] [stderr]   exit status: 1
[INFO] [stderr]   cargo:warning=c++: fatal error: Killed signal terminated program cc1plus
[INFO] [stderr]   cargo:warning=compilation terminated.
[INFO] [stderr]   exit status: 1
[INFO] [stderr]   exit status: 0
[INFO] [stderr]   exit status: 0
[INFO] [stderr]   exit status: 0
[INFO] [stderr]   exit status: 0
[INFO] [stderr]   exit status: 0
[INFO] [stderr]   exit status: 0
[INFO] [stderr]   exit status: 0
[INFO] [stderr]   exit status: 0
[INFO] [stderr]   exit status: 0
[INFO] [stderr]   exit status: 0
[INFO] [stderr]   exit status: 0
[INFO] [stderr] 
[INFO] [stderr]   --- stderr
[INFO] [stderr]   error: 'rustfmt' is not installed for the toolchain 'beta-2023-12-22-x86_64-unknown-linux-gnu'
[INFO] [stderr]   To install, run `rustup component add rustfmt --toolchain beta-2023-12-22-x86_64-unknown-linux-gnu`
[INFO] [stderr]   Failed to run rustfmt: Internal rustfmt error (non-fatal, continuing)
[INFO] [stderr] 
[INFO] [stderr] 
[INFO] [stderr]   error occurred: Command "c++" "-O0" "-ffunction-sections" "-fdata-sections" "-fPIC" "-gdwarf-4" "-fno-omit-frame-pointer" "-m64" "-I" "rocksdb/include/" "-I" "rocksdb/" "-I" "rocksdb/third-party/gtest-1.8.1/fused-src/" "-I" "snappy/" "-I" "/opt/rustwide/target/debug/build/lz4-sys-87c6bbaa8782f74e/out/include" "-I" "/opt/rustwide/cargo-home/registry/src/index.crates.io-6f17d22bba15001f/zstd-sys-2.0.8+zstd.1.5.5/zstd/lib" "-I" "/opt/rustwide/target/debug/build/libz-sys-216c0a3552280bbc/out/include" "-I" "/opt/rustwide/target/debug/build/bzip2-sys-9ce1c96bf8c979c5/out/include" "-I" "." "-Wall" "-Wextra" "-std=c++17" "-Wsign-compare" "-Wshadow" "-Wno-unused-parameter" "-Wno-unused-variable" "-Woverloaded-virtual" "-Wnon-virtual-dtor" "-Wno-missing-field-initializers" "-Wno-strict-aliasing" "-Wno-invalid-offsetof" "-msse2" "-std=c++17" "-DSNAPPY=1" "-DLZ4=1" "-DZSTD=1" "-DZLIB=1" "-DBZIP2=1" "-DNDEBUG=1" "-DOS_LINUX" "-DROCKSDB_PLATFORM_POSIX" "-DROCKSDB_LIB_IO_POSIX" "-DROCKSDB_SUPPORT_THREAD_LOCAL" "-o" "/opt/rustwide/target/debug/build/librocksdb-sys-7a8f03394ee40d5f/out/rocksdb/cache/cache.o" "-c" "rocksdb/cache/cache.cc" with args "c++" did not execute successfully (status code exit status: 1).
[INFO] [stderr] 
[INFO] [stderr] 
[INFO] running `Command { std: "docker" "inspect" "8d77e409bb4caa6ad328c7f0879ee3923d34dc2a79dbdd907bab3bbeb9da3fdd", kill_on_drop: false }`
[INFO] running `Command { std: "docker" "rm" "-f" "8d77e409bb4caa6ad328c7f0879ee3923d34dc2a79dbdd907bab3bbeb9da3fdd", kill_on_drop: false }`
[INFO] [stdout] 8d77e409bb4caa6ad328c7f0879ee3923d34dc2a79dbdd907bab3bbeb9da3fdd
