[INFO] cloning repository https://github.com/CoffeeImpliesCode/waffle_extension
[INFO] running `Command { std: "git" "-c" "credential.helper=" "-c" "credential.helper=/workspace/cargo-home/bin/git-credential-null" "clone" "--bare" "https://github.com/CoffeeImpliesCode/waffle_extension" "/workspace/cache/git-repos/https%3A%2F%2Fgithub.com%2FCoffeeImpliesCode%2Fwaffle_extension", kill_on_drop: false }`
[INFO] [stderr] Cloning into bare repository '/workspace/cache/git-repos/https%3A%2F%2Fgithub.com%2FCoffeeImpliesCode%2Fwaffle_extension'...
[INFO] running `Command { std: "git" "rev-parse" "HEAD", kill_on_drop: false }`
[INFO] [stdout] 3c7a10eb51c67259c4ca2d37c06a3c20e55b9aab
[INFO] documenting CoffeeImpliesCode/waffle_extension against 1.75.0 for beta-1.76-rustdoc-1
[INFO] running `Command { std: "git" "clone" "/workspace/cache/git-repos/https%3A%2F%2Fgithub.com%2FCoffeeImpliesCode%2Fwaffle_extension" "/workspace/builds/worker-7-tc1/source", kill_on_drop: false }`
[INFO] [stderr] Cloning into '/workspace/builds/worker-7-tc1/source'...
[INFO] [stderr] done.
[INFO] validating manifest of git repo https://github.com/CoffeeImpliesCode/waffle_extension on toolchain 1.75.0
[INFO] running `Command { std: CARGO_HOME="/workspace/cargo-home" RUSTUP_HOME="/workspace/rustup-home" "/workspace/cargo-home/bin/cargo" "+1.75.0" "metadata" "--manifest-path" "Cargo.toml" "--no-deps", kill_on_drop: false }`
[INFO] started tweaking git repo https://github.com/CoffeeImpliesCode/waffle_extension
[INFO] finished tweaking git repo https://github.com/CoffeeImpliesCode/waffle_extension
[INFO] tweaked toml for git repo https://github.com/CoffeeImpliesCode/waffle_extension written to /workspace/builds/worker-7-tc1/source/Cargo.toml
[INFO] crate git repo https://github.com/CoffeeImpliesCode/waffle_extension already has a lockfile, it will not be regenerated
[INFO] running `Command { std: CARGO_HOME="/workspace/cargo-home" RUSTUP_HOME="/workspace/rustup-home" "/workspace/cargo-home/bin/cargo" "+1.75.0" "fetch" "--manifest-path" "Cargo.toml", kill_on_drop: false }`
[INFO] [stderr]     Updating crates.io index
[INFO] [stderr]  Downloading crates ...
[INFO] [stderr]   Downloaded corosensei v0.1.3
[INFO] [stderr]   Downloaded wasmer-compiler v3.1.1
[INFO] [stderr]   Downloaded wat v1.0.66
[INFO] [stderr]   Downloaded wasmer-vbus v3.1.1
[INFO] [stderr]   Downloaded wasmer-derive v3.1.1
[INFO] [stderr]   Downloaded wasmer-wasi-local-networking v3.1.1
[INFO] [stderr]   Downloaded wasm-bindgen-downcast-macros v0.1.1
[INFO] [stderr]   Downloaded cranelift-codegen-shared v0.86.1
[INFO] [stderr]   Downloaded wasmer-wit-bindgen-rust-impl v0.1.1
[INFO] [stderr]   Downloaded wasmer-compiler-cranelift v3.1.1
[INFO] [stderr]   Downloaded wasmer-wit-bindgen-gen-rust-wasm v0.1.1
[INFO] [stderr]   Downloaded wasmer-wit-bindgen-gen-rust v0.1.1
[INFO] [stderr]   Downloaded cranelift-codegen-meta v0.86.1
[INFO] [stderr]   Downloaded wast v60.0.0
[INFO] [stderr]   Downloaded cranelift-codegen v0.86.1
[INFO] [stderr]   Downloaded wasmer-wasi v3.1.1
[INFO] [stderr]   Downloaded wasmer v3.1.1
[INFO] [stderr]   Downloaded rustyline v11.0.0
[INFO] [stderr]   Downloaded wasmparser v0.95.0
[INFO] [stderr]   Downloaded waffle v0.0.22
[INFO] [stderr]   Downloaded cpp_demangle v0.4.1
[INFO] [stderr]   Downloaded cranelift-isle v0.86.1
[INFO] [stderr]   Downloaded wasm-encoder v0.20.0
[INFO] [stderr]   Downloaded wasmer-vfs v3.1.1
[INFO] [stderr]   Downloaded cranelift-bforest v0.86.1
[INFO] [stderr]   Downloaded cranelift-entity v0.86.1
[INFO] [stderr]   Downloaded cranelift-frontend v0.86.1
[INFO] [stderr]   Downloaded wasmer-wasi-types v3.1.1
[INFO] [stderr]   Downloaded wasmer-vm v3.1.1
[INFO] [stderr]   Downloaded wasmer-types v3.1.1
[INFO] [stderr]   Downloaded wasmer-wit-bindgen-gen-core v0.1.1
[INFO] [stderr]   Downloaded wasmer-wit-bindgen-rust v0.1.1
[INFO] [stderr]   Downloaded wasmer-vnet v3.1.1
[INFO] [stderr]   Downloaded wasm-bindgen-downcast v0.1.1
[INFO] running `Command { std: "docker" "create" "-v" "/var/lib/crater-agent-workspace/builds/worker-7-tc1/target:/opt/rustwide/target:rw,Z" "-v" "/var/lib/crater-agent-workspace/builds/worker-7-tc1/source:/opt/rustwide/workdir:ro,Z" "-v" "/var/lib/crater-agent-workspace/cargo-home:/opt/rustwide/cargo-home:ro,Z" "-v" "/var/lib/crater-agent-workspace/rustup-home:/opt/rustwide/rustup-home:ro,Z" "-e" "SOURCE_DIR=/opt/rustwide/workdir" "-e" "CARGO_TARGET_DIR=/opt/rustwide/target" "-e" "CARGO_HOME=/opt/rustwide/cargo-home" "-e" "RUSTUP_HOME=/opt/rustwide/rustup-home" "-w" "/opt/rustwide/workdir" "-m" "1610612736" "--user" "0:0" "--network" "none" "ghcr.io/rust-lang/crates-build-env/linux@sha256:2788e3201cd34a07e3172128adcd8b3090168a8e3bcc40d7c032b9dda1df7d1c" "/opt/rustwide/cargo-home/bin/cargo" "+1.75.0" "metadata" "--no-deps" "--format-version=1", kill_on_drop: false }`
[INFO] [stdout] d30925f9ea9f9db508c926d1454aafae0c4477661971f37a84aa86b6161b0f4c
[INFO] running `Command { std: "docker" "start" "-a" "d30925f9ea9f9db508c926d1454aafae0c4477661971f37a84aa86b6161b0f4c", kill_on_drop: false }`
[INFO] running `Command { std: "docker" "inspect" "d30925f9ea9f9db508c926d1454aafae0c4477661971f37a84aa86b6161b0f4c", kill_on_drop: false }`
[INFO] running `Command { std: "docker" "rm" "-f" "d30925f9ea9f9db508c926d1454aafae0c4477661971f37a84aa86b6161b0f4c", kill_on_drop: false }`
[INFO] [stdout] d30925f9ea9f9db508c926d1454aafae0c4477661971f37a84aa86b6161b0f4c
[INFO] running `Command { std: "docker" "create" "-v" "/var/lib/crater-agent-workspace/builds/worker-7-tc1/target:/opt/rustwide/target:rw,Z" "-v" "/var/lib/crater-agent-workspace/builds/worker-7-tc1/source:/opt/rustwide/workdir:ro,Z" "-v" "/var/lib/crater-agent-workspace/cargo-home:/opt/rustwide/cargo-home:ro,Z" "-v" "/var/lib/crater-agent-workspace/rustup-home:/opt/rustwide/rustup-home:ro,Z" "-e" "SOURCE_DIR=/opt/rustwide/workdir" "-e" "CARGO_TARGET_DIR=/opt/rustwide/target" "-e" "CARGO_INCREMENTAL=0" "-e" "RUST_BACKTRACE=full" "-e" "RUSTFLAGS=--cap-lints=warn" "-e" "RUSTDOCFLAGS=--cap-lints=warn" "-e" "CARGO_HOME=/opt/rustwide/cargo-home" "-e" "RUSTUP_HOME=/opt/rustwide/rustup-home" "-w" "/opt/rustwide/workdir" "-m" "1610612736" "--user" "0:0" "--network" "none" "ghcr.io/rust-lang/crates-build-env/linux@sha256:2788e3201cd34a07e3172128adcd8b3090168a8e3bcc40d7c032b9dda1df7d1c" "/opt/rustwide/cargo-home/bin/cargo" "+1.75.0" "doc" "--frozen" "--no-deps" "--document-private-items" "--message-format=json", kill_on_drop: false }`
[INFO] [stdout] 3fd3d97a665cf14171f19eb970e6d8566b88e1c66483445527d108712c284031
[INFO] running `Command { std: "docker" "start" "-a" "3fd3d97a665cf14171f19eb970e6d8566b88e1c66483445527d108712c284031", kill_on_drop: false }`
[INFO] [stderr]    Compiling version_check v0.9.4
[INFO] [stderr]    Compiling proc-macro2 v1.0.59
[INFO] [stderr]    Compiling unicode-ident v1.0.9
[INFO] [stderr]    Compiling quote v1.0.28
[INFO] [stderr]    Compiling libc v0.2.144
[INFO] [stderr]     Checking cfg-if v1.0.0
[INFO] [stderr]    Compiling autocfg v1.1.0
[INFO] [stderr]    Compiling memchr v2.5.0
[INFO] [stderr]    Compiling syn v1.0.109
[INFO] [stderr]     Checking once_cell v1.17.2
[INFO] [stderr]     Checking bitflags v1.3.2
[INFO] [stderr]    Compiling log v0.4.18
[INFO] [stderr]    Compiling anyhow v1.0.71
[INFO] [stderr]    Compiling pulldown-cmark v0.8.0
[INFO] [stderr]     Checking smallvec v1.10.0
[INFO] [stderr]    Compiling fnv v1.0.7
[INFO] [stderr]    Compiling cc v1.0.79
[INFO] [stderr]     Checking stable_deref_trait v1.2.0
[INFO] [stderr]    Compiling thiserror v1.0.40
[INFO] [stderr]     Checking adler v1.0.2
[INFO] [stderr]     Checking fallible-iterator v0.2.0
[INFO] [stderr]    Compiling crc32fast v1.3.2
[INFO] [stderr]    Compiling crossbeam-utils v0.8.15
[INFO] [stderr]     Checking scopeguard v1.1.0
[INFO] [stderr]    Compiling ident_case v1.0.1
[INFO] [stderr]     Checking tinyvec_macros v0.1.1
[INFO] [stderr]     Checking miniz_oxide v0.7.1
[INFO] [stderr]    Compiling unicase v2.6.0
[INFO] [stderr]    Compiling ahash v0.7.6
[INFO] [stderr]     Checking tinyvec v1.6.0
[INFO] [stderr]    Compiling target-lexicon v0.12.7
[INFO] [stderr]    Compiling cpp_demangle v0.4.1
[INFO] [stderr]    Compiling proc-macro-error-attr v1.0.4
[INFO] [stderr]    Compiling cranelift-isle v0.86.1
[INFO] [stderr]    Compiling indexmap v1.9.3
[INFO] [stderr]    Compiling memoffset v0.8.0
[INFO] [stderr]    Compiling crossbeam-epoch v0.9.14
[INFO] [stderr]     Checking leb128 v0.2.5
[INFO] [stderr]    Compiling unicode-segmentation v1.10.1
[INFO] [stderr]     Checking unicode-width v0.1.10
[INFO] [stderr]     Checking flate2 v1.0.26
[INFO] [stderr]     Checking gimli v0.27.2
[INFO] [stderr]    Compiling proc-macro-error v1.0.4
[INFO] [stderr]     Checking tracing-core v0.1.31
[INFO] [stderr]     Checking rustc-demangle v0.1.23
[INFO] [stderr]    Compiling rkyv v0.7.42
[INFO] [stderr]    Compiling syn v2.0.18
[INFO] [stderr]     Checking unicode-normalization v0.1.22
[INFO] [stderr]     Checking object v0.30.3
[INFO] [stderr]    Compiling heck v0.3.3
[INFO] [stderr]     Checking byteorder v1.4.3
[INFO] [stderr]    Compiling cranelift-codegen-shared v0.86.1
[INFO] [stderr]     Checking pin-project-lite v0.2.9
[INFO] [stderr]    Compiling cranelift-codegen-meta v0.86.1
[INFO] [stderr]    Compiling backtrace v0.3.67
[INFO] [stderr]     Checking fxhash v0.2.1
[INFO] [stderr]    Compiling corosensei v0.1.3
[INFO] [stderr]    Compiling memoffset v0.6.5
[INFO] [stderr]    Compiling rayon-core v1.11.0
[INFO] [stderr]     Checking seahash v4.1.0
[INFO] [stderr]     Checking getrandom v0.2.9
[INFO] [stderr]     Checking lazy_static v1.4.0
[INFO] [stderr]    Compiling unicode-xid v0.2.4
[INFO] [stderr]    Compiling id-arena v2.2.1
[INFO] [stderr]     Checking num_cpus v1.15.0
[INFO] [stderr]     Checking crossbeam-deque v0.8.3
[INFO] [stderr]     Checking crossbeam-channel v0.5.8
[INFO] [stderr]    Compiling standback v0.2.17
[INFO] [stderr]     Checking miniz_oxide v0.6.2
[INFO] [stderr]    Compiling proc-macro-hack v0.5.20+deprecated
[INFO] [stderr]     Checking hashbrown v0.12.3
[INFO] [stderr]    Compiling wasmer-wit-bindgen-gen-rust-wasm v0.1.1
[INFO] [stderr]     Checking cranelift-entity v0.86.1
[INFO] [stderr]    Compiling wasmer-wit-parser v0.1.1
[INFO] [stderr]     Checking more-asserts v0.2.2
[INFO] [stderr]     Checking slice-group-by v0.3.1
[INFO] [stderr]     Checking cranelift-bforest v0.86.1
[INFO] [stderr]     Checking region v3.0.0
[INFO] [stderr]     Checking either v1.8.1
[INFO] [stderr]     Checking regalloc2 v0.3.2
[INFO] [stderr]     Checking memmap2 v0.5.10
[INFO] [stderr]     Checking wasm-encoder v0.29.0
[INFO] [stderr]     Checking rayon v1.7.0
[INFO] [stderr]    Compiling const_fn v0.4.9
[INFO] [stderr]     Checking bytes v1.4.0
[INFO] [stderr]    Compiling wasmer-wit-bindgen-gen-core v0.1.1
[INFO] [stderr]     Checking gimli v0.26.2
[INFO] [stderr]    Compiling wasmer-compiler-cranelift v3.1.1
[INFO] [stderr]    Compiling wasmer-wit-bindgen-gen-rust v0.1.1
[INFO] [stderr]    Compiling async-trait v0.1.68
[INFO] [stderr]    Compiling io-lifetimes v1.0.11
[INFO] [stderr]     Checking wasmparser v0.83.0
[INFO] [stderr]     Checking wast v60.0.0
[INFO] [stderr]     Checking atty v0.2.14
[INFO] [stderr]    Compiling cmake v0.1.50
[INFO] [stderr]    Compiling time v0.2.27
[INFO] [stderr]    Compiling rustix v0.37.19
[INFO] [stderr]     Checking unicode-bidi v0.3.13
[INFO] [stderr]     Checking percent-encoding v2.2.0
[INFO] [stderr]    Compiling serde v1.0.163
[INFO] [stderr]     Checking addr2line v0.19.0
[INFO] [stderr]     Checking form_urlencoded v1.1.0
[INFO] [stderr]     Checking idna v0.3.0
[INFO] [stderr]    Compiling wabt-sys v0.8.0
[INFO] [stderr]     Checking textwrap v0.11.0
[INFO] [stderr]     Checking aho-corasick v1.0.1
[INFO] [stderr]    Compiling darling_core v0.20.1
[INFO] [stderr]    Compiling regex-syntax v0.6.29
[INFO] [stderr]     Checking linux-raw-sys v0.3.8
[INFO] [stderr]     Checking regex-syntax v0.7.2
[INFO] [stderr]     Checking vec_map v0.8.2
[INFO] [stderr]    Compiling serde_json v1.0.96
[INFO] [stderr]     Checking ansi_term v0.12.1
[INFO] [stderr]    Compiling beef v0.5.2
[INFO] [stderr]     Checking strsim v0.8.0
[INFO] [stderr]     Checking url v2.3.1
[INFO] [stderr]     Checking clap v2.34.0
[INFO] [stderr]     Checking dirs-sys-next v0.1.2
[INFO] [stderr]    Compiling cranelift-codegen v0.86.1
[INFO] [stderr]     Checking nibble_vec v0.1.0
[INFO] [stderr]     Checking humantime v2.1.0
[INFO] [stderr]     Checking static_assertions v1.1.0
[INFO] [stderr]     Checking itoa v1.0.6
[INFO] [stderr]     Checking ryu v1.0.13
[INFO] [stderr]     Checking termcolor v1.2.0
[INFO] [stderr]     Checking endian-type v0.1.2
[INFO] [stderr]     Checking wasmparser v0.95.0
[INFO] [stderr]     Checking nix v0.26.2
[INFO] [stderr]     Checking radix_trie v0.2.1
[INFO] [stderr]     Checking dirs-next v2.0.0
[INFO] [stderr]     Checking wasm-encoder v0.20.0
[INFO] [stderr]     Checking generational-arena v0.2.9
[INFO] [stderr]     Checking regex v1.8.3
[INFO] [stderr]     Checking utf8parse v0.2.1
[INFO] [stderr] error: could not compile `syn` (lib)
[INFO] [stderr] 
[INFO] [stderr] Caused by:
[INFO] [stderr]   process didn't exit successfully: `/opt/rustwide/rustup-home/toolchains/1.75.0-x86_64-unknown-linux-gnu/bin/rustc --crate-name syn --edition=2018 /opt/rustwide/cargo-home/registry/src/index.crates.io-6f17d22bba15001f/syn-1.0.109/src/lib.rs --error-format=json --json=diagnostic-rendered-ansi,artifacts,future-incompat --crate-type lib --emit=dep-info,metadata,link -C embed-bitcode=no --cfg 'feature="clone-impls"' --cfg 'feature="default"' --cfg 'feature="derive"' --cfg 'feature="extra-traits"' --cfg 'feature="full"' --cfg 'feature="parsing"' --cfg 'feature="printing"' --cfg 'feature="proc-macro"' --cfg 'feature="quote"' --cfg 'feature="visit"' -C metadata=cc9c95935b8cc6c9 -C extra-filename=-cc9c95935b8cc6c9 --out-dir /opt/rustwide/target/debug/deps -L dependency=/opt/rustwide/target/debug/deps --extern proc_macro2=/opt/rustwide/target/debug/deps/libproc_macro2-7985cea9e521148a.rmeta --extern quote=/opt/rustwide/target/debug/deps/libquote-55ad536151af6fc1.rmeta --extern unicode_ident=/opt/rustwide/target/debug/deps/libunicode_ident-316c820b748e28b0.rmeta --cap-lints allow --cap-lints=warn --cfg syn_disable_nightly_tests` (signal: 9, SIGKILL: kill)
[INFO] [stderr] warning: build failed, waiting for other jobs to finish...
[ERROR] error running command: no output for 300 seconds
[INFO] running `Command { std: "docker" "inspect" "3fd3d97a665cf14171f19eb970e6d8566b88e1c66483445527d108712c284031", kill_on_drop: false }`
[INFO] running `Command { std: "docker" "rm" "-f" "3fd3d97a665cf14171f19eb970e6d8566b88e1c66483445527d108712c284031", kill_on_drop: false }`
[INFO] [stdout] 3fd3d97a665cf14171f19eb970e6d8566b88e1c66483445527d108712c284031
[INFO] documenting CoffeeImpliesCode/waffle_extension against beta-2023-12-22 for beta-1.76-rustdoc-1
[INFO] running `Command { std: "git" "clone" "/workspace/cache/git-repos/https%3A%2F%2Fgithub.com%2FCoffeeImpliesCode%2Fwaffle_extension" "/workspace/builds/worker-7-tc2/source", kill_on_drop: false }`
[INFO] [stderr] Cloning into '/workspace/builds/worker-7-tc2/source'...
[INFO] [stderr] done.
[INFO] validating manifest of git repo https://github.com/CoffeeImpliesCode/waffle_extension on toolchain beta-2023-12-22
[INFO] running `Command { std: CARGO_HOME="/workspace/cargo-home" RUSTUP_HOME="/workspace/rustup-home" "/workspace/cargo-home/bin/cargo" "+beta-2023-12-22" "metadata" "--manifest-path" "Cargo.toml" "--no-deps", kill_on_drop: false }`
[INFO] started tweaking git repo https://github.com/CoffeeImpliesCode/waffle_extension
[INFO] finished tweaking git repo https://github.com/CoffeeImpliesCode/waffle_extension
[INFO] tweaked toml for git repo https://github.com/CoffeeImpliesCode/waffle_extension written to /workspace/builds/worker-7-tc2/source/Cargo.toml
[INFO] crate git repo https://github.com/CoffeeImpliesCode/waffle_extension already has a lockfile, it will not be regenerated
[INFO] running `Command { std: CARGO_HOME="/workspace/cargo-home" RUSTUP_HOME="/workspace/rustup-home" "/workspace/cargo-home/bin/cargo" "+beta-2023-12-22" "fetch" "--manifest-path" "Cargo.toml", kill_on_drop: false }`
[INFO] running `Command { std: "docker" "create" "-v" "/var/lib/crater-agent-workspace/builds/worker-7-tc2/target:/opt/rustwide/target:rw,Z" "-v" "/var/lib/crater-agent-workspace/builds/worker-7-tc2/source:/opt/rustwide/workdir:ro,Z" "-v" "/var/lib/crater-agent-workspace/cargo-home:/opt/rustwide/cargo-home:ro,Z" "-v" "/var/lib/crater-agent-workspace/rustup-home:/opt/rustwide/rustup-home:ro,Z" "-e" "SOURCE_DIR=/opt/rustwide/workdir" "-e" "CARGO_TARGET_DIR=/opt/rustwide/target" "-e" "CARGO_HOME=/opt/rustwide/cargo-home" "-e" "RUSTUP_HOME=/opt/rustwide/rustup-home" "-w" "/opt/rustwide/workdir" "-m" "1610612736" "--user" "0:0" "--network" "none" "ghcr.io/rust-lang/crates-build-env/linux@sha256:2788e3201cd34a07e3172128adcd8b3090168a8e3bcc40d7c032b9dda1df7d1c" "/opt/rustwide/cargo-home/bin/cargo" "+beta-2023-12-22" "metadata" "--no-deps" "--format-version=1", kill_on_drop: false }`
[INFO] [stdout] 0b81b923f1fab6a82017d603b7a11ae11d82aec38af90263e80ed49e800cbae4
[INFO] running `Command { std: "docker" "start" "-a" "0b81b923f1fab6a82017d603b7a11ae11d82aec38af90263e80ed49e800cbae4", kill_on_drop: false }`
[INFO] running `Command { std: "docker" "inspect" "0b81b923f1fab6a82017d603b7a11ae11d82aec38af90263e80ed49e800cbae4", kill_on_drop: false }`
[INFO] running `Command { std: "docker" "rm" "-f" "0b81b923f1fab6a82017d603b7a11ae11d82aec38af90263e80ed49e800cbae4", kill_on_drop: false }`
[INFO] [stdout] 0b81b923f1fab6a82017d603b7a11ae11d82aec38af90263e80ed49e800cbae4
[INFO] running `Command { std: "docker" "create" "-v" "/var/lib/crater-agent-workspace/builds/worker-7-tc2/target:/opt/rustwide/target:rw,Z" "-v" "/var/lib/crater-agent-workspace/builds/worker-7-tc2/source:/opt/rustwide/workdir:ro,Z" "-v" "/var/lib/crater-agent-workspace/cargo-home:/opt/rustwide/cargo-home:ro,Z" "-v" "/var/lib/crater-agent-workspace/rustup-home:/opt/rustwide/rustup-home:ro,Z" "-e" "SOURCE_DIR=/opt/rustwide/workdir" "-e" "CARGO_TARGET_DIR=/opt/rustwide/target" "-e" "CARGO_INCREMENTAL=0" "-e" "RUST_BACKTRACE=full" "-e" "RUSTFLAGS=--cap-lints=warn" "-e" "RUSTDOCFLAGS=--cap-lints=warn" "-e" "CARGO_HOME=/opt/rustwide/cargo-home" "-e" "RUSTUP_HOME=/opt/rustwide/rustup-home" "-w" "/opt/rustwide/workdir" "-m" "1610612736" "--user" "0:0" "--network" "none" "ghcr.io/rust-lang/crates-build-env/linux@sha256:2788e3201cd34a07e3172128adcd8b3090168a8e3bcc40d7c032b9dda1df7d1c" "/opt/rustwide/cargo-home/bin/cargo" "+beta-2023-12-22" "doc" "--frozen" "--no-deps" "--document-private-items" "--message-format=json", kill_on_drop: false }`
[INFO] [stdout] f797152e1d0e1ca4a5386e0cea8514cc3ca978d6e97f8880096a2e27e4ee0a87
[INFO] running `Command { std: "docker" "start" "-a" "f797152e1d0e1ca4a5386e0cea8514cc3ca978d6e97f8880096a2e27e4ee0a87", kill_on_drop: false }`
[INFO] [stderr]    Compiling version_check v0.9.4
[INFO] [stderr]    Compiling proc-macro2 v1.0.59
[INFO] [stderr]    Compiling unicode-ident v1.0.9
[INFO] [stderr]    Compiling quote v1.0.28
[INFO] [stderr]    Compiling libc v0.2.144
[INFO] [stderr]     Checking cfg-if v1.0.0
[INFO] [stderr]    Compiling memchr v2.5.0
[INFO] [stderr]    Compiling autocfg v1.1.0
[INFO] [stderr]    Compiling syn v1.0.109
[INFO] [stderr]     Checking once_cell v1.17.2
[INFO] [stderr]     Checking bitflags v1.3.2
[INFO] [stderr]    Compiling log v0.4.18
[INFO] [stderr]    Compiling anyhow v1.0.71
[INFO] [stderr]     Checking smallvec v1.10.0
[INFO] [stderr]    Compiling fnv v1.0.7
[INFO] [stderr]    Compiling pulldown-cmark v0.8.0
[INFO] [stderr]    Compiling cc v1.0.79
[INFO] [stderr]     Checking fallible-iterator v0.2.0
[INFO] [stderr]     Checking stable_deref_trait v1.2.0
[INFO] [stderr]     Checking adler v1.0.2
[INFO] [stderr]    Compiling thiserror v1.0.40
[INFO] [stderr]    Compiling crc32fast v1.3.2
[INFO] [stderr]    Compiling ident_case v1.0.1
[INFO] [stderr]     Checking tinyvec_macros v0.1.1
[INFO] [stderr]    Compiling crossbeam-utils v0.8.15
[INFO] [stderr]     Checking scopeguard v1.1.0
[INFO] [stderr]     Checking tinyvec v1.6.0
[INFO] [stderr]     Checking miniz_oxide v0.7.1
[INFO] [stderr]    Compiling cpp_demangle v0.4.1
[INFO] [stderr]    Compiling ahash v0.7.6
[INFO] [stderr]    Compiling unicase v2.6.0
[INFO] [stderr]    Compiling indexmap v1.9.3
[INFO] [stderr]    Compiling memoffset v0.8.0
[INFO] [stderr]    Compiling target-lexicon v0.12.7
[INFO] [stderr]    Compiling crossbeam-epoch v0.9.14
[INFO] [stderr]    Compiling proc-macro-error-attr v1.0.4
[INFO] [stderr]    Compiling cranelift-isle v0.86.1
[INFO] [stderr]     Checking leb128 v0.2.5
[INFO] [stderr]     Checking unicode-width v0.1.10
[INFO] [stderr]    Compiling unicode-segmentation v1.10.1
[INFO] [stderr]     Checking flate2 v1.0.26
[INFO] [stderr]     Checking gimli v0.27.2
[INFO] [stderr]    Compiling proc-macro-error v1.0.4
[INFO] [stderr]     Checking tracing-core v0.1.31
[INFO] [stderr]    Compiling cranelift-codegen-shared v0.86.1
[INFO] [stderr]     Checking pin-project-lite v0.2.9
[INFO] [stderr]    Compiling rkyv v0.7.42
[INFO] [stderr]    Compiling syn v2.0.18
[INFO] [stderr]     Checking object v0.30.3
[INFO] [stderr]    Compiling heck v0.3.3
[INFO] [stderr]     Checking byteorder v1.4.3
[INFO] [stderr]     Checking unicode-normalization v0.1.22
[INFO] [stderr]     Checking rustc-demangle v0.1.23
[INFO] [stderr]    Compiling cranelift-codegen-meta v0.86.1
[INFO] [stderr]     Checking fxhash v0.2.1
[INFO] [stderr]    Compiling backtrace v0.3.67
[INFO] [stderr]    Compiling corosensei v0.1.3
[INFO] [stderr]    Compiling memoffset v0.6.5
[INFO] [stderr]    Compiling unicode-xid v0.2.4
[INFO] [stderr]    Compiling id-arena v2.2.1
[INFO] [stderr]    Compiling rayon-core v1.11.0
[INFO] [stderr]     Checking seahash v4.1.0
[INFO] [stderr]     Checking lazy_static v1.4.0
[INFO] [stderr]     Checking crossbeam-deque v0.8.3
[INFO] [stderr]     Checking crossbeam-channel v0.5.8
[INFO] [stderr]     Checking getrandom v0.2.9
[INFO] [stderr]     Checking num_cpus v1.15.0
[INFO] [stderr]    Compiling standback v0.2.17
[INFO] [stderr]     Checking miniz_oxide v0.6.2
[INFO] [stderr]     Checking slice-group-by v0.3.1
[INFO] [stderr]     Checking cranelift-entity v0.86.1
[INFO] [stderr]     Checking hashbrown v0.12.3
[INFO] [stderr]    Compiling proc-macro-hack v0.5.20+deprecated
[INFO] [stderr]    Compiling wasmer-wit-bindgen-gen-rust-wasm v0.1.1
[INFO] [stderr]     Checking more-asserts v0.2.2
[INFO] [stderr]     Checking cranelift-bforest v0.86.1
[INFO] [stderr]    Compiling wasmer-wit-parser v0.1.1
[INFO] [stderr]     Checking regalloc2 v0.3.2
[INFO] [stderr]     Checking region v3.0.0
[INFO] [stderr]     Checking either v1.8.1
[INFO] [stderr]     Checking memmap2 v0.5.10
[INFO] [stderr]     Checking wasm-encoder v0.29.0
[INFO] [stderr]     Checking rayon v1.7.0
[INFO] [stderr]    Compiling async-trait v0.1.68
[INFO] [stderr]     Checking wasmparser v0.83.0
[INFO] [stderr]     Checking gimli v0.26.2
[INFO] [stderr]    Compiling wasmer-compiler-cranelift v3.1.1
[INFO] [stderr]    Compiling const_fn v0.4.9
[INFO] [stderr]    Compiling wasmer-wit-bindgen-gen-core v0.1.1
[INFO] [stderr]    Compiling io-lifetimes v1.0.11
[INFO] [stderr]    Compiling wasmer-wit-bindgen-gen-rust v0.1.1
[INFO] [stderr]     Checking bytes v1.4.0
[INFO] [stderr]     Checking wast v60.0.0
[INFO] [stderr]     Checking atty v0.2.14
[INFO] [stderr]    Compiling cmake v0.1.50
[INFO] [stderr]    Compiling time v0.2.27
[INFO] [stderr]    Compiling serde v1.0.163
[INFO] [stderr]     Checking percent-encoding v2.2.0
[INFO] [stderr]     Checking unicode-bidi v0.3.13
[INFO] [stderr]    Compiling rustix v0.37.19
[INFO] [stderr]     Checking form_urlencoded v1.1.0
[INFO] [stderr]     Checking idna v0.3.0
[INFO] [stderr]    Compiling wabt-sys v0.8.0
[INFO] [stderr]     Checking textwrap v0.11.0
[INFO] [stderr]     Checking addr2line v0.19.0
[INFO] [stderr]     Checking aho-corasick v1.0.1
[INFO] [stderr]     Checking linux-raw-sys v0.3.8
[INFO] [stderr]    Compiling regex-syntax v0.6.29
[INFO] [stderr]    Compiling beef v0.5.2
[INFO] [stderr]    Compiling serde_json v1.0.96
[INFO] [stderr]     Checking strsim v0.8.0
[INFO] [stderr]     Checking ansi_term v0.12.1
[INFO] [stderr]     Checking vec_map v0.8.2
[INFO] [stderr]     Checking regex-syntax v0.7.2
[INFO] [stderr]     Checking url v2.3.1
[INFO] [stderr]     Checking clap v2.34.0
[INFO] [stderr]    Compiling darling_core v0.20.1
[INFO] [stderr]     Checking dirs-sys-next v0.1.2
[INFO] [stderr]    Compiling cranelift-codegen v0.86.1
[INFO] [stderr]     Checking nibble_vec v0.1.0
[INFO] [stderr]     Checking itoa v1.0.6
[INFO] [stderr]     Checking humantime v2.1.0
[INFO] [stderr]     Checking ryu v1.0.13
[INFO] [stderr]     Checking termcolor v1.2.0
[INFO] [stderr]     Checking endian-type v0.1.2
[INFO] [stderr]     Checking static_assertions v1.1.0
[INFO] [stderr]     Checking wasmparser v0.95.0
[INFO] [stderr]     Checking nix v0.26.2
[INFO] [stderr]     Checking radix_trie v0.2.1
[INFO] [stderr]     Checking dirs-next v2.0.0
[INFO] [stderr]     Checking wasm-encoder v0.20.0
[INFO] [stderr]     Checking generational-arena v0.2.9
[INFO] [stderr]     Checking regex v1.8.3
[INFO] [stderr]     Checking utf8parse v0.2.1
[INFO] [stderr]    Compiling logos-codegen v0.13.0
[INFO] [stderr]     Checking env_logger v0.9.3
[INFO] [stderr]    Compiling thiserror-impl v1.0.40
[INFO] [stderr]    Compiling tracing-attributes v0.1.24
[INFO] [stderr]    Compiling serde_derive v1.0.163
[INFO] [stderr]     Checking fd-lock v3.0.12
[INFO] [stderr]     Checking rustyline v11.0.0
[INFO] [stderr]    Compiling darling_macro v0.20.1
[INFO] [stderr]    Compiling ptr_meta_derive v0.1.4
[INFO] [stderr]    Compiling rkyv_derive v0.7.42
[INFO] [stderr]    Compiling enum-iterator-derive v0.7.0
[INFO] [stderr]    Compiling time-macros-impl v0.1.2
[INFO] [stderr]     Checking ptr_meta v0.1.4
[INFO] [stderr]     Checking wat v1.0.66
[INFO] [stderr]    Compiling wasmer-derive v3.1.1
[INFO] [stderr]    Compiling wasmer-wit-bindgen-rust-impl v0.1.1
[INFO] [stderr]    Compiling structopt-derive v0.4.18
[INFO] [stderr]    Compiling darling v0.20.1
[INFO] [stderr]    Compiling enumset_derive v0.8.1
[INFO] [stderr]     Checking enum-iterator v0.7.0
[INFO] [stderr]    Compiling logos-derive v0.13.0
[INFO] [stderr]    Compiling derivative v2.2.0
[INFO] [stderr]     Checking tracing v0.1.37
[INFO] [stderr]     Checking time-macros v0.1.1
[INFO] [stderr]     Checking wasmer-vfs v3.1.1
[INFO] [stderr]     Checking wasmer-vnet v3.1.1
[INFO] [stderr]     Checking wasmer-vbus v3.1.1
[INFO] [stderr]     Checking logos v0.13.0
[INFO] [stderr]     Checking wasmer-wasi-local-networking v3.1.1
[INFO] [stderr]     Checking wasmer-wit-bindgen-rust v0.1.1
[INFO] [stderr]     Checking enumset v1.1.2
[INFO] [stderr]     Checking structopt v0.3.26
[INFO] [stderr]     Checking waffle v0.0.22
[INFO] [stderr]     Checking wasmer-types v3.1.1
[INFO] [stderr] error: failed to run custom build command for `wabt-sys v0.8.0`
[INFO] [stderr] note: To improve backtraces for build dependencies, set the CARGO_PROFILE_DEV_BUILD_OVERRIDE_DEBUG=true environment variable to enable debug information generation.
[INFO] [stderr] 
[INFO] [stderr] Caused by:
[INFO] [stderr]   process didn't exit successfully: `/opt/rustwide/target/debug/build/wabt-sys-2a8770bd24b2fe54/build-script-build` (exit status: 101)
[INFO] [stderr]   --- stdout
[INFO] [stderr]   cargo:rerun-if-env-changed=WABT_CXXSTDLIB
[INFO] [stderr]   cargo:rerun-if-env-changed=CXXSTDLIB
[INFO] [stderr]   CMAKE_TOOLCHAIN_FILE_x86_64-unknown-linux-gnu = None
[INFO] [stderr]   CMAKE_TOOLCHAIN_FILE_x86_64_unknown_linux_gnu = None
[INFO] [stderr]   HOST_CMAKE_TOOLCHAIN_FILE = None
[INFO] [stderr]   CMAKE_TOOLCHAIN_FILE = None
[INFO] [stderr]   CMAKE_GENERATOR_x86_64-unknown-linux-gnu = None
[INFO] [stderr]   CMAKE_GENERATOR_x86_64_unknown_linux_gnu = None
[INFO] [stderr]   HOST_CMAKE_GENERATOR = None
[INFO] [stderr]   CMAKE_GENERATOR = None
[INFO] [stderr]   CMAKE_PREFIX_PATH_x86_64-unknown-linux-gnu = None
[INFO] [stderr]   CMAKE_PREFIX_PATH_x86_64_unknown_linux_gnu = None
[INFO] [stderr]   HOST_CMAKE_PREFIX_PATH = None
[INFO] [stderr]   CMAKE_PREFIX_PATH = None
[INFO] [stderr]   CMAKE_x86_64-unknown-linux-gnu = None
[INFO] [stderr]   CMAKE_x86_64_unknown_linux_gnu = None
[INFO] [stderr]   HOST_CMAKE = None
[INFO] [stderr]   CMAKE = None
[INFO] [stderr]   running: cd "/opt/rustwide/target/debug/build/wabt-sys-70ae94d4995b9505/out/build" && CMAKE_PREFIX_PATH="" "cmake" "/opt/rustwide/cargo-home/registry/src/index.crates.io-6f17d22bba15001f/wabt-sys-0.8.0/wabt" "-DBUILD_TESTS=OFF" "-DBUILD_TOOLS=OFF" "-DCMAKE_INSTALL_PREFIX=/opt/rustwide/target/debug/build/wabt-sys-70ae94d4995b9505/out" "-DCMAKE_C_FLAGS= -ffunction-sections -fdata-sections -fPIC -m64" "-DCMAKE_C_COMPILER=/usr/bin/cc" "-DCMAKE_CXX_FLAGS= -ffunction-sections -fdata-sections -fPIC -m64" "-DCMAKE_CXX_COMPILER=/usr/bin/c++" "-DCMAKE_ASM_FLAGS= -ffunction-sections -fdata-sections -fPIC -m64" "-DCMAKE_ASM_COMPILER=/usr/bin/cc" "-DCMAKE_BUILD_TYPE=Debug"
[INFO] [stderr]   -- The C compiler identification is GNU 11.4.0
[INFO] [stderr]   -- The CXX compiler identification is GNU 11.4.0
[INFO] [stderr]   -- Detecting C compiler ABI info
[INFO] [stderr]   -- Detecting C compiler ABI info - done
[INFO] [stderr]   -- Check for working C compiler: /usr/bin/cc - skipped
[INFO] [stderr]   -- Detecting C compile features
[INFO] [stderr]   -- Detecting C compile features - done
[INFO] [stderr]   -- Detecting CXX compiler ABI info
[INFO] [stderr]   -- Detecting CXX compiler ABI info - done
[INFO] [stderr]   -- Check for working CXX compiler: /usr/bin/c++ - skipped
[INFO] [stderr]   -- Detecting CXX compile features
[INFO] [stderr]   -- Detecting CXX compile features - done
[INFO] [stderr]   -- Looking for alloca.h
[INFO] [stderr]   -- Looking for alloca.h - found
[INFO] [stderr]   -- Looking for unistd.h
[INFO] [stderr]   -- Looking for unistd.h - found
[INFO] [stderr]   -- Looking for snprintf
[INFO] [stderr]   -- Looking for snprintf - found
[INFO] [stderr]   -- Looking for strcasecmp
[INFO] [stderr]   -- Looking for strcasecmp - found
[INFO] [stderr]   -- Looking for sys/types.h
[INFO] [stderr]   -- Looking for sys/types.h - found
[INFO] [stderr]   -- Looking for stdint.h
[INFO] [stderr]   -- Looking for stdint.h - found
[INFO] [stderr]   -- Looking for stddef.h
[INFO] [stderr]   -- Looking for stddef.h - found
[INFO] [stderr]   -- Check size of ssize_t
[INFO] [stderr]   -- Check size of ssize_t - done
[INFO] [stderr]   -- Check size of size_t
[INFO] [stderr]   -- Check size of size_t - done
[INFO] [stderr]   -- Found PythonInterp: /usr/bin/python3 (found suitable version "3.10.12", minimum required is "3.5") 
[INFO] [stderr]   -- Looking for pthread.h
[INFO] [stderr]   -- Looking for pthread.h - found
[INFO] [stderr]   -- Performing Test CMAKE_HAVE_LIBC_PTHREAD
[INFO] [stderr]   -- Performing Test CMAKE_HAVE_LIBC_PTHREAD - Success
[INFO] [stderr]   -- Found Threads: TRUE  
[INFO] [stderr]   -- Configuring done
[INFO] [stderr]   -- Generating done
[INFO] [stderr]   -- Build files have been written to: /opt/rustwide/target/debug/build/wabt-sys-70ae94d4995b9505/out/build
[INFO] [stderr]   running: cd "/opt/rustwide/target/debug/build/wabt-sys-70ae94d4995b9505/out/build" && MAKEFLAGS="-j --jobserver-fds=7,8 --jobserver-auth=7,8" "cmake" "--build" "." "--config" "Debug"
[INFO] [stderr]   [  1%] Building CXX object CMakeFiles/wabt.dir/src/apply-names.cc.o
[INFO] [stderr]   [  2%] Building CXX object CMakeFiles/wabt.dir/src/binary.cc.o
[INFO] [stderr]   [  3%] Building CXX object CMakeFiles/wabt.dir/src/binary-reader.cc.o
[INFO] [stderr]   [  4%] Building CXX object CMakeFiles/wabt.dir/src/binary-reader-ir.cc.o
[INFO] [stderr]   [  5%] Building CXX object CMakeFiles/wabt.dir/src/binary-reader-logging.cc.o
[INFO] [stderr]   [  6%] Building CXX object CMakeFiles/wabt.dir/src/binary-writer.cc.o
[INFO] [stderr]   [  7%] Building CXX object CMakeFiles/wabt.dir/src/binary-writer-spec.cc.o
[INFO] [stderr]   [  8%] Building CXX object CMakeFiles/wabt.dir/src/binding-hash.cc.o
[INFO] [stderr]   [ 10%] Building CXX object CMakeFiles/wabt.dir/src/color.cc.o
[INFO] [stderr]   [ 11%] Building CXX object CMakeFiles/wabt.dir/src/common.cc.o
[INFO] [stderr]   [ 12%] Building CXX object CMakeFiles/wabt.dir/src/config.cc.o
[INFO] [stderr]   [ 13%] Building CXX object CMakeFiles/wabt.dir/src/decompiler.cc.o
[INFO] [stderr]   [ 14%] Building CXX object CMakeFiles/wabt.dir/src/error-formatter.cc.o
[INFO] [stderr]   [ 15%] Building CXX object CMakeFiles/wabt.dir/src/expr-visitor.cc.o
[INFO] [stderr]   [ 16%] Building CXX object CMakeFiles/wabt.dir/src/feature.cc.o
[INFO] [stderr]   [ 17%] Building CXX object CMakeFiles/wabt.dir/src/filenames.cc.o
[INFO] [stderr]   [ 19%] Building CXX object CMakeFiles/wabt.dir/src/generate-names.cc.o
[INFO] [stderr]   [ 20%] Building CXX object CMakeFiles/wabt.dir/src/hash-util.cc.o
[INFO] [stderr]   [ 21%] Building CXX object CMakeFiles/wabt.dir/src/ir.cc.o
[INFO] [stderr]   [ 22%] Building CXX object CMakeFiles/wabt.dir/src/ir-util.cc.o
[INFO] [stderr]   [ 23%] Building CXX object CMakeFiles/wabt.dir/src/leb128.cc.o
[INFO] [stderr]   [ 24%] Building CXX object CMakeFiles/wabt.dir/src/lexer-source.cc.o
[INFO] [stderr]   [ 25%] Building CXX object CMakeFiles/wabt.dir/src/lexer-source-line-finder.cc.o
[INFO] [stderr]   [ 26%] Building CXX object CMakeFiles/wabt.dir/src/literal.cc.o
[INFO] [stderr]   [ 28%] Building CXX object CMakeFiles/wabt.dir/src/opcode.cc.o
[INFO] [stderr]   [ 29%] Building C object CMakeFiles/wabt.dir/src/opcode-code-table.c.o
[INFO] [stderr]   [ 30%] Building CXX object CMakeFiles/wabt.dir/src/option-parser.cc.o
[INFO] [stderr]   [ 31%] Building CXX object CMakeFiles/wabt.dir/src/resolve-names.cc.o
[INFO] [stderr]   [ 32%] Building CXX object CMakeFiles/wabt.dir/src/shared-validator.cc.o
[INFO] [stderr] 
[INFO] [stderr]   --- stderr
[INFO] [stderr]   CMake Warning (dev) at CMakeLists.txt:325 (add_library):
[INFO] [stderr]     Policy CMP0115 is not set: Source file extensions must be explicit.  Run
[INFO] [stderr]     "cmake --help-policy CMP0115" for policy details.  Use the cmake_policy
[INFO] [stderr]     command to set the policy and suppress this warning.
[INFO] [stderr] 
[INFO] [stderr]     File:
[INFO] [stderr] 
[INFO] [stderr]       /opt/rustwide/cargo-home/registry/src/index.crates.io-6f17d22bba15001f/wabt-sys-0.8.0/wabt/src/config.h.in
[INFO] [stderr]   This warning is for project developers.  Use -Wno-dev to suppress it.
[INFO] [stderr] 
[INFO] [stderr]   CMake Warning:
[INFO] [stderr]     Manually-specified variables were not used by the project:
[INFO] [stderr] 
[INFO] [stderr]       CMAKE_ASM_COMPILER
[INFO] [stderr]       CMAKE_ASM_FLAGS
[INFO] [stderr] 
[INFO] [stderr] 
[INFO] [stderr]   c++: fatal error: Killed signal terminated program cc1plus
[INFO] [stderr]   compilation terminated.
[INFO] [stderr]   gmake[2]: *** [CMakeFiles/wabt.dir/build.make:118: CMakeFiles/wabt.dir/src/binary-reader-ir.cc.o] Error 1
[INFO] [stderr]   gmake[2]: *** Waiting for unfinished jobs....
[INFO] [stderr]   gmake[1]: *** [CMakeFiles/Makefile2:112: CMakeFiles/wabt.dir/all] Error 2
[INFO] [stderr]   gmake: *** [Makefile:91: all] Error 2
[INFO] [stderr]   thread 'main' panicked at /opt/rustwide/cargo-home/registry/src/index.crates.io-6f17d22bba15001f/cmake-0.1.50/src/lib.rs:1098:5:
[INFO] [stderr] 
[INFO] [stderr]   command did not execute successfully, got: exit status: 2
[INFO] [stderr] 
[INFO] [stderr]   build script failed, must exit now
[INFO] [stderr]   stack backtrace:
[INFO] [stderr]      0:     0x555b56ed7e66 - std::backtrace_rs::backtrace::libunwind::trace::h261606ad26a499c1
[INFO] [stderr]                                  at /rustc/0e09125c6c3c2fd70d7de961bcf0e51575235fad/library/std/src/../../backtrace/src/backtrace/libunwind.rs:104:5
[INFO] [stderr]      1:     0x555b56ed7e66 - std::backtrace_rs::backtrace::trace_unsynchronized::hd183f0625477fb28
[INFO] [stderr]                                  at /rustc/0e09125c6c3c2fd70d7de961bcf0e51575235fad/library/std/src/../../backtrace/src/backtrace/mod.rs:66:5
[INFO] [stderr]      2:     0x555b56ed7e66 - std::sys_common::backtrace::_print_fmt::hd7f8fef21b4eda67
[INFO] [stderr]                                  at /rustc/0e09125c6c3c2fd70d7de961bcf0e51575235fad/library/std/src/sys_common/backtrace.rs:68:5
[INFO] [stderr]      3:     0x555b56ed7e66 - <std::sys_common::backtrace::_print::DisplayBacktrace as core::fmt::Display>::fmt::h623d9b51f2f453f1
[INFO] [stderr]                                  at /rustc/0e09125c6c3c2fd70d7de961bcf0e51575235fad/library/std/src/sys_common/backtrace.rs:44:22
[INFO] [stderr]      4:     0x555b56efefa0 - core::fmt::rt::Argument::fmt::h9f417ac76a86f368
[INFO] [stderr]                                  at /rustc/0e09125c6c3c2fd70d7de961bcf0e51575235fad/library/core/src/fmt/rt.rs:142:9
[INFO] [stderr]      5:     0x555b56efefa0 - core::fmt::write::hc9b6faf4ac2aeff7
[INFO] [stderr]                                  at /rustc/0e09125c6c3c2fd70d7de961bcf0e51575235fad/library/core/src/fmt/mod.rs:1120:17
[INFO] [stderr]      6:     0x555b56ed4f8f - std::io::Write::write_fmt::hfead1eee52c2e65e
[INFO] [stderr]                                  at /rustc/0e09125c6c3c2fd70d7de961bcf0e51575235fad/library/std/src/io/mod.rs:1810:15
[INFO] [stderr]      7:     0x555b56ed7c44 - std::sys_common::backtrace::_print::hd5d66399c7df88a2
[INFO] [stderr]                                  at /rustc/0e09125c6c3c2fd70d7de961bcf0e51575235fad/library/std/src/sys_common/backtrace.rs:47:5
[INFO] [stderr]      8:     0x555b56ed7c44 - std::sys_common::backtrace::print::he81ed2da642d37e5
[INFO] [stderr]                                  at /rustc/0e09125c6c3c2fd70d7de961bcf0e51575235fad/library/std/src/sys_common/backtrace.rs:34:9
[INFO] [stderr]      9:     0x555b56ed9b77 - std::panicking::default_hook::{{closure}}::h85773f4fa117163d
[INFO] [stderr]     10:     0x555b56ed98d9 - std::panicking::default_hook::h6a1694a91d09b278
[INFO] [stderr]                                  at /rustc/0e09125c6c3c2fd70d7de961bcf0e51575235fad/library/std/src/panicking.rs:292:9
[INFO] [stderr]     11:     0x555b56eda008 - std::panicking::rust_panic_with_hook::h0a7ad96e90f7145b
[INFO] [stderr]                                  at /rustc/0e09125c6c3c2fd70d7de961bcf0e51575235fad/library/std/src/panicking.rs:779:13
[INFO] [stderr]     12:     0x555b56ed9ee2 - std::panicking::begin_panic_handler::{{closure}}::h7919090525c6485e
[INFO] [stderr]                                  at /rustc/0e09125c6c3c2fd70d7de961bcf0e51575235fad/library/std/src/panicking.rs:657:13
[INFO] [stderr]     13:     0x555b56ed8366 - std::sys_common::backtrace::__rust_end_short_backtrace::hf3289479464f7dfe
[INFO] [stderr]                                  at /rustc/0e09125c6c3c2fd70d7de961bcf0e51575235fad/library/std/src/sys_common/backtrace.rs:171:18
[INFO] [stderr]     14:     0x555b56ed9c40 - rust_begin_unwind
[INFO] [stderr]                                  at /rustc/0e09125c6c3c2fd70d7de961bcf0e51575235fad/library/std/src/panicking.rs:645:5
[INFO] [stderr]     15:     0x555b56e46845 - core::panicking::panic_fmt::hcc9f77c5c132af55
[INFO] [stderr]                                  at /rustc/0e09125c6c3c2fd70d7de961bcf0e51575235fad/library/core/src/panicking.rs:72:14
[INFO] [stderr]     16:     0x555b56e5ac41 - cmake::fail::h113ebb1e8bcb629f
[INFO] [stderr]     17:     0x555b56e5a3d7 - cmake::run::hec04f23a0a3ddbb9
[INFO] [stderr]     18:     0x555b56e56cce - cmake::Config::build::h2c749c2656cb1402
[INFO] [stderr]     19:     0x555b56e493e8 - build_script_build::main::h71bbb19a53074e1b
[INFO] [stderr]     20:     0x555b56e47733 - core::ops::function::FnOnce::call_once::hae9ab2e8511dfc72
[INFO] [stderr]     21:     0x555b56e472f6 - std::sys_common::backtrace::__rust_begin_short_backtrace::h88d7e12013b9f5a0
[INFO] [stderr]     22:     0x555b56e47409 - std::rt::lang_start::{{closure}}::hcf3cb1889ac2ab6b
[INFO] [stderr]     23:     0x555b56ed0be1 - core::ops::function::impls::<impl core::ops::function::FnOnce<A> for &F>::call_once::h4eb4c5e1620f29b0
[INFO] [stderr]                                  at /rustc/0e09125c6c3c2fd70d7de961bcf0e51575235fad/library/core/src/ops/function.rs:284:13
[INFO] [stderr]     24:     0x555b56ed0be1 - std::panicking::try::do_call::h73fd26535faffcdf
[INFO] [stderr]                                  at /rustc/0e09125c6c3c2fd70d7de961bcf0e51575235fad/library/std/src/panicking.rs:552:40
[INFO] [stderr]     25:     0x555b56ed0be1 - std::panicking::try::h77ff1d98f0fb9f39
[INFO] [stderr]                                  at /rustc/0e09125c6c3c2fd70d7de961bcf0e51575235fad/library/std/src/panicking.rs:516:19
[INFO] [stderr]     26:     0x555b56ed0be1 - std::panic::catch_unwind::hab3caf2448b95e37
[INFO] [stderr]                                  at /rustc/0e09125c6c3c2fd70d7de961bcf0e51575235fad/library/std/src/panic.rs:142:14
[INFO] [stderr]     27:     0x555b56ed0be1 - std::rt::lang_start_internal::{{closure}}::h8086711f9c783f78
[INFO] [stderr]                                  at /rustc/0e09125c6c3c2fd70d7de961bcf0e51575235fad/library/std/src/rt.rs:148:48
[INFO] [stderr]     28:     0x555b56ed0be1 - std::panicking::try::do_call::hf920d4dc291cd6ca
[INFO] [stderr]                                  at /rustc/0e09125c6c3c2fd70d7de961bcf0e51575235fad/library/std/src/panicking.rs:552:40
[INFO] [stderr]     29:     0x555b56ed0be1 - std::panicking::try::h2b806ccc0a85db74
[INFO] [stderr]                                  at /rustc/0e09125c6c3c2fd70d7de961bcf0e51575235fad/library/std/src/panicking.rs:516:19
[INFO] [stderr]     30:     0x555b56ed0be1 - std::panic::catch_unwind::h038489539c507df2
[INFO] [stderr]                                  at /rustc/0e09125c6c3c2fd70d7de961bcf0e51575235fad/library/std/src/panic.rs:142:14
[INFO] [stderr]     31:     0x555b56ed0be1 - std::rt::lang_start_internal::h28503b88912e8a5c
[INFO] [stderr]                                  at /rustc/0e09125c6c3c2fd70d7de961bcf0e51575235fad/library/std/src/rt.rs:148:20
[INFO] [stderr]     32:     0x555b56e473e7 - std::rt::lang_start::h69d8d0cd3572fc80
[INFO] [stderr]     33:     0x555b56e4a205 - main
[INFO] [stderr]     34:     0x7f015cf15d90 - <unknown>
[INFO] [stderr]     35:     0x7f015cf15e40 - __libc_start_main
[INFO] [stderr]     36:     0x555b56e46f75 - _start
[INFO] [stderr]     37:                0x0 - <unknown>
[INFO] [stderr] warning: build failed, waiting for other jobs to finish...
[INFO] running `Command { std: "docker" "inspect" "f797152e1d0e1ca4a5386e0cea8514cc3ca978d6e97f8880096a2e27e4ee0a87", kill_on_drop: false }`
[INFO] running `Command { std: "docker" "rm" "-f" "f797152e1d0e1ca4a5386e0cea8514cc3ca978d6e97f8880096a2e27e4ee0a87", kill_on_drop: false }`
[INFO] [stdout] f797152e1d0e1ca4a5386e0cea8514cc3ca978d6e97f8880096a2e27e4ee0a87
