[INFO] cloning repository https://github.com/CodingInGreen/rp2040_tests
[INFO] running `Command { std: "git" "-c" "credential.helper=" "-c" "credential.helper=/workspace/cargo-home/bin/git-credential-null" "clone" "--bare" "https://github.com/CodingInGreen/rp2040_tests" "/workspace/cache/git-repos/https%3A%2F%2Fgithub.com%2FCodingInGreen%2Frp2040_tests", kill_on_drop: false }`
[INFO] [stderr] Cloning into bare repository '/workspace/cache/git-repos/https%3A%2F%2Fgithub.com%2FCodingInGreen%2Frp2040_tests'...
[INFO] running `Command { std: "git" "rev-parse" "HEAD", kill_on_drop: false }`
[INFO] [stdout] d5cf078ac4cc096c8c6d8e36d8930f8a2d6ab768
[INFO] documenting CodingInGreen/rp2040_tests against 1.75.0 for beta-1.76-rustdoc-1
[INFO] running `Command { std: "git" "clone" "/workspace/cache/git-repos/https%3A%2F%2Fgithub.com%2FCodingInGreen%2Frp2040_tests" "/workspace/builds/worker-6-tc1/source", kill_on_drop: false }`
[INFO] [stderr] Cloning into '/workspace/builds/worker-6-tc1/source'...
[INFO] [stderr] done.
[INFO] validating manifest of git repo https://github.com/CodingInGreen/rp2040_tests on toolchain 1.75.0
[INFO] running `Command { std: CARGO_HOME="/workspace/cargo-home" RUSTUP_HOME="/workspace/rustup-home" "/workspace/cargo-home/bin/cargo" "+1.75.0" "metadata" "--manifest-path" "Cargo.toml" "--no-deps", kill_on_drop: false }`
[INFO] removed /workspace/builds/worker-6-tc1/source/.cargo/config.toml
[INFO] removed /workspace/builds/worker-6-tc1/source/rust-toolchain.toml
[INFO] started tweaking git repo https://github.com/CodingInGreen/rp2040_tests
[INFO] finished tweaking git repo https://github.com/CodingInGreen/rp2040_tests
[INFO] tweaked toml for git repo https://github.com/CodingInGreen/rp2040_tests written to /workspace/builds/worker-6-tc1/source/Cargo.toml
[INFO] crate git repo https://github.com/CodingInGreen/rp2040_tests already has a lockfile, it will not be regenerated
[INFO] running `Command { std: CARGO_HOME="/workspace/cargo-home" RUSTUP_HOME="/workspace/rustup-home" "/workspace/cargo-home/bin/cargo" "+1.75.0" "fetch" "--manifest-path" "Cargo.toml", kill_on_drop: false }`
[INFO] [stderr]     Updating git repository `https://github.com/embassy-rs/embassy`
[INFO] [stderr]     Updating crates.io index
[INFO] [stderr] warning: Patch `embassy-executor v0.4.0 (https://github.com/embassy-rs/embassy?rev=90e96d281f87efdbea3a1418f5354f14386a42e8#90e96d28)` was not used in the crate graph.
[INFO] [stderr] Check that the patched package version and available features are compatible
[INFO] [stderr] with the dependency requirements. If the patch has a different version from
[INFO] [stderr] what is locked in the Cargo.lock file, run `cargo update` to use the new
[INFO] [stderr] version. This may also occur with an optional dependency that is not enabled.
[INFO] [stderr]  Downloading crates ...
[INFO] [stderr]   Downloaded thiserror v1.0.52
[INFO] [stderr]   Downloaded embedded-hal v1.0.0-rc.3
[INFO] [stderr]   Downloaded embedded-io v0.6.1
[INFO] [stderr]   Downloaded thiserror-impl v1.0.52
[INFO] [stderr]   Downloaded embassy-macros v0.2.1
[INFO] [stderr]   Downloaded pio-parser v0.2.2
[INFO] [stderr]   Downloaded embedded-storage v0.3.1
[INFO] [stderr]   Downloaded heapless v0.8.0
[INFO] [stderr]   Downloaded embedded-io-async v0.6.1
[INFO] [stderr]   Downloaded crc-any v2.4.4
[INFO] [stderr]   Downloaded embedded-hal-async v1.0.0-rc.3
[INFO] [stderr]   Downloaded pio-proc v0.2.2
[INFO] [stderr]   Downloaded embedded-storage-async v0.4.1
[INFO] [stderr]   Downloaded static_cell v1.3.0
[INFO] [stderr]   Downloaded embassy-executor v0.2.1
[INFO] [stderr]   Downloaded static_cell v2.0.0
[INFO] [stderr]   Downloaded embedded-hal-nb v1.0.0-rc.3
[INFO] [stderr]   Downloaded embassy-time v0.1.4
[INFO] [stderr]   Downloaded rp-pac v6.0.0
[INFO] running `Command { std: "docker" "create" "-v" "/var/lib/crater-agent-workspace/builds/worker-6-tc1/target:/opt/rustwide/target:rw,Z" "-v" "/var/lib/crater-agent-workspace/builds/worker-6-tc1/source:/opt/rustwide/workdir:ro,Z" "-v" "/var/lib/crater-agent-workspace/cargo-home:/opt/rustwide/cargo-home:ro,Z" "-v" "/var/lib/crater-agent-workspace/rustup-home:/opt/rustwide/rustup-home:ro,Z" "-e" "SOURCE_DIR=/opt/rustwide/workdir" "-e" "CARGO_TARGET_DIR=/opt/rustwide/target" "-e" "CARGO_HOME=/opt/rustwide/cargo-home" "-e" "RUSTUP_HOME=/opt/rustwide/rustup-home" "-w" "/opt/rustwide/workdir" "-m" "1610612736" "--user" "0:0" "--network" "none" "ghcr.io/rust-lang/crates-build-env/linux@sha256:2788e3201cd34a07e3172128adcd8b3090168a8e3bcc40d7c032b9dda1df7d1c" "/opt/rustwide/cargo-home/bin/cargo" "+1.75.0" "metadata" "--no-deps" "--format-version=1", kill_on_drop: false }`
[INFO] [stdout] 60a045867fbdc15141d3a73b69a6f4117e1ad82c258b54d505fa8f0a6bd81092
[INFO] running `Command { std: "docker" "start" "-a" "60a045867fbdc15141d3a73b69a6f4117e1ad82c258b54d505fa8f0a6bd81092", kill_on_drop: false }`
[INFO] running `Command { std: "docker" "inspect" "60a045867fbdc15141d3a73b69a6f4117e1ad82c258b54d505fa8f0a6bd81092", kill_on_drop: false }`
[INFO] running `Command { std: "docker" "rm" "-f" "60a045867fbdc15141d3a73b69a6f4117e1ad82c258b54d505fa8f0a6bd81092", kill_on_drop: false }`
[INFO] [stdout] 60a045867fbdc15141d3a73b69a6f4117e1ad82c258b54d505fa8f0a6bd81092
[INFO] running `Command { std: "docker" "create" "-v" "/var/lib/crater-agent-workspace/builds/worker-6-tc1/target:/opt/rustwide/target:rw,Z" "-v" "/var/lib/crater-agent-workspace/builds/worker-6-tc1/source:/opt/rustwide/workdir:ro,Z" "-v" "/var/lib/crater-agent-workspace/cargo-home:/opt/rustwide/cargo-home:ro,Z" "-v" "/var/lib/crater-agent-workspace/rustup-home:/opt/rustwide/rustup-home:ro,Z" "-e" "SOURCE_DIR=/opt/rustwide/workdir" "-e" "CARGO_TARGET_DIR=/opt/rustwide/target" "-e" "CARGO_INCREMENTAL=0" "-e" "RUST_BACKTRACE=full" "-e" "RUSTFLAGS=--cap-lints=warn" "-e" "RUSTDOCFLAGS=--cap-lints=warn" "-e" "CARGO_HOME=/opt/rustwide/cargo-home" "-e" "RUSTUP_HOME=/opt/rustwide/rustup-home" "-w" "/opt/rustwide/workdir" "-m" "1610612736" "--user" "0:0" "--network" "none" "ghcr.io/rust-lang/crates-build-env/linux@sha256:2788e3201cd34a07e3172128adcd8b3090168a8e3bcc40d7c032b9dda1df7d1c" "/opt/rustwide/cargo-home/bin/cargo" "+1.75.0" "doc" "--frozen" "--no-deps" "--document-private-items" "--message-format=json", kill_on_drop: false }`
[INFO] [stdout] 4252b94c76e39fc003a4227d11bf9e4679990bc4b1a875848b20c3d38543f566
[INFO] running `Command { std: "docker" "start" "-a" "4252b94c76e39fc003a4227d11bf9e4679990bc4b1a875848b20c3d38543f566", kill_on_drop: false }`
[INFO] [stderr] warning: Patch `embassy-executor v0.4.0 (https://github.com/embassy-rs/embassy?rev=90e96d281f87efdbea3a1418f5354f14386a42e8#90e96d28)` was not used in the crate graph.
[INFO] [stderr] Check that the patched package version and available features are compatible
[INFO] [stderr] with the dependency requirements. If the patch has a different version from
[INFO] [stderr] what is locked in the Cargo.lock file, run `cargo update` to use the new
[INFO] [stderr] version. This may also occur with an optional dependency that is not enabled.
[INFO] [stderr]    Compiling proc-macro2 v1.0.71
[INFO] [stderr]    Compiling syn v1.0.109
[INFO] [stderr]    Compiling defmt v0.3.5
[INFO] [stderr]    Compiling thiserror v1.0.52
[INFO] [stderr]    Compiling defmt-macros v0.3.6
[INFO] [stderr]    Compiling libc v0.2.151
[INFO] [stderr]    Compiling cortex-m v0.7.7
[INFO] [stderr]     Checking critical-section v1.1.2
[INFO] [stderr]     Checking nb v1.1.0
[INFO] [stderr]     Checking byteorder v1.5.0
[INFO] [stderr]    Compiling lock_api v0.4.11
[INFO] [stderr]     Checking futures-sink v0.3.30
[INFO] [stderr]     Checking void v1.0.2
[INFO] [stderr]     Checking futures-core v0.3.30
[INFO] [stderr]     Checking stable_deref_trait v1.2.0
[INFO] [stderr]     Checking futures-task v0.3.30
[INFO] [stderr]     Checking nb v0.1.3
[INFO] [stderr]     Checking pin-project-lite v0.2.13
[INFO] [stderr]    Compiling memchr v2.7.1
[INFO] [stderr]    Compiling parking_lot_core v0.9.9
[INFO] [stderr]    Compiling bare-metal v0.2.5
[INFO] [stderr]    Compiling smallvec v1.11.2
[INFO] [stderr]    Compiling regex-syntax v0.8.2
[INFO] [stderr]    Compiling rustix v0.38.28
[INFO] [stderr]     Checking embedded-hal v0.2.7
[INFO] [stderr]    Compiling scopeguard v1.2.0
[INFO] [stderr]     Checking vcell v0.1.3
[INFO] [stderr]    Compiling cortex-m-rt v0.7.3
[INFO] [stderr]    Compiling embassy-time v0.2.0 (https://github.com/embassy-rs/embassy?rev=90e96d281f87efdbea3a1418f5354f14386a42e8#90e96d28)
[INFO] [stderr]    Compiling heapless v0.8.0
[INFO] [stderr]    Compiling hashbrown v0.14.3
[INFO] [stderr]    Compiling bitflags v2.4.1
[INFO] [stderr]    Compiling linux-raw-sys v0.4.12
[INFO] [stderr]    Compiling siphasher v0.3.11
[INFO] [stderr]     Checking volatile-register v0.2.2
[INFO] [stderr]     Checking hash32 v0.3.1
[INFO] [stderr]    Compiling paste v1.0.14
[INFO] [stderr]    Compiling embedded-io-async v0.6.1
[INFO] [stderr]    Compiling once_cell v1.19.0
[INFO] [stderr]    Compiling phf_shared v0.10.0
[INFO] [stderr]    Compiling log v0.4.20
[INFO] [stderr]     Checking bitfield v0.13.2
[INFO] [stderr]    Compiling semver v1.0.20
[INFO] [stderr]    Compiling either v1.9.0
[INFO] [stderr]    Compiling aho-corasick v1.1.2
[INFO] [stderr]    Compiling ena v0.14.2
[INFO] [stderr]    Compiling unicode-xid v0.2.4
[INFO] [stderr]    Compiling itertools v0.10.5
[INFO] [stderr]    Compiling regex-syntax v0.6.29
[INFO] [stderr]     Checking embedded-hal v1.0.0-rc.3
[INFO] [stderr]    Compiling embassy-sync v0.5.0 (https://github.com/embassy-rs/embassy?rev=90e96d281f87efdbea3a1418f5354f14386a42e8#90e96d28)
[INFO] [stderr]    Compiling quote v1.0.33
[INFO] [stderr]    Compiling embedded-hal-async v1.0.0-rc.3
[INFO] [stdout] error[E0425]: cannot find function `__basepri_r` in module `crate::asm::inline`
[INFO] [stdout]  --> /opt/rustwide/cargo-home/registry/src/index.crates.io-6f17d22bba15001f/cortex-m-0.7.7/src/register/basepri.rs:6:15
[INFO] [stdout]   |
[INFO] [stdout] 6 |     call_asm!(__basepri_r() -> u8)
[INFO] [stdout]   |               ^^^^^^^^^^^ not found in `crate::asm::inline`
[INFO] [stdout] 
[INFO] [stdout] 
[INFO] [stdout] error[E0425]: cannot find function `__basepri_w` in module `crate::asm::inline`
[INFO] [stdout]   --> /opt/rustwide/cargo-home/registry/src/index.crates.io-6f17d22bba15001f/cortex-m-0.7.7/src/register/basepri.rs:22:19
[INFO] [stdout]    |
[INFO] [stdout] 22 |         call_asm!(__basepri_w(basepri: u8));
[INFO] [stdout]    |                   ^^^^^^^^^^^ not found in `crate::asm::inline`
[INFO] [stdout] 
[INFO] [stdout] 
[INFO] [stdout] error[E0425]: cannot find function `__basepri_max` in module `crate::asm::inline`
[INFO] [stdout]   --> /opt/rustwide/cargo-home/registry/src/index.crates.io-6f17d22bba15001f/cortex-m-0.7.7/src/register/basepri_max.rs:19:19
[INFO] [stdout]    |
[INFO] [stdout] 19 |         call_asm!(__basepri_max(basepri: u8));
[INFO] [stdout]    |                   ^^^^^^^^^^^^^ not found in `crate::asm::inline`
[INFO] [stdout] 
[INFO] [stdout] 
[INFO] [stdout] error[E0425]: cannot find function `__faultmask_r` in module `crate::asm::inline`
[INFO] [stdout]   --> /opt/rustwide/cargo-home/registry/src/index.crates.io-6f17d22bba15001f/cortex-m-0.7.7/src/register/faultmask.rs:29:28
[INFO] [stdout]    |
[INFO] [stdout] 29 |     let r: u32 = call_asm!(__faultmask_r() -> u32);
[INFO] [stdout]    |                            ^^^^^^^^^^^^^ not found in `crate::asm::inline`
[INFO] [stdout] 
[INFO] [stdout] 
[INFO] [stdout] error: invalid register `r0`: unknown register
[INFO] [stdout]    --> /opt/rustwide/cargo-home/registry/src/index.crates.io-6f17d22bba15001f/cortex-m-0.7.7/src/../asm/inline.rs:197:24
[INFO] [stdout]     |
[INFO] [stdout] 197 |     asm!("bkpt #0xab", inout("r0") nr, in("r1") arg, options(nomem, nostack, preserves_flags));
[INFO] [stdout]     |                        ^^^^^^^^^^^^^^
[INFO] [stdout] 
[INFO] [stdout] 
[INFO] [stdout] error: invalid register `r1`: unknown register
[INFO] [stdout]    --> /opt/rustwide/cargo-home/registry/src/index.crates.io-6f17d22bba15001f/cortex-m-0.7.7/src/../asm/inline.rs:197:40
[INFO] [stdout]     |
[INFO] [stdout] 197 |     asm!("bkpt #0xab", inout("r0") nr, in("r1") arg, options(nomem, nostack, preserves_flags));
[INFO] [stdout]     |                                        ^^^^^^^^^^^^
[INFO] [stdout] 
[INFO] [stdout] 
[INFO] [stderr]    Compiling indexmap v2.1.0
[INFO] [stdout] error: aborting due to 6 previous errors
[INFO] [stdout] 
[INFO] [stdout] 
[INFO] [stdout] For more information about this error, try `rustc --explain E0425`.
[INFO] [stdout] 
[INFO] [stderr]    Compiling syn v2.0.43
[INFO] [stderr] error: could not compile `cortex-m` (lib) due to 7 previous errors
[INFO] [stderr] warning: build failed, waiting for other jobs to finish...
[INFO] running `Command { std: "docker" "inspect" "4252b94c76e39fc003a4227d11bf9e4679990bc4b1a875848b20c3d38543f566", kill_on_drop: false }`
[INFO] running `Command { std: "docker" "rm" "-f" "4252b94c76e39fc003a4227d11bf9e4679990bc4b1a875848b20c3d38543f566", kill_on_drop: false }`
[INFO] [stdout] 4252b94c76e39fc003a4227d11bf9e4679990bc4b1a875848b20c3d38543f566
