[INFO] cloning repository https://github.com/ClzSkywalker/rust_web_study
[INFO] running `Command { std: "git" "-c" "credential.helper=" "-c" "credential.helper=/workspace/cargo-home/bin/git-credential-null" "clone" "--bare" "https://github.com/ClzSkywalker/rust_web_study" "/workspace/cache/git-repos/https%3A%2F%2Fgithub.com%2FClzSkywalker%2Frust_web_study", kill_on_drop: false }`
[INFO] [stderr] Cloning into bare repository '/workspace/cache/git-repos/https%3A%2F%2Fgithub.com%2FClzSkywalker%2Frust_web_study'...
[INFO] running `Command { std: "git" "rev-parse" "HEAD", kill_on_drop: false }`
[INFO] [stdout] 10b8888d82c7edab1cef6537a3cf9db2bb18c1d4
[INFO] documenting ClzSkywalker/rust_web_study against 1.75.0 for beta-1.76-rustdoc-1
[INFO] running `Command { std: "git" "clone" "/workspace/cache/git-repos/https%3A%2F%2Fgithub.com%2FClzSkywalker%2Frust_web_study" "/workspace/builds/worker-2-tc1/source", kill_on_drop: false }`
[INFO] [stderr] Cloning into '/workspace/builds/worker-2-tc1/source'...
[INFO] [stderr] done.
[INFO] validating manifest of git repo https://github.com/ClzSkywalker/rust_web_study on toolchain 1.75.0
[INFO] running `Command { std: CARGO_HOME="/workspace/cargo-home" RUSTUP_HOME="/workspace/rustup-home" "/workspace/cargo-home/bin/cargo" "+1.75.0" "metadata" "--manifest-path" "Cargo.toml" "--no-deps", kill_on_drop: false }`
[INFO] started tweaking git repo https://github.com/ClzSkywalker/rust_web_study
[INFO] finished tweaking git repo https://github.com/ClzSkywalker/rust_web_study
[INFO] tweaked toml for git repo https://github.com/ClzSkywalker/rust_web_study written to /workspace/builds/worker-2-tc1/source/Cargo.toml
[INFO] crate git repo https://github.com/ClzSkywalker/rust_web_study already has a lockfile, it will not be regenerated
[INFO] running `Command { std: CARGO_HOME="/workspace/cargo-home" RUSTUP_HOME="/workspace/rustup-home" "/workspace/cargo-home/bin/cargo" "+1.75.0" "fetch" "--manifest-path" "Cargo.toml", kill_on_drop: false }`
[INFO] [stderr] warning: virtual workspace defaulting to `resolver = "1"` despite one or more workspace members being on edition 2021 which implies `resolver = "2"`
[INFO] [stderr] note: to keep the current resolver, specify `workspace.resolver = "1"` in the workspace root's manifest
[INFO] [stderr] note: to use the edition 2021 resolver, specify `workspace.resolver = "2"` in the workspace root's manifest
[INFO] [stderr] note: for more details see https://doc.rust-lang.org/cargo/reference/resolver.html#resolver-versions
[INFO] [stderr]     Updating crates.io index
[INFO] [stderr]     Blocking waiting for file lock on package cache
[INFO] [stderr]  Downloading crates ...
[INFO] [stderr]   Downloaded i18n-embed-impl v0.8.0
[INFO] [stderr]   Downloaded bae v0.1.7
[INFO] [stderr]   Downloaded sea-schema-derive v0.1.0
[INFO] [stderr]   Downloaded unic-langid v0.9.1
[INFO] [stderr]   Downloaded bytecheck_derive v0.6.10
[INFO] [stderr]   Downloaded sea-query-derive v0.3.0
[INFO] [stderr]   Downloaded tinystr v0.7.1
[INFO] [stderr]   Downloaded sea-strum_macros v0.23.0
[INFO] [stderr]   Downloaded sea-orm-cli v0.11.3
[INFO] [stderr]   Downloaded i18n-embed v0.13.8
[INFO] [stderr]   Downloaded rust_decimal v1.29.1
[INFO] [stderr]   Downloaded sea-query v0.28.4
[INFO] [stderr]   Downloaded linux-raw-sys v0.3.5
[INFO] [stderr]   Downloaded sea-schema v0.11.0
[INFO] [stderr]   Downloaded rust-i18n-extract v1.1.0
[INFO] [stderr]   Downloaded sea-orm v0.11.3
[INFO] [stderr]   Downloaded rust-i18n-support v1.1.0
[INFO] [stderr]   Downloaded rkyv v0.7.41
[INFO] [stderr]   Downloaded rust-i18n-macro v1.1.0
[INFO] [stderr]   Downloaded i18n-config v0.4.3
[INFO] [stderr]   Downloaded axum v0.6.17
[INFO] [stderr]   Downloaded unic-langid-impl v0.9.1
[INFO] [stderr]   Downloaded rusty_ulid v2.0.0
[INFO] [stderr]   Downloaded sea-orm-migration v0.11.3
[INFO] [stderr]   Downloaded sea-orm-macros v0.11.3
[INFO] [stderr]   Downloaded bytecheck v0.6.10
[INFO] [stderr]   Downloaded rkyv_derive v0.7.41
[INFO] [stderr]   Downloaded i18n-embed-fl v0.6.6
[INFO] [stderr]   Downloaded sea-query-binder v0.3.0
[INFO] [stderr]   Downloaded sea-strum v0.23.0
[INFO] [stderr]   Downloaded rust-i18n v1.1.4
[INFO] running `Command { std: "docker" "create" "-v" "/var/lib/crater-agent-workspace/builds/worker-2-tc1/target:/opt/rustwide/target:rw,Z" "-v" "/var/lib/crater-agent-workspace/builds/worker-2-tc1/source:/opt/rustwide/workdir:ro,Z" "-v" "/var/lib/crater-agent-workspace/cargo-home:/opt/rustwide/cargo-home:ro,Z" "-v" "/var/lib/crater-agent-workspace/rustup-home:/opt/rustwide/rustup-home:ro,Z" "-e" "SOURCE_DIR=/opt/rustwide/workdir" "-e" "CARGO_TARGET_DIR=/opt/rustwide/target" "-e" "CARGO_HOME=/opt/rustwide/cargo-home" "-e" "RUSTUP_HOME=/opt/rustwide/rustup-home" "-w" "/opt/rustwide/workdir" "-m" "1610612736" "--user" "0:0" "--network" "none" "ghcr.io/rust-lang/crates-build-env/linux@sha256:2788e3201cd34a07e3172128adcd8b3090168a8e3bcc40d7c032b9dda1df7d1c" "/opt/rustwide/cargo-home/bin/cargo" "+1.75.0" "metadata" "--no-deps" "--format-version=1", kill_on_drop: false }`
[INFO] [stdout] 52fbeee97270630d715af8e93500123de87e1c44d4ccb36621c26e56b0e8fec0
[INFO] running `Command { std: "docker" "start" "-a" "52fbeee97270630d715af8e93500123de87e1c44d4ccb36621c26e56b0e8fec0", kill_on_drop: false }`
[INFO] running `Command { std: "docker" "inspect" "52fbeee97270630d715af8e93500123de87e1c44d4ccb36621c26e56b0e8fec0", kill_on_drop: false }`
[INFO] running `Command { std: "docker" "rm" "-f" "52fbeee97270630d715af8e93500123de87e1c44d4ccb36621c26e56b0e8fec0", kill_on_drop: false }`
[INFO] [stdout] 52fbeee97270630d715af8e93500123de87e1c44d4ccb36621c26e56b0e8fec0
[INFO] running `Command { std: "docker" "create" "-v" "/var/lib/crater-agent-workspace/builds/worker-2-tc1/target:/opt/rustwide/target:rw,Z" "-v" "/var/lib/crater-agent-workspace/builds/worker-2-tc1/source:/opt/rustwide/workdir:ro,Z" "-v" "/var/lib/crater-agent-workspace/cargo-home:/opt/rustwide/cargo-home:ro,Z" "-v" "/var/lib/crater-agent-workspace/rustup-home:/opt/rustwide/rustup-home:ro,Z" "-e" "SOURCE_DIR=/opt/rustwide/workdir" "-e" "CARGO_TARGET_DIR=/opt/rustwide/target" "-e" "CARGO_INCREMENTAL=0" "-e" "RUST_BACKTRACE=full" "-e" "RUSTFLAGS=--cap-lints=warn" "-e" "RUSTDOCFLAGS=--cap-lints=warn" "-e" "CARGO_HOME=/opt/rustwide/cargo-home" "-e" "RUSTUP_HOME=/opt/rustwide/rustup-home" "-w" "/opt/rustwide/workdir" "-m" "1610612736" "--user" "0:0" "--network" "none" "ghcr.io/rust-lang/crates-build-env/linux@sha256:2788e3201cd34a07e3172128adcd8b3090168a8e3bcc40d7c032b9dda1df7d1c" "/opt/rustwide/cargo-home/bin/cargo" "+1.75.0" "doc" "--frozen" "--no-deps" "--document-private-items" "--message-format=json", kill_on_drop: false }`
[INFO] [stdout] f7ec1f6ca3f0869fe881d2ba9c0f19fcc176ab2c0815680595c24b931288ee87
[INFO] running `Command { std: "docker" "start" "-a" "f7ec1f6ca3f0869fe881d2ba9c0f19fcc176ab2c0815680595c24b931288ee87", kill_on_drop: false }`
[INFO] [stderr] warning: virtual workspace defaulting to `resolver = "1"` despite one or more workspace members being on edition 2021 which implies `resolver = "2"`
[INFO] [stderr] note: to keep the current resolver, specify `workspace.resolver = "1"` in the workspace root's manifest
[INFO] [stderr] note: to use the edition 2021 resolver, specify `workspace.resolver = "2"` in the workspace root's manifest
[INFO] [stderr] note: for more details see https://doc.rust-lang.org/cargo/reference/resolver.html#resolver-versions
[INFO] [stderr]    Compiling proc-macro2 v1.0.56
[INFO] [stderr]    Compiling quote v1.0.26
[INFO] [stderr]    Compiling unicode-ident v1.0.8
[INFO] [stderr]    Compiling libc v0.2.142
[INFO] [stderr]    Compiling version_check v0.9.4
[INFO] [stderr]    Compiling syn v1.0.109
[INFO] [stderr]    Compiling serde_derive v1.0.160
[INFO] [stderr]    Compiling serde v1.0.160
[INFO] [stderr]    Compiling memchr v2.5.0
[INFO] [stderr]    Compiling log v0.4.17
[INFO] [stderr]    Compiling cfg-if v1.0.0
[INFO] [stderr]     Checking once_cell v1.17.1
[INFO] [stderr]    Compiling value-bag v1.0.0-alpha.9
[INFO] [stderr]    Compiling lock_api v0.4.9
[INFO] [stderr]    Compiling futures-core v0.3.28
[INFO] [stderr]     Checking pin-project-lite v0.2.9
[INFO] [stderr]    Compiling ahash v0.7.6
[INFO] [stderr]    Compiling num-traits v0.2.15
[INFO] [stderr]    Compiling cc v1.0.79
[INFO] [stderr]    Compiling parking_lot_core v0.9.7
[INFO] [stderr]     Checking smallvec v1.10.0
[INFO] [stderr]     Checking itoa v1.0.6
[INFO] [stderr]    Compiling crossbeam-utils v0.8.15
[INFO] [stderr]    Compiling syn v2.0.15
[INFO] [stderr]    Compiling slab v0.4.8
[INFO] [stderr]    Compiling num-integer v0.1.45
[INFO] [stderr]    Compiling unicode-segmentation v1.10.1
[INFO] [stderr]    Compiling thiserror v1.0.40
[INFO] [stderr]    Compiling tokio v1.28.0
[INFO] [stderr]    Compiling indexmap v1.9.3
[INFO] [stderr]    Compiling futures-task v0.3.28
[INFO] [stderr]    Compiling ring v0.16.20
[INFO] [stderr]    Compiling futures-channel v0.3.28
[INFO] [stderr]    Compiling serde_json v1.0.96
[INFO] [stderr]     Checking getrandom v0.2.9
[INFO] [stderr]    Compiling time-core v0.1.0
[INFO] [stderr]     Checking scopeguard v1.1.0
[INFO] [stderr]     Checking futures-io v0.3.28
[INFO] [stderr]    Compiling time-macros v0.2.8
[INFO] [stderr]    Compiling futures-util v0.3.28
[INFO] [stderr]    Compiling rustversion v1.0.12
[INFO] [stderr]    Compiling heck v0.4.1
[INFO] [stderr]    Compiling hashbrown v0.12.3
[INFO] [stderr]     Checking bitflags v1.3.2
[INFO] [stderr]     Checking bytes v1.4.0
[INFO] [stderr]     Checking ryu v1.0.13
[INFO] [stderr]     Checking futures-sink v0.3.28
[INFO] [stderr]     Checking socket2 v0.4.9
[INFO] [stderr]     Checking tracing-core v0.1.30
[INFO] [stderr]    Compiling num-bigint v0.4.3
[INFO] [stderr]     Checking pin-utils v0.1.0
[INFO] [stderr]     Checking parking_lot v0.12.1
[INFO] [stderr]     Checking num_cpus v1.15.0
[INFO] [stderr]     Checking signal-hook-registry v1.4.1
[INFO] [stderr]     Checking time v0.1.45
[INFO] [stderr]     Checking aho-corasick v1.0.1
[INFO] [stderr]    Compiling proc-macro-error-attr v1.0.4
[INFO] [stderr]     Checking regex-syntax v0.7.1
[INFO] [stderr]     Checking iana-time-zone v0.1.56
[INFO] [stderr]    Compiling parking_lot_core v0.8.6
[INFO] [stderr]    Compiling rustls v0.20.8
[INFO] [stderr]    Compiling proc-macro-error v1.0.4
[INFO] [stderr]    Compiling rust_decimal v1.29.1
[INFO] [stderr]    Compiling spin v0.5.2
[INFO] [stderr]    Compiling untrusted v0.7.1
[INFO] [stderr]     Checking thread_local v1.1.7
[INFO] [stderr]    Compiling vcpkg v0.2.15
[INFO] [stderr]    Compiling pkg-config v0.3.26
[INFO] [stderr]     Checking event-listener v2.5.3
[INFO] [stderr]     Checking regex v1.8.1
[INFO] [stderr]    Compiling tinyvec_macros v0.1.1
[INFO] [stderr]     Checking regex-syntax v0.6.29
[INFO] [stderr]     Checking tinyvec v1.6.0
[INFO] [stderr]    Compiling libsqlite3-sys v0.24.2
[INFO] [stderr]    Compiling webpki v0.22.0
[INFO] [stderr]    Compiling crossbeam-queue v0.3.8
[INFO] [stderr]     Checking overload v0.1.1
[INFO] [stderr]     Checking either v1.8.1
[INFO] [stderr]     Checking percent-encoding v2.2.0
[INFO] [stderr]    Compiling unicode-normalization v0.1.22
[INFO] [stderr]     Checking itertools v0.10.5
[INFO] [stderr]    Compiling ctor v0.1.26
[INFO] [stderr]    Compiling pin-project-internal v1.0.12
[INFO] [stderr]     Checking form_urlencoded v1.1.0
[INFO] [stderr]     Checking nu-ansi-term v0.46.0
[INFO] [stderr]     Checking regex-automata v0.1.10
[INFO] [stderr]    Compiling thiserror-impl v1.0.40
[INFO] [stderr]    Compiling tokio-macros v2.1.0
[INFO] [stderr]    Compiling futures-macro v0.3.28
[INFO] [stderr]     Checking mio v0.8.6
[INFO] [stderr]    Compiling tracing-attributes v0.1.24
[INFO] [stderr]     Checking tracing-log v0.1.3
[INFO] [stderr]     Checking matchers v0.1.0
[INFO] [stderr]    Compiling sct v0.7.0
[INFO] [stderr]     Checking sharded-slab v0.1.4
[INFO] [stderr]    Compiling heck v0.3.3
[INFO] [stderr]    Compiling instant v0.1.12
[INFO] [stderr]    Compiling unicode-bidi v0.3.13
[INFO] [stderr]    Compiling paste v1.0.12
[INFO] [stderr]     Checking tracing v0.1.38
[INFO] [stderr]     Checking fnv v1.0.7
[INFO] [stderr]     Checking arrayvec v0.7.2
[INFO] [stderr]     Checking tracing-subscriber v0.3.17
[INFO] [stderr]     Checking bigdecimal v0.3.0
[INFO] [stderr]     Checking pin-project v1.0.12
[INFO] [stderr]     Checking rand_core v0.6.4
[INFO] [stderr]     Checking futures-executor v0.3.28
[INFO] [stderr]    Compiling minimal-lexical v0.2.1
[INFO] [stderr]     Checking ppv-lite86 v0.2.17
[INFO] [stderr]    Compiling nom v7.1.3
[INFO] [stderr]     Checking rand_chacha v0.3.1
[INFO] [stderr]    Compiling tokio-rustls v0.23.4
[INFO] [stderr]    Compiling parking_lot v0.11.2
[INFO] [stderr]     Checking time v0.3.20
[INFO] [stderr]     Checking chrono v0.4.24
[INFO] [stderr]     Checking uuid v1.3.1
[INFO] [stderr]     Checking idna v0.3.0
[INFO] [stderr]    Compiling spin v0.9.8
[INFO] [stderr]    Compiling base64 v0.21.0
[INFO] [stderr]    Compiling unicode_categories v0.1.1
[INFO] [stderr]    Compiling sqlformat v0.2.1
[INFO] [stderr]    Compiling rustls-pemfile v1.0.2
[INFO] [stderr]    Compiling url v2.3.1
[INFO] [stderr]    Compiling flume v0.10.14
[INFO] [stderr]    Compiling futures-intrusive v0.4.2
[INFO] [stderr]    Compiling sqlx-rt v0.6.3
[INFO] [stderr]    Compiling tokio-stream v0.1.14
[INFO] [stderr]     Checking rand v0.8.5
[INFO] [stderr]    Compiling stringprep v0.1.2
[INFO] [stderr]    Compiling sea-query-derive v0.3.0
[INFO] [stderr]    Compiling webpki-roots v0.22.6
[INFO] [stderr]    Compiling atoi v1.0.0
[INFO] [stderr]    Compiling hashlink v0.8.1
[INFO] [stderr]     Checking crossbeam-channel v0.5.8
[INFO] [stderr]     Checking concurrent-queue v2.2.0
[INFO] [stderr]     Checking fastrand v1.9.0
[INFO] [stderr]    Compiling io-lifetimes v1.0.10
[INFO] [stderr]    Compiling dotenvy v0.15.7
[INFO] [stderr]     Checking parking v2.1.0
[INFO] [stderr]     Checking waker-fn v1.1.0
[INFO] [stderr]    Compiling hex v0.4.3
[INFO] [stderr]    Compiling async-trait v0.1.68
[INFO] [stderr]    Compiling byteorder v1.4.3
[INFO] [stderr]     Checking futures-lite v1.13.0
[INFO] [stderr]     Checking sea-query v0.28.4
[INFO] [stderr]     Checking tracing-appender v0.2.2
[INFO] [stderr]    Compiling sqlx-core v0.6.3
[INFO] [stderr]     Checking rusty_ulid v2.0.0
[INFO] [stderr]    Compiling strum_macros v0.24.3
[INFO] [stderr]     Checking async-lock v2.7.0
[INFO] [stderr]    Compiling polling v2.8.0
[INFO] [stderr]    Compiling linked-hash-map v0.5.6
[INFO] [stderr]    Compiling rustix v0.37.15
[INFO] [stderr]     Checking strum v0.24.1
[INFO] [stderr]    Compiling glob v0.3.1
[INFO] [stderr]     Checking yaml-rust v0.4.5
[INFO] [stderr]     Checking futures v0.3.28
[INFO] [stderr]    Compiling displaydoc v0.2.3
[INFO] [stderr]     Checking bstr v1.4.0
[INFO] [stderr]     Checking aho-corasick v0.7.20
[INFO] [stderr]    Compiling async-io v1.13.0
[INFO] [stderr]     Checking linux-raw-sys v0.3.5
[INFO] [stderr]     Checking same-file v1.0.6
[INFO] [stderr]    Compiling typenum v1.16.0
[INFO] [stderr]    Compiling Inflector v0.11.4
[INFO] [stderr]    Compiling anyhow v1.0.70
[INFO] [stderr]     Checking async-task v4.4.0
[INFO] [stderr]     Checking os_str_bytes v6.5.0
[INFO] [stderr]     Checking common v0.1.0 (/opt/rustwide/workdir/common)
[INFO] [stderr]    Compiling ouroboros_macro v0.15.6
[INFO] [stderr]     Checking clap_lex v0.2.4
[INFO] [stderr]     Checking globset v0.4.10
[INFO] [stderr]     Checking walkdir v2.3.3
[INFO] [stderr]    Compiling tinystr v0.7.1
[INFO] [stderr]    Compiling serde_yaml v0.8.26
[INFO] [stderr]     Checking async-channel v1.8.0
[INFO] [stderr]    Compiling sea-schema-derive v0.1.0
[INFO] [stderr]    Compiling bae v0.1.7
[INFO] [stderr]    Compiling sea-strum_macros v0.23.0
[INFO] [stderr]    Compiling async-stream-impl v0.3.5
[INFO] [stderr]    Compiling clap_derive v3.2.25
[INFO] [stderr]    Compiling generic-array v0.14.7
[INFO] [stderr]     Checking aliasable v0.1.3
[INFO] [stderr]     Checking unicode-width v0.1.10
[INFO] [stderr]    Compiling sqlx-macros v0.6.3
[INFO] [stderr]     Checking atomic-waker v1.1.1
[INFO] [stderr]     Checking textwrap v0.16.0
[INFO] [stderr]     Checking async-stream v0.3.5
[INFO] [stderr]     Checking blocking v1.3.1
[INFO] [stderr]     Checking textwrap v0.11.0
[INFO] [stderr]     Checking rust-i18n-support v1.1.0
[INFO] [stderr]     Checking ouroboros v0.15.6
[INFO] [stderr]    Compiling sea-orm-macros v0.11.3
[INFO] [stderr]     Checking sea-schema v0.11.0
[INFO] [stderr]     Checking sea-strum v0.23.0
[INFO] [stderr]    Compiling unic-langid-impl v0.9.1
[INFO] [stderr]     Checking ignore v0.4.20
[INFO] [stderr]     Checking async-executor v1.5.1
[INFO] [stderr]     Checking atty v0.2.14
[INFO] [stderr]     Checking strsim v0.8.0
[INFO] [stderr]     Checking ansi_term v0.12.1
[INFO] [stderr]     Checking vec_map v0.8.2
[INFO] [stderr]     Checking async-global-executor v2.3.1
[INFO] [stderr]     Checking clap v2.34.0
[INFO] [stderr]    Compiling unic-langid v0.9.1
[INFO] [stderr]    Compiling rust-i18n-macro v1.1.0
[INFO] [stderr]     Checking clap v3.2.25
[INFO] [stderr]    Compiling rust-i18n v1.1.4
[INFO] [stderr]     Checking toml v0.5.11
[INFO] [stderr]     Checking kv-log-macro v1.0.7
[INFO] [stderr]    Compiling async-attributes v1.1.2
[INFO] [stderr]     Checking hashbrown v0.11.2
[INFO] [stderr]     Checking async-std v1.12.0
[INFO] [stderr]    Compiling crypto-common v0.1.6
[INFO] [stderr]    Compiling block-buffer v0.10.4
[INFO] [stderr]     Checking fallible-iterator v0.2.0
[INFO] [stderr]     Checking fallible-streaming-iterator v0.1.9
[INFO] [stderr]     Checking hashlink v0.7.0
[INFO] [stderr]    Compiling digest v0.10.6
[INFO] [stderr]     Checking http v0.2.9
[INFO] [stderr]    Compiling rustc-hash v1.1.0
[INFO] [stderr]     Checking sea-orm-cli v0.11.3
[INFO] [stderr]     Checking tower-service v0.3.2
[INFO] [stderr]    Compiling cpufeatures v0.2.7
[INFO] [stderr]     Checking rusqlite v0.27.0
[INFO] [stderr]    Compiling httparse v1.8.0
[INFO] [stderr]     Checking rust-i18n-extract v1.1.0
[INFO] [stderr]     Checking sqlx v0.6.3
[INFO] [stderr]    Compiling sha2 v0.10.6
[INFO] [stderr]     Checking sea-query-binder v0.3.0
[INFO] [stderr]     Checking http-body v0.4.5
[INFO] [stderr]    Compiling type-map v0.4.0
[INFO] [stderr]    Compiling axum-core v0.3.4
[INFO] [stderr]     Checking sea-orm v0.11.3
[INFO] [stderr]     Checking try-lock v0.2.4
[INFO] [stderr]     Checking tower-layer v0.3.2
[INFO] [stderr]     Checking want v0.3.0
[INFO] [stderr]    Compiling rust-embed-utils v7.5.0
[INFO] [stderr]    Compiling intl-memoizer v0.5.1
[INFO] [stderr]    Compiling intl_pluralrules v7.0.2
[INFO] [stderr]    Compiling fluent-langneg v0.13.0
[INFO] [stderr]    Compiling fluent-syntax v0.11.0
[INFO] [stderr]    Compiling axum v0.6.17
[INFO] [stderr]    Compiling self_cell v0.10.2
[INFO] [stderr]     Checking httpdate v1.0.2
[INFO] [stderr]     Checking mime v0.3.17
[INFO] [stderr]    Compiling fluent-bundle v0.15.2
[INFO] [stderr]    Compiling rust-embed-impl v6.5.0
[INFO] [stderr]     Checking hyper v0.14.26
[INFO] [stderr]     Checking tower v0.4.13
[INFO] [stderr]    Compiling i18n-config v0.4.3
[INFO] [stderr]    Compiling find-crate v0.6.3
[INFO] [stderr]     Checking serde_path_to_error v0.1.11
[INFO] [stderr]     Checking serde_urlencoded v0.7.1
[INFO] [stderr]     Checking matchit v0.7.0
[INFO] [stderr]     Checking sync_wrapper v0.1.2
[INFO] [stderr]    Compiling rust-embed v6.6.1
[INFO] [stderr]    Compiling fluent v0.16.0
[INFO] [stderr]    Compiling arc-swap v1.6.0
[INFO] [stderr]    Compiling lazy_static v1.4.0
[INFO] [stderr]    Compiling dashmap v5.4.0
[INFO] [stderr]    Compiling strsim v0.10.0
[INFO] [stderr]    Compiling i18n-embed-impl v0.8.0
[INFO] [stderr]  Documenting common v0.1.0 (/opt/rustwide/workdir/common)
[INFO] [stderr]    Compiling i18n-embed v0.13.8
[INFO] [stderr]     Checking sea-orm-migration v0.11.3
[INFO] [stderr]    Compiling i18n-embed-fl v0.6.6
[INFO] [stderr]     Checking migration v0.1.0 (/opt/rustwide/workdir/migration)
[INFO] [stderr]  Documenting migration v0.1.0 (/opt/rustwide/workdir/migration)
[INFO] [stderr]  Documenting macros v0.1.0 (/opt/rustwide/workdir/macros)
[INFO] [stdout] warning: this URL is not a hyperlink
[INFO] [stdout]    --> migration/src/m20220101_000001_create_table.rs:110:19
[INFO] [stdout]     |
[INFO] [stdout] 110 | /// Learn more at https://docs.rs/sea-query#iden
[INFO] [stdout]     |                   ^^^^^^^^^^^^^^^^^^^^^^^^^^^^^^ help: use an automatic link instead: `<https://docs.rs/sea-query#iden>`
[INFO] [stdout]     |
[INFO] [stdout]     = note: bare URLs are not automatically turned into clickable links
[INFO] [stdout]     = note: `#[warn(rustdoc::bare_urls)]` on by default
[INFO] [stdout] 
[INFO] [stdout] 
[INFO] [stdout] warning: 1 warning emitted
[INFO] [stdout] 
[INFO] [stdout] 
[INFO] [stderr]     Checking i18n v0.1.0 (/opt/rustwide/workdir/i18n)
[INFO] [stderr]  Documenting i18n v0.1.0 (/opt/rustwide/workdir/i18n)
[INFO] [stderr]     Checking domain v0.1.0 (/opt/rustwide/workdir/domain)
[INFO] [stderr]  Documenting domain v0.1.0 (/opt/rustwide/workdir/domain)
[INFO] [stdout] warning: type `common_resp` should have an upper camel case name
[INFO] [stdout]  --> domain/src/entity/resp.rs:1:12
[INFO] [stdout]   |
[INFO] [stdout] 1 | pub struct common_resp<T> where T:{
[INFO] [stdout]   |            ^^^^^^^^^^^ help: convert the identifier to upper camel case: `CommonResp`
[INFO] [stdout]   |
[INFO] [stdout]   = note: `#[warn(non_camel_case_types)]` on by default
[INFO] [stdout] 
[INFO] [stdout] 
[INFO] [stdout] warning: type `common_resp` should have an upper camel case name
[INFO] [stdout]  --> domain/src/entity/resp.rs:1:12
[INFO] [stdout]   |
[INFO] [stdout] 1 | pub struct common_resp<T> where T:{
[INFO] [stdout]   |            ^^^^^^^^^^^ help: convert the identifier to upper camel case: `CommonResp`
[INFO] [stdout]   |
[INFO] [stdout]   = note: `#[warn(non_camel_case_types)]` on by default
[INFO] [stdout] 
[INFO] [stdout] 
[INFO] [stdout] warning: fields `code`, `msg`, and `data` are never read
[INFO] [stdout]  --> domain/src/entity/resp.rs:2:5
[INFO] [stdout]   |
[INFO] [stdout] 1 | pub struct common_resp<T> where T:{
[INFO] [stdout]   |            ----------- fields in this struct
[INFO] [stdout] 2 |     code:i32,
[INFO] [stdout]   |     ^^^^
[INFO] [stdout] 3 |     msg:String,
[INFO] [stdout]   |     ^^^
[INFO] [stdout] 4 |     data:T,
[INFO] [stdout]   |     ^^^^
[INFO] [stdout]   |
[INFO] [stdout]   = note: `#[warn(dead_code)]` on by default
[INFO] [stdout] 
[INFO] [stdout] 
[INFO] [stdout] warning: 2 warnings emitted
[INFO] [stdout] 
[INFO] [stdout] 
[INFO] [stderr]     Checking orm v0.1.0 (/opt/rustwide/workdir/orm)
[INFO] [stderr]  Documenting orm v0.1.0 (/opt/rustwide/workdir/orm)
[INFO] [stderr]     Checking api v0.1.0 (/opt/rustwide/workdir/api)
[INFO] [stderr]  Documenting api v0.1.0 (/opt/rustwide/workdir/api)
[INFO] [stdout] error[E0308]: mismatched types
[INFO] [stdout]    --> api/src/api/user.rs:14:33
[INFO] [stdout]     |
[INFO] [stdout] 14  |             None => return Json(""),
[INFO] [stdout]     |                            ---- ^^ expected `Entity`, found `&str`
[INFO] [stdout]     |                            |
[INFO] [stdout]     |                            arguments to this struct are incorrect
[INFO] [stdout]     |
[INFO] [stdout] help: the type constructed contains `&'static str` due to the type of the argument passed
[INFO] [stdout]    --> api/src/api/user.rs:14:28
[INFO] [stdout]     |
[INFO] [stdout] 14  |             None => return Json(""),
[INFO] [stdout]     |                            ^^^^^--^
[INFO] [stdout]     |                                 |
[INFO] [stdout]     |                                 this argument influences the type of `Json`
[INFO] [stdout] note: tuple struct defined here
[INFO] [stdout]    --> /opt/rustwide/cargo-home/registry/src/index.crates.io-6f17d22bba15001f/axum-0.6.17/src/json.rs:100:12
[INFO] [stdout]     |
[INFO] [stdout] 100 | pub struct Json<T>(pub T);
[INFO] [stdout]     |            ^^^^
[INFO] [stdout] 
[INFO] [stdout] 
[INFO] [stdout] error[E0308]: mismatched types
[INFO] [stdout]    --> api/src/api/user.rs:18:25
[INFO] [stdout]     |
[INFO] [stdout] 18  |             return Json("");
[INFO] [stdout]     |                    ---- ^^ expected `Entity`, found `&str`
[INFO] [stdout]     |                    |
[INFO] [stdout]     |                    arguments to this struct are incorrect
[INFO] [stdout]     |
[INFO] [stdout] help: the type constructed contains `&'static str` due to the type of the argument passed
[INFO] [stdout]    --> api/src/api/user.rs:18:20
[INFO] [stdout]     |
[INFO] [stdout] 18  |             return Json("");
[INFO] [stdout]     |                    ^^^^^--^
[INFO] [stdout]     |                         |
[INFO] [stdout]     |                         this argument influences the type of `Json`
[INFO] [stdout] note: tuple struct defined here
[INFO] [stdout]    --> /opt/rustwide/cargo-home/registry/src/index.crates.io-6f17d22bba15001f/axum-0.6.17/src/json.rs:100:12
[INFO] [stdout]     |
[INFO] [stdout] 100 | pub struct Json<T>(pub T);
[INFO] [stdout]     |            ^^^^
[INFO] [stdout] 
[INFO] [stdout] 
[INFO] [stdout] error[E0308]: mismatched types
[INFO] [stdout]    --> api/src/api/user.rs:21:10
[INFO] [stdout]     |
[INFO] [stdout] 21  |     Json(r)
[INFO] [stdout]     |     ---- ^ expected `Entity`, found `Model`
[INFO] [stdout]     |     |
[INFO] [stdout]     |     arguments to this struct are incorrect
[INFO] [stdout]     |
[INFO] [stdout] help: the type constructed contains `domain::model::user::Model` due to the type of the argument passed
[INFO] [stdout]    --> api/src/api/user.rs:21:5
[INFO] [stdout]     |
[INFO] [stdout] 21  |     Json(r)
[INFO] [stdout]     |     ^^^^^-^
[INFO] [stdout]     |          |
[INFO] [stdout]     |          this argument influences the type of `Json`
[INFO] [stdout] note: tuple struct defined here
[INFO] [stdout]    --> /opt/rustwide/cargo-home/registry/src/index.crates.io-6f17d22bba15001f/axum-0.6.17/src/json.rs:100:12
[INFO] [stdout]     |
[INFO] [stdout] 100 | pub struct Json<T>(pub T);
[INFO] [stdout]     |            ^^^^
[INFO] [stdout] 
[INFO] [stdout] 
[INFO] [stdout] error: aborting due to 3 previous errors
[INFO] [stdout] 
[INFO] [stdout] 
[INFO] [stdout] For more information about this error, try `rustc --explain E0308`.
[INFO] [stdout] 
[INFO] [stderr] error: could not compile `api` (lib) due to 4 previous errors
[INFO] [stderr] warning: build failed, waiting for other jobs to finish...
[INFO] [stdout] warning: 1 warning emitted
[INFO] [stdout] 
[INFO] [stdout] 
[INFO] running `Command { std: "docker" "inspect" "f7ec1f6ca3f0869fe881d2ba9c0f19fcc176ab2c0815680595c24b931288ee87", kill_on_drop: false }`
[INFO] running `Command { std: "docker" "rm" "-f" "f7ec1f6ca3f0869fe881d2ba9c0f19fcc176ab2c0815680595c24b931288ee87", kill_on_drop: false }`
[INFO] [stdout] f7ec1f6ca3f0869fe881d2ba9c0f19fcc176ab2c0815680595c24b931288ee87
[INFO] documenting ClzSkywalker/rust_web_study against beta-2023-12-22 for beta-1.76-rustdoc-1
[INFO] running `Command { std: "git" "clone" "/workspace/cache/git-repos/https%3A%2F%2Fgithub.com%2FClzSkywalker%2Frust_web_study" "/workspace/builds/worker-2-tc2/source", kill_on_drop: false }`
[INFO] [stderr] Cloning into '/workspace/builds/worker-2-tc2/source'...
[INFO] [stderr] done.
[INFO] validating manifest of git repo https://github.com/ClzSkywalker/rust_web_study on toolchain beta-2023-12-22
[INFO] running `Command { std: CARGO_HOME="/workspace/cargo-home" RUSTUP_HOME="/workspace/rustup-home" "/workspace/cargo-home/bin/cargo" "+beta-2023-12-22" "metadata" "--manifest-path" "Cargo.toml" "--no-deps", kill_on_drop: false }`
[INFO] started tweaking git repo https://github.com/ClzSkywalker/rust_web_study
[INFO] finished tweaking git repo https://github.com/ClzSkywalker/rust_web_study
[INFO] tweaked toml for git repo https://github.com/ClzSkywalker/rust_web_study written to /workspace/builds/worker-2-tc2/source/Cargo.toml
[INFO] crate git repo https://github.com/ClzSkywalker/rust_web_study already has a lockfile, it will not be regenerated
[INFO] running `Command { std: CARGO_HOME="/workspace/cargo-home" RUSTUP_HOME="/workspace/rustup-home" "/workspace/cargo-home/bin/cargo" "+beta-2023-12-22" "fetch" "--manifest-path" "Cargo.toml", kill_on_drop: false }`
[INFO] [stderr] warning: virtual workspace defaulting to `resolver = "1"` despite one or more workspace members being on edition 2021 which implies `resolver = "2"`
[INFO] [stderr] note: to keep the current resolver, specify `workspace.resolver = "1"` in the workspace root's manifest
[INFO] [stderr] note: to use the edition 2021 resolver, specify `workspace.resolver = "2"` in the workspace root's manifest
[INFO] [stderr] note: for more details see https://doc.rust-lang.org/cargo/reference/resolver.html#resolver-versions
[INFO] running `Command { std: "docker" "create" "-v" "/var/lib/crater-agent-workspace/builds/worker-2-tc2/target:/opt/rustwide/target:rw,Z" "-v" "/var/lib/crater-agent-workspace/builds/worker-2-tc2/source:/opt/rustwide/workdir:ro,Z" "-v" "/var/lib/crater-agent-workspace/cargo-home:/opt/rustwide/cargo-home:ro,Z" "-v" "/var/lib/crater-agent-workspace/rustup-home:/opt/rustwide/rustup-home:ro,Z" "-e" "SOURCE_DIR=/opt/rustwide/workdir" "-e" "CARGO_TARGET_DIR=/opt/rustwide/target" "-e" "CARGO_HOME=/opt/rustwide/cargo-home" "-e" "RUSTUP_HOME=/opt/rustwide/rustup-home" "-w" "/opt/rustwide/workdir" "-m" "1610612736" "--user" "0:0" "--network" "none" "ghcr.io/rust-lang/crates-build-env/linux@sha256:2788e3201cd34a07e3172128adcd8b3090168a8e3bcc40d7c032b9dda1df7d1c" "/opt/rustwide/cargo-home/bin/cargo" "+beta-2023-12-22" "metadata" "--no-deps" "--format-version=1", kill_on_drop: false }`
[INFO] [stdout] 176e6eefa7799431e5c547811cf17f80b45cce3f3d59054cfb330bdc57cd9adc
[INFO] running `Command { std: "docker" "start" "-a" "176e6eefa7799431e5c547811cf17f80b45cce3f3d59054cfb330bdc57cd9adc", kill_on_drop: false }`
[INFO] running `Command { std: "docker" "inspect" "176e6eefa7799431e5c547811cf17f80b45cce3f3d59054cfb330bdc57cd9adc", kill_on_drop: false }`
[INFO] running `Command { std: "docker" "rm" "-f" "176e6eefa7799431e5c547811cf17f80b45cce3f3d59054cfb330bdc57cd9adc", kill_on_drop: false }`
[INFO] [stdout] 176e6eefa7799431e5c547811cf17f80b45cce3f3d59054cfb330bdc57cd9adc
[INFO] running `Command { std: "docker" "create" "-v" "/var/lib/crater-agent-workspace/builds/worker-2-tc2/target:/opt/rustwide/target:rw,Z" "-v" "/var/lib/crater-agent-workspace/builds/worker-2-tc2/source:/opt/rustwide/workdir:ro,Z" "-v" "/var/lib/crater-agent-workspace/cargo-home:/opt/rustwide/cargo-home:ro,Z" "-v" "/var/lib/crater-agent-workspace/rustup-home:/opt/rustwide/rustup-home:ro,Z" "-e" "SOURCE_DIR=/opt/rustwide/workdir" "-e" "CARGO_TARGET_DIR=/opt/rustwide/target" "-e" "CARGO_INCREMENTAL=0" "-e" "RUST_BACKTRACE=full" "-e" "RUSTFLAGS=--cap-lints=warn" "-e" "RUSTDOCFLAGS=--cap-lints=warn" "-e" "CARGO_HOME=/opt/rustwide/cargo-home" "-e" "RUSTUP_HOME=/opt/rustwide/rustup-home" "-w" "/opt/rustwide/workdir" "-m" "1610612736" "--user" "0:0" "--network" "none" "ghcr.io/rust-lang/crates-build-env/linux@sha256:2788e3201cd34a07e3172128adcd8b3090168a8e3bcc40d7c032b9dda1df7d1c" "/opt/rustwide/cargo-home/bin/cargo" "+beta-2023-12-22" "doc" "--frozen" "--no-deps" "--document-private-items" "--message-format=json", kill_on_drop: false }`
[INFO] [stdout] c27f027c4c2f4b4df075296cbfc4a11fcb3d28b59a0930d229b34f20863ce5a2
[INFO] running `Command { std: "docker" "start" "-a" "c27f027c4c2f4b4df075296cbfc4a11fcb3d28b59a0930d229b34f20863ce5a2", kill_on_drop: false }`
[INFO] [stderr] warning: virtual workspace defaulting to `resolver = "1"` despite one or more workspace members being on edition 2021 which implies `resolver = "2"`
[INFO] [stderr] note: to keep the current resolver, specify `workspace.resolver = "1"` in the workspace root's manifest
[INFO] [stderr] note: to use the edition 2021 resolver, specify `workspace.resolver = "2"` in the workspace root's manifest
[INFO] [stderr] note: for more details see https://doc.rust-lang.org/cargo/reference/resolver.html#resolver-versions
[INFO] [stderr]    Compiling proc-macro2 v1.0.56
[INFO] [stderr]    Compiling quote v1.0.26
[INFO] [stderr]    Compiling unicode-ident v1.0.8
[INFO] [stderr]    Compiling libc v0.2.142
[INFO] [stderr]    Compiling version_check v0.9.4
[INFO] [stderr]    Compiling syn v1.0.109
[INFO] [stderr]    Compiling serde_derive v1.0.160
[INFO] [stderr]    Compiling serde v1.0.160
[INFO] [stderr]    Compiling memchr v2.5.0
[INFO] [stderr]    Compiling log v0.4.17
[INFO] [stderr]     Checking once_cell v1.17.1
[INFO] [stderr]    Compiling cfg-if v1.0.0
[INFO] [stderr]    Compiling lock_api v0.4.9
[INFO] [stderr]    Compiling value-bag v1.0.0-alpha.9
[INFO] [stderr]    Compiling futures-core v0.3.28
[INFO] [stderr]     Checking pin-project-lite v0.2.9
[INFO] [stderr]    Compiling ahash v0.7.6
[INFO] [stderr]    Compiling num-traits v0.2.15
[INFO] [stderr]    Compiling cc v1.0.79
[INFO] [stderr]    Compiling parking_lot_core v0.9.7
[INFO] [stderr]     Checking smallvec v1.10.0
[INFO] [stderr]    Compiling crossbeam-utils v0.8.15
[INFO] [stderr]    Compiling syn v2.0.15
[INFO] [stderr]     Checking itoa v1.0.6
[INFO] [stderr]    Compiling slab v0.4.8
[INFO] [stderr]    Compiling num-integer v0.1.45
[INFO] [stderr]    Compiling unicode-segmentation v1.10.1
[INFO] [stderr]    Compiling thiserror v1.0.40
[INFO] [stderr]     Checking getrandom v0.2.9
[INFO] [stderr]    Compiling indexmap v1.9.3
[INFO] [stderr]    Compiling tokio v1.28.0
[INFO] [stderr]    Compiling futures-channel v0.3.28
[INFO] [stderr]    Compiling futures-task v0.3.28
[INFO] [stderr]    Compiling serde_json v1.0.96
[INFO] [stderr]    Compiling time-core v0.1.0
[INFO] [stderr]     Checking scopeguard v1.1.0
[INFO] [stderr]     Checking futures-io v0.3.28
[INFO] [stderr]    Compiling time-macros v0.2.8
[INFO] [stderr]    Compiling futures-util v0.3.28
[INFO] [stderr]    Compiling ring v0.16.20
[INFO] [stderr]    Compiling rustversion v1.0.12
[INFO] [stderr]    Compiling hashbrown v0.12.3
[INFO] [stderr]    Compiling heck v0.4.1
[INFO] [stderr]     Checking ryu v1.0.13
[INFO] [stderr]     Checking bytes v1.4.0
[INFO] [stderr]     Checking bitflags v1.3.2
[INFO] [stderr]     Checking futures-sink v0.3.28
[INFO] [stderr]     Checking socket2 v0.4.9
[INFO] [stderr]     Checking tracing-core v0.1.30
[INFO] [stderr]    Compiling num-bigint v0.4.3
[INFO] [stderr]     Checking pin-utils v0.1.0
[INFO] [stderr]     Checking parking_lot v0.12.1
[INFO] [stderr]     Checking time v0.1.45
[INFO] [stderr]     Checking num_cpus v1.15.0
[INFO] [stderr]     Checking signal-hook-registry v1.4.1
[INFO] [stderr]     Checking aho-corasick v1.0.1
[INFO] [stderr]    Compiling proc-macro-error-attr v1.0.4
[INFO] [stderr]    Compiling parking_lot_core v0.8.6
[INFO] [stderr]    Compiling rustls v0.20.8
[INFO] [stderr]     Checking regex-syntax v0.7.1
[INFO] [stderr]     Checking iana-time-zone v0.1.56
[INFO] [stderr]    Compiling proc-macro-error v1.0.4
[INFO] [stderr]    Compiling untrusted v0.7.1
[INFO] [stderr]    Compiling rust_decimal v1.29.1
[INFO] [stderr]    Compiling spin v0.5.2
[INFO] [stderr]     Checking thread_local v1.1.7
[INFO] [stderr]    Compiling pkg-config v0.3.26
[INFO] [stderr]    Compiling vcpkg v0.2.15
[INFO] [stderr]     Checking event-listener v2.5.3
[INFO] [stderr]     Checking regex v1.8.1
[INFO] [stderr]    Compiling tinyvec_macros v0.1.1
[INFO] [stderr]     Checking regex-syntax v0.6.29
[INFO] [stderr]     Checking tinyvec v1.6.0
[INFO] [stderr]    Compiling libsqlite3-sys v0.24.2
[INFO] [stderr]    Compiling webpki v0.22.0
[INFO] [stderr]     Checking percent-encoding v2.2.0
[INFO] [stderr]    Compiling crossbeam-queue v0.3.8
[INFO] [stderr]     Checking either v1.8.1
[INFO] [stderr]     Checking overload v0.1.1
[INFO] [stderr]    Compiling thiserror-impl v1.0.40
[INFO] [stderr]    Compiling tokio-macros v2.1.0
[INFO] [stderr]    Compiling futures-macro v0.3.28
[INFO] [stderr]    Compiling tracing-attributes v0.1.24
[INFO] [stderr]    Compiling ctor v0.1.26
[INFO] [stderr]    Compiling pin-project-internal v1.0.12
[INFO] [stderr]     Checking regex-automata v0.1.10
[INFO] [stderr]     Checking mio v0.8.6
[INFO] [stderr]     Checking matchers v0.1.0
[INFO] [stderr]     Checking tracing v0.1.38
[INFO] [stderr]     Checking tracing-log v0.1.3
[INFO] [stderr]    Compiling unicode-normalization v0.1.22
[INFO] [stderr]     Checking nu-ansi-term v0.46.0
[INFO] [stderr]     Checking itertools v0.10.5
[INFO] [stderr]     Checking form_urlencoded v1.1.0
[INFO] [stderr]    Compiling sct v0.7.0
[INFO] [stderr]     Checking sharded-slab v0.1.4
[INFO] [stderr]    Compiling heck v0.3.3
[INFO] [stderr]    Compiling instant v0.1.12
[INFO] [stderr]    Compiling paste v1.0.12
[INFO] [stderr]     Checking unicode-bidi v0.3.13
[INFO] [stderr]     Checking arrayvec v0.7.2
[INFO] [stderr]     Checking fnv v1.0.7
[INFO] [stderr]     Checking bigdecimal v0.3.0
[INFO] [stderr]     Checking tracing-subscriber v0.3.17
[INFO] [stderr]     Checking futures-executor v0.3.28
[INFO] [stderr]     Checking pin-project v1.0.12
[INFO] [stderr]     Checking rand_core v0.6.4
[INFO] [stderr]    Compiling minimal-lexical v0.2.1
[INFO] [stderr]     Checking ppv-lite86 v0.2.17
[INFO] [stderr]     Checking rand_chacha v0.3.1
[INFO] [stderr]    Compiling nom v7.1.3
[INFO] [stderr]     Checking time v0.3.20
[INFO] [stderr]     Checking chrono v0.4.24
[INFO] [stderr]     Checking uuid v1.3.1
[INFO] [stderr]    Compiling tokio-rustls v0.23.4
[INFO] [stderr]    Compiling parking_lot v0.11.2
[INFO] [stderr]    Compiling idna v0.3.0
[INFO] [stderr]    Compiling spin v0.9.8
[INFO] [stderr]    Compiling unicode_categories v0.1.1
[INFO] [stderr]    Compiling base64 v0.21.0
[INFO] [stderr]    Compiling sqlformat v0.2.1
[INFO] [stderr]     Checking url v2.3.1
[INFO] [stderr]    Compiling rustls-pemfile v1.0.2
[INFO] [stderr]    Compiling flume v0.10.14
[INFO] [stderr]    Compiling futures-intrusive v0.4.2
[INFO] [stderr]    Compiling sqlx-rt v0.6.3
[INFO] [stderr]     Checking rand v0.8.5
[INFO] [stderr]    Compiling tokio-stream v0.1.14
[INFO] [stderr]    Compiling stringprep v0.1.2
[INFO] [stderr]    Compiling sea-query-derive v0.3.0
[INFO] [stderr]    Compiling webpki-roots v0.22.6
[INFO] [stderr]    Compiling atoi v1.0.0
[INFO] [stderr]    Compiling hashlink v0.8.1
[INFO] [stderr]     Checking concurrent-queue v2.2.0
[INFO] [stderr]     Checking crossbeam-channel v0.5.8
[INFO] [stderr]     Checking dotenvy v0.15.7
[INFO] [stderr]    Compiling byteorder v1.4.3
[INFO] [stderr]    Compiling async-trait v0.1.68
[INFO] [stderr]     Checking fastrand v1.9.0
[INFO] [stderr]    Compiling io-lifetimes v1.0.10
[INFO] [stderr]    Compiling hex v0.4.3
[INFO] [stderr]     Checking parking v2.1.0
[INFO] [stderr]     Checking waker-fn v1.1.0
[INFO] [stderr]     Checking tracing-appender v0.2.2
[INFO] [stderr]     Checking futures-lite v1.13.0
[INFO] [stderr]     Checking sea-query v0.28.4
[INFO] [stderr]     Checking rusty_ulid v2.0.0
[INFO] [stderr]    Compiling sqlx-core v0.6.3
[INFO] [stderr]    Compiling strum_macros v0.24.3
[INFO] [stderr]     Checking async-lock v2.7.0
[INFO] [stderr]    Compiling polling v2.8.0
[INFO] [stderr]     Checking linked-hash-map v0.5.6
[INFO] [stderr]    Compiling rustix v0.37.15
[INFO] [stderr]    Compiling glob v0.3.1
[INFO] [stderr]     Checking strum v0.24.1
[INFO] [stderr]    Compiling yaml-rust v0.4.5
[INFO] [stderr]     Checking futures v0.3.28
[INFO] [stderr]    Compiling displaydoc v0.2.3
[INFO] [stderr]     Checking bstr v1.4.0
[INFO] [stderr]     Checking aho-corasick v0.7.20
[INFO] [stderr]    Compiling async-io v1.13.0
[INFO] [stderr]     Checking same-file v1.0.6
[INFO] [stderr]     Checking async-task v4.4.0
[INFO] [stderr]    Compiling typenum v1.16.0
[INFO] [stderr]    Compiling Inflector v0.11.4
[INFO] [stderr]     Checking linux-raw-sys v0.3.5
[INFO] [stderr]     Checking os_str_bytes v6.5.0
[INFO] [stderr]    Compiling anyhow v1.0.70
[INFO] [stderr]     Checking clap_lex v0.2.4
[INFO] [stderr]    Compiling ouroboros_macro v0.15.6
[INFO] [stderr]     Checking common v0.1.0 (/opt/rustwide/workdir/common)
[INFO] [stderr]     Checking globset v0.4.10
[INFO] [stderr]     Checking walkdir v2.3.3
[INFO] [stderr]    Compiling tinystr v0.7.1
[INFO] [stderr]     Checking serde_yaml v0.8.26
[INFO] [stderr]     Checking async-channel v1.8.0
[INFO] [stderr]    Compiling sea-strum_macros v0.23.0
[INFO] [stderr]    Compiling sea-schema-derive v0.1.0
[INFO] [stderr]    Compiling bae v0.1.7
[INFO] [stderr]    Compiling sqlx-macros v0.6.3
[INFO] [stderr]    Compiling clap_derive v3.2.25
[INFO] [stderr]    Compiling async-stream-impl v0.3.5
[INFO] [stderr]    Compiling generic-array v0.14.7
[INFO] [stderr]     Checking unicode-width v0.1.10
[INFO] [stderr]     Checking atomic-waker v1.1.1
[INFO] [stderr]     Checking aliasable v0.1.3
[INFO] [stderr]     Checking textwrap v0.16.0
[INFO] [stderr]     Checking ouroboros v0.15.6
[INFO] [stderr]     Checking rust-i18n-support v1.1.0
[INFO] [stderr]     Checking blocking v1.3.1
[INFO] [stderr]     Checking textwrap v0.11.0
[INFO] [stderr]    Compiling sea-orm-macros v0.11.3
[INFO] [stderr]     Checking async-stream v0.3.5
[INFO] [stderr]     Checking sea-schema v0.11.0
[INFO] [stderr]     Checking ignore v0.4.20
[INFO] [stderr]     Checking sea-strum v0.23.0
[INFO] [stderr]    Compiling unic-langid-impl v0.9.1
[INFO] [stderr]     Checking async-executor v1.5.1
[INFO] [stderr]     Checking atty v0.2.14
[INFO] [stderr]     Checking ansi_term v0.12.1
[INFO] [stderr]     Checking vec_map v0.8.2
[INFO] [stderr]     Checking strsim v0.8.0
[INFO] [stderr]     Checking async-global-executor v2.3.1
[INFO] [stderr]     Checking clap v2.34.0
[INFO] [stderr]    Compiling unic-langid v0.9.1
[INFO] [stderr]    Compiling rust-i18n-macro v1.1.0
[INFO] [stderr]    Compiling rust-i18n v1.1.4
[INFO] [stderr]     Checking clap v3.2.25
[INFO] [stderr]     Checking toml v0.5.11
[INFO] [stderr]     Checking kv-log-macro v1.0.7
[INFO] [stderr]    Compiling async-attributes v1.1.2
[INFO] [stderr]     Checking sqlx v0.6.3
[INFO] [stderr]     Checking hashbrown v0.11.2
[INFO] [stderr]    Compiling crypto-common v0.1.6
[INFO] [stderr]    Compiling block-buffer v0.10.4
[INFO] [stderr]     Checking sea-query-binder v0.3.0
[INFO] [stderr]     Checking fallible-streaming-iterator v0.1.9
[INFO] [stderr]     Checking sea-orm v0.11.3
[INFO] [stderr]     Checking fallible-iterator v0.2.0
[INFO] [stderr]     Checking hashlink v0.7.0
[INFO] [stderr]    Compiling digest v0.10.6
[INFO] [stderr]     Checking async-std v1.12.0
[INFO] [stderr]     Checking http v0.2.9
[INFO] [stderr]     Checking rusqlite v0.27.0
[INFO] [stderr]     Checking tower-service v0.3.2
[INFO] [stderr]    Compiling httparse v1.8.0
[INFO] [stderr]     Checking rust-i18n-extract v1.1.0
[INFO] [stderr]    Compiling rustc-hash v1.1.0
[INFO] [stderr]    Compiling cpufeatures v0.2.7
[INFO] [stderr]    Compiling type-map v0.4.0
[INFO] [stderr]    Compiling sha2 v0.10.6
[INFO] [stderr]     Checking sea-orm-cli v0.11.3
[INFO] [stderr]     Checking http-body v0.4.5
[INFO] [stderr]    Compiling axum-core v0.3.4
[INFO] [stderr]     Checking try-lock v0.2.4
[INFO] [stderr]     Checking tower-layer v0.3.2
[INFO] [stderr]     Checking want v0.3.0
[INFO] [stderr]    Compiling rust-embed-utils v7.5.0
[INFO] [stderr]    Compiling intl-memoizer v0.5.1
[INFO] [stderr]    Compiling fluent-langneg v0.13.0
[INFO] [stderr]    Compiling intl_pluralrules v7.0.2
[INFO] [stderr]    Compiling fluent-syntax v0.11.0
[INFO] [stderr]    Compiling axum v0.6.17
[INFO] [stderr]     Checking mime v0.3.17
[INFO] [stderr]     Checking httpdate v1.0.2
[INFO] [stderr]    Compiling self_cell v0.10.2
[INFO] [stderr]    Compiling i18n-config v0.4.3
[INFO] [stderr]     Checking hyper v0.14.26
[INFO] [stderr]    Compiling fluent-bundle v0.15.2
[INFO] [stderr]    Compiling find-crate v0.6.3
[INFO] [stderr]    Compiling rust-embed-impl v6.5.0
[INFO] [stderr]     Checking tower v0.4.13
[INFO] [stderr]     Checking serde_urlencoded v0.7.1
[INFO] [stderr]     Checking sea-orm-migration v0.11.3
[INFO] [stderr]     Checking serde_path_to_error v0.1.11
[INFO] [stderr]     Checking matchit v0.7.0
[INFO] [stderr]     Checking sync_wrapper v0.1.2
[INFO] [stderr]    Compiling rust-embed v6.6.1
[INFO] [stderr]    Compiling fluent v0.16.0
[INFO] [stderr]    Compiling arc-swap v1.6.0
[INFO] [stderr]    Compiling lazy_static v1.4.0
[INFO] [stderr]    Compiling i18n-embed-impl v0.8.0
[INFO] [stderr]    Compiling dashmap v5.4.0
[INFO] [stderr]    Compiling strsim v0.10.0
[INFO] [stderr]  Documenting common v0.1.0 (/opt/rustwide/workdir/common)
[INFO] [stderr]    Compiling i18n-embed v0.13.8
[INFO] [stderr]     Checking migration v0.1.0 (/opt/rustwide/workdir/migration)
[INFO] [stderr]  Documenting migration v0.1.0 (/opt/rustwide/workdir/migration)
[INFO] [stderr]    Compiling i18n-embed-fl v0.6.6
[INFO] [stderr]  Documenting macros v0.1.0 (/opt/rustwide/workdir/macros)
[INFO] [stdout] warning: this URL is not a hyperlink
[INFO] [stdout]    --> migration/src/m20220101_000001_create_table.rs:110:19
[INFO] [stdout]     |
[INFO] [stdout] 110 | /// Learn more at https://docs.rs/sea-query#iden
[INFO] [stdout]     |                   ^^^^^^^^^^^^^^^^^^^^^^^^^^^^^^ help: use an automatic link instead: `<https://docs.rs/sea-query#iden>`
[INFO] [stdout]     |
[INFO] [stdout]     = note: bare URLs are not automatically turned into clickable links
[INFO] [stdout]     = note: `#[warn(rustdoc::bare_urls)]` on by default
[INFO] [stdout] 
[INFO] [stdout] 
[INFO] [stdout] warning: 1 warning emitted
[INFO] [stdout] 
[INFO] [stdout] 
[INFO] [stderr]     Checking i18n v0.1.0 (/opt/rustwide/workdir/i18n)
[INFO] [stderr]  Documenting i18n v0.1.0 (/opt/rustwide/workdir/i18n)
[INFO] [stderr]     Checking domain v0.1.0 (/opt/rustwide/workdir/domain)
[INFO] [stderr]  Documenting domain v0.1.0 (/opt/rustwide/workdir/domain)
[INFO] [stdout] warning: type `common_resp` should have an upper camel case name
[INFO] [stdout]  --> domain/src/entity/resp.rs:1:12
[INFO] [stdout]   |
[INFO] [stdout] 1 | pub struct common_resp<T> where T:{
[INFO] [stdout]   |            ^^^^^^^^^^^ help: convert the identifier to upper camel case: `CommonResp`
[INFO] [stdout]   |
[INFO] [stdout]   = note: `#[warn(non_camel_case_types)]` on by default
[INFO] [stdout] 
[INFO] [stdout] 
[INFO] [stdout] warning: type `common_resp` should have an upper camel case name
[INFO] [stdout]  --> domain/src/entity/resp.rs:1:12
[INFO] [stdout]   |
[INFO] [stdout] 1 | pub struct common_resp<T> where T:{
[INFO] [stdout]   |            ^^^^^^^^^^^ help: convert the identifier to upper camel case: `CommonResp`
[INFO] [stdout]   |
[INFO] [stdout]   = note: `#[warn(non_camel_case_types)]` on by default
[INFO] [stdout] 
[INFO] [stdout] 
[INFO] [stdout] warning: fields `code`, `msg`, and `data` are never read
[INFO] [stdout]  --> domain/src/entity/resp.rs:2:5
[INFO] [stdout]   |
[INFO] [stdout] 1 | pub struct common_resp<T> where T:{
[INFO] [stdout]   |            ----------- fields in this struct
[INFO] [stdout] 2 |     code:i32,
[INFO] [stdout]   |     ^^^^
[INFO] [stdout] 3 |     msg:String,
[INFO] [stdout]   |     ^^^
[INFO] [stdout] 4 |     data:T,
[INFO] [stdout]   |     ^^^^
[INFO] [stdout]   |
[INFO] [stdout]   = note: `#[warn(dead_code)]` on by default
[INFO] [stdout] 
[INFO] [stdout] 
[INFO] [stdout] warning: 2 warnings emitted
[INFO] [stdout] 
[INFO] [stdout] 
[INFO] [stderr]     Checking orm v0.1.0 (/opt/rustwide/workdir/orm)
[INFO] [stderr]  Documenting orm v0.1.0 (/opt/rustwide/workdir/orm)
[INFO] [stderr]     Checking api v0.1.0 (/opt/rustwide/workdir/api)
[INFO] [stderr]  Documenting api v0.1.0 (/opt/rustwide/workdir/api)
[INFO] [stdout] error[E0308]: mismatched types
[INFO] [stdout]    --> api/src/api/user.rs:14:33
[INFO] [stdout]     |
[INFO] [stdout] 14  |             None => return Json(""),
[INFO] [stdout]     |                            ---- ^^ expected `Entity`, found `&str`
[INFO] [stdout]     |                            |
[INFO] [stdout]     |                            arguments to this struct are incorrect
[INFO] [stdout]     |
[INFO] [stdout] help: the type constructed contains `&'static str` due to the type of the argument passed
[INFO] [stdout]    --> api/src/api/user.rs:14:28
[INFO] [stdout]     |
[INFO] [stdout] 14  |             None => return Json(""),
[INFO] [stdout]     |                            ^^^^^--^
[INFO] [stdout]     |                                 |
[INFO] [stdout]     |                                 this argument influences the type of `Json`
[INFO] [stdout] note: tuple struct defined here
[INFO] [stdout]    --> /opt/rustwide/cargo-home/registry/src/index.crates.io-6f17d22bba15001f/axum-0.6.17/src/json.rs:100:12
[INFO] [stdout]     |
[INFO] [stdout] 100 | pub struct Json<T>(pub T);
[INFO] [stdout]     |            ^^^^
[INFO] [stdout] 
[INFO] [stdout] 
[INFO] [stdout] error[E0308]: mismatched types
[INFO] [stdout]    --> api/src/api/user.rs:18:25
[INFO] [stdout]     |
[INFO] [stdout] 18  |             return Json("");
[INFO] [stdout]     |                    ---- ^^ expected `Entity`, found `&str`
[INFO] [stdout]     |                    |
[INFO] [stdout]     |                    arguments to this struct are incorrect
[INFO] [stdout]     |
[INFO] [stdout] help: the type constructed contains `&'static str` due to the type of the argument passed
[INFO] [stdout]    --> api/src/api/user.rs:18:20
[INFO] [stdout]     |
[INFO] [stdout] 18  |             return Json("");
[INFO] [stdout]     |                    ^^^^^--^
[INFO] [stdout]     |                         |
[INFO] [stdout]     |                         this argument influences the type of `Json`
[INFO] [stdout] note: tuple struct defined here
[INFO] [stdout]    --> /opt/rustwide/cargo-home/registry/src/index.crates.io-6f17d22bba15001f/axum-0.6.17/src/json.rs:100:12
[INFO] [stdout]     |
[INFO] [stdout] 100 | pub struct Json<T>(pub T);
[INFO] [stdout]     |            ^^^^
[INFO] [stdout] 
[INFO] [stdout] 
[INFO] [stdout] error[E0308]: mismatched types
[INFO] [stdout]    --> api/src/api/user.rs:21:10
[INFO] [stdout]     |
[INFO] [stdout] 21  |     Json(r)
[INFO] [stdout]     |     ---- ^ expected `Entity`, found `Model`
[INFO] [stdout]     |     |
[INFO] [stdout]     |     arguments to this struct are incorrect
[INFO] [stdout]     |
[INFO] [stdout] help: the type constructed contains `domain::model::user::Model` due to the type of the argument passed
[INFO] [stdout]    --> api/src/api/user.rs:21:5
[INFO] [stdout]     |
[INFO] [stdout] 21  |     Json(r)
[INFO] [stdout]     |     ^^^^^-^
[INFO] [stdout]     |          |
[INFO] [stdout]     |          this argument influences the type of `Json`
[INFO] [stdout] note: tuple struct defined here
[INFO] [stdout]    --> /opt/rustwide/cargo-home/registry/src/index.crates.io-6f17d22bba15001f/axum-0.6.17/src/json.rs:100:12
[INFO] [stdout]     |
[INFO] [stdout] 100 | pub struct Json<T>(pub T);
[INFO] [stdout]     |            ^^^^
[INFO] [stdout] 
[INFO] [stdout] 
[INFO] [stdout] error: aborting due to 3 previous errors
[INFO] [stdout] 
[INFO] [stdout] 
[INFO] [stdout] For more information about this error, try `rustc --explain E0308`.
[INFO] [stdout] 
[INFO] [stderr] error: could not compile `api` (lib) due to 4 previous errors
[INFO] [stderr] warning: build failed, waiting for other jobs to finish...
[INFO] [stdout] warning: 1 warning emitted
[INFO] [stdout] 
[INFO] [stdout] 
[INFO] running `Command { std: "docker" "inspect" "c27f027c4c2f4b4df075296cbfc4a11fcb3d28b59a0930d229b34f20863ce5a2", kill_on_drop: false }`
[INFO] running `Command { std: "docker" "rm" "-f" "c27f027c4c2f4b4df075296cbfc4a11fcb3d28b59a0930d229b34f20863ce5a2", kill_on_drop: false }`
[INFO] [stdout] c27f027c4c2f4b4df075296cbfc4a11fcb3d28b59a0930d229b34f20863ce5a2
