[INFO] cloning repository https://github.com/Church-/Trojan-Test
[INFO] running `Command { std: "git" "-c" "credential.helper=" "-c" "credential.helper=/workspace/cargo-home/bin/git-credential-null" "clone" "--bare" "https://github.com/Church-/Trojan-Test" "/workspace/cache/git-repos/https%3A%2F%2Fgithub.com%2FChurch-%2FTrojan-Test", kill_on_drop: false }`
[INFO] [stderr] Cloning into bare repository '/workspace/cache/git-repos/https%3A%2F%2Fgithub.com%2FChurch-%2FTrojan-Test'...
[INFO] running `Command { std: "git" "rev-parse" "HEAD", kill_on_drop: false }`
[INFO] [stdout] e08a9c1eba6cb9fb19701f7f6c007fc7783c474d
[INFO] documenting Church-/Trojan-Test against 1.75.0 for beta-1.76-rustdoc-1
[INFO] running `Command { std: "git" "clone" "/workspace/cache/git-repos/https%3A%2F%2Fgithub.com%2FChurch-%2FTrojan-Test" "/workspace/builds/worker-3-tc1/source", kill_on_drop: false }`
[INFO] [stderr] Cloning into '/workspace/builds/worker-3-tc1/source'...
[INFO] [stderr] done.
[INFO] validating manifest of git repo https://github.com/Church-/Trojan-Test on toolchain 1.75.0
[INFO] running `Command { std: CARGO_HOME="/workspace/cargo-home" RUSTUP_HOME="/workspace/rustup-home" "/workspace/cargo-home/bin/cargo" "+1.75.0" "metadata" "--manifest-path" "Cargo.toml" "--no-deps", kill_on_drop: false }`
[INFO] started tweaking git repo https://github.com/Church-/Trojan-Test
[INFO] finished tweaking git repo https://github.com/Church-/Trojan-Test
[INFO] tweaked toml for git repo https://github.com/Church-/Trojan-Test written to /workspace/builds/worker-3-tc1/source/Cargo.toml
[INFO] crate git repo https://github.com/Church-/Trojan-Test already has a lockfile, it will not be regenerated
[INFO] running `Command { std: CARGO_HOME="/workspace/cargo-home" RUSTUP_HOME="/workspace/rustup-home" "/workspace/cargo-home/bin/cargo" "+1.75.0" "fetch" "--manifest-path" "Cargo.toml", kill_on_drop: false }`
[INFO] [stderr]     Updating crates.io index
[INFO] [stderr]  Downloading crates ...
[INFO] [stderr]   Downloaded log v0.4.5
[INFO] [stderr]   Downloaded tokio-tls v0.1.4
[INFO] [stderr]   Downloaded quote v0.6.8
[INFO] [stderr]   Downloaded serde v1.0.79
[INFO] [stderr]   Downloaded failure_derive v0.1.2
[INFO] [stderr]   Downloaded security-framework-sys v0.1.16
[INFO] [stderr]   Downloaded tokio-mockstream v1.1.0
[INFO] [stderr]   Downloaded rand_core v0.2.1
[INFO] [stderr]   Downloaded crossbeam-deque v0.6.1
[INFO] [stderr]   Downloaded bufstream v0.1.3
[INFO] [stderr]   Downloaded synstructure v0.9.0
[INFO] [stderr]   Downloaded tokio-uds v0.2.1
[INFO] [stderr]   Downloaded daemonize v0.3.0
[INFO] [stderr]   Downloaded tokio-fs v0.1.3
[INFO] [stderr]   Downloaded tokio-io v0.1.9
[INFO] [stderr]   Downloaded tokio-threadpool v0.1.7
[INFO] [stderr]   Downloaded failure v0.1.2
[INFO] [stderr]   Downloaded serde_derive v1.0.79
[INFO] [stderr]   Downloaded openssl-sys v0.9.36
[INFO] [stderr]   Downloaded security-framework v0.1.16
[INFO] [stderr]   Downloaded native-tls v0.1.5
[INFO] [stderr]   Downloaded syn v0.15.6
[INFO] [stderr]   Downloaded futures v0.1.24
[INFO] [stderr]   Downloaded toml v0.4.7
[INFO] [stderr]   Downloaded schannel v0.1.14
[INFO] [stderr]   Downloaded proc-macro2 v0.4.19
[INFO] [stderr]   Downloaded crossbeam-epoch v0.5.2
[INFO] [stderr]   Downloaded tokio-current-thread v0.1.2
[INFO] [stderr]   Downloaded irc v0.13.5
[INFO] [stderr]   Downloaded tokio v0.1.9
[INFO] running `Command { std: "docker" "create" "-v" "/var/lib/crater-agent-workspace/builds/worker-3-tc1/target:/opt/rustwide/target:rw,Z" "-v" "/var/lib/crater-agent-workspace/builds/worker-3-tc1/source:/opt/rustwide/workdir:ro,Z" "-v" "/var/lib/crater-agent-workspace/cargo-home:/opt/rustwide/cargo-home:ro,Z" "-v" "/var/lib/crater-agent-workspace/rustup-home:/opt/rustwide/rustup-home:ro,Z" "-e" "SOURCE_DIR=/opt/rustwide/workdir" "-e" "CARGO_TARGET_DIR=/opt/rustwide/target" "-e" "CARGO_HOME=/opt/rustwide/cargo-home" "-e" "RUSTUP_HOME=/opt/rustwide/rustup-home" "-w" "/opt/rustwide/workdir" "-m" "1610612736" "--user" "0:0" "--network" "none" "ghcr.io/rust-lang/crates-build-env/linux@sha256:2788e3201cd34a07e3172128adcd8b3090168a8e3bcc40d7c032b9dda1df7d1c" "/opt/rustwide/cargo-home/bin/cargo" "+1.75.0" "metadata" "--no-deps" "--format-version=1", kill_on_drop: false }`
[INFO] [stdout] ba22410fea0da89559de264c224518f0f4525d5f381a0fb376f4ceeebedee966
[INFO] running `Command { std: "docker" "start" "-a" "ba22410fea0da89559de264c224518f0f4525d5f381a0fb376f4ceeebedee966", kill_on_drop: false }`
[INFO] running `Command { std: "docker" "inspect" "ba22410fea0da89559de264c224518f0f4525d5f381a0fb376f4ceeebedee966", kill_on_drop: false }`
[INFO] running `Command { std: "docker" "rm" "-f" "ba22410fea0da89559de264c224518f0f4525d5f381a0fb376f4ceeebedee966", kill_on_drop: false }`
[INFO] [stdout] ba22410fea0da89559de264c224518f0f4525d5f381a0fb376f4ceeebedee966
[INFO] running `Command { std: "docker" "create" "-v" "/var/lib/crater-agent-workspace/builds/worker-3-tc1/target:/opt/rustwide/target:rw,Z" "-v" "/var/lib/crater-agent-workspace/builds/worker-3-tc1/source:/opt/rustwide/workdir:ro,Z" "-v" "/var/lib/crater-agent-workspace/cargo-home:/opt/rustwide/cargo-home:ro,Z" "-v" "/var/lib/crater-agent-workspace/rustup-home:/opt/rustwide/rustup-home:ro,Z" "-e" "SOURCE_DIR=/opt/rustwide/workdir" "-e" "CARGO_TARGET_DIR=/opt/rustwide/target" "-e" "CARGO_INCREMENTAL=0" "-e" "RUST_BACKTRACE=full" "-e" "RUSTFLAGS=--cap-lints=warn" "-e" "RUSTDOCFLAGS=--cap-lints=warn" "-e" "CARGO_HOME=/opt/rustwide/cargo-home" "-e" "RUSTUP_HOME=/opt/rustwide/rustup-home" "-w" "/opt/rustwide/workdir" "-m" "1610612736" "--user" "0:0" "--network" "none" "ghcr.io/rust-lang/crates-build-env/linux@sha256:2788e3201cd34a07e3172128adcd8b3090168a8e3bcc40d7c032b9dda1df7d1c" "/opt/rustwide/cargo-home/bin/cargo" "+1.75.0" "doc" "--frozen" "--no-deps" "--document-private-items" "--message-format=json", kill_on_drop: false }`
[INFO] [stdout] 178e28eeeaa6bbd416a487a45d7f0a6965fb63bc86aa4c004ff538a0d844cebd
[INFO] running `Command { std: "docker" "start" "-a" "178e28eeeaa6bbd416a487a45d7f0a6965fb63bc86aa4c004ff538a0d844cebd", kill_on_drop: false }`
[INFO] [stderr]     Checking libc v0.2.43
[INFO] [stderr]     Checking cfg-if v0.1.5
[INFO] [stderr]     Checking futures v0.1.24
[INFO] [stderr]    Compiling version_check v0.1.5
[INFO] [stderr]     Checking scopeguard v0.3.3
[INFO] [stderr]     Checking rand_core v0.2.1
[INFO] [stderr]     Checking crossbeam-utils v0.5.0
[INFO] [stderr]     Checking byteorder v1.2.6
[INFO] [stderr]    Compiling cc v1.0.25
[INFO] [stderr]     Checking void v1.0.2
[INFO] [stderr]     Checking stable_deref_trait v1.1.1
[INFO] [stderr]     Checking slab v0.4.1
[INFO] [stderr]     Checking lazycell v1.2.0
[INFO] [stderr]    Compiling proc-macro2 v0.4.19
[INFO] [stderr]    Compiling unicode-xid v0.1.0
[INFO] [stderr]    Compiling parking_lot_core v0.3.1
[INFO] [stderr]     Checking log v0.4.5
[INFO] [stderr]     Checking nodrop v0.1.12
[INFO] [stderr]     Checking unreachable v1.0.0
[INFO] [stderr]     Checking owning_ref v0.3.3
[INFO] [stderr]    Compiling pkg-config v0.3.14
[INFO] [stderr]     Checking memoffset v0.2.1
[INFO] [stderr]     Checking smallvec v0.6.5
[INFO] [stderr]     Checking encoding_index_tests v0.1.4
[INFO] [stderr]     Checking arrayvec v0.4.7
[INFO] [stderr]    Compiling openssl v0.9.24
[INFO] [stderr]    Compiling num-traits v0.2.6
[INFO] [stderr]    Compiling serde v1.0.79
[INFO] [stderr]    Compiling num-integer v0.1.39
[INFO] [stderr]     Checking lock_api v0.1.4
[INFO] [stderr]    Compiling failure_derive v0.1.2
[INFO] [stderr]     Checking bitflags v0.9.1
[INFO] [stderr]     Checking rustc-demangle v0.1.9
[INFO] [stderr]    Compiling lazy_static v1.1.0
[INFO] [stderr]     Checking lazy_static v0.2.11
[INFO] [stderr]     Checking scoped-tls v0.1.2
[INFO] [stderr]     Checking encoding-index-simpchinese v1.20141219.5
[INFO] [stderr]     Checking encoding-index-korean v1.20141219.5
[INFO] [stderr]     Checking encoding-index-japanese v1.20141219.5
[INFO] [stderr]     Checking encoding-index-tradchinese v1.20141219.5
[INFO] [stderr]     Checking encoding-index-singlebyte v1.20141219.5
[INFO] [stderr]     Checking slab v0.3.0
[INFO] [stderr]     Checking iovec v0.1.2
[INFO] [stderr]     Checking rand v0.5.5
[INFO] [stderr]     Checking num_cpus v1.8.0
[INFO] [stderr]     Checking net2 v0.2.33
[INFO] [stderr]     Checking bytes v0.4.10
[INFO] [stderr]     Checking time v0.1.40
[INFO] [stderr]     Checking log v0.3.9
[INFO] [stderr]     Checking bufstream v0.1.3
[INFO] [stderr]     Checking daemonize v0.3.0
[INFO] [stderr]     Checking crossbeam-epoch v0.5.2
[INFO] [stderr]     Checking encoding v0.2.33
[INFO] [stderr]     Checking mio v0.6.16
[INFO] [stderr]    Compiling openssl-sys v0.9.36
[INFO] [stderr]    Compiling backtrace-sys v0.1.24
[INFO] [stderr]    Compiling quote v0.6.8
[INFO] [stderr]     Checking crossbeam-deque v0.6.1
[INFO] [stderr]    Compiling syn v0.14.9
[INFO] [stderr]    Compiling syn v0.15.6
[INFO] [stderr]     Checking tokio-executor v0.1.5
[INFO] [stderr]     Checking tokio-io v0.1.9
[INFO] [stderr]     Checking tokio-timer v0.1.2
[INFO] [stderr]     Checking mio-uds v0.6.7
[INFO] [stderr]     Checking tokio-current-thread v0.1.2
[INFO] [stderr]     Checking tokio-timer v0.2.7
[INFO] [stderr] The following warnings were emitted during compilation:
[INFO] [stderr] 
[INFO] [stderr] warning: openssl-sys@0.9.36: /opt/rustwide/target/debug/build/openssl-sys-b7494702d0ba7381/out/expando.c:4:24: error: pasting "RUST_VERSION_OPENSSL_" and "(" does not give a valid preprocessing token
[INFO] [stderr] warning: openssl-sys@0.9.36:     4 | #define VERSION2(n, v) RUST_VERSION_ ## n ## _ ## v
[INFO] [stderr] warning: openssl-sys@0.9.36:       |                        ^~~~~~~~~~~~~
[INFO] [stderr] warning: openssl-sys@0.9.36: /opt/rustwide/target/debug/build/openssl-sys-b7494702d0ba7381/out/expando.c:5:23: note: in expansion of macro 'VERSION2'
[INFO] [stderr] warning: openssl-sys@0.9.36:     5 | #define VERSION(n, v) VERSION2(n, v)
[INFO] [stderr] warning: openssl-sys@0.9.36:       |                       ^~~~~~~~
[INFO] [stderr] warning: openssl-sys@0.9.36: /opt/rustwide/target/debug/build/openssl-sys-b7494702d0ba7381/out/expando.c:7:1: note: in expansion of macro 'VERSION'
[INFO] [stderr] warning: openssl-sys@0.9.36:     7 | VERSION(OPENSSL, OPENSSL_VERSION_NUMBER)
[INFO] [stderr] warning: openssl-sys@0.9.36:       | ^~~~~~~
[INFO] [stderr] 
[INFO] [stderr] error: failed to run custom build command for `openssl-sys v0.9.36`
[INFO] [stderr] note: To improve backtraces for build dependencies, set the CARGO_PROFILE_DEV_BUILD_OVERRIDE_DEBUG=true environment variable to enable debug information generation.
[INFO] [stderr] 
[INFO] [stderr] Caused by:
[INFO] [stderr]   process didn't exit successfully: `/opt/rustwide/target/debug/build/openssl-sys-57fe902641a47f02/build-script-main` (exit status: 101)
[INFO] [stderr]   --- stdout
[INFO] [stderr]   cargo:rerun-if-env-changed=X86_64_UNKNOWN_LINUX_GNU_OPENSSL_LIB_DIR
[INFO] [stderr]   cargo:rerun-if-env-changed=OPENSSL_LIB_DIR
[INFO] [stderr]   cargo:rerun-if-env-changed=X86_64_UNKNOWN_LINUX_GNU_OPENSSL_INCLUDE_DIR
[INFO] [stderr]   cargo:rerun-if-env-changed=OPENSSL_INCLUDE_DIR
[INFO] [stderr]   cargo:rerun-if-env-changed=X86_64_UNKNOWN_LINUX_GNU_OPENSSL_DIR
[INFO] [stderr]   cargo:rerun-if-env-changed=OPENSSL_DIR
[INFO] [stderr]   cargo:rustc-link-lib=ssl
[INFO] [stderr]   cargo:rustc-link-lib=crypto
[INFO] [stderr]   OPT_LEVEL = Some("0")
[INFO] [stderr]   TARGET = Some("x86_64-unknown-linux-gnu")
[INFO] [stderr]   HOST = Some("x86_64-unknown-linux-gnu")
[INFO] [stderr]   CC_x86_64-unknown-linux-gnu = None
[INFO] [stderr]   CC_x86_64_unknown_linux_gnu = None
[INFO] [stderr]   HOST_CC = None
[INFO] [stderr]   CC = None
[INFO] [stderr]   CFLAGS_x86_64-unknown-linux-gnu = None
[INFO] [stderr]   CFLAGS_x86_64_unknown_linux_gnu = None
[INFO] [stderr]   HOST_CFLAGS = None
[INFO] [stderr]   CFLAGS = None
[INFO] [stderr]   DEBUG = Some("true")
[INFO] [stderr]   running: "cc" "-O0" "-ffunction-sections" "-fdata-sections" "-fPIC" "-g" "-fno-omit-frame-pointer" "-m64" "-Wall" "-Wextra" "-E" "/opt/rustwide/target/debug/build/openssl-sys-b7494702d0ba7381/out/expando.c"
[INFO] [stderr]   cargo:warning=/opt/rustwide/target/debug/build/openssl-sys-b7494702d0ba7381/out/expando.c:4:24: error: pasting "RUST_VERSION_OPENSSL_" and "(" does not give a valid preprocessing token
[INFO] [stderr]   cargo:warning=    4 | #define VERSION2(n, v) RUST_VERSION_ ## n ## _ ## v
[INFO] [stderr]   cargo:warning=      |                        ^~~~~~~~~~~~~
[INFO] [stderr]   cargo:warning=/opt/rustwide/target/debug/build/openssl-sys-b7494702d0ba7381/out/expando.c:5:23: note: in expansion of macro 'VERSION2'
[INFO] [stderr]   cargo:warning=    5 | #define VERSION(n, v) VERSION2(n, v)
[INFO] [stderr]   cargo:warning=      |                       ^~~~~~~~
[INFO] [stderr]   cargo:warning=/opt/rustwide/target/debug/build/openssl-sys-b7494702d0ba7381/out/expando.c:7:1: note: in expansion of macro 'VERSION'
[INFO] [stderr]   cargo:warning=    7 | VERSION(OPENSSL, OPENSSL_VERSION_NUMBER)
[INFO] [stderr]   cargo:warning=      | ^~~~~~~
[INFO] [stderr]   exit status: 1
[INFO] [stderr] 
[INFO] [stderr]   --- stderr
[INFO] [stderr]   thread 'main' panicked at /opt/rustwide/cargo-home/registry/src/index.crates.io-6f17d22bba15001f/openssl-sys-0.9.36/build/main.rs:428:13:
[INFO] [stderr] 
[INFO] [stderr]   Header expansion error:
[INFO] [stderr]   Error { kind: ToolExecError, message: "Command \"cc\" \"-O0\" \"-ffunction-sections\" \"-fdata-sections\" \"-fPIC\" \"-g\" \"-fno-omit-frame-pointer\" \"-m64\" \"-Wall\" \"-Wextra\" \"-E\" \"/opt/rustwide/target/debug/build/openssl-sys-b7494702d0ba7381/out/expando.c\" with args \"cc\" did not execute successfully (status code exit status: 1)." }
[INFO] [stderr] 
[INFO] [stderr]   Failed to find OpenSSL development headers.
[INFO] [stderr] 
[INFO] [stderr]   You can try fixing this setting the `OPENSSL_DIR` environment variable
[INFO] [stderr]   pointing to your OpenSSL installation or installing OpenSSL headers package
[INFO] [stderr]   specific to your distribution:
[INFO] [stderr] 
[INFO] [stderr]       # On Ubuntu
[INFO] [stderr]       sudo apt-get install libssl-dev
[INFO] [stderr]       # On Arch Linux
[INFO] [stderr]       sudo pacman -S openssl
[INFO] [stderr]       # On Fedora
[INFO] [stderr]       sudo dnf install openssl-devel
[INFO] [stderr] 
[INFO] [stderr]   See rust-openssl README for more information:
[INFO] [stderr] 
[INFO] [stderr]       https://github.com/sfackler/rust-openssl#linux
[INFO] [stderr] 
[INFO] [stderr]   stack backtrace:
[INFO] [stderr]      0:     0x56145557188c - std::backtrace_rs::backtrace::libunwind::trace::ha637c64ce894333a
[INFO] [stderr]                                  at /rustc/82e1608dfa6e0b5569232559e3d385fea5a93112/library/std/src/../../backtrace/src/backtrace/libunwind.rs:104:5
[INFO] [stderr]      1:     0x56145557188c - std::backtrace_rs::backtrace::trace_unsynchronized::h47f62dea28e0c88d
[INFO] [stderr]                                  at /rustc/82e1608dfa6e0b5569232559e3d385fea5a93112/library/std/src/../../backtrace/src/backtrace/mod.rs:66:5
[INFO] [stderr]      2:     0x56145557188c - std::sys_common::backtrace::_print_fmt::h9eef0abe20ede486
[INFO] [stderr]                                  at /rustc/82e1608dfa6e0b5569232559e3d385fea5a93112/library/std/src/sys_common/backtrace.rs:67:5
[INFO] [stderr]      3:     0x56145557188c - <std::sys_common::backtrace::_print::DisplayBacktrace as core::fmt::Display>::fmt::hed7f999df88cc644
[INFO] [stderr]                                  at /rustc/82e1608dfa6e0b5569232559e3d385fea5a93112/library/std/src/sys_common/backtrace.rs:44:22
[INFO] [stderr]      4:     0x5614555979c0 - core::fmt::rt::Argument::fmt::h1539a9308b8d058d
[INFO] [stderr]                                  at /rustc/82e1608dfa6e0b5569232559e3d385fea5a93112/library/core/src/fmt/rt.rs:142:9
[INFO] [stderr]      5:     0x5614555979c0 - core::fmt::write::h3a39390d8560d9c9
[INFO] [stderr]                                  at /rustc/82e1608dfa6e0b5569232559e3d385fea5a93112/library/core/src/fmt/mod.rs:1120:17
[INFO] [stderr]      6:     0x56145556f1cf - std::io::Write::write_fmt::h5fc9997dfe05f882
[INFO] [stderr]                                  at /rustc/82e1608dfa6e0b5569232559e3d385fea5a93112/library/std/src/io/mod.rs:1762:15
[INFO] [stderr]      7:     0x561455571674 - std::sys_common::backtrace::_print::h894006fb5c6f3d45
[INFO] [stderr]                                  at /rustc/82e1608dfa6e0b5569232559e3d385fea5a93112/library/std/src/sys_common/backtrace.rs:47:5
[INFO] [stderr]      8:     0x561455571674 - std::sys_common::backtrace::print::h23a2d212c6fff936
[INFO] [stderr]                                  at /rustc/82e1608dfa6e0b5569232559e3d385fea5a93112/library/std/src/sys_common/backtrace.rs:34:9
[INFO] [stderr]      9:     0x561455572e87 - std::panicking::default_hook::{{closure}}::h8a1d2ee00185001a
[INFO] [stderr]     10:     0x561455572bef - std::panicking::default_hook::h6038f2eba384e475
[INFO] [stderr]                                  at /rustc/82e1608dfa6e0b5569232559e3d385fea5a93112/library/std/src/panicking.rs:292:9
[INFO] [stderr]     11:     0x561455573308 - std::panicking::rust_panic_with_hook::h2b5517d590cab22e
[INFO] [stderr]                                  at /rustc/82e1608dfa6e0b5569232559e3d385fea5a93112/library/std/src/panicking.rs:779:13
[INFO] [stderr]     12:     0x5614555731ee - std::panicking::begin_panic_handler::{{closure}}::h233112c06e0ef43e
[INFO] [stderr]                                  at /rustc/82e1608dfa6e0b5569232559e3d385fea5a93112/library/std/src/panicking.rs:657:13
[INFO] [stderr]     13:     0x561455571d56 - std::sys_common::backtrace::__rust_end_short_backtrace::h6e893f24d7ebbff8
[INFO] [stderr]                                  at /rustc/82e1608dfa6e0b5569232559e3d385fea5a93112/library/std/src/sys_common/backtrace.rs:170:18
[INFO] [stderr]     14:     0x561455572f52 - rust_begin_unwind
[INFO] [stderr]                                  at /rustc/82e1608dfa6e0b5569232559e3d385fea5a93112/library/std/src/panicking.rs:645:5
[INFO] [stderr]     15:     0x5614554f1685 - core::panicking::panic_fmt::hbf0e066aabfa482c
[INFO] [stderr]                                  at /rustc/82e1608dfa6e0b5569232559e3d385fea5a93112/library/core/src/panicking.rs:72:14
[INFO] [stderr]     16:     0x5614554f89bb - build_script_main::validate_headers::hdca1269b76bfbbc9
[INFO] [stderr]     17:     0x5614554fea2f - build_script_main::imp::try_pkg_config::hdb8b91f5ebabdb6f
[INFO] [stderr]     18:     0x5614554fd8f4 - build_script_main::imp::find_openssl_dir::he412fac0791e3876
[INFO] [stderr]     19:     0x5614554fd792 - build_script_main::imp::get_openssl::{{closure}}::heec4cc4f2c96876a
[INFO] [stderr]     20:     0x5614554fb579 - core::option::Option<T>::unwrap_or_else::hd08440884f1e5519
[INFO] [stderr]     21:     0x5614554fd591 - build_script_main::imp::get_openssl::h3f593e65febccaa3
[INFO] [stderr]     22:     0x5614554f64e0 - build_script_main::main::h01fd17d86d9155b5
[INFO] [stderr]     23:     0x5614554fab53 - core::ops::function::FnOnce::call_once::h241705afca6c1f6e
[INFO] [stderr]     24:     0x5614554f2786 - std::sys_common::backtrace::__rust_begin_short_backtrace::h7d4f40b740664331
[INFO] [stderr]     25:     0x5614554fa429 - std::rt::lang_start::{{closure}}::h6a2e38386ea5e1f6
[INFO] [stderr]     26:     0x56145556b717 - core::ops::function::impls::<impl core::ops::function::FnOnce<A> for &F>::call_once::hd95060ecd5e1ca24
[INFO] [stderr]                                  at /rustc/82e1608dfa6e0b5569232559e3d385fea5a93112/library/core/src/ops/function.rs:284:13
[INFO] [stderr]     27:     0x56145556b717 - std::panicking::try::do_call::h6e8cf51db32a6e4b
[INFO] [stderr]                                  at /rustc/82e1608dfa6e0b5569232559e3d385fea5a93112/library/std/src/panicking.rs:552:40
[INFO] [stderr]     28:     0x56145556b717 - std::panicking::try::h3a52eefe24fe3c29
[INFO] [stderr]                                  at /rustc/82e1608dfa6e0b5569232559e3d385fea5a93112/library/std/src/panicking.rs:516:19
[INFO] [stderr]     29:     0x56145556b717 - std::panic::catch_unwind::h24c28c23c02c3841
[INFO] [stderr]                                  at /rustc/82e1608dfa6e0b5569232559e3d385fea5a93112/library/std/src/panic.rs:142:14
[INFO] [stderr]     30:     0x56145556b717 - std::rt::lang_start_internal::{{closure}}::h705d3c9cbc06ef47
[INFO] [stderr]                                  at /rustc/82e1608dfa6e0b5569232559e3d385fea5a93112/library/std/src/rt.rs:148:48
[INFO] [stderr]     31:     0x56145556b717 - std::panicking::try::do_call::ha21f52ba13158470
[INFO] [stderr]                                  at /rustc/82e1608dfa6e0b5569232559e3d385fea5a93112/library/std/src/panicking.rs:552:40
[INFO] [stderr]     32:     0x56145556b717 - std::panicking::try::h5581346bf6aeb1f8
[INFO] [stderr]                                  at /rustc/82e1608dfa6e0b5569232559e3d385fea5a93112/library/std/src/panicking.rs:516:19
[INFO] [stderr]     33:     0x56145556b717 - std::panic::catch_unwind::h7919645a6b72e25b
[INFO] [stderr]                                  at /rustc/82e1608dfa6e0b5569232559e3d385fea5a93112/library/std/src/panic.rs:142:14
[INFO] [stderr]     34:     0x56145556b717 - std::rt::lang_start_internal::h12de51168669836e
[INFO] [stderr]                                  at /rustc/82e1608dfa6e0b5569232559e3d385fea5a93112/library/std/src/rt.rs:148:20
[INFO] [stderr]     35:     0x5614554fa407 - std::rt::lang_start::h5809ba8f0bea3030
[INFO] [stderr]     36:     0x5614554f98e5 - main
[INFO] [stderr]     37:     0x7efce7ac0d90 - <unknown>
[INFO] [stderr]     38:     0x7efce7ac0e40 - __libc_start_main
[INFO] [stderr]     39:     0x5614554f1e95 - _start
[INFO] [stderr]     40:                0x0 - <unknown>
[INFO] [stderr] warning: build failed, waiting for other jobs to finish...
[INFO] running `Command { std: "docker" "inspect" "178e28eeeaa6bbd416a487a45d7f0a6965fb63bc86aa4c004ff538a0d844cebd", kill_on_drop: false }`
[INFO] running `Command { std: "docker" "rm" "-f" "178e28eeeaa6bbd416a487a45d7f0a6965fb63bc86aa4c004ff538a0d844cebd", kill_on_drop: false }`
[INFO] [stdout] 178e28eeeaa6bbd416a487a45d7f0a6965fb63bc86aa4c004ff538a0d844cebd
[INFO] documenting Church-/Trojan-Test against beta-2023-12-22 for beta-1.76-rustdoc-1
[INFO] running `Command { std: "git" "clone" "/workspace/cache/git-repos/https%3A%2F%2Fgithub.com%2FChurch-%2FTrojan-Test" "/workspace/builds/worker-3-tc2/source", kill_on_drop: false }`
[INFO] [stderr] Cloning into '/workspace/builds/worker-3-tc2/source'...
[INFO] [stderr] done.
[INFO] validating manifest of git repo https://github.com/Church-/Trojan-Test on toolchain beta-2023-12-22
[INFO] running `Command { std: CARGO_HOME="/workspace/cargo-home" RUSTUP_HOME="/workspace/rustup-home" "/workspace/cargo-home/bin/cargo" "+beta-2023-12-22" "metadata" "--manifest-path" "Cargo.toml" "--no-deps", kill_on_drop: false }`
[INFO] started tweaking git repo https://github.com/Church-/Trojan-Test
[INFO] finished tweaking git repo https://github.com/Church-/Trojan-Test
[INFO] tweaked toml for git repo https://github.com/Church-/Trojan-Test written to /workspace/builds/worker-3-tc2/source/Cargo.toml
[INFO] crate git repo https://github.com/Church-/Trojan-Test already has a lockfile, it will not be regenerated
[INFO] running `Command { std: CARGO_HOME="/workspace/cargo-home" RUSTUP_HOME="/workspace/rustup-home" "/workspace/cargo-home/bin/cargo" "+beta-2023-12-22" "fetch" "--manifest-path" "Cargo.toml", kill_on_drop: false }`
[INFO] running `Command { std: "docker" "create" "-v" "/var/lib/crater-agent-workspace/builds/worker-3-tc2/target:/opt/rustwide/target:rw,Z" "-v" "/var/lib/crater-agent-workspace/builds/worker-3-tc2/source:/opt/rustwide/workdir:ro,Z" "-v" "/var/lib/crater-agent-workspace/cargo-home:/opt/rustwide/cargo-home:ro,Z" "-v" "/var/lib/crater-agent-workspace/rustup-home:/opt/rustwide/rustup-home:ro,Z" "-e" "SOURCE_DIR=/opt/rustwide/workdir" "-e" "CARGO_TARGET_DIR=/opt/rustwide/target" "-e" "CARGO_HOME=/opt/rustwide/cargo-home" "-e" "RUSTUP_HOME=/opt/rustwide/rustup-home" "-w" "/opt/rustwide/workdir" "-m" "1610612736" "--user" "0:0" "--network" "none" "ghcr.io/rust-lang/crates-build-env/linux@sha256:2788e3201cd34a07e3172128adcd8b3090168a8e3bcc40d7c032b9dda1df7d1c" "/opt/rustwide/cargo-home/bin/cargo" "+beta-2023-12-22" "metadata" "--no-deps" "--format-version=1", kill_on_drop: false }`
[INFO] [stdout] fef8506d8d3d1cf4a27139c9270c48a84a9c6456b1b1826675f526eaf8470c89
[INFO] running `Command { std: "docker" "start" "-a" "fef8506d8d3d1cf4a27139c9270c48a84a9c6456b1b1826675f526eaf8470c89", kill_on_drop: false }`
[INFO] running `Command { std: "docker" "inspect" "fef8506d8d3d1cf4a27139c9270c48a84a9c6456b1b1826675f526eaf8470c89", kill_on_drop: false }`
[INFO] running `Command { std: "docker" "rm" "-f" "fef8506d8d3d1cf4a27139c9270c48a84a9c6456b1b1826675f526eaf8470c89", kill_on_drop: false }`
[INFO] [stdout] fef8506d8d3d1cf4a27139c9270c48a84a9c6456b1b1826675f526eaf8470c89
[INFO] running `Command { std: "docker" "create" "-v" "/var/lib/crater-agent-workspace/builds/worker-3-tc2/target:/opt/rustwide/target:rw,Z" "-v" "/var/lib/crater-agent-workspace/builds/worker-3-tc2/source:/opt/rustwide/workdir:ro,Z" "-v" "/var/lib/crater-agent-workspace/cargo-home:/opt/rustwide/cargo-home:ro,Z" "-v" "/var/lib/crater-agent-workspace/rustup-home:/opt/rustwide/rustup-home:ro,Z" "-e" "SOURCE_DIR=/opt/rustwide/workdir" "-e" "CARGO_TARGET_DIR=/opt/rustwide/target" "-e" "CARGO_INCREMENTAL=0" "-e" "RUST_BACKTRACE=full" "-e" "RUSTFLAGS=--cap-lints=warn" "-e" "RUSTDOCFLAGS=--cap-lints=warn" "-e" "CARGO_HOME=/opt/rustwide/cargo-home" "-e" "RUSTUP_HOME=/opt/rustwide/rustup-home" "-w" "/opt/rustwide/workdir" "-m" "1610612736" "--user" "0:0" "--network" "none" "ghcr.io/rust-lang/crates-build-env/linux@sha256:2788e3201cd34a07e3172128adcd8b3090168a8e3bcc40d7c032b9dda1df7d1c" "/opt/rustwide/cargo-home/bin/cargo" "+beta-2023-12-22" "doc" "--frozen" "--no-deps" "--document-private-items" "--message-format=json", kill_on_drop: false }`
[INFO] [stdout] 558d0131902000844b0de440e1ecd9a627aad2f0bdad714114448367b350cc35
[INFO] running `Command { std: "docker" "start" "-a" "558d0131902000844b0de440e1ecd9a627aad2f0bdad714114448367b350cc35", kill_on_drop: false }`
[INFO] [stderr]     Checking libc v0.2.43
[INFO] [stderr]     Checking cfg-if v0.1.5
[INFO] [stderr]    Compiling version_check v0.1.5
[INFO] [stderr]     Checking futures v0.1.24
[INFO] [stderr]     Checking scopeguard v0.3.3
[INFO] [stderr]     Checking crossbeam-utils v0.5.0
[INFO] [stderr]    Compiling cc v1.0.25
[INFO] [stderr]     Checking rand_core v0.2.1
[INFO] [stderr]     Checking byteorder v1.2.6
[INFO] [stderr]     Checking void v1.0.2
[INFO] [stderr]     Checking slab v0.4.1
[INFO] [stderr]     Checking stable_deref_trait v1.1.1
[INFO] [stderr]     Checking lazycell v1.2.0
[INFO] [stderr]    Compiling proc-macro2 v0.4.19
[INFO] [stderr]    Compiling unicode-xid v0.1.0
[INFO] [stderr]    Compiling parking_lot_core v0.3.1
[INFO] [stderr]     Checking log v0.4.5
[INFO] [stderr]     Checking nodrop v0.1.12
[INFO] [stderr]     Checking owning_ref v0.3.3
[INFO] [stderr]     Checking memoffset v0.2.1
[INFO] [stderr]     Checking unreachable v1.0.0
[INFO] [stderr]    Compiling pkg-config v0.3.14
[INFO] [stderr]     Checking arrayvec v0.4.7
[INFO] [stderr]     Checking encoding_index_tests v0.1.4
[INFO] [stderr]    Compiling openssl v0.9.24
[INFO] [stderr]    Compiling num-traits v0.2.6
[INFO] [stderr]     Checking smallvec v0.6.5
[INFO] [stderr]    Compiling serde v1.0.79
[INFO] [stderr]    Compiling num-integer v0.1.39
[INFO] [stderr]     Checking lock_api v0.1.4
[INFO] [stderr]     Checking bitflags v0.9.1
[INFO] [stderr]    Compiling failure_derive v0.1.2
[INFO] [stderr]     Checking lazy_static v0.2.11
[INFO] [stderr]    Compiling lazy_static v1.1.0
[INFO] [stderr]     Checking scoped-tls v0.1.2
[INFO] [stderr]     Checking rustc-demangle v0.1.9
[INFO] [stderr]     Checking encoding-index-simpchinese v1.20141219.5
[INFO] [stderr]     Checking encoding-index-singlebyte v1.20141219.5
[INFO] [stderr]     Checking encoding-index-korean v1.20141219.5
[INFO] [stderr]     Checking encoding-index-japanese v1.20141219.5
[INFO] [stderr]     Checking encoding-index-tradchinese v1.20141219.5
[INFO] [stderr]     Checking slab v0.3.0
[INFO] [stderr]     Checking iovec v0.1.2
[INFO] [stderr]     Checking rand v0.5.5
[INFO] [stderr]     Checking net2 v0.2.33
[INFO] [stderr]     Checking num_cpus v1.8.0
[INFO] [stderr]     Checking bytes v0.4.10
[INFO] [stderr]     Checking time v0.1.40
[INFO] [stderr]     Checking log v0.3.9
[INFO] [stderr]     Checking bufstream v0.1.3
[INFO] [stderr]     Checking daemonize v0.3.0
[INFO] [stderr]     Checking crossbeam-epoch v0.5.2
[INFO] [stderr]     Checking encoding v0.2.33
[INFO] [stderr]     Checking mio v0.6.16
[INFO] [stderr]    Compiling openssl-sys v0.9.36
[INFO] [stderr]    Compiling backtrace-sys v0.1.24
[INFO] [stderr]     Checking crossbeam-deque v0.6.1
[INFO] [stderr]    Compiling quote v0.6.8
[INFO] [stderr]    Compiling syn v0.14.9
[INFO] [stderr]    Compiling syn v0.15.6
[INFO] [stderr]     Checking tokio-executor v0.1.5
[INFO] [stderr]     Checking tokio-io v0.1.9
[INFO] [stderr]     Checking tokio-timer v0.1.2
[INFO] [stderr]     Checking tokio-current-thread v0.1.2
[INFO] [stderr]     Checking tokio-timer v0.2.7
[INFO] [stderr]     Checking tokio-threadpool v0.1.7
[INFO] [stderr]     Checking mio-uds v0.6.7
[INFO] [stderr]     Checking chrono v0.4.6
[INFO] [stderr] The following warnings were emitted during compilation:
[INFO] [stderr] 
[INFO] [stderr] warning: openssl-sys@0.9.36: /opt/rustwide/target/debug/build/openssl-sys-4000fcddeb7fd8b0/out/expando.c:4:24: error: pasting "RUST_VERSION_OPENSSL_" and "(" does not give a valid preprocessing token
[INFO] [stderr] warning: openssl-sys@0.9.36:     4 | #define VERSION2(n, v) RUST_VERSION_ ## n ## _ ## v
[INFO] [stderr] warning: openssl-sys@0.9.36:       |                        ^~~~~~~~~~~~~
[INFO] [stderr] warning: openssl-sys@0.9.36: /opt/rustwide/target/debug/build/openssl-sys-4000fcddeb7fd8b0/out/expando.c:5:23: note: in expansion of macro 'VERSION2'
[INFO] [stderr] warning: openssl-sys@0.9.36:     5 | #define VERSION(n, v) VERSION2(n, v)
[INFO] [stderr] warning: openssl-sys@0.9.36:       |                       ^~~~~~~~
[INFO] [stderr] warning: openssl-sys@0.9.36: /opt/rustwide/target/debug/build/openssl-sys-4000fcddeb7fd8b0/out/expando.c:7:1: note: in expansion of macro 'VERSION'
[INFO] [stderr] warning: openssl-sys@0.9.36:     7 | VERSION(OPENSSL, OPENSSL_VERSION_NUMBER)
[INFO] [stderr] warning: openssl-sys@0.9.36:       | ^~~~~~~
[INFO] [stderr] 
[INFO] [stderr] error: failed to run custom build command for `openssl-sys v0.9.36`
[INFO] [stderr] note: To improve backtraces for build dependencies, set the CARGO_PROFILE_DEV_BUILD_OVERRIDE_DEBUG=true environment variable to enable debug information generation.
[INFO] [stderr] 
[INFO] [stderr] Caused by:
[INFO] [stderr]   process didn't exit successfully: `/opt/rustwide/target/debug/build/openssl-sys-652a35c89e9810a6/build-script-main` (exit status: 101)
[INFO] [stderr]   --- stdout
[INFO] [stderr]   cargo:rerun-if-env-changed=X86_64_UNKNOWN_LINUX_GNU_OPENSSL_LIB_DIR
[INFO] [stderr]   cargo:rerun-if-env-changed=OPENSSL_LIB_DIR
[INFO] [stderr]   cargo:rerun-if-env-changed=X86_64_UNKNOWN_LINUX_GNU_OPENSSL_INCLUDE_DIR
[INFO] [stderr]   cargo:rerun-if-env-changed=OPENSSL_INCLUDE_DIR
[INFO] [stderr]   cargo:rerun-if-env-changed=X86_64_UNKNOWN_LINUX_GNU_OPENSSL_DIR
[INFO] [stderr]   cargo:rerun-if-env-changed=OPENSSL_DIR
[INFO] [stderr]   cargo:rustc-link-lib=ssl
[INFO] [stderr]   cargo:rustc-link-lib=crypto
[INFO] [stderr]   OPT_LEVEL = Some("0")
[INFO] [stderr]   TARGET = Some("x86_64-unknown-linux-gnu")
[INFO] [stderr]   HOST = Some("x86_64-unknown-linux-gnu")
[INFO] [stderr]   CC_x86_64-unknown-linux-gnu = None
[INFO] [stderr]   CC_x86_64_unknown_linux_gnu = None
[INFO] [stderr]   HOST_CC = None
[INFO] [stderr]   CC = None
[INFO] [stderr]   CFLAGS_x86_64-unknown-linux-gnu = None
[INFO] [stderr]   CFLAGS_x86_64_unknown_linux_gnu = None
[INFO] [stderr]   HOST_CFLAGS = None
[INFO] [stderr]   CFLAGS = None
[INFO] [stderr]   DEBUG = Some("true")
[INFO] [stderr]   running: "cc" "-O0" "-ffunction-sections" "-fdata-sections" "-fPIC" "-g" "-fno-omit-frame-pointer" "-m64" "-Wall" "-Wextra" "-E" "/opt/rustwide/target/debug/build/openssl-sys-4000fcddeb7fd8b0/out/expando.c"
[INFO] [stderr]   cargo:warning=/opt/rustwide/target/debug/build/openssl-sys-4000fcddeb7fd8b0/out/expando.c:4:24: error: pasting "RUST_VERSION_OPENSSL_" and "(" does not give a valid preprocessing token
[INFO] [stderr]   cargo:warning=    4 | #define VERSION2(n, v) RUST_VERSION_ ## n ## _ ## v
[INFO] [stderr]   cargo:warning=      |                        ^~~~~~~~~~~~~
[INFO] [stderr]   cargo:warning=/opt/rustwide/target/debug/build/openssl-sys-4000fcddeb7fd8b0/out/expando.c:5:23: note: in expansion of macro 'VERSION2'
[INFO] [stderr]   cargo:warning=    5 | #define VERSION(n, v) VERSION2(n, v)
[INFO] [stderr]   cargo:warning=      |                       ^~~~~~~~
[INFO] [stderr]   cargo:warning=/opt/rustwide/target/debug/build/openssl-sys-4000fcddeb7fd8b0/out/expando.c:7:1: note: in expansion of macro 'VERSION'
[INFO] [stderr]   cargo:warning=    7 | VERSION(OPENSSL, OPENSSL_VERSION_NUMBER)
[INFO] [stderr]   cargo:warning=      | ^~~~~~~
[INFO] [stderr]   exit status: 1
[INFO] [stderr] 
[INFO] [stderr]   --- stderr
[INFO] [stderr]   thread 'main' panicked at /opt/rustwide/cargo-home/registry/src/index.crates.io-6f17d22bba15001f/openssl-sys-0.9.36/build/main.rs:428:13:
[INFO] [stderr] 
[INFO] [stderr]   Header expansion error:
[INFO] [stderr]   Error { kind: ToolExecError, message: "Command \"cc\" \"-O0\" \"-ffunction-sections\" \"-fdata-sections\" \"-fPIC\" \"-g\" \"-fno-omit-frame-pointer\" \"-m64\" \"-Wall\" \"-Wextra\" \"-E\" \"/opt/rustwide/target/debug/build/openssl-sys-4000fcddeb7fd8b0/out/expando.c\" with args \"cc\" did not execute successfully (status code exit status: 1)." }
[INFO] [stderr] 
[INFO] [stderr]   Failed to find OpenSSL development headers.
[INFO] [stderr] 
[INFO] [stderr]   You can try fixing this setting the `OPENSSL_DIR` environment variable
[INFO] [stderr]   pointing to your OpenSSL installation or installing OpenSSL headers package
[INFO] [stderr]   specific to your distribution:
[INFO] [stderr] 
[INFO] [stderr]       # On Ubuntu
[INFO] [stderr]       sudo apt-get install libssl-dev
[INFO] [stderr]       # On Arch Linux
[INFO] [stderr]       sudo pacman -S openssl
[INFO] [stderr]       # On Fedora
[INFO] [stderr]       sudo dnf install openssl-devel
[INFO] [stderr] 
[INFO] [stderr]   See rust-openssl README for more information:
[INFO] [stderr] 
[INFO] [stderr]       https://github.com/sfackler/rust-openssl#linux
[INFO] [stderr] 
[INFO] [stderr]   stack backtrace:
[INFO] [stderr]      0:     0x55cdd1ae2486 - std::backtrace_rs::backtrace::libunwind::trace::h261606ad26a499c1
[INFO] [stderr]                                  at /rustc/0e09125c6c3c2fd70d7de961bcf0e51575235fad/library/std/src/../../backtrace/src/backtrace/libunwind.rs:104:5
[INFO] [stderr]      1:     0x55cdd1ae2486 - std::backtrace_rs::backtrace::trace_unsynchronized::hd183f0625477fb28
[INFO] [stderr]                                  at /rustc/0e09125c6c3c2fd70d7de961bcf0e51575235fad/library/std/src/../../backtrace/src/backtrace/mod.rs:66:5
[INFO] [stderr]      2:     0x55cdd1ae2486 - std::sys_common::backtrace::_print_fmt::hd7f8fef21b4eda67
[INFO] [stderr]                                  at /rustc/0e09125c6c3c2fd70d7de961bcf0e51575235fad/library/std/src/sys_common/backtrace.rs:68:5
[INFO] [stderr]      3:     0x55cdd1ae2486 - <std::sys_common::backtrace::_print::DisplayBacktrace as core::fmt::Display>::fmt::h623d9b51f2f453f1
[INFO] [stderr]                                  at /rustc/0e09125c6c3c2fd70d7de961bcf0e51575235fad/library/std/src/sys_common/backtrace.rs:44:22
[INFO] [stderr]      4:     0x55cdd1b079a0 - core::fmt::rt::Argument::fmt::h9f417ac76a86f368
[INFO] [stderr]                                  at /rustc/0e09125c6c3c2fd70d7de961bcf0e51575235fad/library/core/src/fmt/rt.rs:142:9
[INFO] [stderr]      5:     0x55cdd1b079a0 - core::fmt::write::hc9b6faf4ac2aeff7
[INFO] [stderr]                                  at /rustc/0e09125c6c3c2fd70d7de961bcf0e51575235fad/library/core/src/fmt/mod.rs:1120:17
[INFO] [stderr]      6:     0x55cdd1adfeef - std::io::Write::write_fmt::hfead1eee52c2e65e
[INFO] [stderr]                                  at /rustc/0e09125c6c3c2fd70d7de961bcf0e51575235fad/library/std/src/io/mod.rs:1810:15
[INFO] [stderr]      7:     0x55cdd1ae2264 - std::sys_common::backtrace::_print::hd5d66399c7df88a2
[INFO] [stderr]                                  at /rustc/0e09125c6c3c2fd70d7de961bcf0e51575235fad/library/std/src/sys_common/backtrace.rs:47:5
[INFO] [stderr]      8:     0x55cdd1ae2264 - std::sys_common::backtrace::print::he81ed2da642d37e5
[INFO] [stderr]                                  at /rustc/0e09125c6c3c2fd70d7de961bcf0e51575235fad/library/std/src/sys_common/backtrace.rs:34:9
[INFO] [stderr]      9:     0x55cdd1ae3b47 - std::panicking::default_hook::{{closure}}::h85773f4fa117163d
[INFO] [stderr]     10:     0x55cdd1ae38a9 - std::panicking::default_hook::h6a1694a91d09b278
[INFO] [stderr]                                  at /rustc/0e09125c6c3c2fd70d7de961bcf0e51575235fad/library/std/src/panicking.rs:292:9
[INFO] [stderr]     11:     0x55cdd1ae3fd8 - std::panicking::rust_panic_with_hook::h0a7ad96e90f7145b
[INFO] [stderr]                                  at /rustc/0e09125c6c3c2fd70d7de961bcf0e51575235fad/library/std/src/panicking.rs:779:13
[INFO] [stderr]     12:     0x55cdd1ae3eb2 - std::panicking::begin_panic_handler::{{closure}}::h7919090525c6485e
[INFO] [stderr]                                  at /rustc/0e09125c6c3c2fd70d7de961bcf0e51575235fad/library/std/src/panicking.rs:657:13
[INFO] [stderr]     13:     0x55cdd1ae2986 - std::sys_common::backtrace::__rust_end_short_backtrace::hf3289479464f7dfe
[INFO] [stderr]                                  at /rustc/0e09125c6c3c2fd70d7de961bcf0e51575235fad/library/std/src/sys_common/backtrace.rs:171:18
[INFO] [stderr]     14:     0x55cdd1ae3c10 - rust_begin_unwind
[INFO] [stderr]                                  at /rustc/0e09125c6c3c2fd70d7de961bcf0e51575235fad/library/std/src/panicking.rs:645:5
[INFO] [stderr]     15:     0x55cdd1a61685 - core::panicking::panic_fmt::hcc9f77c5c132af55
[INFO] [stderr]                                  at /rustc/0e09125c6c3c2fd70d7de961bcf0e51575235fad/library/core/src/panicking.rs:72:14
[INFO] [stderr]     16:     0x55cdd1a683a3 - build_script_main::validate_headers::h10f5a6795d7c881e
[INFO] [stderr]     17:     0x55cdd1a6ea15 - build_script_main::imp::try_pkg_config::h608c1ce513ef49b3
[INFO] [stderr]     18:     0x55cdd1a6d8c4 - build_script_main::imp::find_openssl_dir::h9fec7f939077c6f9
[INFO] [stderr]     19:     0x55cdd1a6d762 - build_script_main::imp::get_openssl::{{closure}}::h094bfe0adc604486
[INFO] [stderr]     20:     0x55cdd1a6343f - core::option::Option<T>::unwrap_or_else::h05408c601b792c04
[INFO] [stderr]     21:     0x55cdd1a6d55f - build_script_main::imp::get_openssl::h4f942a23ad45fbf6
[INFO] [stderr]     22:     0x55cdd1a65ed0 - build_script_main::main::heaa63aea2c2a9250
[INFO] [stderr]     23:     0x55cdd1a6a4d3 - core::ops::function::FnOnce::call_once::h9c47f5dfbfd5d77c
[INFO] [stderr]     24:     0x55cdd1a622a6 - std::sys_common::backtrace::__rust_begin_short_backtrace::hc33e94d12ae0d30c
[INFO] [stderr]     25:     0x55cdd1a69d69 - std::rt::lang_start::{{closure}}::h1641f0e44ae71134
[INFO] [stderr]     26:     0x55cdd1adc1e1 - core::ops::function::impls::<impl core::ops::function::FnOnce<A> for &F>::call_once::h4eb4c5e1620f29b0
[INFO] [stderr]                                  at /rustc/0e09125c6c3c2fd70d7de961bcf0e51575235fad/library/core/src/ops/function.rs:284:13
[INFO] [stderr]     27:     0x55cdd1adc1e1 - std::panicking::try::do_call::h73fd26535faffcdf
[INFO] [stderr]                                  at /rustc/0e09125c6c3c2fd70d7de961bcf0e51575235fad/library/std/src/panicking.rs:552:40
[INFO] [stderr]     28:     0x55cdd1adc1e1 - std::panicking::try::h77ff1d98f0fb9f39
[INFO] [stderr]                                  at /rustc/0e09125c6c3c2fd70d7de961bcf0e51575235fad/library/std/src/panicking.rs:516:19
[INFO] [stderr]     29:     0x55cdd1adc1e1 - std::panic::catch_unwind::hab3caf2448b95e37
[INFO] [stderr]                                  at /rustc/0e09125c6c3c2fd70d7de961bcf0e51575235fad/library/std/src/panic.rs:142:14
[INFO] [stderr]     30:     0x55cdd1adc1e1 - std::rt::lang_start_internal::{{closure}}::h8086711f9c783f78
[INFO] [stderr]                                  at /rustc/0e09125c6c3c2fd70d7de961bcf0e51575235fad/library/std/src/rt.rs:148:48
[INFO] [stderr]     31:     0x55cdd1adc1e1 - std::panicking::try::do_call::hf920d4dc291cd6ca
[INFO] [stderr]                                  at /rustc/0e09125c6c3c2fd70d7de961bcf0e51575235fad/library/std/src/panicking.rs:552:40
[INFO] [stderr]     32:     0x55cdd1adc1e1 - std::panicking::try::h2b806ccc0a85db74
[INFO] [stderr]                                  at /rustc/0e09125c6c3c2fd70d7de961bcf0e51575235fad/library/std/src/panicking.rs:516:19
[INFO] [stderr]     33:     0x55cdd1adc1e1 - std::panic::catch_unwind::h038489539c507df2
[INFO] [stderr]                                  at /rustc/0e09125c6c3c2fd70d7de961bcf0e51575235fad/library/std/src/panic.rs:142:14
[INFO] [stderr]     34:     0x55cdd1adc1e1 - std::rt::lang_start_internal::h28503b88912e8a5c
[INFO] [stderr]                                  at /rustc/0e09125c6c3c2fd70d7de961bcf0e51575235fad/library/std/src/rt.rs:148:20
[INFO] [stderr]     35:     0x55cdd1a69d47 - std::rt::lang_start::h0a00c3214b422f09
[INFO] [stderr]     36:     0x55cdd1a692c5 - main
[INFO] [stderr]     37:     0x7ffa455c5d90 - <unknown>
[INFO] [stderr]     38:     0x7ffa455c5e40 - __libc_start_main
[INFO] [stderr]     39:     0x55cdd1a61ea5 - _start
[INFO] [stderr]     40:                0x0 - <unknown>
[INFO] [stderr] warning: build failed, waiting for other jobs to finish...
[INFO] running `Command { std: "docker" "inspect" "558d0131902000844b0de440e1ecd9a627aad2f0bdad714114448367b350cc35", kill_on_drop: false }`
[INFO] running `Command { std: "docker" "rm" "-f" "558d0131902000844b0de440e1ecd9a627aad2f0bdad714114448367b350cc35", kill_on_drop: false }`
[INFO] [stdout] 558d0131902000844b0de440e1ecd9a627aad2f0bdad714114448367b350cc35
