[INFO] cloning repository https://github.com/ChainBridgeNetworkTeam/fork-gateway
[INFO] running `Command { std: "git" "-c" "credential.helper=" "-c" "credential.helper=/workspace/cargo-home/bin/git-credential-null" "clone" "--bare" "https://github.com/ChainBridgeNetworkTeam/fork-gateway" "/workspace/cache/git-repos/https%3A%2F%2Fgithub.com%2FChainBridgeNetworkTeam%2Ffork-gateway", kill_on_drop: false }`
[INFO] [stderr] Cloning into bare repository '/workspace/cache/git-repos/https%3A%2F%2Fgithub.com%2FChainBridgeNetworkTeam%2Ffork-gateway'...
[INFO] running `Command { std: "git" "rev-parse" "HEAD", kill_on_drop: false }`
[INFO] [stdout] 4d829265dceba85f99e8e7beb4165a6d72857291
[INFO] documenting ChainBridgeNetworkTeam/fork-gateway against 1.75.0 for beta-1.76-rustdoc-1
[INFO] running `Command { std: "git" "clone" "/workspace/cache/git-repos/https%3A%2F%2Fgithub.com%2FChainBridgeNetworkTeam%2Ffork-gateway" "/workspace/builds/worker-3-tc1/source", kill_on_drop: false }`
[INFO] [stderr] Cloning into '/workspace/builds/worker-3-tc1/source'...
[INFO] [stderr] done.
[INFO] validating manifest of git repo https://github.com/ChainBridgeNetworkTeam/fork-gateway on toolchain 1.75.0
[INFO] running `Command { std: CARGO_HOME="/workspace/cargo-home" RUSTUP_HOME="/workspace/rustup-home" "/workspace/cargo-home/bin/cargo" "+1.75.0" "metadata" "--manifest-path" "Cargo.toml" "--no-deps", kill_on_drop: false }`
[INFO] started tweaking git repo https://github.com/ChainBridgeNetworkTeam/fork-gateway
[INFO] finished tweaking git repo https://github.com/ChainBridgeNetworkTeam/fork-gateway
[INFO] tweaked toml for git repo https://github.com/ChainBridgeNetworkTeam/fork-gateway written to /workspace/builds/worker-3-tc1/source/Cargo.toml
[INFO] crate git repo https://github.com/ChainBridgeNetworkTeam/fork-gateway already has a lockfile, it will not be regenerated
[INFO] running `Command { std: CARGO_HOME="/workspace/cargo-home" RUSTUP_HOME="/workspace/rustup-home" "/workspace/cargo-home/bin/cargo" "+1.75.0" "fetch" "--manifest-path" "Cargo.toml", kill_on_drop: false }`
[INFO] [stderr]     Blocking waiting for file lock on package cache
[INFO] [stderr]     Updating git repository `https://github.com/compound-finance/substrate`
[INFO] [stderr]     Updating crates.io index
[INFO] [stderr]     Blocking waiting for file lock on package cache
[INFO] [stderr]  Downloading crates ...
[INFO] [stderr]   Downloaded cargo_metadata v0.13.1
[INFO] [stderr]   Downloaded ethbloom v0.11.0
[INFO] [stderr]   Downloaded cookie v0.11.4
[INFO] [stderr]   Downloaded wasm-gc-api v0.1.11
[INFO] [stderr]   Downloaded which v4.1.0
[INFO] [stderr]   Downloaded test-env-log v0.2.7
[INFO] [stderr]   Downloaded prometheus v0.11.0
[INFO] [stderr]   Downloaded libp2p-ping v0.29.0
[INFO] [stderr]   Downloaded anyhow v1.0.41
[INFO] [stderr]   Downloaded libp2p-uds v0.28.0
[INFO] [stderr]   Downloaded libp2p-plaintext v0.28.0
[INFO] [stderr]   Downloaded cpp_demangle v0.3.2
[INFO] [stderr]   Downloaded kvdb v0.9.0
[INFO] [stderr]   Downloaded memory-db v0.26.0
[INFO] [stderr]   Downloaded jsonrpc-core-client v15.1.0
[INFO] [stderr]   Downloaded fs-swap v0.2.6
[INFO] [stderr]   Downloaded serial_test v0.5.1
[INFO] [stderr]   Downloaded async-std-resolver v0.20.3
[INFO] [stderr]   Downloaded cranelift-native v0.71.0
[INFO] [stderr]   Downloaded fixed-hash v0.5.2
[INFO] [stderr]   Downloaded wasmtime-cache v0.24.0
[INFO] [stderr]   Downloaded libp2p-dns v0.28.1
[INFO] [stderr]   Downloaded stream-cipher v0.7.1
[INFO] [stderr]   Downloaded futures-rustls v0.21.1
[INFO] [stderr]   Downloaded kvdb-rocksdb v0.11.1
[INFO] [stderr]   Downloaded wasmtime-environ v0.24.0
[INFO] [stderr]   Downloaded aes-soft v0.5.0
[INFO] [stderr]   Downloaded zstd-sys v1.4.20+zstd.1.4.9
[INFO] [stderr]   Downloaded cranelift-codegen v0.71.0
[INFO] [stderr]   Downloaded wasmtime v0.24.0
[INFO] [stderr]   Downloaded cranelift-wasm v0.71.0
[INFO] [stderr]   Downloaded pwasm-utils v0.18.1
[INFO] [stderr]   Downloaded regalloc v0.0.31
[INFO] [stderr]   Downloaded wasmtime-runtime v0.24.0
[INFO] [stderr]   Downloaded cranelift-bforest v0.71.0
[INFO] [stderr]   Downloaded finality-grandpa v0.14.0
[INFO] [stderr]   Downloaded aesni v0.8.0
[INFO] [stderr]   Downloaded cranelift-codegen-meta v0.71.0
[INFO] [stderr]   Downloaded nalgebra v0.25.4
[INFO] [stderr]   Downloaded snow v0.7.2
[INFO] [stderr]   Downloaded nalgebra v0.19.0
[INFO] [stderr]   Downloaded ethbloom v0.8.1
[INFO] [stderr]   Downloaded ethereum-types v0.8.0
[INFO] [stderr]   Downloaded libp2p-mdns v0.30.2
[INFO] [stderr]   Downloaded jsonrpc-derive v15.1.0
[INFO] [stderr]   Downloaded parity-db v0.2.4
[INFO] [stderr]   Downloaded rocket v0.4.10
[INFO] [stderr]   Downloaded libp2p-core v0.28.3
[INFO] [stderr]   Downloaded statrs v0.13.0
[INFO] [stderr]   Downloaded ruzstd v0.2.2
[INFO] [stderr]   Downloaded trust-dns-proto v0.20.3
[INFO] [stderr]   Downloaded libp2p-gossipsub v0.30.1
[INFO] [stderr]   Downloaded aes-gcm v0.7.0
[INFO] [stderr]   Downloaded wasmtime-cranelift v0.24.0
[INFO] [stderr]   Downloaded jsonrpc-http-server v15.1.0
[INFO] [stderr]   Downloaded libp2p-swarm v0.29.0
[INFO] [stderr]   Downloaded libp2p-relay v0.2.0
[INFO] [stderr]   Downloaded impl-serde v0.2.3
[INFO] [stderr]   Downloaded rocket_http v0.4.10
[INFO] [stderr]   Downloaded libp2p-kad v0.30.0
[INFO] [stderr]   Downloaded tracing-subscriber v0.2.18
[INFO] [stderr]   Downloaded aes v0.5.0
[INFO] [stderr]   Downloaded simba v0.4.0
[INFO] [stderr]   Downloaded rusoto_kms v0.45.0
[INFO] [stderr]   Downloaded libp2p v0.37.1
[INFO] [stderr]   Downloaded parity-wasm v0.32.0
[INFO] [stderr]   Downloaded der-parser v5.1.0
[INFO] [stderr]   Downloaded wasmi v0.9.0
[INFO] [stderr]   Downloaded cranelift-entity v0.71.0
[INFO] [stderr]   Downloaded trust-dns-resolver v0.20.3
[INFO] [stderr]   Downloaded cuckoofilter v0.5.0
[INFO] [stderr]   Downloaded libp2p-identify v0.29.0
[INFO] [stderr]   Downloaded ethabi v12.0.0
[INFO] [stderr]   Downloaded trie-db v0.22.5
[INFO] [stderr]   Downloaded tiny-bip39 v0.8.0
[INFO] [stderr]   Downloaded asynchronous-codec v0.5.0
[INFO] [stderr]   Downloaded libp2p-websocket v0.29.0
[INFO] [stderr]   Downloaded file-per-thread-logger v0.1.4
[INFO] [stderr]   Downloaded wasmtime-obj v0.24.0
[INFO] [stderr]   Downloaded globset v0.4.7
[INFO] [stderr]   Downloaded cranelift-frontend v0.71.0
[INFO] [stderr]   Downloaded jsonrpc-server-utils v15.1.0
[INFO] [stderr]   Downloaded jsonrpc-ws-server v15.1.0
[INFO] [stderr]   Downloaded wasmtime-jit v0.24.0
[INFO] [stderr]   Downloaded uint v0.9.0
[INFO] [stderr]   Downloaded camino v1.0.4
[INFO] [stderr]   Downloaded rocket_codegen v0.4.10
[INFO] [stderr]   Downloaded blake2 v0.9.1
[INFO] [stderr]   Downloaded chacha20poly1305 v0.6.0
[INFO] [stderr]   Downloaded parity-scale-codec v2.1.1
[INFO] [stderr]   Downloaded cranelift-codegen-shared v0.71.0
[INFO] [stderr]   Downloaded block-cipher v0.8.0
[INFO] [stderr]   Downloaded target-lexicon v0.11.2
[INFO] [stderr]   Downloaded platforms v1.1.0
[INFO] [stderr]   Downloaded jsonrpc-ipc-server v15.1.0
[INFO] [stderr]   Downloaded jsonrpc-core v15.1.0
[INFO] [stderr]   Downloaded rlp v0.4.6
[INFO] [stderr]   Downloaded derive_more v0.99.14
[INFO] [stderr]   Downloaded minicbor v0.8.1
[INFO] [stderr]   Downloaded state v0.4.2
[INFO] [stderr]   Downloaded yamux v0.9.0
[INFO] [stderr]   Downloaded errno v0.2.7
[INFO] [stderr]   Downloaded soketto v0.4.2
[INFO] [stderr]   Downloaded kvdb-memorydb v0.9.0
[INFO] [stderr]   Downloaded wasmtime-fiber v0.24.0
[INFO] [stderr]   Downloaded cid v0.6.1
[INFO] [stderr]   Downloaded beef v0.5.0
[INFO] [stderr]   Downloaded libp2p-request-response v0.11.0
[INFO] [stderr]   Downloaded poly1305 v0.6.2
[INFO] [stderr]   Downloaded environmental v1.1.3
[INFO] [stderr]   Downloaded libp2p-mplex v0.28.0
[INFO] [stderr]   Downloaded erased-serde v0.3.15
[INFO] [stderr]   Downloaded zstd v0.6.1+zstd.1.4.9
[INFO] [stderr]   Downloaded matrixmultiply v0.3.1
[INFO] [stderr]   Downloaded asynchronous-codec v0.6.0
[INFO] [stderr]   Downloaded parity-scale-codec-derive v2.1.0
[INFO] [stderr]   Downloaded ethabi v11.0.0
[INFO] [stderr]   Downloaded retain_mut v0.1.3
[INFO] [stderr]   Downloaded wat v1.0.37
[INFO] [stderr]   Downloaded jsonrpc-client-transports v15.1.0
[INFO] [stderr]   Downloaded atomic v0.5.0
[INFO] [stderr]   Downloaded libp2p-floodsub v0.29.0
[INFO] [stderr]   Downloaded chacha20 v0.5.0
[INFO] [stderr]   Downloaded lru v0.6.5
[INFO] [stderr]   Downloaded impl-trait-for-tuples v0.2.1
[INFO] [stderr]   Downloaded if-watch v0.2.2
[INFO] [stderr]   Downloaded libp2p-wasm-ext v0.28.2
[INFO] [stderr]   Downloaded arrayvec v0.7.1
[INFO] [stderr]   Downloaded rocket_contrib v0.4.10
[INFO] [stderr]   Downloaded zstd-safe v3.0.1+zstd.1.4.9
[INFO] [stderr]   Downloaded unsigned-varint v0.7.0
[INFO] [stderr]   Downloaded libp2p-tcp v0.28.0
[INFO] [stderr]   Downloaded libp2p-noise v0.30.0
[INFO] [stderr]   Downloaded asn1_der v0.7.4
[INFO] [stderr]   Downloaded ref-cast v1.0.6
[INFO] [stderr]   Downloaded psm v0.1.13
[INFO] [stderr]   Downloaded wasmtime-profiling v0.24.0
[INFO] [stderr]   Downloaded parity-util-mem v0.9.0
[INFO] [stderr]   Downloaded rusticata-macros v3.0.1
[INFO] [stderr]   Downloaded multistream-select v0.10.2
[INFO] [stderr]   Downloaded if-addrs v0.6.5
[INFO] [stderr]   Downloaded ethereum-types v0.9.2
[INFO] [stderr]   Downloaded linregress v0.4.1
[INFO] [stderr]   Downloaded wasmi-validation v0.4.0
[INFO] [stderr]   Downloaded rustc-demangle v0.1.19
[INFO] [stderr]   Downloaded jsonrpc-pubsub v15.1.0
[INFO] [stderr]   Downloaded minicbor-derive v0.6.3
[INFO] [stderr]   Downloaded libp2p-deflate v0.28.0
[INFO] [stderr]   Downloaded ethbloom v0.9.2
[INFO] [stderr]   Downloaded libp2p-swarm-derive v0.23.0
[INFO] [stderr]   Downloaded ref-cast-impl v1.0.6
[INFO] [stderr]   Downloaded byte-slice-cast v1.0.0
[INFO] [stderr]   Downloaded primitive-types v0.9.0
[INFO] [stderr]   Downloaded libp2p-yamux v0.32.0
[INFO] [stderr]   Downloaded impl-rlp v0.2.1
[INFO] [stderr]   Downloaded wasmparser v0.76.0
[INFO] [stderr]   Downloaded wasmtime-debug v0.24.0
[INFO] [stderr]   Downloaded primitive-types v0.6.2
[INFO] [stderr]   Downloaded serial_test_derive v0.5.1
[INFO] [stderr]   Downloaded ethereum-types v0.11.0
[INFO] [stderr]   Downloaded ed25519 v1.1.1
[INFO] [stderr]   Downloaded impl-codec v0.5.0
[INFO] running `Command { std: "docker" "create" "-v" "/var/lib/crater-agent-workspace/builds/worker-3-tc1/target:/opt/rustwide/target:rw,Z" "-v" "/var/lib/crater-agent-workspace/builds/worker-3-tc1/source:/opt/rustwide/workdir:ro,Z" "-v" "/var/lib/crater-agent-workspace/cargo-home:/opt/rustwide/cargo-home:ro,Z" "-v" "/var/lib/crater-agent-workspace/rustup-home:/opt/rustwide/rustup-home:ro,Z" "-e" "SOURCE_DIR=/opt/rustwide/workdir" "-e" "CARGO_TARGET_DIR=/opt/rustwide/target" "-e" "CARGO_HOME=/opt/rustwide/cargo-home" "-e" "RUSTUP_HOME=/opt/rustwide/rustup-home" "-w" "/opt/rustwide/workdir" "-m" "1610612736" "--user" "0:0" "--network" "none" "ghcr.io/rust-lang/crates-build-env/linux@sha256:2788e3201cd34a07e3172128adcd8b3090168a8e3bcc40d7c032b9dda1df7d1c" "/opt/rustwide/cargo-home/bin/cargo" "+1.75.0" "metadata" "--no-deps" "--format-version=1", kill_on_drop: false }`
[INFO] [stdout] 9365ccd160657369b8bfbfdb236e9b4d68560aaa0c61337b7cb571361d73af60
[INFO] running `Command { std: "docker" "start" "-a" "9365ccd160657369b8bfbfdb236e9b4d68560aaa0c61337b7cb571361d73af60", kill_on_drop: false }`
[INFO] running `Command { std: "docker" "inspect" "9365ccd160657369b8bfbfdb236e9b4d68560aaa0c61337b7cb571361d73af60", kill_on_drop: false }`
[INFO] running `Command { std: "docker" "rm" "-f" "9365ccd160657369b8bfbfdb236e9b4d68560aaa0c61337b7cb571361d73af60", kill_on_drop: false }`
[INFO] [stdout] 9365ccd160657369b8bfbfdb236e9b4d68560aaa0c61337b7cb571361d73af60
[INFO] running `Command { std: "docker" "create" "-v" "/var/lib/crater-agent-workspace/builds/worker-3-tc1/target:/opt/rustwide/target:rw,Z" "-v" "/var/lib/crater-agent-workspace/builds/worker-3-tc1/source:/opt/rustwide/workdir:ro,Z" "-v" "/var/lib/crater-agent-workspace/cargo-home:/opt/rustwide/cargo-home:ro,Z" "-v" "/var/lib/crater-agent-workspace/rustup-home:/opt/rustwide/rustup-home:ro,Z" "-e" "SOURCE_DIR=/opt/rustwide/workdir" "-e" "CARGO_TARGET_DIR=/opt/rustwide/target" "-e" "CARGO_INCREMENTAL=0" "-e" "RUST_BACKTRACE=full" "-e" "RUSTFLAGS=--cap-lints=warn" "-e" "RUSTDOCFLAGS=--cap-lints=warn" "-e" "CARGO_HOME=/opt/rustwide/cargo-home" "-e" "RUSTUP_HOME=/opt/rustwide/rustup-home" "-w" "/opt/rustwide/workdir" "-m" "1610612736" "--user" "0:0" "--network" "none" "ghcr.io/rust-lang/crates-build-env/linux@sha256:2788e3201cd34a07e3172128adcd8b3090168a8e3bcc40d7c032b9dda1df7d1c" "/opt/rustwide/cargo-home/bin/cargo" "+1.75.0" "doc" "--frozen" "--no-deps" "--document-private-items" "--message-format=json", kill_on_drop: false }`
[INFO] [stdout] 747f1e8378cd32194dcf758af2a3406426d0d93782667e7a32b41133d202898f
[INFO] running `Command { std: "docker" "start" "-a" "747f1e8378cd32194dcf758af2a3406426d0d93782667e7a32b41133d202898f", kill_on_drop: false }`
[INFO] [stderr]    Compiling proc-macro2 v1.0.27
[INFO] [stderr]    Compiling unicode-xid v0.2.2
[INFO] [stderr]    Compiling syn v1.0.73
[INFO] [stderr]    Compiling libc v0.2.97
[INFO] [stderr]    Compiling version_check v0.9.3
[INFO] [stderr]    Compiling autocfg v1.0.1
[INFO] [stderr]     Checking cfg-if v1.0.0
[INFO] [stderr]    Compiling serde_derive v1.0.126
[INFO] [stderr]    Compiling serde v1.0.126
[INFO] [stderr]    Compiling log v0.4.14
[INFO] [stderr]    Compiling typenum v1.13.0
[INFO] [stderr]    Compiling value-bag v1.0.0-alpha.7
[INFO] [stderr]    Compiling memchr v2.4.0
[INFO] [stderr]     Checking byteorder v1.4.3
[INFO] [stderr]    Compiling indexmap v1.6.2
[INFO] [stderr]     Checking scopeguard v1.1.0
[INFO] [stderr]     Checking smallvec v1.6.1
[INFO] [stderr]    Compiling generic-array v0.14.4
[INFO] [stderr]     Checking slab v0.4.3
[INFO] [stderr]    Compiling quote v1.0.9
[INFO] [stderr]    Compiling jobserver v0.1.22
[INFO] [stderr]     Checking lazy_static v1.4.0
[INFO] [stderr]     Checking futures v0.1.31
[INFO] [stderr]     Checking cfg-if v0.1.10
[INFO] [stderr]     Checking ppv-lite86 v0.2.10
[INFO] [stderr]     Checking num_cpus v1.13.0
[INFO] [stderr]     Checking instant v0.1.9
[INFO] [stderr]    Compiling cc v1.0.68
[INFO] [stderr]    Compiling futures-core v0.3.15
[INFO] [stderr]     Checking parking_lot_core v0.8.3
[INFO] [stderr]     Checking lock_api v0.4.4
[INFO] [stderr]     Checking pin-project-lite v0.2.6
[INFO] [stderr]     Checking futures-io v0.3.15
[INFO] [stderr]    Compiling getrandom v0.1.16
[INFO] [stderr]     Checking parking_lot v0.11.1
[INFO] [stderr]     Checking ahash v0.4.7
[INFO] [stderr]    Compiling proc-macro-hack v0.5.19
[INFO] [stderr]    Compiling anyhow v1.0.41
[INFO] [stderr]     Checking hashbrown v0.9.1
[INFO] [stderr]     Checking futures-sink v0.3.15
[INFO] [stderr]     Checking rand_core v0.5.1
[INFO] [stderr]    Compiling futures-macro v0.3.15
[INFO] [stderr]    Compiling futures-channel v0.3.15
[INFO] [stderr]    Compiling futures-task v0.3.15
[INFO] [stderr]     Checking subtle v2.4.0
[INFO] [stderr]    Compiling proc-macro-nested v0.1.7
[INFO] [stderr]     Checking once_cell v1.8.0
[INFO] [stderr]    Compiling futures-util v0.3.15
[INFO] [stderr]     Checking static_assertions v1.1.0
[INFO] [stderr]     Checking pin-utils v0.1.0
[INFO] [stderr]     Checking rand_pcg v0.2.1
[INFO] [stderr]     Checking rand_chacha v0.2.2
[INFO] [stderr]     Checking either v1.6.1
[INFO] [stderr]     Checking opaque-debug v0.3.0
[INFO] [stderr]     Checking digest v0.9.0
[INFO] [stderr]    Compiling crunchy v0.2.2
[INFO] [stderr]     Checking block-padding v0.2.1
[INFO] [stderr]     Checking arrayvec v0.5.2
[INFO] [stderr]     Checking tinyvec_macros v0.1.0
[INFO] [stderr]     Checking rand v0.7.3
[INFO] [stderr]    Compiling ryu v1.0.5
[INFO] [stderr]     Checking block-buffer v0.9.0
[INFO] [stderr]     Checking tinyvec v1.2.0
[INFO] [stderr]     Checking cpufeatures v0.1.4
[INFO] [stderr]     Checking sha2 v0.9.5
[INFO] [stderr]    Compiling libm v0.2.1
[INFO] [stderr]     Checking generic-array v0.12.4
[INFO] [stderr]     Checking itoa v0.4.7
[INFO] [stderr]    Compiling num-traits v0.2.14
[INFO] [stderr]     Checking crypto-mac v0.8.0
[INFO] [stderr]     Checking byte-tools v0.3.1
[INFO] [stderr]     Checking arrayref v0.3.6
[INFO] [stderr]     Checking digest v0.8.1
[INFO] [stderr]    Compiling serde_json v1.0.64
[INFO] [stderr]     Checking block-padding v0.1.5
[INFO] [stderr]     Checking getrandom v0.2.3
[INFO] [stderr]     Checking keccak v0.1.0
[INFO] [stderr]     Checking constant_time_eq v0.1.5
[INFO] [stderr]     Checking unicode-normalization v0.1.19
[INFO] [stderr]     Checking rand_core v0.6.2
[INFO] [stderr]     Checking block-buffer v0.7.3
[INFO] [stderr]     Checking fake-simd v0.1.2
[INFO] [stderr]     Checking opaque-debug v0.2.3
[INFO] [stderr]     Checking subtle v1.0.0
[INFO] [stderr]     Checking regex-syntax v0.6.25
[INFO] [stderr]     Checking sha2 v0.8.2
[INFO] [stderr]     Checking rand_chacha v0.3.1
[INFO] [stderr]     Checking crypto-mac v0.7.0
[INFO] [stderr]     Checking aho-corasick v0.7.18
[INFO] [stderr]    Compiling radium v0.6.2
[INFO] [stderr]     Checking hmac v0.7.1
[INFO] [stderr]     Checking rustc-hex v2.1.0
[INFO] [stderr]     Checking rand v0.8.3
[INFO] [stderr]    Compiling num-integer v0.1.44
[INFO] [stderr]     Checking signature v1.3.0
[INFO] [stderr]     Checking hmac-drbg v0.2.0
[INFO] [stderr]     Checking funty v1.1.0
[INFO] [stderr]     Checking ed25519 v1.1.1
[INFO] [stderr]     Checking tap v1.0.1
[INFO] [stderr]     Checking wyz v0.2.0
[INFO] [stderr]     Checking libsecp256k1 v0.3.5
[INFO] [stderr]     Checking lock_api v0.3.4
[INFO] [stderr]     Checking hex v0.4.3
[INFO] [stderr]     Checking byte-slice-cast v1.0.0
[INFO] [stderr]     Checking arrayvec v0.7.1
[INFO] [stderr]     Checking bitvec v0.20.4
[INFO] [stderr]     Checking tracing-core v0.1.18
[INFO] [stderr]     Checking time v0.1.44
[INFO] [stderr]     Checking uint v0.9.0
[INFO] [stderr]     Checking rustc-hash v1.1.0
[INFO] [stderr]     Checking fixed-hash v0.7.0
[INFO] [stderr]    Compiling synstructure v0.12.4
[INFO] [stderr]     Checking fnv v1.0.7
[INFO] [stderr]     Checking regex v1.5.4
[INFO] [stderr]    Compiling miniz_oxide v0.4.4
[INFO] [stderr]     Checking parking_lot_core v0.7.2
[INFO] [stderr]    Compiling num-bigint v0.2.6
[INFO] [stderr]     Checking adler v1.0.2
[INFO] [stderr]     Checking parking_lot v0.10.2
[INFO] [stderr]    Compiling zstd-sys v1.4.20+zstd.1.4.9
[INFO] [stderr]    Compiling num-rational v0.2.4
[INFO] [stderr]    Compiling arrayvec v0.4.12
[INFO] [stderr]    Compiling parity-util-mem v0.9.0
[INFO] [stderr]    Compiling tiny-keccak v2.0.2
[INFO] [stderr]     Checking sp-std v3.0.0 (https://github.com/compound-finance/substrate?branch=jflatow/compound#9bdbf7c0)
[INFO] [stderr]    Compiling zstd-safe v3.0.1+zstd.1.4.9
[INFO] [stderr]    Compiling async-trait v0.1.50
[INFO] [stderr]    Compiling erased-serde v0.3.15
[INFO] [stderr]     Checking parity-wasm v0.42.2
[INFO] [stderr]    Compiling ref-cast v1.0.6
[INFO] [stderr]     Checking regex-automata v0.1.10
[INFO] [stderr]     Checking hmac v0.8.1
[INFO] [stderr]    Compiling slog v2.7.0
[INFO] [stderr]    Compiling Inflector v0.11.4
[INFO] [stderr]     Checking thread_local v1.1.3
[INFO] [stderr]     Checking sharded-slab v0.1.1
[INFO] [stderr]     Checking ansi_term v0.12.1
[INFO] [stderr]     Checking hash-db v0.15.2
[INFO] [stderr]     Checking memory_units v0.3.0
[INFO] [stderr]     Checking nodrop v0.1.14
[INFO] [stderr]     Checking downcast-rs v1.2.0
[INFO] [stderr]     Checking wasmi-validation v0.4.0
[INFO] [stderr]    Compiling backtrace v0.3.60
[INFO] [stderr]    Compiling ctor v0.1.20
[INFO] [stderr]    Compiling thiserror-impl v1.0.25
[INFO] [stderr]    Compiling zeroize_derive v1.1.0
[INFO] [stderr]    Compiling tracing-attributes v0.1.15
[INFO] [stderr]    Compiling impl-trait-for-tuples v0.2.1
[INFO] [stderr]     Checking zeroize v1.3.0
[INFO] [stderr]    Compiling parity-util-mem-derive v0.1.0
[INFO] [stderr]     Checking curve25519-dalek v3.1.0
[INFO] [stderr]     Checking thiserror v1.0.25
[INFO] [stderr]    Compiling ref-cast-impl v1.0.6
[INFO] [stderr]    Compiling sp-debug-derive v3.0.0 (https://github.com/compound-finance/substrate?branch=jflatow/compound#9bdbf7c0)
[INFO] [stderr]     Checking tracing-log v0.1.2
[INFO] [stderr]     Checking matchers v0.0.1
[INFO] [stderr]     Checking curve25519-dalek v2.1.2
[INFO] [stderr]     Checking tracing v0.1.26
[INFO] [stderr]     Checking merlin v2.0.1
[INFO] [stderr]     Checking wasmi v0.9.0
[INFO] [stderr]     Checking environmental v1.1.3
[INFO] [stderr]     Checking gimli v0.24.0
[INFO] [stderr]     Checking blake2-rfc v0.2.18
[INFO] [stderr]    Compiling dyn-clonable-impl v0.9.0
[INFO] [stderr]     Checking pbkdf2 v0.3.0
[INFO] [stderr]     Checking pbkdf2 v0.4.0
[INFO] [stderr]     Checking object v0.25.3
[INFO] [stderr]     Checking rustc-demangle v0.1.19
[INFO] [stderr]     Checking dyn-clone v1.0.4
[INFO] [stderr]     Checking tiny-bip39 v0.8.0
[INFO] [stderr]     Checking dyn-clonable v0.9.0
[INFO] [stderr]     Checking secrecy v0.7.0
[INFO] [stderr]     Checking twox-hash v1.6.0
[INFO] [stderr]     Checking hash256-std-hasher v0.15.2
[INFO] [stderr]     Checking base58 v0.1.0
[INFO] [stderr]    Compiling convert_case v0.4.0
[INFO] [stderr]    Compiling bitflags v1.2.1
[INFO] [stderr]     Checking addr2line v0.15.2
[INFO] [stderr]     Checking bytes v1.0.1
[INFO] [stderr]     Checking futures-executor v0.3.15
[INFO] [stderr]    Compiling derive_more v0.99.14
[INFO] [stderr]     Checking iovec v0.1.4
[INFO] [stderr]     Checking trie-db v0.22.5
[INFO] [stderr]     Checking futures v0.3.15
[INFO] [stderr]     Checking trie-root v0.16.0
[INFO] [stderr]    Compiling unicode-segmentation v1.7.1
[INFO] [stderr]    Compiling semver-parser v0.7.0
[INFO] [stderr]    Compiling heck v0.3.3
[INFO] [stderr]    Compiling paste v1.0.5
[INFO] [stderr]     Checking percent-encoding v2.1.0
[INFO] [stderr]    Compiling pin-project-internal v1.0.7
[INFO] [stderr]     Checking integer-sqrt v0.1.5
[INFO] [stderr]    Compiling itertools v0.9.0
[INFO] [stderr]     Checking sp-panic-handler v3.0.0 (https://github.com/compound-finance/substrate?branch=jflatow/compound#9bdbf7c0)
[INFO] [stderr]    Compiling remove_dir_all v0.5.3
[INFO] [stderr]    Compiling semver v0.9.0
[INFO] [stderr]    Compiling tempfile v3.2.0
[INFO] [stderr]    Compiling rustc_version v0.2.3
[INFO] [stderr]    Compiling which v4.1.0
[INFO] [stderr]    Compiling prost-derive v0.7.0
[INFO] [stderr]     Checking net2 v0.2.37
[INFO] [stderr]    Compiling prost-build v0.7.0
[INFO] [stderr]     Checking mio v0.6.23
[INFO] [stderr]    Compiling fixedbitset v0.2.0
[INFO] [stderr]    Compiling pin-project-internal v0.4.28
[INFO] [stderr]     Checking pin-project v1.0.7
[INFO] [stderr]     Checking matches v0.1.8
[INFO] [stderr]    Compiling multimap v0.8.3
[INFO] [stderr]     Checking unicode-bidi v0.3.5
[INFO] [stderr]    Compiling httparse v1.4.1
[INFO] [stderr]    Compiling ring v0.16.20
[INFO] [stderr]     Checking futures-timer v3.0.2
[INFO] [stderr]     Checking mio-uds v0.6.8
[INFO] [stderr]     Checking signal-hook-registry v1.4.0
[INFO] [stderr]     Checking spin v0.5.2
[INFO] [stderr]     Checking untrusted v0.7.1
[INFO] [stderr]    Compiling proc-macro-error-attr v1.0.4
[INFO] [stderr]    Compiling pkg-config v0.3.19
[INFO] [stderr]     Checking bytes v0.5.6
[INFO] [stderr]    Compiling toml v0.5.8
[INFO] [stderr]    Compiling prost v0.7.0
[INFO] [stderr]     Checking idna v0.2.3
[INFO] [stderr]     Checking form_urlencoded v1.0.1
[INFO] [stderr]     Checking ed25519-dalek v1.0.1
[INFO] [stderr]     Checking impl-serde v0.3.1
[INFO] [stderr]     Checking chrono v0.4.19
[INFO] [stderr]     Checking tracing-serde v0.1.2
[INFO] [stderr]     Checking schnorrkel v0.9.1
[INFO] [stderr]    Compiling prost-types v0.7.0
[INFO] [stderr]    Compiling petgraph v0.5.1
[INFO] [stderr]     Checking substrate-bip39 v0.4.2
[INFO] [stderr]    Compiling proc-macro-crate v1.0.0
[INFO] [stderr]    Compiling proc-macro-crate v0.1.5
[INFO] [stderr]     Checking pin-project v0.4.28
[INFO] [stderr]     Checking tracing-subscriber v0.2.18
[INFO] [stderr]    Compiling proc-macro-error v1.0.4
[INFO] [stderr]    Compiling crc32fast v1.2.1
[INFO] [stderr]     Checking pin-project-lite v0.1.12
[INFO] [stderr]     Checking url v2.2.2
[INFO] [stderr]     Checking data-encoding v2.3.2
[INFO] [stderr]    Compiling parity-scale-codec-derive v2.1.0
[INFO] [stderr]    Compiling sp-runtime-interface-proc-macro v3.0.0 (https://github.com/compound-finance/substrate?branch=jflatow/compound#9bdbf7c0)
[INFO] [stderr]    Compiling max-encoded-len-derive v3.0.0 (https://github.com/compound-finance/substrate?branch=jflatow/compound#9bdbf7c0)
[INFO] [stderr]    Compiling blake3 v0.3.8
[INFO] [stderr]     Checking sha3 v0.9.1
[INFO] [stderr]    Compiling multihash-derive v0.7.2
[INFO] [stderr]     Checking asynchronous-codec v0.6.0
[INFO] [stderr]    Compiling tokio-macros v0.2.6
[INFO] [stderr]     Checking blake2b_simd v0.5.11
[INFO] [stderr]     Checking blake2s_simd v0.5.11
[INFO] [stderr]     Checking unsigned-varint v0.5.1
[INFO] [stderr]     Checking unsigned-varint v0.7.0
[INFO] [stderr]     Checking try-lock v0.2.3
[INFO] [stderr]    Compiling libp2p-core v0.28.3
[INFO] [stderr]     Checking wasm-timer v0.2.5
[INFO] [stderr]     Checking bs58 v0.4.0
[INFO] [stderr]     Checking multistream-select v0.10.2
[INFO] [stderr]     Checking rw-stream-sink v0.2.1
[INFO] [stderr]     Checking parity-scale-codec v2.1.1
[INFO] [stderr]     Checking tokio v0.2.25
[INFO] [stderr]     Checking http v0.2.4
[INFO] [stderr]     Checking asn1_der v0.7.4
[INFO] [stderr]     Checking void v1.0.2
[INFO] [stderr]     Checking base64 v0.12.3
[INFO] [stderr]     Checking impl-codec v0.5.0
[INFO] [stderr]     Checking sp-storage v3.0.0 (https://github.com/compound-finance/substrate?branch=jflatow/compound#9bdbf7c0)
[INFO] [stderr]     Checking sp-wasm-interface v3.0.0 (https://github.com/compound-finance/substrate?branch=jflatow/compound#9bdbf7c0)
[INFO] [stderr]     Checking primitive-types v0.9.0
[INFO] [stderr]     Checking sp-tracing v3.0.0 (https://github.com/compound-finance/substrate?branch=jflatow/compound#9bdbf7c0)
[INFO] [stderr]     Checking sp-externalities v0.9.0 (https://github.com/compound-finance/substrate?branch=jflatow/compound#9bdbf7c0)
[INFO] [stderr]     Checking sp-arithmetic v3.0.0 (https://github.com/compound-finance/substrate?branch=jflatow/compound#9bdbf7c0)
[INFO] [stderr]     Checking tracing-futures v0.2.5
[INFO] [stderr]     Checking want v0.3.0
[INFO] [stderr]     Checking socket2 v0.3.19
[INFO] [stderr]     Checking tower-service v0.3.1
[INFO] [stderr]    Compiling sp-api-proc-macro v3.0.0 (https://github.com/compound-finance/substrate?branch=jflatow/compound#9bdbf7c0)
[INFO] [stderr]     Checking http-body v0.3.1
[INFO] [stderr]    Compiling crossbeam-utils v0.8.5
[INFO] [stderr]     Checking httpdate v0.3.2
[INFO] [stderr]     Checking max-encoded-len v3.0.0 (https://github.com/compound-finance/substrate?branch=jflatow/compound#9bdbf7c0)
[INFO] [stderr]    Compiling sp-version-proc-macro v3.0.0 (https://github.com/compound-finance/substrate?branch=jflatow/compound#9bdbf7c0)
[INFO] [stderr]     Checking cache-padded v1.1.1
[INFO] [stderr]     Checking waker-fn v1.1.0
[INFO] [stderr]     Checking memory-db v0.26.0
[INFO] [stderr]     Checking concurrent-queue v1.2.2
[INFO] [stderr]     Checking parking v2.0.0
[INFO] [stderr]     Checking fastrand v1.4.1
[INFO] [stderr]     Checking polling v2.1.0
[INFO] [stderr]     Checking universal-hash v0.4.0
[INFO] [stderr]     Checking socket2 v0.4.0
[INFO] [stderr]     Checking quick-error v1.2.3
[INFO] [stderr]     Checking futures-lite v1.12.0
[INFO] [stderr]     Checking base64 v0.13.0
[INFO] [stderr]     Checking event-listener v2.5.1
[INFO] [stderr]     Checking sp-runtime-interface v3.0.0 (https://github.com/compound-finance/substrate?branch=jflatow/compound#9bdbf7c0)
[INFO] [stderr]     Checking cpuid-bool v0.2.0
[INFO] [stderr]     Checking cipher v0.2.5
[INFO] [stderr]     Checking aead v0.3.2
[INFO] [stderr]     Checking polyval v0.4.5
[INFO] [stderr]     Checking async-task v4.0.3
[INFO] [stderr]    Compiling signal-hook v0.3.9
[INFO] [stderr]     Checking async-channel v1.6.1
[INFO] [stderr]     Checking ghash v0.3.1
[INFO] [stderr]    Compiling wasm-bindgen-shared v0.2.74
[INFO] [stderr]     Checking atomic-waker v1.0.0
[INFO] [stderr]     Checking async-mutex v1.4.0
[INFO] [stderr]     Checking webpki v0.21.4
[INFO] [stderr]     Checking sp-core v3.0.0 (https://github.com/compound-finance/substrate?branch=jflatow/compound#9bdbf7c0)
[INFO] [stderr]     Checking sct v0.6.1
[INFO] [stderr]     Checking async-io v1.4.1
[INFO] [stderr]     Checking blocking v1.0.2
[INFO] [stderr]     Checking async-executor v1.4.1
[INFO] [stderr]     Checking block-cipher v0.8.0
[INFO] [stderr]     Checking tokio-util v0.3.1
[INFO] [stderr]     Checking async-lock v2.4.0
[INFO] [stderr]     Checking kv-log-macro v1.0.7
[INFO] [stderr]     Checking ipnet v2.3.0
[INFO] [stderr]     Checking async-global-executor v2.0.2
[INFO] [stderr]     Checking async-process v1.1.0
[INFO] [stderr]    Compiling glob v0.3.0
[INFO] [stderr]    Compiling bumpalo v3.7.0
[INFO] [stderr]     Checking h2 v0.2.7
[INFO] [stderr]    Compiling libz-sys v1.1.3
[INFO] [stderr]     Checking linked-hash-map v0.5.4
[INFO] [stderr]     Checking async-std v1.9.0
[INFO] [stderr]    Compiling wasm-bindgen-backend v0.2.74
[INFO] [stderr]     Checking stable_deref_trait v1.2.0
[INFO] [stderr]     Checking match_cfg v0.1.0
[INFO] [stderr]    Compiling wasm-bindgen v0.2.74
[INFO] [stderr]     Checking hostname v0.3.1
[INFO] [stderr]     Checking stream-cipher v0.7.1
[INFO] [stderr]     Checking aes-soft v0.5.0
[INFO] [stderr]     Checking sp-trie v3.0.0 (https://github.com/compound-finance/substrate?branch=jflatow/compound#9bdbf7c0)
[INFO] [stderr]     Checking sp-keystore v0.9.0 (https://github.com/compound-finance/substrate?branch=jflatow/compound#9bdbf7c0)
[INFO] [stderr]    Compiling cranelift-entity v0.71.0
[INFO] [stderr]    Compiling cranelift-codegen-shared v0.71.0
[INFO] [stderr]     Checking sp-state-machine v0.9.0 (https://github.com/compound-finance/substrate?branch=jflatow/compound#9bdbf7c0)
[INFO] [stderr]    Compiling enum-as-inner v0.3.3
[INFO] [stderr]    Compiling prometheus v0.11.0
[INFO] [stderr]    Compiling wasm-bindgen-macro-support v0.2.74
[INFO] [stderr]    Compiling cranelift-codegen-meta v0.71.0
[INFO] [stderr]     Checking trust-dns-proto v0.20.3
[INFO] [stderr]     Checking aes v0.5.0
[INFO] [stderr]     Checking chacha20 v0.5.0
[INFO] [stderr]     Checking resolv-conf v0.7.0
[INFO] [stderr]     Checking flate2 v1.0.20
[INFO] [stderr]     Checking lru-cache v0.1.2
[INFO] [stderr]     Checking poly1305 v0.6.2
[INFO] [stderr]    Compiling wasm-bindgen-macro v0.2.74
[INFO] [stderr]    Compiling snow v0.7.2
[INFO] [stderr]     Checking fallible-iterator v0.2.0
[INFO] [stderr]     Checking nohash-hasher v0.2.0
[INFO] [stderr]     Checking hyper v0.13.10
[INFO] [stderr]    Compiling target-lexicon v0.11.2
[INFO] [stderr]     Checking gimli v0.23.0
[INFO] [stderr]     Checking trust-dns-resolver v0.20.3
[INFO] [stderr]     Checking chacha20poly1305 v0.6.0
[INFO] [stderr]     Checking aes-gcm v0.7.0
[INFO] [stderr]     Checking js-sys v0.3.51
[INFO] [stderr]     Checking if-watch v0.2.2
[INFO] [stderr]     Checking rustls v0.19.1
[INFO] [stderr]    Compiling libp2p-gossipsub v0.30.1
[INFO] [stderr]    Compiling libp2p-plaintext v0.28.0
[INFO] [stderr]    Compiling libp2p-relay v0.2.0
[INFO] [stderr]    Compiling libp2p-identify v0.29.0
[INFO] [stderr]    Compiling libp2p-kad v0.30.0
[INFO] [stderr]    Compiling libp2p-floodsub v0.29.0
[INFO] [stderr]    Compiling libp2p-noise v0.30.0
[INFO] [stderr]     Checking x25519-dalek v1.1.1
[INFO] [stderr]    Compiling minicbor-derive v0.6.3
[INFO] [stderr]     Checking blake2 v0.9.1
[INFO] [stderr]     Checking sha-1 v0.9.6
[INFO] [stderr]    Compiling atomic v0.5.0
[INFO] [stderr]     Checking soketto v0.4.2
[INFO] [stderr]     Checking cranelift-bforest v0.71.0
[INFO] [stderr]     Checking futures-rustls v0.21.1
[INFO] [stderr]     Checking wasm-bindgen-futures v0.4.24
[INFO] [stderr]     Checking async-std-resolver v0.20.3
[INFO] [stderr]     Checking yamux v0.9.0
[INFO] [stderr]     Checking webpki-roots v0.21.1
[INFO] [stderr]     Checking salsa20 v0.7.2
[INFO] [stderr]     Checking dns-parser v0.8.0
[INFO] [stderr]     Checking quicksink v0.1.2
[INFO] [stderr]     Checking regalloc v0.0.31
[INFO] [stderr]     Checking cuckoofilter v0.5.0
[INFO] [stderr]     Checking lru v0.6.5
[INFO] [stderr]     Checking parity-send-wrapper v0.1.0
[INFO] [stderr]     Checking hex_fmt v0.3.0
[INFO] [stderr]     Checking libp2p-pnet v0.20.0
[INFO] [stderr]    Compiling libp2p-swarm-derive v0.23.0
[INFO] [stderr]     Checking substrate-prometheus-endpoint v0.9.0 (https://github.com/compound-finance/substrate?branch=jflatow/compound#9bdbf7c0)
[INFO] [stderr]    Compiling memoffset v0.6.4
[INFO] [stderr]     Checking sp-utils v3.0.0 (https://github.com/compound-finance/substrate?branch=jflatow/compound#9bdbf7c0)
[INFO] [stderr]     Checking itertools v0.10.1
[INFO] [stderr]     Checking atty v0.2.14
[INFO] [stderr]     Checking wasmparser v0.76.0
[INFO] [stderr]     Checking more-asserts v0.2.1
[INFO] [stderr]     Checking kvdb v0.9.0
[INFO] [stderr]    Compiling crossbeam-epoch v0.9.5
[INFO] [stderr]    Compiling psm v0.1.13
[INFO] [stderr]     Checking minicbor v0.8.1
[INFO] [stderr]    Compiling rayon-core v1.9.1
[INFO] [stderr]     Checking object v0.23.0
[INFO] [stderr]    Compiling wasmtime-runtime v0.24.0
[INFO] [stderr]     Checking crossbeam-deque v0.8.0
[INFO] [stderr]     Checking sp-database v3.0.0 (https://github.com/compound-finance/substrate?branch=jflatow/compound#9bdbf7c0)
[INFO] [stderr]     Checking humantime v1.3.0
[INFO] [stderr]     Checking crossbeam-channel v0.5.1
[INFO] [stderr]     Checking region v2.2.0
[INFO] [stderr]    Compiling scroll_derive v0.10.5
[INFO] [stderr]    Compiling rayon v1.5.1
[INFO] [stderr]     Checking termcolor v1.1.2
[INFO] [stderr]    Compiling cpp_demangle v0.3.2
[INFO] [stderr]    Compiling wasmtime-fiber v0.24.0
[INFO] [stderr]     Checking env_logger v0.7.1
[INFO] [stderr]     Checking dirs-sys-next v0.1.2
[INFO] [stderr]     Checking leb128 v0.2.4
[INFO] [stderr]    Compiling wasmtime-cache v0.24.0
[INFO] [stderr]     Checking file-per-thread-logger v0.1.4
[INFO] [stderr]     Checking directories-next v2.0.0
[INFO] [stderr]     Checking wast v35.0.2
[INFO] [stderr]     Checking addr2line v0.14.1
[INFO] [stderr]     Checking sp-allocator v3.0.0 (https://github.com/compound-finance/substrate?branch=jflatow/compound#9bdbf7c0)
[INFO] [stderr]     Checking scroll v0.10.2
[INFO] [stderr]     Checking sp-serializer v3.0.0 (https://github.com/compound-finance/substrate?branch=jflatow/compound#9bdbf7c0)
[INFO] [stderr]     Checking bincode v1.3.3
[INFO] [stderr]     Checking pwasm-utils v0.18.1
[INFO] [stderr]     Checking errno v0.2.7
[INFO] [stderr]    Compiling maybe-uninit v2.0.0
[INFO] [stderr]    Compiling crossbeam-utils v0.7.2
[INFO] [stderr]     Checking scoped-tls v1.0.0
[INFO] [stderr]     Checking bytes v0.4.12
[INFO] [stderr]    Compiling frame-support-procedural-tools-derive v3.0.0 (https://github.com/compound-finance/substrate?branch=jflatow/compound#9bdbf7c0)
[INFO] [stderr]     Checking frame-metadata v13.0.0 (https://github.com/compound-finance/substrate?branch=jflatow/compound#9bdbf7c0)
[INFO] [stderr]    Compiling openssl-sys v0.9.63
[INFO] [stderr]    Compiling parking_lot_core v0.6.2
[INFO] [stderr]     Checking openssl-probe v0.1.4
[INFO] [stderr]    Compiling radium v0.5.3
[INFO] [stderr]    Compiling frame-support-procedural-tools v3.0.0 (https://github.com/compound-finance/substrate?branch=jflatow/compound#9bdbf7c0)
[INFO] [stderr]     Checking tokio-executor v0.1.10
[INFO] [stderr]     Checking smallvec v0.6.14
[INFO] [stderr]    Compiling parking_lot v0.9.0
[INFO] [stderr]    Compiling cranelift-codegen v0.71.0
[INFO] [stderr]     Checking rlp v0.4.6
[INFO] [stderr]    Compiling num-complex v0.2.4
[INFO] [stderr]    Compiling standback v0.2.17
[INFO] [stderr]    Compiling frame-support-procedural v3.0.0 (https://github.com/compound-finance/substrate?branch=jflatow/compound#9bdbf7c0)
[INFO] [stderr]     Checking radium v0.3.0
[INFO] [stderr] The following warnings were emitted during compilation:
[INFO] [stderr] 
[INFO] [stderr] warning: openssl-sys@0.9.63: build/expando.c:4:24: error: pasting "RUST_VERSION_OPENSSL_" and "(" does not give a valid preprocessing token
[INFO] [stderr] warning: openssl-sys@0.9.63:     4 | #define VERSION2(n, v) RUST_VERSION_##n##_##v
[INFO] [stderr] warning: openssl-sys@0.9.63:       |                        ^~~~~~~~~~~~~
[INFO] [stderr] warning: openssl-sys@0.9.63: build/expando.c:5:23: note: in expansion of macro 'VERSION2'
[INFO] [stderr] warning: openssl-sys@0.9.63:     5 | #define VERSION(n, v) VERSION2(n, v)
[INFO] [stderr] warning: openssl-sys@0.9.63:       |                       ^~~~~~~~
[INFO] [stderr] warning: openssl-sys@0.9.63: build/expando.c:10:1: note: in expansion of macro 'VERSION'
[INFO] [stderr] warning: openssl-sys@0.9.63:    10 | VERSION(OPENSSL, OPENSSL_VERSION_NUMBER)
[INFO] [stderr] warning: openssl-sys@0.9.63:       | ^~~~~~~
[INFO] [stderr] 
[INFO] [stderr] error: failed to run custom build command for `openssl-sys v0.9.63`
[INFO] [stderr] note: To improve backtraces for build dependencies, set the CARGO_PROFILE_DEV_BUILD_OVERRIDE_DEBUG=true environment variable to enable debug information generation.
[INFO] [stderr] 
[INFO] [stderr] Caused by:
[INFO] [stderr]   process didn't exit successfully: `/opt/rustwide/target/debug/build/openssl-sys-85b14a1cf3e662d7/build-script-main` (exit status: 101)
[INFO] [stderr]   --- stdout
[INFO] [stderr]   cargo:rustc-cfg=const_fn
[INFO] [stderr]   cargo:rerun-if-env-changed=X86_64_UNKNOWN_LINUX_GNU_OPENSSL_LIB_DIR
[INFO] [stderr]   X86_64_UNKNOWN_LINUX_GNU_OPENSSL_LIB_DIR unset
[INFO] [stderr]   cargo:rerun-if-env-changed=OPENSSL_LIB_DIR
[INFO] [stderr]   OPENSSL_LIB_DIR unset
[INFO] [stderr]   cargo:rerun-if-env-changed=X86_64_UNKNOWN_LINUX_GNU_OPENSSL_INCLUDE_DIR
[INFO] [stderr]   X86_64_UNKNOWN_LINUX_GNU_OPENSSL_INCLUDE_DIR unset
[INFO] [stderr]   cargo:rerun-if-env-changed=OPENSSL_INCLUDE_DIR
[INFO] [stderr]   OPENSSL_INCLUDE_DIR unset
[INFO] [stderr]   cargo:rerun-if-env-changed=X86_64_UNKNOWN_LINUX_GNU_OPENSSL_DIR
[INFO] [stderr]   X86_64_UNKNOWN_LINUX_GNU_OPENSSL_DIR unset
[INFO] [stderr]   cargo:rerun-if-env-changed=OPENSSL_DIR
[INFO] [stderr]   OPENSSL_DIR unset
[INFO] [stderr]   cargo:rerun-if-env-changed=OPENSSL_NO_PKG_CONFIG
[INFO] [stderr]   cargo:rerun-if-env-changed=PKG_CONFIG
[INFO] [stderr]   cargo:rerun-if-env-changed=OPENSSL_STATIC
[INFO] [stderr]   cargo:rerun-if-env-changed=OPENSSL_DYNAMIC
[INFO] [stderr]   cargo:rerun-if-env-changed=PKG_CONFIG_ALL_STATIC
[INFO] [stderr]   cargo:rerun-if-env-changed=PKG_CONFIG_ALL_DYNAMIC
[INFO] [stderr]   cargo:rerun-if-env-changed=PKG_CONFIG_PATH_x86_64-unknown-linux-gnu
[INFO] [stderr]   cargo:rerun-if-env-changed=PKG_CONFIG_PATH_x86_64_unknown_linux_gnu
[INFO] [stderr]   cargo:rerun-if-env-changed=HOST_PKG_CONFIG_PATH
[INFO] [stderr]   cargo:rerun-if-env-changed=PKG_CONFIG_PATH
[INFO] [stderr]   cargo:rerun-if-env-changed=PKG_CONFIG_LIBDIR_x86_64-unknown-linux-gnu
[INFO] [stderr]   cargo:rerun-if-env-changed=PKG_CONFIG_LIBDIR_x86_64_unknown_linux_gnu
[INFO] [stderr]   cargo:rerun-if-env-changed=HOST_PKG_CONFIG_LIBDIR
[INFO] [stderr]   cargo:rerun-if-env-changed=PKG_CONFIG_LIBDIR
[INFO] [stderr]   cargo:rerun-if-env-changed=PKG_CONFIG_SYSROOT_DIR_x86_64-unknown-linux-gnu
[INFO] [stderr]   cargo:rerun-if-env-changed=PKG_CONFIG_SYSROOT_DIR_x86_64_unknown_linux_gnu
[INFO] [stderr]   cargo:rerun-if-env-changed=HOST_PKG_CONFIG_SYSROOT_DIR
[INFO] [stderr]   cargo:rerun-if-env-changed=PKG_CONFIG_SYSROOT_DIR
[INFO] [stderr]   cargo:rerun-if-env-changed=PKG_CONFIG_SYSROOT_DIR
[INFO] [stderr]   cargo:rerun-if-env-changed=SYSROOT
[INFO] [stderr]   cargo:rerun-if-env-changed=OPENSSL_STATIC
[INFO] [stderr]   cargo:rerun-if-env-changed=OPENSSL_DYNAMIC
[INFO] [stderr]   cargo:rerun-if-env-changed=PKG_CONFIG_ALL_STATIC
[INFO] [stderr]   cargo:rerun-if-env-changed=PKG_CONFIG_ALL_DYNAMIC
[INFO] [stderr]   cargo:rustc-link-lib=ssl
[INFO] [stderr]   cargo:rustc-link-lib=crypto
[INFO] [stderr]   cargo:rerun-if-env-changed=PKG_CONFIG
[INFO] [stderr]   cargo:rerun-if-env-changed=OPENSSL_STATIC
[INFO] [stderr]   cargo:rerun-if-env-changed=OPENSSL_DYNAMIC
[INFO] [stderr]   cargo:rerun-if-env-changed=PKG_CONFIG_ALL_STATIC
[INFO] [stderr]   cargo:rerun-if-env-changed=PKG_CONFIG_ALL_DYNAMIC
[INFO] [stderr]   cargo:rerun-if-env-changed=PKG_CONFIG_PATH_x86_64-unknown-linux-gnu
[INFO] [stderr]   cargo:rerun-if-env-changed=PKG_CONFIG_PATH_x86_64_unknown_linux_gnu
[INFO] [stderr]   cargo:rerun-if-env-changed=HOST_PKG_CONFIG_PATH
[INFO] [stderr]   cargo:rerun-if-env-changed=PKG_CONFIG_PATH
[INFO] [stderr]   cargo:rerun-if-env-changed=PKG_CONFIG_LIBDIR_x86_64-unknown-linux-gnu
[INFO] [stderr]   cargo:rerun-if-env-changed=PKG_CONFIG_LIBDIR_x86_64_unknown_linux_gnu
[INFO] [stderr]   cargo:rerun-if-env-changed=HOST_PKG_CONFIG_LIBDIR
[INFO] [stderr]   cargo:rerun-if-env-changed=PKG_CONFIG_LIBDIR
[INFO] [stderr]   cargo:rerun-if-env-changed=PKG_CONFIG_SYSROOT_DIR_x86_64-unknown-linux-gnu
[INFO] [stderr]   cargo:rerun-if-env-changed=PKG_CONFIG_SYSROOT_DIR_x86_64_unknown_linux_gnu
[INFO] [stderr]   cargo:rerun-if-env-changed=HOST_PKG_CONFIG_SYSROOT_DIR
[INFO] [stderr]   cargo:rerun-if-env-changed=PKG_CONFIG_SYSROOT_DIR
[INFO] [stderr]   OPT_LEVEL = Some("0")
[INFO] [stderr]   TARGET = Some("x86_64-unknown-linux-gnu")
[INFO] [stderr]   HOST = Some("x86_64-unknown-linux-gnu")
[INFO] [stderr]   CC_x86_64-unknown-linux-gnu = None
[INFO] [stderr]   CC_x86_64_unknown_linux_gnu = None
[INFO] [stderr]   HOST_CC = None
[INFO] [stderr]   CC = None
[INFO] [stderr]   CFLAGS_x86_64-unknown-linux-gnu = None
[INFO] [stderr]   CFLAGS_x86_64_unknown_linux_gnu = None
[INFO] [stderr]   HOST_CFLAGS = None
[INFO] [stderr]   CFLAGS = None
[INFO] [stderr]   CRATE_CC_NO_DEFAULTS = None
[INFO] [stderr]   DEBUG = Some("true")
[INFO] [stderr]   CARGO_CFG_TARGET_FEATURE = Some("fxsr,sse,sse2")
[INFO] [stderr]   running: "cc" "-O0" "-ffunction-sections" "-fdata-sections" "-fPIC" "-g" "-fno-omit-frame-pointer" "-m64" "-I" "/usr/include" "-Wall" "-Wextra" "-E" "build/expando.c"
[INFO] [stderr]   cargo:warning=build/expando.c:4:24: error: pasting "RUST_VERSION_OPENSSL_" and "(" does not give a valid preprocessing token
[INFO] [stderr]   cargo:warning=    4 | #define VERSION2(n, v) RUST_VERSION_##n##_##v
[INFO] [stderr]   cargo:warning=      |                        ^~~~~~~~~~~~~
[INFO] [stderr]   cargo:warning=build/expando.c:5:23: note: in expansion of macro 'VERSION2'
[INFO] [stderr]   cargo:warning=    5 | #define VERSION(n, v) VERSION2(n, v)
[INFO] [stderr]   cargo:warning=      |                       ^~~~~~~~
[INFO] [stderr]   cargo:warning=build/expando.c:10:1: note: in expansion of macro 'VERSION'
[INFO] [stderr]   cargo:warning=   10 | VERSION(OPENSSL, OPENSSL_VERSION_NUMBER)
[INFO] [stderr]   cargo:warning=      | ^~~~~~~
[INFO] [stderr]   exit status: 1
[INFO] [stderr] 
[INFO] [stderr]   --- stderr
[INFO] [stderr]   thread 'main' panicked at /opt/rustwide/cargo-home/registry/src/index.crates.io-6f17d22bba15001f/openssl-sys-0.9.63/build/main.rs:147:13:
[INFO] [stderr] 
[INFO] [stderr]   Header expansion error:
[INFO] [stderr]   Error { kind: ToolExecError, message: "Command \"cc\" \"-O0\" \"-ffunction-sections\" \"-fdata-sections\" \"-fPIC\" \"-g\" \"-fno-omit-frame-pointer\" \"-m64\" \"-I\" \"/usr/include\" \"-Wall\" \"-Wextra\" \"-E\" \"build/expando.c\" with args \"cc\" did not execute successfully (status code exit status: 1)." }
[INFO] [stderr] 
[INFO] [stderr]   Failed to find OpenSSL development headers.
[INFO] [stderr] 
[INFO] [stderr]   You can try fixing this setting the `OPENSSL_DIR` environment variable
[INFO] [stderr]   pointing to your OpenSSL installation or installing OpenSSL headers package
[INFO] [stderr]   specific to your distribution:
[INFO] [stderr] 
[INFO] [stderr]       # On Ubuntu
[INFO] [stderr]       sudo apt-get install libssl-dev
[INFO] [stderr]       # On Arch Linux
[INFO] [stderr]       sudo pacman -S openssl
[INFO] [stderr]       # On Fedora
[INFO] [stderr]       sudo dnf install openssl-devel
[INFO] [stderr] 
[INFO] [stderr]   See rust-openssl README for more information:
[INFO] [stderr] 
[INFO] [stderr]       https://github.com/sfackler/rust-openssl#linux
[INFO] [stderr] 
[INFO] [stderr]   stack backtrace:
[INFO] [stderr]      0:     0x55df1b9d9c7c - std::backtrace_rs::backtrace::libunwind::trace::ha637c64ce894333a
[INFO] [stderr]                                  at /rustc/82e1608dfa6e0b5569232559e3d385fea5a93112/library/std/src/../../backtrace/src/backtrace/libunwind.rs:104:5
[INFO] [stderr]      1:     0x55df1b9d9c7c - std::backtrace_rs::backtrace::trace_unsynchronized::h47f62dea28e0c88d
[INFO] [stderr]                                  at /rustc/82e1608dfa6e0b5569232559e3d385fea5a93112/library/std/src/../../backtrace/src/backtrace/mod.rs:66:5
[INFO] [stderr]      2:     0x55df1b9d9c7c - std::sys_common::backtrace::_print_fmt::h9eef0abe20ede486
[INFO] [stderr]                                  at /rustc/82e1608dfa6e0b5569232559e3d385fea5a93112/library/std/src/sys_common/backtrace.rs:67:5
[INFO] [stderr]      3:     0x55df1b9d9c7c - <std::sys_common::backtrace::_print::DisplayBacktrace as core::fmt::Display>::fmt::hed7f999df88cc644
[INFO] [stderr]                                  at /rustc/82e1608dfa6e0b5569232559e3d385fea5a93112/library/std/src/sys_common/backtrace.rs:44:22
[INFO] [stderr]      4:     0x55df1b9ffde0 - core::fmt::rt::Argument::fmt::h1539a9308b8d058d
[INFO] [stderr]                                  at /rustc/82e1608dfa6e0b5569232559e3d385fea5a93112/library/core/src/fmt/rt.rs:142:9
[INFO] [stderr]      5:     0x55df1b9ffde0 - core::fmt::write::h3a39390d8560d9c9
[INFO] [stderr]                                  at /rustc/82e1608dfa6e0b5569232559e3d385fea5a93112/library/core/src/fmt/mod.rs:1120:17
[INFO] [stderr]      6:     0x55df1b9d743f - std::io::Write::write_fmt::h5fc9997dfe05f882
[INFO] [stderr]                                  at /rustc/82e1608dfa6e0b5569232559e3d385fea5a93112/library/std/src/io/mod.rs:1762:15
[INFO] [stderr]      7:     0x55df1b9d9a64 - std::sys_common::backtrace::_print::h894006fb5c6f3d45
[INFO] [stderr]                                  at /rustc/82e1608dfa6e0b5569232559e3d385fea5a93112/library/std/src/sys_common/backtrace.rs:47:5
[INFO] [stderr]      8:     0x55df1b9d9a64 - std::sys_common::backtrace::print::h23a2d212c6fff936
[INFO] [stderr]                                  at /rustc/82e1608dfa6e0b5569232559e3d385fea5a93112/library/std/src/sys_common/backtrace.rs:34:9
[INFO] [stderr]      9:     0x55df1b9db277 - std::panicking::default_hook::{{closure}}::h8a1d2ee00185001a
[INFO] [stderr]     10:     0x55df1b9dafdf - std::panicking::default_hook::h6038f2eba384e475
[INFO] [stderr]                                  at /rustc/82e1608dfa6e0b5569232559e3d385fea5a93112/library/std/src/panicking.rs:292:9
[INFO] [stderr]     11:     0x55df1b9db6f8 - std::panicking::rust_panic_with_hook::h2b5517d590cab22e
[INFO] [stderr]                                  at /rustc/82e1608dfa6e0b5569232559e3d385fea5a93112/library/std/src/panicking.rs:779:13
[INFO] [stderr]     12:     0x55df1b9db5de - std::panicking::begin_panic_handler::{{closure}}::h233112c06e0ef43e
[INFO] [stderr]                                  at /rustc/82e1608dfa6e0b5569232559e3d385fea5a93112/library/std/src/panicking.rs:657:13
[INFO] [stderr]     13:     0x55df1b9da146 - std::sys_common::backtrace::__rust_end_short_backtrace::h6e893f24d7ebbff8
[INFO] [stderr]                                  at /rustc/82e1608dfa6e0b5569232559e3d385fea5a93112/library/std/src/sys_common/backtrace.rs:170:18
[INFO] [stderr]     14:     0x55df1b9db342 - rust_begin_unwind
[INFO] [stderr]                                  at /rustc/82e1608dfa6e0b5569232559e3d385fea5a93112/library/std/src/panicking.rs:645:5
[INFO] [stderr]     15:     0x55df1b941685 - core::panicking::panic_fmt::hbf0e066aabfa482c
[INFO] [stderr]                                  at /rustc/82e1608dfa6e0b5569232559e3d385fea5a93112/library/core/src/panicking.rs:72:14
[INFO] [stderr]     16:     0x55df1b949cb5 - build_script_main::validate_headers::hfdb1809e12c69a80
[INFO] [stderr]     17:     0x55df1b946792 - build_script_main::find_normal::try_pkg_config::hcc67f788e2cded50
[INFO] [stderr]     18:     0x55df1b94593c - build_script_main::find_normal::find_openssl_dir::h3a774b30f088adcb
[INFO] [stderr]     19:     0x55df1b9453c2 - build_script_main::find_normal::get_openssl::{{closure}}::h23f07a9dd89dccb6
[INFO] [stderr]     20:     0x55df1b94dff9 - core::option::Option<T>::unwrap_or_else::he6142beccc7b8fb1
[INFO] [stderr]     21:     0x55df1b94517e - build_script_main::find_normal::get_openssl::hcbb78a73c276ee9a
[INFO] [stderr]     22:     0x55df1b94746d - build_script_main::find_openssl::ha0b94cd72c378e7a
[INFO] [stderr]     23:     0x55df1b94754d - build_script_main::main::hb802f35e75f0d4a1
[INFO] [stderr]     24:     0x55df1b9426c3 - core::ops::function::FnOnce::call_once::hbb7a538acc2de441
[INFO] [stderr]     25:     0x55df1b94d446 - std::sys_common::backtrace::__rust_begin_short_backtrace::hf6b76873ef0bdc24
[INFO] [stderr]     26:     0x55df1b94d4d9 - std::rt::lang_start::{{closure}}::h071da7a1340c252e
[INFO] [stderr]     27:     0x55df1b9d3717 - core::ops::function::impls::<impl core::ops::function::FnOnce<A> for &F>::call_once::hd95060ecd5e1ca24
[INFO] [stderr]                                  at /rustc/82e1608dfa6e0b5569232559e3d385fea5a93112/library/core/src/ops/function.rs:284:13
[INFO] [stderr]     28:     0x55df1b9d3717 - std::panicking::try::do_call::h6e8cf51db32a6e4b
[INFO] [stderr]                                  at /rustc/82e1608dfa6e0b5569232559e3d385fea5a93112/library/std/src/panicking.rs:552:40
[INFO] [stderr]     29:     0x55df1b9d3717 - std::panicking::try::h3a52eefe24fe3c29
[INFO] [stderr]                                  at /rustc/82e1608dfa6e0b5569232559e3d385fea5a93112/library/std/src/panicking.rs:516:19
[INFO] [stderr]     30:     0x55df1b9d3717 - std::panic::catch_unwind::h24c28c23c02c3841
[INFO] [stderr]                                  at /rustc/82e1608dfa6e0b5569232559e3d385fea5a93112/library/std/src/panic.rs:142:14
[INFO] [stderr]     31:     0x55df1b9d3717 - std::rt::lang_start_internal::{{closure}}::h705d3c9cbc06ef47
[INFO] [stderr]                                  at /rustc/82e1608dfa6e0b5569232559e3d385fea5a93112/library/std/src/rt.rs:148:48
[INFO] [stderr]     32:     0x55df1b9d3717 - std::panicking::try::do_call::ha21f52ba13158470
[INFO] [stderr]                                  at /rustc/82e1608dfa6e0b5569232559e3d385fea5a93112/library/std/src/panicking.rs:552:40
[INFO] [stderr]     33:     0x55df1b9d3717 - std::panicking::try::h5581346bf6aeb1f8
[INFO] [stderr]                                  at /rustc/82e1608dfa6e0b5569232559e3d385fea5a93112/library/std/src/panicking.rs:516:19
[INFO] [stderr]     34:     0x55df1b9d3717 - std::panic::catch_unwind::h7919645a6b72e25b
[INFO] [stderr]                                  at /rustc/82e1608dfa6e0b5569232559e3d385fea5a93112/library/std/src/panic.rs:142:14
[INFO] [stderr]     35:     0x55df1b9d3717 - std::rt::lang_start_internal::h12de51168669836e
[INFO] [stderr]                                  at /rustc/82e1608dfa6e0b5569232559e3d385fea5a93112/library/std/src/rt.rs:148:20
[INFO] [stderr]     36:     0x55df1b94d4b7 - std::rt::lang_start::h842998b775445fda
[INFO] [stderr]     37:     0x55df1b94a9a5 - main
[INFO] [stderr]     38:     0x7f58f9beed90 - <unknown>
[INFO] [stderr]     39:     0x7f58f9beee40 - __libc_start_main
[INFO] [stderr]     40:     0x55df1b941e95 - _start
[INFO] [stderr]     41:                0x0 - <unknown>
[INFO] [stderr] warning: build failed, waiting for other jobs to finish...
[INFO] running `Command { std: "docker" "inspect" "747f1e8378cd32194dcf758af2a3406426d0d93782667e7a32b41133d202898f", kill_on_drop: false }`
[INFO] running `Command { std: "docker" "rm" "-f" "747f1e8378cd32194dcf758af2a3406426d0d93782667e7a32b41133d202898f", kill_on_drop: false }`
[INFO] [stdout] 747f1e8378cd32194dcf758af2a3406426d0d93782667e7a32b41133d202898f
