[INFO] cloning repository https://github.com/Cestquilepatron/aries_modified
[INFO] running `Command { std: "git" "-c" "credential.helper=" "-c" "credential.helper=/workspace/cargo-home/bin/git-credential-null" "clone" "--bare" "https://github.com/Cestquilepatron/aries_modified" "/workspace/cache/git-repos/https%3A%2F%2Fgithub.com%2FCestquilepatron%2Faries_modified", kill_on_drop: false }`
[INFO] [stderr] Cloning into bare repository '/workspace/cache/git-repos/https%3A%2F%2Fgithub.com%2FCestquilepatron%2Faries_modified'...
[INFO] running `Command { std: "git" "rev-parse" "HEAD", kill_on_drop: false }`
[INFO] [stdout] b4bcef9c39152b3642ffd9da9a007e0128f0e3da
[INFO] documenting Cestquilepatron/aries_modified against 1.75.0 for beta-1.76-rustdoc-1
[INFO] running `Command { std: "git" "clone" "/workspace/cache/git-repos/https%3A%2F%2Fgithub.com%2FCestquilepatron%2Faries_modified" "/workspace/builds/worker-4-tc1/source", kill_on_drop: false }`
[INFO] [stderr] Cloning into '/workspace/builds/worker-4-tc1/source'...
[INFO] [stderr] done.
[INFO] validating manifest of git repo https://github.com/Cestquilepatron/aries_modified on toolchain 1.75.0
[INFO] running `Command { std: CARGO_HOME="/workspace/cargo-home" RUSTUP_HOME="/workspace/rustup-home" "/workspace/cargo-home/bin/cargo" "+1.75.0" "metadata" "--manifest-path" "Cargo.toml" "--no-deps", kill_on_drop: false }`
[INFO] started tweaking git repo https://github.com/Cestquilepatron/aries_modified
[INFO] finished tweaking git repo https://github.com/Cestquilepatron/aries_modified
[INFO] tweaked toml for git repo https://github.com/Cestquilepatron/aries_modified written to /workspace/builds/worker-4-tc1/source/Cargo.toml
[INFO] crate git repo https://github.com/Cestquilepatron/aries_modified already has a lockfile, it will not be regenerated
[INFO] running `Command { std: CARGO_HOME="/workspace/cargo-home" RUSTUP_HOME="/workspace/rustup-home" "/workspace/cargo-home/bin/cargo" "+1.75.0" "fetch" "--manifest-path" "Cargo.toml", kill_on_drop: false }`
[INFO] [stderr]  Downloading crates ...
[INFO] [stderr]   Downloaded fixedbitset v0.3.0
[INFO] [stderr]   Downloaded streaming-iterator v0.1.5
[INFO] running `Command { std: "docker" "create" "-v" "/var/lib/crater-agent-workspace/builds/worker-4-tc1/target:/opt/rustwide/target:rw,Z" "-v" "/var/lib/crater-agent-workspace/builds/worker-4-tc1/source:/opt/rustwide/workdir:ro,Z" "-v" "/var/lib/crater-agent-workspace/cargo-home:/opt/rustwide/cargo-home:ro,Z" "-v" "/var/lib/crater-agent-workspace/rustup-home:/opt/rustwide/rustup-home:ro,Z" "-e" "SOURCE_DIR=/opt/rustwide/workdir" "-e" "CARGO_TARGET_DIR=/opt/rustwide/target" "-e" "CARGO_HOME=/opt/rustwide/cargo-home" "-e" "RUSTUP_HOME=/opt/rustwide/rustup-home" "-w" "/opt/rustwide/workdir" "-m" "1610612736" "--user" "0:0" "--network" "none" "ghcr.io/rust-lang/crates-build-env/linux@sha256:2788e3201cd34a07e3172128adcd8b3090168a8e3bcc40d7c032b9dda1df7d1c" "/opt/rustwide/cargo-home/bin/cargo" "+1.75.0" "metadata" "--no-deps" "--format-version=1", kill_on_drop: false }`
[INFO] [stdout] 9b7adef1075aaf4d7a37241abd57432c9b5f26c69edaad27057a27f4c950c983
[INFO] running `Command { std: "docker" "start" "-a" "9b7adef1075aaf4d7a37241abd57432c9b5f26c69edaad27057a27f4c950c983", kill_on_drop: false }`
[INFO] running `Command { std: "docker" "inspect" "9b7adef1075aaf4d7a37241abd57432c9b5f26c69edaad27057a27f4c950c983", kill_on_drop: false }`
[INFO] running `Command { std: "docker" "rm" "-f" "9b7adef1075aaf4d7a37241abd57432c9b5f26c69edaad27057a27f4c950c983", kill_on_drop: false }`
[INFO] [stdout] 9b7adef1075aaf4d7a37241abd57432c9b5f26c69edaad27057a27f4c950c983
[INFO] running `Command { std: "docker" "create" "-v" "/var/lib/crater-agent-workspace/builds/worker-4-tc1/target:/opt/rustwide/target:rw,Z" "-v" "/var/lib/crater-agent-workspace/builds/worker-4-tc1/source:/opt/rustwide/workdir:ro,Z" "-v" "/var/lib/crater-agent-workspace/cargo-home:/opt/rustwide/cargo-home:ro,Z" "-v" "/var/lib/crater-agent-workspace/rustup-home:/opt/rustwide/rustup-home:ro,Z" "-e" "SOURCE_DIR=/opt/rustwide/workdir" "-e" "CARGO_TARGET_DIR=/opt/rustwide/target" "-e" "CARGO_INCREMENTAL=0" "-e" "RUST_BACKTRACE=full" "-e" "RUSTFLAGS=--cap-lints=warn" "-e" "RUSTDOCFLAGS=--cap-lints=warn" "-e" "CARGO_HOME=/opt/rustwide/cargo-home" "-e" "RUSTUP_HOME=/opt/rustwide/rustup-home" "-w" "/opt/rustwide/workdir" "-m" "1610612736" "--user" "0:0" "--network" "none" "ghcr.io/rust-lang/crates-build-env/linux@sha256:2788e3201cd34a07e3172128adcd8b3090168a8e3bcc40d7c032b9dda1df7d1c" "/opt/rustwide/cargo-home/bin/cargo" "+1.75.0" "doc" "--frozen" "--no-deps" "--document-private-items" "--message-format=json", kill_on_drop: false }`
[INFO] [stdout] 139cddca344d29724209d7a430577b32ed698594a0a628d9659c9f82040a8ce8
[INFO] running `Command { std: "docker" "start" "-a" "139cddca344d29724209d7a430577b32ed698594a0a628d9659c9f82040a8ce8", kill_on_drop: false }`
[INFO] [stderr]    Compiling libc v0.2.66
[INFO] [stderr]    Compiling memchr v2.2.1
[INFO] [stderr]    Compiling syn v0.15.44
[INFO] [stderr]     Checking unicode-width v0.1.7
[INFO] [stderr]    Compiling unicode-segmentation v1.6.0
[INFO] [stderr]    Compiling log v0.4.8
[INFO] [stderr]     Checking regex-syntax v0.6.12
[INFO] [stderr]     Checking thread_local v0.3.6
[INFO] [stderr]     Checking either v1.5.3
[INFO] [stderr]     Checking termcolor v1.0.5
[INFO] [stderr]     Checking fixedbitset v0.3.0
[INFO] [stderr]     Checking streaming-iterator v0.1.5
[INFO] [stderr]    Compiling quote v0.6.13
[INFO] [stderr]     Checking textwrap v0.11.0
[INFO] [stderr]     Checking itertools v0.9.0
[INFO] [stderr]    Compiling heck v0.3.1
[INFO] [stderr]     Checking aho-corasick v0.7.6
[INFO] [stderr]     Checking atty v0.2.14
[INFO] [stderr]     Checking time v0.1.42
[INFO] [stderr]     Checking clap v2.33.0
[INFO] [stderr]     Checking regex v1.3.1
[INFO] [stderr]    Compiling structopt-derive v0.2.18
[INFO] [stderr]     Checking env_logger v0.6.2
[INFO] [stderr]     Checking structopt v0.2.18
[INFO] [stderr]  Documenting aries v0.1.0 (/opt/rustwide/workdir)
[INFO] [stderr]     Checking aries v0.1.0 (/opt/rustwide/workdir)
[INFO] [stdout] error[E0433]: failed to resolve: use of undeclared crate or module `nalgebra`
[INFO] [stdout]   --> src/planning/classical/search.rs:15:5
[INFO] [stdout]    |
[INFO] [stdout] 15 | use nalgebra::base::*;
[INFO] [stdout]    |     ^^^^^^^^ use of undeclared crate or module `nalgebra`
[INFO] [stdout] 
[INFO] [stdout] 
[INFO] [stdout] error[E0432]: unresolved import `serde`
[INFO] [stdout]  --> src/planning/typesystem.rs:3:5
[INFO] [stdout]   |
[INFO] [stdout] 3 | use serde::{Serialize, Serializer};
[INFO] [stdout]   |     ^^^^^ use of undeclared crate or module `serde`
[INFO] [stdout] 
[INFO] [stdout] 
[INFO] [stdout] error[E0432]: unresolved import `serde`
[INFO] [stdout]  --> src/planning/ref_store.rs:2:5
[INFO] [stdout]   |
[INFO] [stdout] 2 | use serde::{Serialize, Serializer};
[INFO] [stdout]   |     ^^^^^ use of undeclared crate or module `serde`
[INFO] [stdout] 
[INFO] [stdout] 
[INFO] [stdout] error[E0432]: unresolved import `serde`
[INFO] [stdout]  --> src/planning/chronicles.rs:6:5
[INFO] [stdout]   |
[INFO] [stdout] 6 | use serde::Serialize;
[INFO] [stdout]   |     ^^^^^ use of undeclared crate or module `serde`
[INFO] [stdout] 
[INFO] [stdout] 
[INFO] [stdout] error[E0433]: failed to resolve: use of undeclared crate or module `nalgebra`
[INFO] [stdout]   --> src/planning/classical/search.rs:15:5
[INFO] [stdout]    |
[INFO] [stdout] 15 | use nalgebra::base::*;
[INFO] [stdout]    |     ^^^^^^^^ use of undeclared crate or module `nalgebra`
[INFO] [stdout] 
[INFO] [stdout] 
[INFO] [stdout] error: cannot determine resolution for the derive macro `Serialize`
[INFO] [stdout]   --> src/planning/chronicles.rs:12:23
[INFO] [stdout]    |
[INFO] [stdout] 12 | #[derive(Copy, Clone, Serialize)]
[INFO] [stdout]    |                       ^^^^^^^^^
[INFO] [stdout]    |
[INFO] [stdout]    = note: import resolution is stuck, try simplifying macro imports
[INFO] [stdout] 
[INFO] [stdout] 
[INFO] [stdout] error: cannot determine resolution for the derive macro `Serialize`
[INFO] [stdout]   --> src/planning/chronicles.rs:67:17
[INFO] [stdout]    |
[INFO] [stdout] 67 | #[derive(Clone, Serialize)]
[INFO] [stdout]    |                 ^^^^^^^^^
[INFO] [stdout]    |
[INFO] [stdout]    = note: import resolution is stuck, try simplifying macro imports
[INFO] [stdout] 
[INFO] [stdout] 
[INFO] [stdout] error: cannot determine resolution for the derive macro `Serialize`
[INFO] [stdout]   --> src/planning/chronicles.rs:98:17
[INFO] [stdout]    |
[INFO] [stdout] 98 | #[derive(Clone, Serialize)]
[INFO] [stdout]    |                 ^^^^^^^^^
[INFO] [stdout]    |
[INFO] [stdout]    = note: import resolution is stuck, try simplifying macro imports
[INFO] [stdout] 
[INFO] [stdout] 
[INFO] [stdout] error[E0432]: unresolved import `serde`
[INFO] [stdout]  --> src/planning/typesystem.rs:3:5
[INFO] [stdout]   |
[INFO] [stdout] 3 | use serde::{Serialize, Serializer};
[INFO] [stdout]   |     ^^^^^ use of undeclared crate or module `serde`
[INFO] [stdout] 
[INFO] [stdout] 
[INFO] [stdout] error: cannot determine resolution for the derive macro `Serialize`
[INFO] [stdout]    --> src/planning/chronicles.rs:129:55
[INFO] [stdout]     |
[INFO] [stdout] 129 | #[derive(Copy, Clone, Ord, PartialOrd, Eq, PartialEq, Serialize)]
[INFO] [stdout]     |                                                       ^^^^^^^^^
[INFO] [stdout]     |
[INFO] [stdout]     = note: import resolution is stuck, try simplifying macro imports
[INFO] [stdout] 
[INFO] [stdout] 
[INFO] [stdout] error: cannot determine resolution for the derive macro `Serialize`
[INFO] [stdout]    --> src/planning/chronicles.rs:139:23
[INFO] [stdout]     |
[INFO] [stdout] 139 | #[derive(Copy, Clone, Serialize)]
[INFO] [stdout]     |                       ^^^^^^^^^
[INFO] [stdout]     |
[INFO] [stdout]     = note: import resolution is stuck, try simplifying macro imports
[INFO] [stdout] 
[INFO] [stdout] 
[INFO] [stdout] error[E0432]: unresolved import `serde`
[INFO] [stdout]  --> src/planning/ref_store.rs:2:5
[INFO] [stdout]   |
[INFO] [stdout] 2 | use serde::{Serialize, Serializer};
[INFO] [stdout]   |     ^^^^^ use of undeclared crate or module `serde`
[INFO] [stdout] 
[INFO] [stdout] 
[INFO] [stdout] error: cannot determine resolution for the derive macro `Serialize`
[INFO] [stdout]    --> src/planning/chronicles.rs:215:17
[INFO] [stdout]     |
[INFO] [stdout] 215 | #[derive(Clone, Serialize)]
[INFO] [stdout]     |                 ^^^^^^^^^
[INFO] [stdout]     |
[INFO] [stdout]     = note: import resolution is stuck, try simplifying macro imports
[INFO] [stdout] 
[INFO] [stdout] 
[INFO] [stdout] error: cannot determine resolution for the derive macro `Serialize`
[INFO] [stdout]    --> src/planning/chronicles.rs:364:17
[INFO] [stdout]     |
[INFO] [stdout] 364 | #[derive(Clone, Serialize)]
[INFO] [stdout]     |                 ^^^^^^^^^
[INFO] [stdout]     |
[INFO] [stdout]     = note: import resolution is stuck, try simplifying macro imports
[INFO] [stdout] 
[INFO] [stdout] 
[INFO] [stdout] error[E0432]: unresolved import `serde`
[INFO] [stdout]  --> src/planning/chronicles.rs:6:5
[INFO] [stdout]   |
[INFO] [stdout] 6 | use serde::Serialize;
[INFO] [stdout]   |     ^^^^^ use of undeclared crate or module `serde`
[INFO] [stdout] 
[INFO] [stdout] 
[INFO] [stdout] error: cannot determine resolution for the derive macro `Serialize`
[INFO] [stdout]    --> src/planning/chronicles.rs:392:55
[INFO] [stdout]     |
[INFO] [stdout] 392 | #[derive(Copy, Clone, Ord, PartialOrd, PartialEq, Eq, Serialize)]
[INFO] [stdout]     |                                                       ^^^^^^^^^
[INFO] [stdout]     |
[INFO] [stdout]     = note: import resolution is stuck, try simplifying macro imports
[INFO] [stdout] 
[INFO] [stdout] 
[INFO] [stdout] error: cannot determine resolution for the derive macro `Serialize`
[INFO] [stdout]    --> src/planning/chronicles.rs:411:55
[INFO] [stdout]     |
[INFO] [stdout] 411 | #[derive(Copy, Clone, Ord, PartialOrd, PartialEq, Eq, Serialize)]
[INFO] [stdout]     |                                                       ^^^^^^^^^
[INFO] [stdout]     |
[INFO] [stdout]     = note: import resolution is stuck, try simplifying macro imports
[INFO] [stdout] 
[INFO] [stdout] 
[INFO] [stdout] error: cannot determine resolution for the derive macro `Serialize`
[INFO] [stdout]    --> src/planning/chronicles.rs:419:17
[INFO] [stdout]     |
[INFO] [stdout] 419 | #[derive(Clone, Serialize)]
[INFO] [stdout]     |                 ^^^^^^^^^
[INFO] [stdout]     |
[INFO] [stdout]     = note: import resolution is stuck, try simplifying macro imports
[INFO] [stdout] 
[INFO] [stdout] 
[INFO] [stdout] error: cannot determine resolution for the derive macro `Serialize`
[INFO] [stdout]    --> src/planning/chronicles.rs:449:23
[INFO] [stdout]     |
[INFO] [stdout] 449 | #[derive(Copy, Clone, Serialize)]
[INFO] [stdout]     |                       ^^^^^^^^^
[INFO] [stdout]     |
[INFO] [stdout]     = note: import resolution is stuck, try simplifying macro imports
[INFO] [stdout] 
[INFO] [stdout] 
[INFO] [stdout] error: cannot determine resolution for the derive macro `Serialize`
[INFO] [stdout]    --> src/planning/chronicles.rs:455:23
[INFO] [stdout]     |
[INFO] [stdout] 455 | #[derive(Copy, Clone, Serialize)]
[INFO] [stdout]     |                       ^^^^^^^^^
[INFO] [stdout]     |
[INFO] [stdout]     = note: import resolution is stuck, try simplifying macro imports
[INFO] [stdout] 
[INFO] [stdout] 
[INFO] [stdout] error: cannot determine resolution for the derive macro `Serialize`
[INFO] [stdout]    --> src/planning/chronicles.rs:463:17
[INFO] [stdout]     |
[INFO] [stdout] 463 | #[derive(Clone, Serialize)]
[INFO] [stdout]     |                 ^^^^^^^^^
[INFO] [stdout]     |
[INFO] [stdout]     = note: import resolution is stuck, try simplifying macro imports
[INFO] [stdout] 
[INFO] [stdout] 
[INFO] [stdout] error: cannot determine resolution for the derive macro `Serialize`
[INFO] [stdout]    --> src/planning/chronicles.rs:476:17
[INFO] [stdout]     |
[INFO] [stdout] 476 | #[derive(Clone, Serialize)]
[INFO] [stdout]     |                 ^^^^^^^^^
[INFO] [stdout]     |
[INFO] [stdout]     = note: import resolution is stuck, try simplifying macro imports
[INFO] [stdout] 
[INFO] [stdout] 
[INFO] [stdout] error: cannot determine resolution for the derive macro `Serialize`
[INFO] [stdout]   --> src/planning/chronicles.rs:12:23
[INFO] [stdout]    |
[INFO] [stdout] 12 | #[derive(Copy, Clone, Serialize)]
[INFO] [stdout]    |                       ^^^^^^^^^
[INFO] [stdout]    |
[INFO] [stdout]    = note: import resolution is stuck, try simplifying macro imports
[INFO] [stdout] 
[INFO] [stdout] 
[INFO] [stdout] error: cannot determine resolution for the derive macro `Serialize`
[INFO] [stdout]   --> src/planning/chronicles.rs:67:17
[INFO] [stdout]    |
[INFO] [stdout] 67 | #[derive(Clone, Serialize)]
[INFO] [stdout]    |                 ^^^^^^^^^
[INFO] [stdout]    |
[INFO] [stdout]    = note: import resolution is stuck, try simplifying macro imports
[INFO] [stdout] 
[INFO] [stdout] 
[INFO] [stdout] error: cannot determine resolution for the derive macro `Serialize`
[INFO] [stdout]   --> src/planning/chronicles.rs:98:17
[INFO] [stdout]    |
[INFO] [stdout] 98 | #[derive(Clone, Serialize)]
[INFO] [stdout]    |                 ^^^^^^^^^
[INFO] [stdout]    |
[INFO] [stdout]    = note: import resolution is stuck, try simplifying macro imports
[INFO] [stdout] 
[INFO] [stdout] 
[INFO] [stdout] error: cannot determine resolution for the derive macro `Serialize`
[INFO] [stdout]    --> src/planning/chronicles.rs:129:55
[INFO] [stdout]     |
[INFO] [stdout] 129 | #[derive(Copy, Clone, Ord, PartialOrd, Eq, PartialEq, Serialize)]
[INFO] [stdout]     |                                                       ^^^^^^^^^
[INFO] [stdout]     |
[INFO] [stdout]     = note: import resolution is stuck, try simplifying macro imports
[INFO] [stdout] 
[INFO] [stdout] 
[INFO] [stdout] error: cannot determine resolution for the derive macro `Serialize`
[INFO] [stdout]    --> src/planning/chronicles.rs:139:23
[INFO] [stdout]     |
[INFO] [stdout] 139 | #[derive(Copy, Clone, Serialize)]
[INFO] [stdout]     |                       ^^^^^^^^^
[INFO] [stdout]     |
[INFO] [stdout]     = note: import resolution is stuck, try simplifying macro imports
[INFO] [stdout] 
[INFO] [stdout] 
[INFO] [stdout] error: cannot determine resolution for the derive macro `Serialize`
[INFO] [stdout]    --> src/planning/chronicles.rs:215:17
[INFO] [stdout]     |
[INFO] [stdout] 215 | #[derive(Clone, Serialize)]
[INFO] [stdout]     |                 ^^^^^^^^^
[INFO] [stdout]     |
[INFO] [stdout]     = note: import resolution is stuck, try simplifying macro imports
[INFO] [stdout] 
[INFO] [stdout] 
[INFO] [stdout] error: cannot determine resolution for the derive macro `Serialize`
[INFO] [stdout]    --> src/planning/chronicles.rs:364:17
[INFO] [stdout]     |
[INFO] [stdout] 364 | #[derive(Clone, Serialize)]
[INFO] [stdout]     |                 ^^^^^^^^^
[INFO] [stdout]     |
[INFO] [stdout]     = note: import resolution is stuck, try simplifying macro imports
[INFO] [stdout] 
[INFO] [stdout] 
[INFO] [stdout] error: cannot determine resolution for the derive macro `Serialize`
[INFO] [stdout]    --> src/planning/chronicles.rs:392:55
[INFO] [stdout]     |
[INFO] [stdout] 392 | #[derive(Copy, Clone, Ord, PartialOrd, PartialEq, Eq, Serialize)]
[INFO] [stdout]     |                                                       ^^^^^^^^^
[INFO] [stdout]     |
[INFO] [stdout]     = note: import resolution is stuck, try simplifying macro imports
[INFO] [stdout] 
[INFO] [stdout] 
[INFO] [stdout] error: cannot determine resolution for the derive macro `Serialize`
[INFO] [stdout]    --> src/planning/chronicles.rs:411:55
[INFO] [stdout]     |
[INFO] [stdout] 411 | #[derive(Copy, Clone, Ord, PartialOrd, PartialEq, Eq, Serialize)]
[INFO] [stdout]     |                                                       ^^^^^^^^^
[INFO] [stdout]     |
[INFO] [stdout]     = note: import resolution is stuck, try simplifying macro imports
[INFO] [stdout] 
[INFO] [stdout] 
[INFO] [stdout] error: cannot determine resolution for the derive macro `Serialize`
[INFO] [stdout]    --> src/planning/chronicles.rs:419:17
[INFO] [stdout]     |
[INFO] [stdout] 419 | #[derive(Clone, Serialize)]
[INFO] [stdout]     |                 ^^^^^^^^^
[INFO] [stdout]     |
[INFO] [stdout]     = note: import resolution is stuck, try simplifying macro imports
[INFO] [stdout] 
[INFO] [stdout] 
[INFO] [stdout] error: cannot determine resolution for the derive macro `Serialize`
[INFO] [stdout]    --> src/planning/chronicles.rs:449:23
[INFO] [stdout]     |
[INFO] [stdout] 449 | #[derive(Copy, Clone, Serialize)]
[INFO] [stdout]     |                       ^^^^^^^^^
[INFO] [stdout]     |
[INFO] [stdout]     = note: import resolution is stuck, try simplifying macro imports
[INFO] [stdout] 
[INFO] [stdout] 
[INFO] [stdout] error: cannot determine resolution for the derive macro `Serialize`
[INFO] [stdout]    --> src/planning/chronicles.rs:455:23
[INFO] [stdout]     |
[INFO] [stdout] 455 | #[derive(Copy, Clone, Serialize)]
[INFO] [stdout]     |                       ^^^^^^^^^
[INFO] [stdout]     |
[INFO] [stdout]     = note: import resolution is stuck, try simplifying macro imports
[INFO] [stdout] 
[INFO] [stdout] 
[INFO] [stdout] error: cannot determine resolution for the derive macro `Serialize`
[INFO] [stdout]    --> src/planning/chronicles.rs:463:17
[INFO] [stdout]     |
[INFO] [stdout] 463 | #[derive(Clone, Serialize)]
[INFO] [stdout]     |                 ^^^^^^^^^
[INFO] [stdout]     |
[INFO] [stdout]     = note: import resolution is stuck, try simplifying macro imports
[INFO] [stdout] 
[INFO] [stdout] 
[INFO] [stdout] error: cannot determine resolution for the derive macro `Serialize`
[INFO] [stdout]    --> src/planning/chronicles.rs:476:17
[INFO] [stdout]     |
[INFO] [stdout] 476 | #[derive(Clone, Serialize)]
[INFO] [stdout]     |                 ^^^^^^^^^
[INFO] [stdout]     |
[INFO] [stdout]     = note: import resolution is stuck, try simplifying macro imports
[INFO] [stdout] 
[INFO] [stdout] 
[INFO] [stdout] warning: unused imports: `BufRead`, `BufReader`, `Error`
[INFO] [stdout]   --> src/planning/classical/search.rs:10:22
[INFO] [stdout]    |
[INFO] [stdout] 10 | use std::io::{Write, BufReader, BufRead, Error};
[INFO] [stdout]    |                      ^^^^^^^^^  ^^^^^^^  ^^^^^
[INFO] [stdout]    |
[INFO] [stdout]    = note: `#[warn(unused_imports)]` on by default
[INFO] [stdout] 
[INFO] [stdout] 
[INFO] [stdout] warning: unnecessary parentheses around `if` condition
[INFO] [stdout]    --> src/planning/classical/search.rs:677:35
[INFO] [stdout]     |
[INFO] [stdout] 677 | ...                   if(c2>c1){
[INFO] [stdout]     |                         ^     ^
[INFO] [stdout]     |
[INFO] [stdout]     = note: `#[warn(unused_parens)]` on by default
[INFO] [stdout] help: remove these parentheses
[INFO] [stdout]     |
[INFO] [stdout] 677 -                                 if(c2>c1){
[INFO] [stdout] 677 +                                 if c2>c1 {
[INFO] [stdout]     |
[INFO] [stdout] 
[INFO] [stdout] 
[INFO] [stdout] warning: unnecessary parentheses around `if` condition
[INFO] [stdout]     --> src/planning/classical/search.rs:1188:35
[INFO] [stdout]      |
[INFO] [stdout] 1188 | ...                   if(c2>c1){
[INFO] [stdout]      |                         ^     ^
[INFO] [stdout]      |
[INFO] [stdout] help: remove these parentheses
[INFO] [stdout]      |
[INFO] [stdout] 1188 -                                 if(c2>c1){
[INFO] [stdout] 1188 +                                 if c2>c1 {
[INFO] [stdout]      |
[INFO] [stdout] 
[INFO] [stdout] 
[INFO] [stdout] warning: unnecessary parentheses around `if` condition
[INFO] [stdout]    --> src/planning/classical/search.rs:677:35
[INFO] [stdout]     |
[INFO] [stdout] 677 | ...                   if(c2>c1){
[INFO] [stdout]     |                         ^     ^
[INFO] [stdout]     |
[INFO] [stdout]     = note: `#[warn(unused_parens)]` on by default
[INFO] [stdout] help: remove these parentheses
[INFO] [stdout]     |
[INFO] [stdout] 677 -                                 if(c2>c1){
[INFO] [stdout] 677 +                                 if c2>c1 {
[INFO] [stdout]     |
[INFO] [stdout] 
[INFO] [stdout] 
[INFO] [stdout] warning: unnecessary parentheses around `if` condition
[INFO] [stdout]     --> src/planning/classical/search.rs:1188:35
[INFO] [stdout]      |
[INFO] [stdout] 1188 | ...                   if(c2>c1){
[INFO] [stdout]      |                         ^     ^
[INFO] [stdout]      |
[INFO] [stdout] help: remove these parentheses
[INFO] [stdout]      |
[INFO] [stdout] 1188 -                                 if(c2>c1){
[INFO] [stdout] 1188 +                                 if c2>c1 {
[INFO] [stdout]      |
[INFO] [stdout] 
[INFO] [stdout] 
[INFO] [stdout] error[E0433]: failed to resolve: use of undeclared type `DMatrix`
[INFO] [stdout]    --> src/planning/classical/search.rs:843:21
[INFO] [stdout]     |
[INFO] [stdout] 843 |     let mut matrice=DMatrix::from_diagonal_element(length+1,length+1,0);
[INFO] [stdout]     |                     ^^^^^^^ use of undeclared type `DMatrix`
[INFO] [stdout] 
[INFO] [stdout] 
[INFO] [stdout] error[E0433]: failed to resolve: use of undeclared type `DMatrix`
[INFO] [stdout]     --> src/planning/classical/search.rs:1018:21
[INFO] [stdout]      |
[INFO] [stdout] 1018 |     let mut matrice=DMatrix::from_diagonal_element(length+1,length+1,0);
[INFO] [stdout]      |                     ^^^^^^^ use of undeclared type `DMatrix`
[INFO] [stdout] 
[INFO] [stdout] 
[INFO] [stdout] error: aborting due to 20 previous errors; 3 warnings emitted
[INFO] [stdout] 
[INFO] [stdout] 
[INFO] [stdout] Some errors have detailed explanations: E0432, E0433.
[INFO] [stdout] 
[INFO] [stdout] For more information about an error, try `rustc --explain E0432`.
[INFO] [stdout] 
[INFO] [stderr] error: could not compile `aries` (lib) due to 21 previous errors; 3 warnings emitted
[INFO] [stderr] warning: build failed, waiting for other jobs to finish...
[INFO] [stdout] error: aborting due to 18 previous errors; 2 warnings emitted
[INFO] [stdout] 
[INFO] [stdout] 
[INFO] [stdout] Some errors have detailed explanations: E0432, E0433.
[INFO] [stdout] 
[INFO] [stdout] For more information about an error, try `rustc --explain E0432`.
[INFO] [stdout] 
[INFO] [stderr] error: could not document `aries`
[INFO] [stderr] 
[INFO] [stderr] Caused by:
[INFO] [stderr]   process didn't exit successfully: `/opt/rustwide/rustup-home/toolchains/1.75.0-x86_64-unknown-linux-gnu/bin/rustdoc --edition=2018 --crate-type lib --crate-name aries src/lib.rs -o /opt/rustwide/target/doc --error-format=json --json=diagnostic-rendered-ansi,artifacts,future-incompat --document-private-items -C metadata=da494dba999b55ff -L dependency=/opt/rustwide/target/debug/deps --extern env_logger=/opt/rustwide/target/debug/deps/libenv_logger-3123340b3270c286.rmeta --extern fixedbitset=/opt/rustwide/target/debug/deps/libfixedbitset-b8747e33bb084d27.rmeta --extern itertools=/opt/rustwide/target/debug/deps/libitertools-5450847586d9fab0.rmeta --extern log=/opt/rustwide/target/debug/deps/liblog-f4b9686a6cfe95c1.rmeta --extern streaming_iterator=/opt/rustwide/target/debug/deps/libstreaming_iterator-0c9bc817226b72c0.rmeta --extern structopt=/opt/rustwide/target/debug/deps/libstructopt-60757f265c516219.rmeta --extern time=/opt/rustwide/target/debug/deps/libtime-4d0478b463fa7a3b.rmeta --extern vec_map=/opt/rustwide/target/debug/deps/libvec_map-5a8be59c06680b86.rmeta --cap-lints=warn --crate-version 0.1.0` (exit status: 1)
[INFO] running `Command { std: "docker" "inspect" "139cddca344d29724209d7a430577b32ed698594a0a628d9659c9f82040a8ce8", kill_on_drop: false }`
[INFO] running `Command { std: "docker" "rm" "-f" "139cddca344d29724209d7a430577b32ed698594a0a628d9659c9f82040a8ce8", kill_on_drop: false }`
[INFO] [stdout] 139cddca344d29724209d7a430577b32ed698594a0a628d9659c9f82040a8ce8
[INFO] documenting Cestquilepatron/aries_modified against beta-2023-12-22 for beta-1.76-rustdoc-1
[INFO] running `Command { std: "git" "clone" "/workspace/cache/git-repos/https%3A%2F%2Fgithub.com%2FCestquilepatron%2Faries_modified" "/workspace/builds/worker-4-tc2/source", kill_on_drop: false }`
[INFO] [stderr] Cloning into '/workspace/builds/worker-4-tc2/source'...
[INFO] [stderr] done.
[INFO] validating manifest of git repo https://github.com/Cestquilepatron/aries_modified on toolchain beta-2023-12-22
[INFO] running `Command { std: CARGO_HOME="/workspace/cargo-home" RUSTUP_HOME="/workspace/rustup-home" "/workspace/cargo-home/bin/cargo" "+beta-2023-12-22" "metadata" "--manifest-path" "Cargo.toml" "--no-deps", kill_on_drop: false }`
[INFO] started tweaking git repo https://github.com/Cestquilepatron/aries_modified
[INFO] finished tweaking git repo https://github.com/Cestquilepatron/aries_modified
[INFO] tweaked toml for git repo https://github.com/Cestquilepatron/aries_modified written to /workspace/builds/worker-4-tc2/source/Cargo.toml
[INFO] crate git repo https://github.com/Cestquilepatron/aries_modified already has a lockfile, it will not be regenerated
[INFO] running `Command { std: CARGO_HOME="/workspace/cargo-home" RUSTUP_HOME="/workspace/rustup-home" "/workspace/cargo-home/bin/cargo" "+beta-2023-12-22" "fetch" "--manifest-path" "Cargo.toml", kill_on_drop: false }`
[INFO] [stderr]     Blocking waiting for file lock on package cache
[INFO] running `Command { std: "docker" "create" "-v" "/var/lib/crater-agent-workspace/builds/worker-4-tc2/target:/opt/rustwide/target:rw,Z" "-v" "/var/lib/crater-agent-workspace/builds/worker-4-tc2/source:/opt/rustwide/workdir:ro,Z" "-v" "/var/lib/crater-agent-workspace/cargo-home:/opt/rustwide/cargo-home:ro,Z" "-v" "/var/lib/crater-agent-workspace/rustup-home:/opt/rustwide/rustup-home:ro,Z" "-e" "SOURCE_DIR=/opt/rustwide/workdir" "-e" "CARGO_TARGET_DIR=/opt/rustwide/target" "-e" "CARGO_HOME=/opt/rustwide/cargo-home" "-e" "RUSTUP_HOME=/opt/rustwide/rustup-home" "-w" "/opt/rustwide/workdir" "-m" "1610612736" "--user" "0:0" "--network" "none" "ghcr.io/rust-lang/crates-build-env/linux@sha256:2788e3201cd34a07e3172128adcd8b3090168a8e3bcc40d7c032b9dda1df7d1c" "/opt/rustwide/cargo-home/bin/cargo" "+beta-2023-12-22" "metadata" "--no-deps" "--format-version=1", kill_on_drop: false }`
[INFO] [stdout] 26e6a968ee48ac309eb04b5294c7d6802fd1f9841a8241d7d84fe1dead533605
[INFO] running `Command { std: "docker" "start" "-a" "26e6a968ee48ac309eb04b5294c7d6802fd1f9841a8241d7d84fe1dead533605", kill_on_drop: false }`
[INFO] running `Command { std: "docker" "inspect" "26e6a968ee48ac309eb04b5294c7d6802fd1f9841a8241d7d84fe1dead533605", kill_on_drop: false }`
[INFO] running `Command { std: "docker" "rm" "-f" "26e6a968ee48ac309eb04b5294c7d6802fd1f9841a8241d7d84fe1dead533605", kill_on_drop: false }`
[INFO] [stdout] 26e6a968ee48ac309eb04b5294c7d6802fd1f9841a8241d7d84fe1dead533605
[INFO] running `Command { std: "docker" "create" "-v" "/var/lib/crater-agent-workspace/builds/worker-4-tc2/target:/opt/rustwide/target:rw,Z" "-v" "/var/lib/crater-agent-workspace/builds/worker-4-tc2/source:/opt/rustwide/workdir:ro,Z" "-v" "/var/lib/crater-agent-workspace/cargo-home:/opt/rustwide/cargo-home:ro,Z" "-v" "/var/lib/crater-agent-workspace/rustup-home:/opt/rustwide/rustup-home:ro,Z" "-e" "SOURCE_DIR=/opt/rustwide/workdir" "-e" "CARGO_TARGET_DIR=/opt/rustwide/target" "-e" "CARGO_INCREMENTAL=0" "-e" "RUST_BACKTRACE=full" "-e" "RUSTFLAGS=--cap-lints=warn" "-e" "RUSTDOCFLAGS=--cap-lints=warn" "-e" "CARGO_HOME=/opt/rustwide/cargo-home" "-e" "RUSTUP_HOME=/opt/rustwide/rustup-home" "-w" "/opt/rustwide/workdir" "-m" "1610612736" "--user" "0:0" "--network" "none" "ghcr.io/rust-lang/crates-build-env/linux@sha256:2788e3201cd34a07e3172128adcd8b3090168a8e3bcc40d7c032b9dda1df7d1c" "/opt/rustwide/cargo-home/bin/cargo" "+beta-2023-12-22" "doc" "--frozen" "--no-deps" "--document-private-items" "--message-format=json", kill_on_drop: false }`
[INFO] [stdout] 9d1839ad1cbdd84f27f3da9dd41691e28ab183a9d9e9ad2ee72e4a0e4680885c
[INFO] running `Command { std: "docker" "start" "-a" "9d1839ad1cbdd84f27f3da9dd41691e28ab183a9d9e9ad2ee72e4a0e4680885c", kill_on_drop: false }`
[INFO] [stderr]    Compiling libc v0.2.66
[INFO] [stderr]    Compiling memchr v2.2.1
[INFO] [stderr]    Compiling syn v0.15.44
[INFO] [stderr]    Compiling log v0.4.8
[INFO] [stderr]     Checking unicode-width v0.1.7
[INFO] [stderr]    Compiling unicode-segmentation v1.6.0
[INFO] [stderr]     Checking regex-syntax v0.6.12
[INFO] [stderr]     Checking thread_local v0.3.6
[INFO] [stderr]     Checking either v1.5.3
[INFO] [stderr]     Checking termcolor v1.0.5
[INFO] [stderr]     Checking streaming-iterator v0.1.5
[INFO] [stderr]     Checking fixedbitset v0.3.0
[INFO] [stderr]    Compiling quote v0.6.13
[INFO] [stderr]     Checking textwrap v0.11.0
[INFO] [stderr]     Checking itertools v0.9.0
[INFO] [stderr]    Compiling heck v0.3.1
[INFO] [stderr]     Checking aho-corasick v0.7.6
[INFO] [stderr]     Checking atty v0.2.14
[INFO] [stderr]     Checking time v0.1.42
[INFO] [stderr]     Checking clap v2.33.0
[INFO] [stderr]     Checking regex v1.3.1
[INFO] [stderr]    Compiling structopt-derive v0.2.18
[INFO] [stderr]     Checking env_logger v0.6.2
[INFO] [stderr]     Checking structopt v0.2.18
[INFO] [stderr]     Checking aries v0.1.0 (/opt/rustwide/workdir)
[INFO] [stderr]  Documenting aries v0.1.0 (/opt/rustwide/workdir)
[INFO] [stdout] error[E0433]: failed to resolve: use of undeclared crate or module `nalgebra`
[INFO] [stdout]   --> src/planning/classical/search.rs:15:5
[INFO] [stdout]    |
[INFO] [stdout] 15 | use nalgebra::base::*;
[INFO] [stdout]    |     ^^^^^^^^ use of undeclared crate or module `nalgebra`
[INFO] [stdout] 
[INFO] [stdout] 
[INFO] [stdout] error[E0433]: failed to resolve: use of undeclared crate or module `nalgebra`
[INFO] [stdout]   --> src/planning/classical/search.rs:15:5
[INFO] [stdout]    |
[INFO] [stdout] 15 | use nalgebra::base::*;
[INFO] [stdout]    |     ^^^^^^^^ use of undeclared crate or module `nalgebra`
[INFO] [stdout] 
[INFO] [stdout] 
[INFO] [stdout] error[E0432]: unresolved import `serde`
[INFO] [stdout]  --> src/planning/typesystem.rs:3:5
[INFO] [stdout]   |
[INFO] [stdout] 3 | use serde::{Serialize, Serializer};
[INFO] [stdout]   |     ^^^^^ use of undeclared crate or module `serde`
[INFO] [stdout] 
[INFO] [stdout] 
[INFO] [stdout] error[E0432]: unresolved import `serde`
[INFO] [stdout]  --> src/planning/typesystem.rs:3:5
[INFO] [stdout]   |
[INFO] [stdout] 3 | use serde::{Serialize, Serializer};
[INFO] [stdout]   |     ^^^^^ use of undeclared crate or module `serde`
[INFO] [stdout] 
[INFO] [stdout] 
[INFO] [stdout] error[E0432]: unresolved import `serde`
[INFO] [stdout]  --> src/planning/ref_store.rs:2:5
[INFO] [stdout]   |
[INFO] [stdout] 2 | use serde::{Serialize, Serializer};
[INFO] [stdout]   |     ^^^^^ use of undeclared crate or module `serde`
[INFO] [stdout] 
[INFO] [stdout] 
[INFO] [stdout] error[E0432]: unresolved import `serde`
[INFO] [stdout]  --> src/planning/ref_store.rs:2:5
[INFO] [stdout]   |
[INFO] [stdout] 2 | use serde::{Serialize, Serializer};
[INFO] [stdout]   |     ^^^^^ use of undeclared crate or module `serde`
[INFO] [stdout] 
[INFO] [stdout] 
[INFO] [stdout] error[E0432]: unresolved import `serde`
[INFO] [stdout]  --> src/planning/chronicles.rs:6:5
[INFO] [stdout]   |
[INFO] [stdout] 6 | use serde::Serialize;
[INFO] [stdout]   |     ^^^^^ use of undeclared crate or module `serde`
[INFO] [stdout] 
[INFO] [stdout] 
[INFO] [stdout] error[E0432]: unresolved import `serde`
[INFO] [stdout]  --> src/planning/chronicles.rs:6:5
[INFO] [stdout]   |
[INFO] [stdout] 6 | use serde::Serialize;
[INFO] [stdout]   |     ^^^^^ use of undeclared crate or module `serde`
[INFO] [stdout] 
[INFO] [stdout] 
[INFO] [stdout] error: cannot determine resolution for the derive macro `Serialize`
[INFO] [stdout]   --> src/planning/chronicles.rs:12:23
[INFO] [stdout]    |
[INFO] [stdout] 12 | #[derive(Copy, Clone, Serialize)]
[INFO] [stdout]    |                       ^^^^^^^^^
[INFO] [stdout]    |
[INFO] [stdout]    = note: import resolution is stuck, try simplifying macro imports
[INFO] [stdout] 
[INFO] [stdout] 
[INFO] [stdout] error: cannot determine resolution for the derive macro `Serialize`
[INFO] [stdout]   --> src/planning/chronicles.rs:67:17
[INFO] [stdout]    |
[INFO] [stdout] 67 | #[derive(Clone, Serialize)]
[INFO] [stdout]    |                 ^^^^^^^^^
[INFO] [stdout]    |
[INFO] [stdout]    = note: import resolution is stuck, try simplifying macro imports
[INFO] [stdout] 
[INFO] [stdout] 
[INFO] [stdout] error: cannot determine resolution for the derive macro `Serialize`
[INFO] [stdout]   --> src/planning/chronicles.rs:98:17
[INFO] [stdout]    |
[INFO] [stdout] 98 | #[derive(Clone, Serialize)]
[INFO] [stdout]    |                 ^^^^^^^^^
[INFO] [stdout]    |
[INFO] [stdout]    = note: import resolution is stuck, try simplifying macro imports
[INFO] [stdout] 
[INFO] [stdout] 
[INFO] [stdout] error: cannot determine resolution for the derive macro `Serialize`
[INFO] [stdout]    --> src/planning/chronicles.rs:129:55
[INFO] [stdout]     |
[INFO] [stdout] 129 | #[derive(Copy, Clone, Ord, PartialOrd, Eq, PartialEq, Serialize)]
[INFO] [stdout]     |                                                       ^^^^^^^^^
[INFO] [stdout]     |
[INFO] [stdout]     = note: import resolution is stuck, try simplifying macro imports
[INFO] [stdout] 
[INFO] [stdout] 
[INFO] [stdout] error: cannot determine resolution for the derive macro `Serialize`
[INFO] [stdout]    --> src/planning/chronicles.rs:139:23
[INFO] [stdout]     |
[INFO] [stdout] 139 | #[derive(Copy, Clone, Serialize)]
[INFO] [stdout]     |                       ^^^^^^^^^
[INFO] [stdout]     |
[INFO] [stdout]     = note: import resolution is stuck, try simplifying macro imports
[INFO] [stdout] 
[INFO] [stdout] 
[INFO] [stdout] error: cannot determine resolution for the derive macro `Serialize`
[INFO] [stdout]    --> src/planning/chronicles.rs:215:17
[INFO] [stdout]     |
[INFO] [stdout] 215 | #[derive(Clone, Serialize)]
[INFO] [stdout]     |                 ^^^^^^^^^
[INFO] [stdout]     |
[INFO] [stdout]     = note: import resolution is stuck, try simplifying macro imports
[INFO] [stdout] 
[INFO] [stdout] 
[INFO] [stdout] error: cannot determine resolution for the derive macro `Serialize`
[INFO] [stdout]    --> src/planning/chronicles.rs:364:17
[INFO] [stdout]     |
[INFO] [stdout] 364 | #[derive(Clone, Serialize)]
[INFO] [stdout]     |                 ^^^^^^^^^
[INFO] [stdout]     |
[INFO] [stdout]     = note: import resolution is stuck, try simplifying macro imports
[INFO] [stdout] 
[INFO] [stdout] 
[INFO] [stdout] error: cannot determine resolution for the derive macro `Serialize`
[INFO] [stdout]    --> src/planning/chronicles.rs:392:55
[INFO] [stdout]     |
[INFO] [stdout] 392 | #[derive(Copy, Clone, Ord, PartialOrd, PartialEq, Eq, Serialize)]
[INFO] [stdout]     |                                                       ^^^^^^^^^
[INFO] [stdout]     |
[INFO] [stdout]     = note: import resolution is stuck, try simplifying macro imports
[INFO] [stdout] 
[INFO] [stdout] 
[INFO] [stdout] error: cannot determine resolution for the derive macro `Serialize`
[INFO] [stdout]    --> src/planning/chronicles.rs:411:55
[INFO] [stdout]     |
[INFO] [stdout] 411 | #[derive(Copy, Clone, Ord, PartialOrd, PartialEq, Eq, Serialize)]
[INFO] [stdout]     |                                                       ^^^^^^^^^
[INFO] [stdout]     |
[INFO] [stdout]     = note: import resolution is stuck, try simplifying macro imports
[INFO] [stdout] 
[INFO] [stdout] 
[INFO] [stdout] error: cannot determine resolution for the derive macro `Serialize`
[INFO] [stdout]    --> src/planning/chronicles.rs:419:17
[INFO] [stdout]     |
[INFO] [stdout] 419 | #[derive(Clone, Serialize)]
[INFO] [stdout]     |                 ^^^^^^^^^
[INFO] [stdout]     |
[INFO] [stdout]     = note: import resolution is stuck, try simplifying macro imports
[INFO] [stdout] 
[INFO] [stdout] 
[INFO] [stdout] error: cannot determine resolution for the derive macro `Serialize`
[INFO] [stdout]   --> src/planning/chronicles.rs:12:23
[INFO] [stdout]    |
[INFO] [stdout] 12 | #[derive(Copy, Clone, Serialize)]
[INFO] [stdout]    |                       ^^^^^^^^^
[INFO] [stdout]    |
[INFO] [stdout]    = note: import resolution is stuck, try simplifying macro imports
[INFO] [stdout] 
[INFO] [stdout] 
[INFO] [stdout] error: cannot determine resolution for the derive macro `Serialize`
[INFO] [stdout]   --> src/planning/chronicles.rs:67:17
[INFO] [stdout]    |
[INFO] [stdout] 67 | #[derive(Clone, Serialize)]
[INFO] [stdout]    |                 ^^^^^^^^^
[INFO] [stdout]    |
[INFO] [stdout]    = note: import resolution is stuck, try simplifying macro imports
[INFO] [stdout] 
[INFO] [stdout] 
[INFO] [stdout] error: cannot determine resolution for the derive macro `Serialize`
[INFO] [stdout]    --> src/planning/chronicles.rs:449:23
[INFO] [stdout]     |
[INFO] [stdout] 449 | #[derive(Copy, Clone, Serialize)]
[INFO] [stdout]     |                       ^^^^^^^^^
[INFO] [stdout]     |
[INFO] [stdout]     = note: import resolution is stuck, try simplifying macro imports
[INFO] [stdout] 
[INFO] [stdout] 
[INFO] [stdout] error: cannot determine resolution for the derive macro `Serialize`
[INFO] [stdout]    --> src/planning/chronicles.rs:455:23
[INFO] [stdout]     |
[INFO] [stdout] 455 | #[derive(Copy, Clone, Serialize)]
[INFO] [stdout]     |                       ^^^^^^^^^
[INFO] [stdout]     |
[INFO] [stdout]     = note: import resolution is stuck, try simplifying macro imports
[INFO] [stdout] 
[INFO] [stdout] 
[INFO] [stdout] error: cannot determine resolution for the derive macro `Serialize`
[INFO] [stdout]   --> src/planning/chronicles.rs:98:17
[INFO] [stdout]    |
[INFO] [stdout] 98 | #[derive(Clone, Serialize)]
[INFO] [stdout]    |                 ^^^^^^^^^
[INFO] [stdout]    |
[INFO] [stdout]    = note: import resolution is stuck, try simplifying macro imports
[INFO] [stdout] 
[INFO] [stdout] 
[INFO] [stdout] error: cannot determine resolution for the derive macro `Serialize`
[INFO] [stdout]    --> src/planning/chronicles.rs:129:55
[INFO] [stdout]     |
[INFO] [stdout] 129 | #[derive(Copy, Clone, Ord, PartialOrd, Eq, PartialEq, Serialize)]
[INFO] [stdout]     |                                                       ^^^^^^^^^
[INFO] [stdout]     |
[INFO] [stdout]     = note: import resolution is stuck, try simplifying macro imports
[INFO] [stdout] 
[INFO] [stdout] 
[INFO] [stdout] error: cannot determine resolution for the derive macro `Serialize`
[INFO] [stdout]    --> src/planning/chronicles.rs:463:17
[INFO] [stdout]     |
[INFO] [stdout] 463 | #[derive(Clone, Serialize)]
[INFO] [stdout]     |                 ^^^^^^^^^
[INFO] [stdout]     |
[INFO] [stdout]     = note: import resolution is stuck, try simplifying macro imports
[INFO] [stdout] 
[INFO] [stdout] 
[INFO] [stdout] error: cannot determine resolution for the derive macro `Serialize`
[INFO] [stdout]    --> src/planning/chronicles.rs:139:23
[INFO] [stdout]     |
[INFO] [stdout] 139 | #[derive(Copy, Clone, Serialize)]
[INFO] [stdout]     |                       ^^^^^^^^^
[INFO] [stdout]     |
[INFO] [stdout]     = note: import resolution is stuck, try simplifying macro imports
[INFO] [stdout] 
[INFO] [stdout] 
[INFO] [stdout] error: cannot determine resolution for the derive macro `Serialize`
[INFO] [stdout]    --> src/planning/chronicles.rs:476:17
[INFO] [stdout]     |
[INFO] [stdout] 476 | #[derive(Clone, Serialize)]
[INFO] [stdout]     |                 ^^^^^^^^^
[INFO] [stdout]     |
[INFO] [stdout]     = note: import resolution is stuck, try simplifying macro imports
[INFO] [stdout] 
[INFO] [stdout] 
[INFO] [stdout] error: cannot determine resolution for the derive macro `Serialize`
[INFO] [stdout]    --> src/planning/chronicles.rs:215:17
[INFO] [stdout]     |
[INFO] [stdout] 215 | #[derive(Clone, Serialize)]
[INFO] [stdout]     |                 ^^^^^^^^^
[INFO] [stdout]     |
[INFO] [stdout]     = note: import resolution is stuck, try simplifying macro imports
[INFO] [stdout] 
[INFO] [stdout] 
[INFO] [stdout] error: cannot determine resolution for the derive macro `Serialize`
[INFO] [stdout]    --> src/planning/chronicles.rs:364:17
[INFO] [stdout]     |
[INFO] [stdout] 364 | #[derive(Clone, Serialize)]
[INFO] [stdout]     |                 ^^^^^^^^^
[INFO] [stdout]     |
[INFO] [stdout]     = note: import resolution is stuck, try simplifying macro imports
[INFO] [stdout] 
[INFO] [stdout] 
[INFO] [stdout] error: cannot determine resolution for the derive macro `Serialize`
[INFO] [stdout]    --> src/planning/chronicles.rs:392:55
[INFO] [stdout]     |
[INFO] [stdout] 392 | #[derive(Copy, Clone, Ord, PartialOrd, PartialEq, Eq, Serialize)]
[INFO] [stdout]     |                                                       ^^^^^^^^^
[INFO] [stdout]     |
[INFO] [stdout]     = note: import resolution is stuck, try simplifying macro imports
[INFO] [stdout] 
[INFO] [stdout] 
[INFO] [stdout] error: cannot determine resolution for the derive macro `Serialize`
[INFO] [stdout]    --> src/planning/chronicles.rs:411:55
[INFO] [stdout]     |
[INFO] [stdout] 411 | #[derive(Copy, Clone, Ord, PartialOrd, PartialEq, Eq, Serialize)]
[INFO] [stdout]     |                                                       ^^^^^^^^^
[INFO] [stdout]     |
[INFO] [stdout]     = note: import resolution is stuck, try simplifying macro imports
[INFO] [stdout] 
[INFO] [stdout] 
[INFO] [stdout] error: cannot determine resolution for the derive macro `Serialize`
[INFO] [stdout]    --> src/planning/chronicles.rs:419:17
[INFO] [stdout]     |
[INFO] [stdout] 419 | #[derive(Clone, Serialize)]
[INFO] [stdout]     |                 ^^^^^^^^^
[INFO] [stdout]     |
[INFO] [stdout]     = note: import resolution is stuck, try simplifying macro imports
[INFO] [stdout] 
[INFO] [stdout] 
[INFO] [stdout] error: cannot determine resolution for the derive macro `Serialize`
[INFO] [stdout]    --> src/planning/chronicles.rs:449:23
[INFO] [stdout]     |
[INFO] [stdout] 449 | #[derive(Copy, Clone, Serialize)]
[INFO] [stdout]     |                       ^^^^^^^^^
[INFO] [stdout]     |
[INFO] [stdout]     = note: import resolution is stuck, try simplifying macro imports
[INFO] [stdout] 
[INFO] [stdout] 
[INFO] [stdout] error: cannot determine resolution for the derive macro `Serialize`
[INFO] [stdout]    --> src/planning/chronicles.rs:455:23
[INFO] [stdout]     |
[INFO] [stdout] 455 | #[derive(Copy, Clone, Serialize)]
[INFO] [stdout]     |                       ^^^^^^^^^
[INFO] [stdout]     |
[INFO] [stdout]     = note: import resolution is stuck, try simplifying macro imports
[INFO] [stdout] 
[INFO] [stdout] 
[INFO] [stdout] error: cannot determine resolution for the derive macro `Serialize`
[INFO] [stdout]    --> src/planning/chronicles.rs:463:17
[INFO] [stdout]     |
[INFO] [stdout] 463 | #[derive(Clone, Serialize)]
[INFO] [stdout]     |                 ^^^^^^^^^
[INFO] [stdout]     |
[INFO] [stdout]     = note: import resolution is stuck, try simplifying macro imports
[INFO] [stdout] 
[INFO] [stdout] 
[INFO] [stdout] error: cannot determine resolution for the derive macro `Serialize`
[INFO] [stdout]    --> src/planning/chronicles.rs:476:17
[INFO] [stdout]     |
[INFO] [stdout] 476 | #[derive(Clone, Serialize)]
[INFO] [stdout]     |                 ^^^^^^^^^
[INFO] [stdout]     |
[INFO] [stdout]     = note: import resolution is stuck, try simplifying macro imports
[INFO] [stdout] 
[INFO] [stdout] 
[INFO] [stdout] warning: unused imports: `BufRead`, `BufReader`, `Error`
[INFO] [stdout]   --> src/planning/classical/search.rs:10:22
[INFO] [stdout]    |
[INFO] [stdout] 10 | use std::io::{Write, BufReader, BufRead, Error};
[INFO] [stdout]    |                      ^^^^^^^^^  ^^^^^^^  ^^^^^
[INFO] [stdout]    |
[INFO] [stdout]    = note: `#[warn(unused_imports)]` on by default
[INFO] [stdout] 
[INFO] [stdout] 
[INFO] [stdout] warning: unnecessary parentheses around `if` condition
[INFO] [stdout]    --> src/planning/classical/search.rs:677:35
[INFO] [stdout]     |
[INFO] [stdout] 677 | ...                   if(c2>c1){
[INFO] [stdout]     |                         ^     ^
[INFO] [stdout]     |
[INFO] [stdout]     = note: `#[warn(unused_parens)]` on by default
[INFO] [stdout] help: remove these parentheses
[INFO] [stdout]     |
[INFO] [stdout] 677 -                                 if(c2>c1){
[INFO] [stdout] 677 +                                 if c2>c1 {
[INFO] [stdout]     |
[INFO] [stdout] 
[INFO] [stdout] 
[INFO] [stdout] warning: unnecessary parentheses around `if` condition
[INFO] [stdout]    --> src/planning/classical/search.rs:677:35
[INFO] [stdout]     |
[INFO] [stdout] 677 | ...                   if(c2>c1){
[INFO] [stdout]     |                         ^     ^
[INFO] [stdout]     |
[INFO] [stdout]     = note: `#[warn(unused_parens)]` on by default
[INFO] [stdout] help: remove these parentheses
[INFO] [stdout]     |
[INFO] [stdout] 677 -                                 if(c2>c1){
[INFO] [stdout] 677 +                                 if c2>c1 {
[INFO] [stdout]     |
[INFO] [stdout] 
[INFO] [stdout] 
[INFO] [stdout] warning: unnecessary parentheses around `if` condition
[INFO] [stdout]     --> src/planning/classical/search.rs:1188:35
[INFO] [stdout]      |
[INFO] [stdout] 1188 | ...                   if(c2>c1){
[INFO] [stdout]      |                         ^     ^
[INFO] [stdout]      |
[INFO] [stdout] help: remove these parentheses
[INFO] [stdout]      |
[INFO] [stdout] 1188 -                                 if(c2>c1){
[INFO] [stdout] 1188 +                                 if c2>c1 {
[INFO] [stdout]      |
[INFO] [stdout] 
[INFO] [stdout] 
[INFO] [stdout] warning: unnecessary parentheses around `if` condition
[INFO] [stdout]     --> src/planning/classical/search.rs:1188:35
[INFO] [stdout]      |
[INFO] [stdout] 1188 | ...                   if(c2>c1){
[INFO] [stdout]      |                         ^     ^
[INFO] [stdout]      |
[INFO] [stdout] help: remove these parentheses
[INFO] [stdout]      |
[INFO] [stdout] 1188 -                                 if(c2>c1){
[INFO] [stdout] 1188 +                                 if c2>c1 {
[INFO] [stdout]      |
[INFO] [stdout] 
[INFO] [stdout] 
[INFO] [stdout] error: aborting due to 18 previous errors; 2 warnings emitted
[INFO] [stdout] 
[INFO] [stdout] 
[INFO] [stdout] Some errors have detailed explanations: E0432, E0433.
[INFO] [stdout] 
[INFO] [stdout] For more information about an error, try `rustc --explain E0432`.
[INFO] [stdout] 
[INFO] [stdout] error[E0433]: failed to resolve: use of undeclared type `DMatrix`
[INFO] [stdout]    --> src/planning/classical/search.rs:843:21
[INFO] [stdout]     |
[INFO] [stdout] 843 |     let mut matrice=DMatrix::from_diagonal_element(length+1,length+1,0);
[INFO] [stdout]     |                     ^^^^^^^ use of undeclared type `DMatrix`
[INFO] [stdout] 
[INFO] [stdout] 
[INFO] [stdout] error[E0433]: failed to resolve: use of undeclared type `DMatrix`
[INFO] [stdout]     --> src/planning/classical/search.rs:1018:21
[INFO] [stdout]      |
[INFO] [stdout] 1018 |     let mut matrice=DMatrix::from_diagonal_element(length+1,length+1,0);
[INFO] [stdout]      |                     ^^^^^^^ use of undeclared type `DMatrix`
[INFO] [stdout] 
[INFO] [stdout] 
[INFO] [stdout] error: aborting due to 20 previous errors; 3 warnings emitted
[INFO] [stdout] 
[INFO] [stdout] 
[INFO] [stdout] Some errors have detailed explanations: E0432, E0433.
[INFO] [stdout] 
[INFO] [stdout] For more information about an error, try `rustc --explain E0432`.
[INFO] [stdout] 
[INFO] [stderr] error: could not document `aries`
[INFO] [stderr] 
[INFO] [stderr] Caused by:
[INFO] [stderr]   process didn't exit successfully: `/opt/rustwide/rustup-home/toolchains/beta-2023-12-22-x86_64-unknown-linux-gnu/bin/rustdoc --edition=2018 --crate-type lib --crate-name aries src/lib.rs -o /opt/rustwide/target/doc --error-format=json --json=diagnostic-rendered-ansi,artifacts,future-incompat --document-private-items -C metadata=2ce58bdad747cdcf -L dependency=/opt/rustwide/target/debug/deps --extern env_logger=/opt/rustwide/target/debug/deps/libenv_logger-60540cfa7f59ba94.rmeta --extern fixedbitset=/opt/rustwide/target/debug/deps/libfixedbitset-df6db9fd2b7490b9.rmeta --extern itertools=/opt/rustwide/target/debug/deps/libitertools-653ae78d534264ba.rmeta --extern log=/opt/rustwide/target/debug/deps/liblog-00c126e8e8ae56d1.rmeta --extern streaming_iterator=/opt/rustwide/target/debug/deps/libstreaming_iterator-ccf13d8ee0030b1f.rmeta --extern structopt=/opt/rustwide/target/debug/deps/libstructopt-7e837fa5d093c1e4.rmeta --extern time=/opt/rustwide/target/debug/deps/libtime-e8987a247ff27fd0.rmeta --extern vec_map=/opt/rustwide/target/debug/deps/libvec_map-1a57750236867abd.rmeta --cap-lints=warn --crate-version 0.1.0` (exit status: 1)
[INFO] [stderr] warning: build failed, waiting for other jobs to finish...
[INFO] [stderr] error: could not compile `aries` (lib) due to 21 previous errors; 3 warnings emitted
[INFO] running `Command { std: "docker" "inspect" "9d1839ad1cbdd84f27f3da9dd41691e28ab183a9d9e9ad2ee72e4a0e4680885c", kill_on_drop: false }`
[INFO] running `Command { std: "docker" "rm" "-f" "9d1839ad1cbdd84f27f3da9dd41691e28ab183a9d9e9ad2ee72e4a0e4680885c", kill_on_drop: false }`
[INFO] [stdout] 9d1839ad1cbdd84f27f3da9dd41691e28ab183a9d9e9ad2ee72e4a0e4680885c
