[INFO] cloning repository https://github.com/Caviar-X/qq_bot
[INFO] running `Command { std: "git" "-c" "credential.helper=" "-c" "credential.helper=/workspace/cargo-home/bin/git-credential-null" "clone" "--bare" "https://github.com/Caviar-X/qq_bot" "/workspace/cache/git-repos/https%3A%2F%2Fgithub.com%2FCaviar-X%2Fqq_bot", kill_on_drop: false }`
[INFO] [stderr] Cloning into bare repository '/workspace/cache/git-repos/https%3A%2F%2Fgithub.com%2FCaviar-X%2Fqq_bot'...
[INFO] running `Command { std: "git" "rev-parse" "HEAD", kill_on_drop: false }`
[INFO] [stdout] 90dd0f9341c5620ff2fe312c6b7b18ba9cd6a8ba
[INFO] documenting Caviar-X/qq_bot against 1.75.0 for beta-1.76-rustdoc-1
[INFO] running `Command { std: "git" "clone" "/workspace/cache/git-repos/https%3A%2F%2Fgithub.com%2FCaviar-X%2Fqq_bot" "/workspace/builds/worker-5-tc1/source", kill_on_drop: false }`
[INFO] [stderr] Cloning into '/workspace/builds/worker-5-tc1/source'...
[INFO] [stderr] done.
[INFO] validating manifest of git repo https://github.com/Caviar-X/qq_bot on toolchain 1.75.0
[INFO] running `Command { std: CARGO_HOME="/workspace/cargo-home" RUSTUP_HOME="/workspace/rustup-home" "/workspace/cargo-home/bin/cargo" "+1.75.0" "metadata" "--manifest-path" "Cargo.toml" "--no-deps", kill_on_drop: false }`
[INFO] removed /workspace/builds/worker-5-tc1/source/rust-toolchain.toml
[INFO] started tweaking git repo https://github.com/Caviar-X/qq_bot
[INFO] finished tweaking git repo https://github.com/Caviar-X/qq_bot
[INFO] tweaked toml for git repo https://github.com/Caviar-X/qq_bot written to /workspace/builds/worker-5-tc1/source/Cargo.toml
[INFO] crate git repo https://github.com/Caviar-X/qq_bot already has a lockfile, it will not be regenerated
[INFO] running `Command { std: CARGO_HOME="/workspace/cargo-home" RUSTUP_HOME="/workspace/rustup-home" "/workspace/cargo-home/bin/cargo" "+1.75.0" "fetch" "--manifest-path" "Cargo.toml", kill_on_drop: false }`
[INFO] [stderr]     Updating crates.io index
[INFO] [stderr]  Downloading crates ...
[INFO] [stderr]   Downloaded windows-tokens v0.37.0
[INFO] [stderr]   Downloaded webkit2gtk v0.18.0
[INFO] [stderr]   Downloaded windows-implement v0.37.0
[INFO] [stderr]   Downloaded sorensen v0.1.3
[INFO] [stderr]   Downloaded webview2-com v0.16.0
[INFO] [stderr]   Downloaded p256 v0.10.1
[INFO] [stderr]   Downloaded itertools v0.10.4
[INFO] [stderr]   Downloaded pest v2.3.1
[INFO] [stderr]   Downloaded cached v0.30.0
[INFO] [stderr]   Downloaded jcers v0.1.2
[INFO] [stderr]   Downloaded wry v0.19.0
[INFO] [stderr]   Downloaded webview2-com-sys v0.16.0
[INFO] [stderr]   Downloaded pdqhash v0.1.1
[INFO] [stderr]   Downloaded proc_qq v0.1.15
[INFO] [stderr]   Downloaded proc_qq_codegen v0.1.6
[INFO] [stderr]   Downloaded windows-metadata v0.37.0
[INFO] [stderr]   Downloaded ricq v0.1.17
[INFO] [stderr]   Downloaded ricq-core v0.1.17
[INFO] [stderr]   Downloaded tao v0.12.2
[INFO] [stderr]   Downloaded windows-bindgen v0.37.0
[INFO] [stderr]   Downloaded jcers_proc v0.1.0
[INFO] [stderr]   Downloaded field-offset v0.3.4
[INFO] [stderr]   Downloaded system-deps v6.0.2
[INFO] [stderr]   Downloaded assert_float_eq v1.1.3
[INFO] [stderr]   Downloaded cfg-expr v0.10.3
[INFO] running `Command { std: "docker" "create" "-v" "/var/lib/crater-agent-workspace/builds/worker-5-tc1/target:/opt/rustwide/target:rw,Z" "-v" "/var/lib/crater-agent-workspace/builds/worker-5-tc1/source:/opt/rustwide/workdir:ro,Z" "-v" "/var/lib/crater-agent-workspace/cargo-home:/opt/rustwide/cargo-home:ro,Z" "-v" "/var/lib/crater-agent-workspace/rustup-home:/opt/rustwide/rustup-home:ro,Z" "-e" "SOURCE_DIR=/opt/rustwide/workdir" "-e" "CARGO_TARGET_DIR=/opt/rustwide/target" "-e" "CARGO_HOME=/opt/rustwide/cargo-home" "-e" "RUSTUP_HOME=/opt/rustwide/rustup-home" "-w" "/opt/rustwide/workdir" "-m" "1610612736" "--user" "0:0" "--network" "none" "ghcr.io/rust-lang/crates-build-env/linux@sha256:2788e3201cd34a07e3172128adcd8b3090168a8e3bcc40d7c032b9dda1df7d1c" "/opt/rustwide/cargo-home/bin/cargo" "+1.75.0" "metadata" "--no-deps" "--format-version=1", kill_on_drop: false }`
[INFO] [stdout] 7a95759040845137036aa0454e7a6cd309025d1cd6d0afaad82d961036e6b5dc
[INFO] running `Command { std: "docker" "start" "-a" "7a95759040845137036aa0454e7a6cd309025d1cd6d0afaad82d961036e6b5dc", kill_on_drop: false }`
[INFO] running `Command { std: "docker" "inspect" "7a95759040845137036aa0454e7a6cd309025d1cd6d0afaad82d961036e6b5dc", kill_on_drop: false }`
[INFO] running `Command { std: "docker" "rm" "-f" "7a95759040845137036aa0454e7a6cd309025d1cd6d0afaad82d961036e6b5dc", kill_on_drop: false }`
[INFO] [stdout] 7a95759040845137036aa0454e7a6cd309025d1cd6d0afaad82d961036e6b5dc
[INFO] running `Command { std: "docker" "create" "-v" "/var/lib/crater-agent-workspace/builds/worker-5-tc1/target:/opt/rustwide/target:rw,Z" "-v" "/var/lib/crater-agent-workspace/builds/worker-5-tc1/source:/opt/rustwide/workdir:ro,Z" "-v" "/var/lib/crater-agent-workspace/cargo-home:/opt/rustwide/cargo-home:ro,Z" "-v" "/var/lib/crater-agent-workspace/rustup-home:/opt/rustwide/rustup-home:ro,Z" "-e" "SOURCE_DIR=/opt/rustwide/workdir" "-e" "CARGO_TARGET_DIR=/opt/rustwide/target" "-e" "CARGO_INCREMENTAL=0" "-e" "RUST_BACKTRACE=full" "-e" "RUSTFLAGS=--cap-lints=warn" "-e" "RUSTDOCFLAGS=--cap-lints=warn" "-e" "CARGO_HOME=/opt/rustwide/cargo-home" "-e" "RUSTUP_HOME=/opt/rustwide/rustup-home" "-w" "/opt/rustwide/workdir" "-m" "1610612736" "--user" "0:0" "--network" "none" "ghcr.io/rust-lang/crates-build-env/linux@sha256:2788e3201cd34a07e3172128adcd8b3090168a8e3bcc40d7c032b9dda1df7d1c" "/opt/rustwide/cargo-home/bin/cargo" "+1.75.0" "doc" "--frozen" "--no-deps" "--document-private-items" "--message-format=json", kill_on_drop: false }`
[INFO] [stdout] 563f80c22282aedf0d5adff1ccd94351b8a961eb83f53c98293eba8094655764
[INFO] running `Command { std: "docker" "start" "-a" "563f80c22282aedf0d5adff1ccd94351b8a961eb83f53c98293eba8094655764", kill_on_drop: false }`
[INFO] [stderr]    Compiling autocfg v1.1.0
[INFO] [stderr]    Compiling proc-macro2 v1.0.43
[INFO] [stderr]    Compiling unicode-ident v1.0.4
[INFO] [stderr]    Compiling quote v1.0.21
[INFO] [stderr]    Compiling syn v1.0.99
[INFO] [stderr]    Compiling libc v0.2.132
[INFO] [stderr]     Checking cfg-if v1.0.0
[INFO] [stderr]     Checking once_cell v1.14.0
[INFO] [stderr]    Compiling memchr v2.5.0
[INFO] [stderr]    Compiling version_check v0.9.4
[INFO] [stderr]     Checking scopeguard v1.1.0
[INFO] [stderr]    Compiling log v0.4.17
[INFO] [stderr]    Compiling either v1.8.0
[INFO] [stderr]     Checking bytes v1.2.1
[INFO] [stderr]     Checking pin-project-lite v0.2.9
[INFO] [stderr]    Compiling futures-core v0.3.24
[INFO] [stderr]    Compiling anyhow v1.0.65
[INFO] [stderr]    Compiling futures-task v0.3.24
[INFO] [stderr]    Compiling futures-channel v0.3.24
[INFO] [stderr]     Checking futures-sink v0.3.24
[INFO] [stderr]    Compiling parking_lot_core v0.9.3
[INFO] [stderr]     Checking smallvec v1.9.0
[INFO] [stderr]    Compiling itertools v0.10.4
[INFO] [stderr]    Compiling crossbeam-utils v0.8.11
[INFO] [stderr]    Compiling cc v1.0.73
[INFO] [stderr]    Compiling futures-util v0.3.24
[INFO] [stderr]    Compiling pkg-config v0.3.25
[INFO] [stderr]    Compiling slab v0.4.7
[INFO] [stderr]    Compiling lock_api v0.4.8
[INFO] [stderr]    Compiling tokio v1.21.1
[INFO] [stderr]    Compiling memoffset v0.6.5
[INFO] [stderr]     Checking tracing-core v0.1.29
[INFO] [stderr]     Checking pin-utils v0.1.0
[INFO] [stderr]     Checking futures-io v0.3.24
[INFO] [stderr]    Compiling typenum v1.15.0
[INFO] [stderr]    Compiling indexmap v1.9.1
[INFO] [stderr]    Compiling crossbeam-epoch v0.9.11
[INFO] [stderr]    Compiling generic-array v0.14.6
[INFO] [stderr]    Compiling crc32fast v1.3.2
[INFO] [stderr]    Compiling serde_derive v1.0.144
[INFO] [stderr]     Checking subtle v2.4.1
[INFO] [stderr]     Checking itoa v1.0.3
[INFO] [stderr]     Checking num_cpus v1.13.1
[INFO] [stderr]     Checking getrandom v0.2.7
[INFO] [stderr]     Checking mio v0.8.4
[INFO] [stderr]     Checking signal-hook-registry v1.4.0
[INFO] [stderr]     Checking socket2 v0.4.7
[INFO] [stderr]     Checking adler v1.0.2
[INFO] [stderr]     Checking byteorder v1.4.3
[INFO] [stderr]     Checking bitflags v1.3.2
[INFO] [stderr]     Checking rand_core v0.6.4
[INFO] [stderr]     Checking parking_lot v0.12.1
[INFO] [stderr]    Compiling hashbrown v0.12.3
[INFO] [stderr]    Compiling serde v1.0.144
[INFO] [stderr]    Compiling rayon-core v1.9.3
[INFO] [stderr]    Compiling num-traits v0.2.15
[INFO] [stderr]    Compiling proc-macro2-diagnostics v0.9.1
[INFO] [stderr]    Compiling openssl v0.10.41
[INFO] [stderr]    Compiling which v4.3.0
[INFO] [stderr]     Checking zeroize v1.5.7
[INFO] [stderr]    Compiling remove_dir_all v0.5.3
[INFO] [stderr]    Compiling unicode-segmentation v1.10.0
[INFO] [stderr]     Checking fnv v1.0.7
[INFO] [stderr]    Compiling regex-syntax v0.6.27
[INFO] [stderr]     Checking lazy_static v1.4.0
[INFO] [stderr]     Checking const-oid v0.7.1
[INFO] [stderr]    Compiling fixedbitset v0.4.2
[INFO] [stderr]    Compiling fastrand v1.8.0
[INFO] [stderr]    Compiling prost-build v0.9.0
[INFO] [stderr]    Compiling aho-corasick v0.7.19
[INFO] [stderr]     Checking foreign-types-shared v0.1.1
[INFO] [stderr]     Checking foreign-types v0.3.2
[INFO] [stderr]     Checking der v0.5.1
[INFO] [stderr]     Checking http v0.2.8
[INFO] [stderr]     Checking crossbeam-deque v0.8.2
[INFO] [stderr]    Compiling openssl-sys v0.9.75
[INFO] [stderr]    Compiling tempfile v3.3.0
[INFO] [stderr]     Checking ff v0.11.1
[INFO] [stderr]     Checking crossbeam-channel v0.5.6
[INFO] [stderr]    Compiling rayon v1.5.3
[INFO] [stderr]    Compiling num-integer v0.1.45
[INFO] [stderr]    Compiling heck v0.3.3
[INFO] [stderr]    Compiling httparse v1.8.0
[INFO] [stderr]    Compiling native-tls v0.2.10
[INFO] [stderr]    Compiling multimap v0.8.3
[INFO] [stderr]    Compiling yansi v0.5.1
[INFO] [stderr]     Checking tinyvec_macros v0.1.0
[INFO] [stderr]     Checking group v0.11.0
[INFO] [stderr]     Checking tinyvec v1.6.0
[INFO] [stderr]    Compiling miniz_oxide v0.4.4
[INFO] [stderr]    Compiling petgraph v0.6.2
[INFO] [stderr]    Compiling proc-macro-error-attr v1.0.4
[INFO] [stderr]    Compiling async-trait v0.1.57
[INFO] [stderr]     Checking percent-encoding v2.2.0
[INFO] [stderr]     Checking ppv-lite86 v0.2.16
[INFO] [stderr]     Checking base16ct v0.1.1
[INFO] [stderr]     Checking crypto-bigint v0.3.2
[INFO] [stderr]     Checking sec1 v0.2.1
[INFO] [stderr]     Checking adler32 v1.2.0
[INFO] [stderr]    Compiling thiserror v1.0.35
[INFO] [stderr]     Checking try-lock v0.2.3
[INFO] [stderr]     Checking openssl-probe v0.1.5
[INFO] [stderr]     Checking want v0.3.0
[INFO] [stderr]     Checking form_urlencoded v1.1.0
[INFO] [stderr]     Checking http-body v0.4.5
[INFO] [stderr]     Checking miniz_oxide v0.5.4
[INFO] [stderr]    Compiling num-iter v0.1.43
[INFO] [stderr]    Compiling num-rational v0.3.2
[INFO] [stderr]    Compiling proc-macro-error v1.0.4
[INFO] [stderr]     Checking rand_chacha v0.3.1
[INFO] [stderr]     Checking unicode-bidi v0.3.8
[INFO] [stderr]    Compiling encoding_rs v0.8.31
[INFO] [stderr]     Checking unicode-normalization v0.1.22
[INFO] [stderr]     Checking tower-service v0.3.2
[INFO] [stderr]     Checking weezl v0.1.7
[INFO] [stderr]     Checking httpdate v1.0.2
[INFO] [stderr]     Checking ryu v1.0.11
[INFO] [stderr]     Checking rand v0.8.5
[INFO] [stderr]     Checking deflate v0.8.6
[INFO] [stderr]     Checking miniz_oxide v0.3.7
[INFO] [stderr]     Checking md5 v0.7.0
[INFO] [stderr]     Checking hashbrown v0.11.2
[INFO] [stderr]     Checking flate2 v1.0.24
[INFO] [stderr]     Checking elliptic-curve v0.11.12
[INFO] [stderr]    Compiling serde_json v1.0.85
[INFO] [stderr]     Checking idna v0.3.0
[INFO] [stderr]     Checking p256 v0.10.1
[INFO] [stderr]     Checking color_quant v1.1.0
[INFO] [stderr]     Checking regex-automata v0.1.10
[INFO] [stderr]    Compiling regex v1.6.0
[INFO] [stderr]     Checking gif v0.11.4
[INFO] [stderr]     Checking png v0.16.8
[INFO] [stderr]     Checking ipnet v2.5.0
[INFO] [stderr]     Checking bstr v0.2.17
[INFO] [stderr]     Checking bytemuck v1.12.1
[INFO] [stderr]     Checking mime v0.3.16
[INFO] [stderr]     Checking scopeguard v0.3.3
[INFO] [stderr]     Checking scoped_threadpool v0.1.9
[INFO] [stderr]     Checking url v2.3.1
[INFO] [stderr]     Checking base64 v0.13.0
[INFO] [stderr]     Checking sharded-slab v0.1.4
[INFO] [stderr]     Checking hashbrown v0.1.8
[INFO] [stderr]     Checking tracing-log v0.1.3
[INFO] [stderr]     Checking thread_local v1.1.4
[INFO] [stderr]     Checking same-file v1.0.6
[INFO] [stderr]     Checking ansi_term v0.12.1
[INFO] [stderr]     Checking assert_float_eq v1.1.3
[INFO] [stderr]     Checking walkdir v2.3.2
[INFO] [stderr]     Checking tracing-subscriber v0.3.15
[INFO] [stderr]     Checking opener v0.5.0
[INFO] [stderr]     Checking sorensen v0.1.3
[INFO] [stdout] error[E0554]: `#![feature]` may not be used on the stable release channel
[INFO] [stdout]  --> /opt/rustwide/cargo-home/registry/src/index.crates.io-6f17d22bba15001f/sorensen-0.1.3/src/lib.rs:1:1
[INFO] [stdout]   |
[INFO] [stdout] 1 | #![feature(test)]
[INFO] [stdout]   | ^^^^^^^^^^^^^^^^^
[INFO] [stdout] 
[INFO] [stdout] 
[INFO] [stdout] error[E0554]: `#![feature]` may not be used on the stable release channel
[INFO] [stdout]  --> /opt/rustwide/cargo-home/registry/src/index.crates.io-6f17d22bba15001f/sorensen-0.1.3/src/lib.rs:2:1
[INFO] [stdout]   |
[INFO] [stdout] 2 | #![feature(uniform_paths)]
[INFO] [stdout]   | ^^^^^^^^^^^^^^^^^^^^^^^^^^ help: remove the attribute
[INFO] [stdout]   |
[INFO] [stdout]   = help: the feature `uniform_paths` has been stable since `1.32.0` and no longer requires an attribute to enable
[INFO] [stdout] 
[INFO] [stdout] 
[INFO] [stdout] error[E0554]: `#![feature]` may not be used on the stable release channel
[INFO] [stdout]  --> /opt/rustwide/cargo-home/registry/src/index.crates.io-6f17d22bba15001f/sorensen-0.1.3/src/lib.rs:1:12
[INFO] [stdout]   |
[INFO] [stdout] 1 | #![feature(test)]
[INFO] [stdout]   |            ^^^^
[INFO] [stdout] 
[INFO] [stdout] 
[INFO] [stdout] error: aborting due to 3 previous errors
[INFO] [stdout] 
[INFO] [stdout] 
[INFO] [stdout] For more information about this error, try `rustc --explain E0554`.
[INFO] [stdout] 
[INFO] [stderr] error: could not compile `sorensen` (lib) due to 4 previous errors
[INFO] [stderr] warning: build failed, waiting for other jobs to finish...
[INFO] running `Command { std: "docker" "inspect" "563f80c22282aedf0d5adff1ccd94351b8a961eb83f53c98293eba8094655764", kill_on_drop: false }`
[INFO] running `Command { std: "docker" "rm" "-f" "563f80c22282aedf0d5adff1ccd94351b8a961eb83f53c98293eba8094655764", kill_on_drop: false }`
[INFO] [stdout] 563f80c22282aedf0d5adff1ccd94351b8a961eb83f53c98293eba8094655764
