[INFO] cloning repository https://github.com/CathalMullan/advent-of-code
[INFO] running `Command { std: "git" "-c" "credential.helper=" "-c" "credential.helper=/workspace/cargo-home/bin/git-credential-null" "clone" "--bare" "https://github.com/CathalMullan/advent-of-code" "/workspace/cache/git-repos/https%3A%2F%2Fgithub.com%2FCathalMullan%2Fadvent-of-code", kill_on_drop: false }`
[INFO] [stderr] Cloning into bare repository '/workspace/cache/git-repos/https%3A%2F%2Fgithub.com%2FCathalMullan%2Fadvent-of-code'...
[INFO] running `Command { std: "git" "rev-parse" "HEAD", kill_on_drop: false }`
[INFO] [stdout] ed9454316b6c96408042121460f5e80944f8698e
[INFO] documenting CathalMullan/advent-of-code against 1.75.0 for beta-1.76-rustdoc-1
[INFO] running `Command { std: "git" "clone" "/workspace/cache/git-repos/https%3A%2F%2Fgithub.com%2FCathalMullan%2Fadvent-of-code" "/workspace/builds/worker-6-tc1/source", kill_on_drop: false }`
[INFO] [stderr] Cloning into '/workspace/builds/worker-6-tc1/source'...
[INFO] [stderr] done.
[INFO] validating manifest of git repo https://github.com/CathalMullan/advent-of-code on toolchain 1.75.0
[INFO] running `Command { std: CARGO_HOME="/workspace/cargo-home" RUSTUP_HOME="/workspace/rustup-home" "/workspace/cargo-home/bin/cargo" "+1.75.0" "metadata" "--manifest-path" "Cargo.toml" "--no-deps", kill_on_drop: false }`
[INFO] removed /workspace/builds/worker-6-tc1/source/rust-toolchain.toml
[INFO] started tweaking git repo https://github.com/CathalMullan/advent-of-code
[INFO] finished tweaking git repo https://github.com/CathalMullan/advent-of-code
[INFO] tweaked toml for git repo https://github.com/CathalMullan/advent-of-code written to /workspace/builds/worker-6-tc1/source/Cargo.toml
[INFO] crate git repo https://github.com/CathalMullan/advent-of-code already has a lockfile, it will not be regenerated
[INFO] running `Command { std: CARGO_HOME="/workspace/cargo-home" RUSTUP_HOME="/workspace/rustup-home" "/workspace/cargo-home/bin/cargo" "+1.75.0" "fetch" "--manifest-path" "Cargo.toml", kill_on_drop: false }`
[INFO] [stderr]  Downloading crates ...
[INFO] [stderr]   Downloaded proc-macro2 v1.0.42
[INFO] running `Command { std: "docker" "create" "-v" "/var/lib/crater-agent-workspace/builds/worker-6-tc1/target:/opt/rustwide/target:rw,Z" "-v" "/var/lib/crater-agent-workspace/builds/worker-6-tc1/source:/opt/rustwide/workdir:ro,Z" "-v" "/var/lib/crater-agent-workspace/cargo-home:/opt/rustwide/cargo-home:ro,Z" "-v" "/var/lib/crater-agent-workspace/rustup-home:/opt/rustwide/rustup-home:ro,Z" "-e" "SOURCE_DIR=/opt/rustwide/workdir" "-e" "CARGO_TARGET_DIR=/opt/rustwide/target" "-e" "CARGO_HOME=/opt/rustwide/cargo-home" "-e" "RUSTUP_HOME=/opt/rustwide/rustup-home" "-w" "/opt/rustwide/workdir" "-m" "1610612736" "--user" "0:0" "--network" "none" "ghcr.io/rust-lang/crates-build-env/linux@sha256:2788e3201cd34a07e3172128adcd8b3090168a8e3bcc40d7c032b9dda1df7d1c" "/opt/rustwide/cargo-home/bin/cargo" "+1.75.0" "metadata" "--no-deps" "--format-version=1", kill_on_drop: false }`
[INFO] [stdout] e75dc0c9a23a522d00379cb94c683dbea97604546ef41fe566559e2c0f965391
[INFO] running `Command { std: "docker" "start" "-a" "e75dc0c9a23a522d00379cb94c683dbea97604546ef41fe566559e2c0f965391", kill_on_drop: false }`
[INFO] running `Command { std: "docker" "inspect" "e75dc0c9a23a522d00379cb94c683dbea97604546ef41fe566559e2c0f965391", kill_on_drop: false }`
[INFO] running `Command { std: "docker" "rm" "-f" "e75dc0c9a23a522d00379cb94c683dbea97604546ef41fe566559e2c0f965391", kill_on_drop: false }`
[INFO] [stdout] e75dc0c9a23a522d00379cb94c683dbea97604546ef41fe566559e2c0f965391
[INFO] running `Command { std: "docker" "create" "-v" "/var/lib/crater-agent-workspace/builds/worker-6-tc1/target:/opt/rustwide/target:rw,Z" "-v" "/var/lib/crater-agent-workspace/builds/worker-6-tc1/source:/opt/rustwide/workdir:ro,Z" "-v" "/var/lib/crater-agent-workspace/cargo-home:/opt/rustwide/cargo-home:ro,Z" "-v" "/var/lib/crater-agent-workspace/rustup-home:/opt/rustwide/rustup-home:ro,Z" "-e" "SOURCE_DIR=/opt/rustwide/workdir" "-e" "CARGO_TARGET_DIR=/opt/rustwide/target" "-e" "CARGO_INCREMENTAL=0" "-e" "RUST_BACKTRACE=full" "-e" "RUSTFLAGS=--cap-lints=warn" "-e" "RUSTDOCFLAGS=--cap-lints=warn" "-e" "CARGO_HOME=/opt/rustwide/cargo-home" "-e" "RUSTUP_HOME=/opt/rustwide/rustup-home" "-w" "/opt/rustwide/workdir" "-m" "1610612736" "--user" "0:0" "--network" "none" "ghcr.io/rust-lang/crates-build-env/linux@sha256:2788e3201cd34a07e3172128adcd8b3090168a8e3bcc40d7c032b9dda1df7d1c" "/opt/rustwide/cargo-home/bin/cargo" "+1.75.0" "doc" "--frozen" "--no-deps" "--document-private-items" "--message-format=json", kill_on_drop: false }`
[INFO] [stdout] d391ce3ad8947f796f6298c55f4020debff1f1102f14593d8b612c6cfa0ed7df
[INFO] running `Command { std: "docker" "start" "-a" "d391ce3ad8947f796f6298c55f4020debff1f1102f14593d8b612c6cfa0ed7df", kill_on_drop: false }`
[INFO] [stderr]    Compiling autocfg v1.1.0
[INFO] [stderr]     Checking rawpointer v0.2.1
[INFO] [stderr]     Checking md5 v0.7.0
[INFO] [stderr]     Checking matrixmultiply v0.3.2
[INFO] [stderr]    Compiling num-traits v0.2.15
[INFO] [stderr]    Compiling num-integer v0.1.45
[INFO] [stderr]     Checking num-complex v0.4.2
[INFO] [stderr]     Checking ndarray v0.15.4
[INFO] [stderr]  Documenting aoc v0.1.0 (/opt/rustwide/workdir)
[INFO] [stderr]     Checking aoc v0.1.0 (/opt/rustwide/workdir)
[INFO] [stdout] error[E0554]: `#![feature]` may not be used on the stable release channel
[INFO] [stdout]  --> src/bin/2015_03.rs:2:1
[INFO] [stdout]   |
[INFO] [stdout] 2 | #![feature(const_mut_refs)]
[INFO] [stdout]   | ^^^^^^^^^^^^^^^^^^^^^^^^^^^
[INFO] [stdout] 
[INFO] [stdout] 
[INFO] [stdout] error[E0658]: `let` expressions in this position are unstable
[INFO] [stdout]   --> src/bin/2015_08.rs:44:32
[INFO] [stdout]    |
[INFO] [stdout] 44 |             if char == '\\' && let Some(next) = chars.next() && next == 'x' {
[INFO] [stdout]    |                                ^^^^^^^^^^^^^^^^^^^^^^^^^^^^^
[INFO] [stdout]    |
[INFO] [stdout]    = note: see issue #53667 <https://github.com/rust-lang/rust/issues/53667> for more information
[INFO] [stdout] 
[INFO] [stdout] 
[INFO] [stdout] error[E0554]: `#![feature]` may not be used on the stable release channel
[INFO] [stdout]  --> src/bin/2015_05.rs:2:12
[INFO] [stdout]   |
[INFO] [stdout] 2 | #![feature(array_windows)]
[INFO] [stdout]   |            ^^^^^^^^^^^^^
[INFO] [stdout] 
[INFO] [stdout] 
[INFO] [stdout] error: aborting due to previous error
[INFO] [stdout] 
[INFO] [stdout] 
[INFO] [stdout] For more information about this error, try `rustc --explain E0554`.
[INFO] [stdout] 
[INFO] [stderr] error: could not document `aoc`
[INFO] [stdout] error: aborting due to previous error
[INFO] [stdout] 
[INFO] [stdout] 
[INFO] [stderr] 
[INFO] [stdout] For more information about this error, try `rustc --explain E0658`.
[INFO] [stdout] 
[INFO] [stderr] Caused by:
[INFO] [stderr]   process didn't exit successfully: `/opt/rustwide/rustup-home/toolchains/1.75.0-x86_64-unknown-linux-gnu/bin/rustdoc --edition=2021 --crate-type bin --crate-name 2015_03 src/bin/2015_03.rs -o /opt/rustwide/target/doc --error-format=json --json=diagnostic-rendered-ansi,artifacts,future-incompat --document-private-items '-Arustdoc::private-intra-doc-links' -C metadata=02f019acf419b193 -L dependency=/opt/rustwide/target/debug/deps --extern aoc=/opt/rustwide/target/debug/deps/libaoc-9e98f800333439d5.rmeta --extern md5=/opt/rustwide/target/debug/deps/libmd5-1876ee3f593921cd.rmeta --extern ndarray=/opt/rustwide/target/debug/deps/libndarray-a0ba4bbb0ce2abb0.rmeta --cap-lints=warn --crate-version 0.1.0` (exit status: 1)
[INFO] [stderr] warning: build failed, waiting for other jobs to finish...
[INFO] [stderr] error: could not document `aoc`
[INFO] [stderr] 
[INFO] [stderr] Caused by:
[INFO] [stderr]   process didn't exit successfully: `/opt/rustwide/rustup-home/toolchains/1.75.0-x86_64-unknown-linux-gnu/bin/rustdoc --edition=2021 --crate-type bin --crate-name 2015_08 src/bin/2015_08.rs -o /opt/rustwide/target/doc --error-format=json --json=diagnostic-rendered-ansi,artifacts,future-incompat --document-private-items '-Arustdoc::private-intra-doc-links' -C metadata=9ea6dbb684684b49 -L dependency=/opt/rustwide/target/debug/deps --extern aoc=/opt/rustwide/target/debug/deps/libaoc-9e98f800333439d5.rmeta --extern md5=/opt/rustwide/target/debug/deps/libmd5-1876ee3f593921cd.rmeta --extern ndarray=/opt/rustwide/target/debug/deps/libndarray-a0ba4bbb0ce2abb0.rmeta --cap-lints=warn --crate-version 0.1.0` (exit status: 1)
[INFO] [stdout] error: aborting due to previous error
[INFO] [stdout] 
[INFO] [stdout] 
[INFO] [stdout] For more information about this error, try `rustc --explain E0554`.
[INFO] [stdout] 
[INFO] [stderr] error: could not document `aoc`
[INFO] [stderr] 
[INFO] [stderr] Caused by:
[INFO] [stderr]   process didn't exit successfully: `/opt/rustwide/rustup-home/toolchains/1.75.0-x86_64-unknown-linux-gnu/bin/rustdoc --edition=2021 --crate-type bin --crate-name 2015_05 src/bin/2015_05.rs -o /opt/rustwide/target/doc --error-format=json --json=diagnostic-rendered-ansi,artifacts,future-incompat --document-private-items '-Arustdoc::private-intra-doc-links' -C metadata=d0c3f1629a3a0e6d -L dependency=/opt/rustwide/target/debug/deps --extern aoc=/opt/rustwide/target/debug/deps/libaoc-9e98f800333439d5.rmeta --extern md5=/opt/rustwide/target/debug/deps/libmd5-1876ee3f593921cd.rmeta --extern ndarray=/opt/rustwide/target/debug/deps/libndarray-a0ba4bbb0ce2abb0.rmeta --cap-lints=warn --crate-version 0.1.0` (exit status: 1)
[INFO] running `Command { std: "docker" "inspect" "d391ce3ad8947f796f6298c55f4020debff1f1102f14593d8b612c6cfa0ed7df", kill_on_drop: false }`
[INFO] running `Command { std: "docker" "rm" "-f" "d391ce3ad8947f796f6298c55f4020debff1f1102f14593d8b612c6cfa0ed7df", kill_on_drop: false }`
[INFO] [stdout] d391ce3ad8947f796f6298c55f4020debff1f1102f14593d8b612c6cfa0ed7df
[INFO] documenting CathalMullan/advent-of-code against beta-2023-12-22 for beta-1.76-rustdoc-1
[INFO] running `Command { std: "git" "clone" "/workspace/cache/git-repos/https%3A%2F%2Fgithub.com%2FCathalMullan%2Fadvent-of-code" "/workspace/builds/worker-6-tc2/source", kill_on_drop: false }`
[INFO] [stderr] Cloning into '/workspace/builds/worker-6-tc2/source'...
[INFO] [stderr] done.
[INFO] validating manifest of git repo https://github.com/CathalMullan/advent-of-code on toolchain beta-2023-12-22
[INFO] running `Command { std: CARGO_HOME="/workspace/cargo-home" RUSTUP_HOME="/workspace/rustup-home" "/workspace/cargo-home/bin/cargo" "+beta-2023-12-22" "metadata" "--manifest-path" "Cargo.toml" "--no-deps", kill_on_drop: false }`
[INFO] removed /workspace/builds/worker-6-tc2/source/rust-toolchain.toml
[INFO] started tweaking git repo https://github.com/CathalMullan/advent-of-code
[INFO] finished tweaking git repo https://github.com/CathalMullan/advent-of-code
[INFO] tweaked toml for git repo https://github.com/CathalMullan/advent-of-code written to /workspace/builds/worker-6-tc2/source/Cargo.toml
[INFO] crate git repo https://github.com/CathalMullan/advent-of-code already has a lockfile, it will not be regenerated
[INFO] running `Command { std: CARGO_HOME="/workspace/cargo-home" RUSTUP_HOME="/workspace/rustup-home" "/workspace/cargo-home/bin/cargo" "+beta-2023-12-22" "fetch" "--manifest-path" "Cargo.toml", kill_on_drop: false }`
[INFO] running `Command { std: "docker" "create" "-v" "/var/lib/crater-agent-workspace/builds/worker-6-tc2/target:/opt/rustwide/target:rw,Z" "-v" "/var/lib/crater-agent-workspace/builds/worker-6-tc2/source:/opt/rustwide/workdir:ro,Z" "-v" "/var/lib/crater-agent-workspace/cargo-home:/opt/rustwide/cargo-home:ro,Z" "-v" "/var/lib/crater-agent-workspace/rustup-home:/opt/rustwide/rustup-home:ro,Z" "-e" "SOURCE_DIR=/opt/rustwide/workdir" "-e" "CARGO_TARGET_DIR=/opt/rustwide/target" "-e" "CARGO_HOME=/opt/rustwide/cargo-home" "-e" "RUSTUP_HOME=/opt/rustwide/rustup-home" "-w" "/opt/rustwide/workdir" "-m" "1610612736" "--user" "0:0" "--network" "none" "ghcr.io/rust-lang/crates-build-env/linux@sha256:2788e3201cd34a07e3172128adcd8b3090168a8e3bcc40d7c032b9dda1df7d1c" "/opt/rustwide/cargo-home/bin/cargo" "+beta-2023-12-22" "metadata" "--no-deps" "--format-version=1", kill_on_drop: false }`
[INFO] [stdout] d424444fe7552f814f2ad53281b97190dae6eb45c322c575fb81851c7312bc8a
[INFO] running `Command { std: "docker" "start" "-a" "d424444fe7552f814f2ad53281b97190dae6eb45c322c575fb81851c7312bc8a", kill_on_drop: false }`
[INFO] running `Command { std: "docker" "inspect" "d424444fe7552f814f2ad53281b97190dae6eb45c322c575fb81851c7312bc8a", kill_on_drop: false }`
[INFO] running `Command { std: "docker" "rm" "-f" "d424444fe7552f814f2ad53281b97190dae6eb45c322c575fb81851c7312bc8a", kill_on_drop: false }`
[INFO] [stdout] d424444fe7552f814f2ad53281b97190dae6eb45c322c575fb81851c7312bc8a
[INFO] running `Command { std: "docker" "create" "-v" "/var/lib/crater-agent-workspace/builds/worker-6-tc2/target:/opt/rustwide/target:rw,Z" "-v" "/var/lib/crater-agent-workspace/builds/worker-6-tc2/source:/opt/rustwide/workdir:ro,Z" "-v" "/var/lib/crater-agent-workspace/cargo-home:/opt/rustwide/cargo-home:ro,Z" "-v" "/var/lib/crater-agent-workspace/rustup-home:/opt/rustwide/rustup-home:ro,Z" "-e" "SOURCE_DIR=/opt/rustwide/workdir" "-e" "CARGO_TARGET_DIR=/opt/rustwide/target" "-e" "CARGO_INCREMENTAL=0" "-e" "RUST_BACKTRACE=full" "-e" "RUSTFLAGS=--cap-lints=warn" "-e" "RUSTDOCFLAGS=--cap-lints=warn" "-e" "CARGO_HOME=/opt/rustwide/cargo-home" "-e" "RUSTUP_HOME=/opt/rustwide/rustup-home" "-w" "/opt/rustwide/workdir" "-m" "1610612736" "--user" "0:0" "--network" "none" "ghcr.io/rust-lang/crates-build-env/linux@sha256:2788e3201cd34a07e3172128adcd8b3090168a8e3bcc40d7c032b9dda1df7d1c" "/opt/rustwide/cargo-home/bin/cargo" "+beta-2023-12-22" "doc" "--frozen" "--no-deps" "--document-private-items" "--message-format=json", kill_on_drop: false }`
[INFO] [stdout] 70c46d5622e96c1ed7ab9f392badccc5996bc40a6999b75f4c4abcf69d23fed7
[INFO] running `Command { std: "docker" "start" "-a" "70c46d5622e96c1ed7ab9f392badccc5996bc40a6999b75f4c4abcf69d23fed7", kill_on_drop: false }`
[INFO] [stderr]    Compiling autocfg v1.1.0
[INFO] [stderr]     Checking rawpointer v0.2.1
[INFO] [stderr]     Checking md5 v0.7.0
[INFO] [stderr]     Checking matrixmultiply v0.3.2
[INFO] [stderr]    Compiling num-traits v0.2.15
[INFO] [stderr]    Compiling num-integer v0.1.45
[INFO] [stderr]     Checking num-complex v0.4.2
[INFO] [stderr]     Checking ndarray v0.15.4
[INFO] [stderr]  Documenting aoc v0.1.0 (/opt/rustwide/workdir)
[INFO] [stderr]     Checking aoc v0.1.0 (/opt/rustwide/workdir)
[INFO] [stdout] error[E0554]: `#![feature]` may not be used on the beta release channel
[INFO] [stdout]  --> src/bin/2015_03.rs:2:1
[INFO] [stdout]   |
[INFO] [stdout] 2 | #![feature(const_mut_refs)]
[INFO] [stdout]   | ^^^^^^^^^^^^^^^^^^^^^^^^^^^
[INFO] [stdout] 
[INFO] [stdout] 
[INFO] [stdout] error[E0554]: `#![feature]` may not be used on the beta release channel
[INFO] [stdout]  --> src/bin/2015_05.rs:2:12
[INFO] [stdout]   |
[INFO] [stdout] 2 | #![feature(array_windows)]
[INFO] [stdout]   |            ^^^^^^^^^^^^^
[INFO] [stdout] 
[INFO] [stdout] 
[INFO] [stdout] error: aborting due to 1 previous error
[INFO] [stdout] 
[INFO] [stdout] 
[INFO] [stdout] For more information about this error, try `rustc --explain E0554`.
[INFO] [stdout] 
[INFO] [stderr] error: could not document `aoc`
[INFO] [stderr] 
[INFO] [stderr] Caused by:
[INFO] [stderr]   process didn't exit successfully: `/opt/rustwide/rustup-home/toolchains/beta-2023-12-22-x86_64-unknown-linux-gnu/bin/rustdoc --edition=2021 --crate-type bin --crate-name 2015_03 src/bin/2015_03.rs -o /opt/rustwide/target/doc --error-format=json --json=diagnostic-rendered-ansi,artifacts,future-incompat --document-private-items '-Arustdoc::private-intra-doc-links' -C metadata=79271425ffb76607 -L dependency=/opt/rustwide/target/debug/deps --extern aoc=/opt/rustwide/target/debug/deps/libaoc-fa825a688af3dec5.rmeta --extern md5=/opt/rustwide/target/debug/deps/libmd5-6c0b266a9f15fa74.rmeta --extern ndarray=/opt/rustwide/target/debug/deps/libndarray-2f30b62e06c43ed7.rmeta --cap-lints=warn --crate-version 0.1.0` (exit status: 1)
[INFO] [stderr] warning: build failed, waiting for other jobs to finish...
[INFO] [stdout] error[E0658]: `let` expressions in this position are unstable
[INFO] [stdout]   --> src/bin/2015_08.rs:44:32
[INFO] [stdout]    |
[INFO] [stdout] 44 |             if char == '\\' && let Some(next) = chars.next() && next == 'x' {
[INFO] [stdout]    |                                ^^^^^^^^^^^^^^^^^^^^^^^^^^^^^
[INFO] [stdout]    |
[INFO] [stdout]    = note: see issue #53667 <https://github.com/rust-lang/rust/issues/53667> for more information
[INFO] [stdout] 
[INFO] [stdout] 
[INFO] [stdout] error: aborting due to 1 previous error
[INFO] [stdout] 
[INFO] [stdout] 
[INFO] [stdout] For more information about this error, try `rustc --explain E0658`.
[INFO] [stdout] 
[INFO] [stderr] error: could not document `aoc`
[INFO] [stderr] 
[INFO] [stderr] Caused by:
[INFO] [stderr]   process didn't exit successfully: `/opt/rustwide/rustup-home/toolchains/beta-2023-12-22-x86_64-unknown-linux-gnu/bin/rustdoc --edition=2021 --crate-type bin --crate-name 2015_08 src/bin/2015_08.rs -o /opt/rustwide/target/doc --error-format=json --json=diagnostic-rendered-ansi,artifacts,future-incompat --document-private-items '-Arustdoc::private-intra-doc-links' -C metadata=853e15960a787214 -L dependency=/opt/rustwide/target/debug/deps --extern aoc=/opt/rustwide/target/debug/deps/libaoc-fa825a688af3dec5.rmeta --extern md5=/opt/rustwide/target/debug/deps/libmd5-6c0b266a9f15fa74.rmeta --extern ndarray=/opt/rustwide/target/debug/deps/libndarray-2f30b62e06c43ed7.rmeta --cap-lints=warn --crate-version 0.1.0` (exit status: 1)
[INFO] [stdout] error: aborting due to 1 previous error
[INFO] [stdout] 
[INFO] [stdout] 
[INFO] [stdout] For more information about this error, try `rustc --explain E0554`.
[INFO] [stdout] 
[INFO] [stderr] error: could not document `aoc`
[INFO] [stderr] 
[INFO] [stderr] Caused by:
[INFO] [stderr]   process didn't exit successfully: `/opt/rustwide/rustup-home/toolchains/beta-2023-12-22-x86_64-unknown-linux-gnu/bin/rustdoc --edition=2021 --crate-type bin --crate-name 2015_05 src/bin/2015_05.rs -o /opt/rustwide/target/doc --error-format=json --json=diagnostic-rendered-ansi,artifacts,future-incompat --document-private-items '-Arustdoc::private-intra-doc-links' -C metadata=4402379fc3a74154 -L dependency=/opt/rustwide/target/debug/deps --extern aoc=/opt/rustwide/target/debug/deps/libaoc-fa825a688af3dec5.rmeta --extern md5=/opt/rustwide/target/debug/deps/libmd5-6c0b266a9f15fa74.rmeta --extern ndarray=/opt/rustwide/target/debug/deps/libndarray-2f30b62e06c43ed7.rmeta --cap-lints=warn --crate-version 0.1.0` (exit status: 1)
[INFO] running `Command { std: "docker" "inspect" "70c46d5622e96c1ed7ab9f392badccc5996bc40a6999b75f4c4abcf69d23fed7", kill_on_drop: false }`
[INFO] running `Command { std: "docker" "rm" "-f" "70c46d5622e96c1ed7ab9f392badccc5996bc40a6999b75f4c4abcf69d23fed7", kill_on_drop: false }`
[INFO] [stdout] 70c46d5622e96c1ed7ab9f392badccc5996bc40a6999b75f4c4abcf69d23fed7
