[INFO] cloning repository https://github.com/CassiopeiaStar/amethyst-hidden-ui-bug
[INFO] running `Command { std: "git" "-c" "credential.helper=" "-c" "credential.helper=/workspace/cargo-home/bin/git-credential-null" "clone" "--bare" "https://github.com/CassiopeiaStar/amethyst-hidden-ui-bug" "/workspace/cache/git-repos/https%3A%2F%2Fgithub.com%2FCassiopeiaStar%2Famethyst-hidden-ui-bug", kill_on_drop: false }`
[INFO] [stderr] Cloning into bare repository '/workspace/cache/git-repos/https%3A%2F%2Fgithub.com%2FCassiopeiaStar%2Famethyst-hidden-ui-bug'...
[INFO] running `Command { std: "git" "rev-parse" "HEAD", kill_on_drop: false }`
[INFO] [stdout] ba19cdefeab89df0d0db97ee459e936a44313fd1
[INFO] documenting CassiopeiaStar/amethyst-hidden-ui-bug against 1.75.0 for beta-1.76-rustdoc-1
[INFO] running `Command { std: "git" "clone" "/workspace/cache/git-repos/https%3A%2F%2Fgithub.com%2FCassiopeiaStar%2Famethyst-hidden-ui-bug" "/workspace/builds/worker-3-tc1/source", kill_on_drop: false }`
[INFO] [stderr] Cloning into '/workspace/builds/worker-3-tc1/source'...
[INFO] [stderr] done.
[INFO] validating manifest of git repo https://github.com/CassiopeiaStar/amethyst-hidden-ui-bug on toolchain 1.75.0
[INFO] running `Command { std: CARGO_HOME="/workspace/cargo-home" RUSTUP_HOME="/workspace/rustup-home" "/workspace/cargo-home/bin/cargo" "+1.75.0" "metadata" "--manifest-path" "Cargo.toml" "--no-deps", kill_on_drop: false }`
[INFO] started tweaking git repo https://github.com/CassiopeiaStar/amethyst-hidden-ui-bug
[INFO] finished tweaking git repo https://github.com/CassiopeiaStar/amethyst-hidden-ui-bug
[INFO] tweaked toml for git repo https://github.com/CassiopeiaStar/amethyst-hidden-ui-bug written to /workspace/builds/worker-3-tc1/source/Cargo.toml
[INFO] crate git repo https://github.com/CassiopeiaStar/amethyst-hidden-ui-bug already has a lockfile, it will not be regenerated
[INFO] running `Command { std: CARGO_HOME="/workspace/cargo-home" RUSTUP_HOME="/workspace/rustup-home" "/workspace/cargo-home/bin/cargo" "+1.75.0" "fetch" "--manifest-path" "Cargo.toml", kill_on_drop: false }`
[INFO] [stderr]     Updating git repository `https://github.com/amethyst/amethyst.git`
[INFO] [stderr]     Updating crates.io index
[INFO] [stderr]     Updating git repository `https://github.com/amethyst/prefab`
[INFO] [stderr]     Updating git repository `https://github.com/amethyst/rendy`
[INFO] [stderr]     Blocking waiting for file lock on package cache
[INFO] [stderr]  Downloading crates ...
[INFO] [stderr]   Downloaded palette v0.4.1
[INFO] [stderr]   Downloaded legion_codegen v0.3.0
[INFO] [stderr]   Downloaded rustc_version_runtime v0.2.0
[INFO] [stderr]   Downloaded path-slash v0.1.4
[INFO] [stderr]   Downloaded spin_sleep v1.0.0
[INFO] [stderr]   Downloaded minimp3 v0.3.5
[INFO] [stderr]   Downloaded rustversion v1.0.5
[INFO] [stderr]   Downloaded glyph_brush v0.6.3
[INFO] [stderr]   Downloaded relevant v0.4.2
[INFO] [stderr]   Downloaded thread_profiler v0.3.0
[INFO] [stderr]   Downloaded game_clock v1.1.1
[INFO] [stderr]   Downloaded glsl-layout-derive v0.4.0
[INFO] [stderr]   Downloaded getset v0.1.1
[INFO] [stderr]   Downloaded serde-diff-derive v0.4.0
[INFO] [stderr]   Downloaded font-kit v0.10.0
[INFO] [stderr]   Downloaded hibitset v0.6.3
[INFO] [stderr]   Downloaded pathfinder_simd v0.5.0
[INFO] [stderr]   Downloaded capnp v0.14.2
[INFO] [stderr]   Downloaded legion v0.3.1
[INFO] [stderr]   Downloaded nalgebra v0.24.1
[INFO] [stderr]   Downloaded lexical-core v0.4.8
[INFO] [stderr]   Downloaded lexical v2.2.4
[INFO] [stderr]   Downloaded cpal v0.11.0
[INFO] [stderr]   Downloaded rodio v0.11.0
[INFO] [stderr]   Downloaded erased-serde v0.3.15
[INFO] [stderr]   Downloaded glyph_brush_layout v0.1.9
[INFO] [stderr]   Downloaded cgmath v0.16.1
[INFO] [stderr]   Downloaded mio-misc v1.0.1
[INFO] [stderr]   Downloaded err-derive v0.3.0
[INFO] [stderr]   Downloaded capnp-futures v0.14.1
[INFO] [stderr]   Downloaded smithay-clipboard v0.6.3
[INFO] [stderr]   Downloaded genmesh v0.6.2
[INFO] [stderr]   Downloaded dunce v1.0.1
[INFO] [stderr]   Downloaded minterpolate v0.4.0
[INFO] [stderr]   Downloaded copypasta v0.7.1
[INFO] [stderr]   Downloaded x11-clipboard v0.5.2
[INFO] [stderr]   Downloaded serde-diff v0.4.1
[INFO] [stderr]   Downloaded palette_derive v0.4.1
[INFO] [stderr]   Downloaded glsl-layout v0.4.0
[INFO] [stderr]   Downloaded wavefront_obj v9.0.0
[INFO] running `Command { std: "docker" "create" "-v" "/var/lib/crater-agent-workspace/builds/worker-3-tc1/target:/opt/rustwide/target:rw,Z" "-v" "/var/lib/crater-agent-workspace/builds/worker-3-tc1/source:/opt/rustwide/workdir:ro,Z" "-v" "/var/lib/crater-agent-workspace/cargo-home:/opt/rustwide/cargo-home:ro,Z" "-v" "/var/lib/crater-agent-workspace/rustup-home:/opt/rustwide/rustup-home:ro,Z" "-e" "SOURCE_DIR=/opt/rustwide/workdir" "-e" "CARGO_TARGET_DIR=/opt/rustwide/target" "-e" "CARGO_HOME=/opt/rustwide/cargo-home" "-e" "RUSTUP_HOME=/opt/rustwide/rustup-home" "-w" "/opt/rustwide/workdir" "-m" "1610612736" "--user" "0:0" "--network" "none" "ghcr.io/rust-lang/crates-build-env/linux@sha256:2788e3201cd34a07e3172128adcd8b3090168a8e3bcc40d7c032b9dda1df7d1c" "/opt/rustwide/cargo-home/bin/cargo" "+1.75.0" "metadata" "--no-deps" "--format-version=1", kill_on_drop: false }`
[INFO] [stdout] 5f95ef06a8627b1e8957142bfa2f88c580ae80a311bf958cc683861e53532c1d
[INFO] running `Command { std: "docker" "start" "-a" "5f95ef06a8627b1e8957142bfa2f88c580ae80a311bf958cc683861e53532c1d", kill_on_drop: false }`
[INFO] running `Command { std: "docker" "inspect" "5f95ef06a8627b1e8957142bfa2f88c580ae80a311bf958cc683861e53532c1d", kill_on_drop: false }`
[INFO] running `Command { std: "docker" "rm" "-f" "5f95ef06a8627b1e8957142bfa2f88c580ae80a311bf958cc683861e53532c1d", kill_on_drop: false }`
[INFO] [stdout] 5f95ef06a8627b1e8957142bfa2f88c580ae80a311bf958cc683861e53532c1d
[INFO] running `Command { std: "docker" "create" "-v" "/var/lib/crater-agent-workspace/builds/worker-3-tc1/target:/opt/rustwide/target:rw,Z" "-v" "/var/lib/crater-agent-workspace/builds/worker-3-tc1/source:/opt/rustwide/workdir:ro,Z" "-v" "/var/lib/crater-agent-workspace/cargo-home:/opt/rustwide/cargo-home:ro,Z" "-v" "/var/lib/crater-agent-workspace/rustup-home:/opt/rustwide/rustup-home:ro,Z" "-e" "SOURCE_DIR=/opt/rustwide/workdir" "-e" "CARGO_TARGET_DIR=/opt/rustwide/target" "-e" "CARGO_INCREMENTAL=0" "-e" "RUST_BACKTRACE=full" "-e" "RUSTFLAGS=--cap-lints=warn" "-e" "RUSTDOCFLAGS=--cap-lints=warn" "-e" "CARGO_HOME=/opt/rustwide/cargo-home" "-e" "RUSTUP_HOME=/opt/rustwide/rustup-home" "-w" "/opt/rustwide/workdir" "-m" "1610612736" "--user" "0:0" "--network" "none" "ghcr.io/rust-lang/crates-build-env/linux@sha256:2788e3201cd34a07e3172128adcd8b3090168a8e3bcc40d7c032b9dda1df7d1c" "/opt/rustwide/cargo-home/bin/cargo" "+1.75.0" "doc" "--frozen" "--no-deps" "--document-private-items" "--message-format=json", kill_on_drop: false }`
[INFO] [stdout] 32d0d3775cb4fef0fcd9e49c08b3b6e5ef5a189ef513c2774deac224cd3e033a
[INFO] running `Command { std: "docker" "start" "-a" "32d0d3775cb4fef0fcd9e49c08b3b6e5ef5a189ef513c2774deac224cd3e033a", kill_on_drop: false }`
[INFO] [stderr]    Compiling libc v0.2.95
[INFO] [stderr]    Compiling proc-macro2 v1.0.27
[INFO] [stderr]    Compiling syn v1.0.72
[INFO] [stderr]    Compiling serde_derive v1.0.126
[INFO] [stderr]    Compiling libm v0.2.1
[INFO] [stderr]    Compiling num-traits v0.2.14
[INFO] [stderr]    Compiling cc v1.0.68
[INFO] [stderr]    Compiling log v0.4.14
[INFO] [stderr]     Checking scopeguard v1.1.0
[INFO] [stderr]    Compiling crossbeam-utils v0.8.4
[INFO] [stderr]    Compiling num-integer v0.1.44
[INFO] [stderr]    Compiling memoffset v0.6.4
[INFO] [stderr]    Compiling miniz_oxide v0.4.4
[INFO] [stderr]     Checking instant v0.1.9
[INFO] [stderr]    Compiling quote v1.0.9
[INFO] [stderr]     Checking lock_api v0.4.4
[INFO] [stderr]    Compiling backtrace v0.3.59
[INFO] [stderr]     Checking libloading v0.6.7
[INFO] [stderr]     Checking crossbeam-channel v0.5.1
[INFO] [stderr]     Checking crossbeam-epoch v0.9.4
[INFO] [stderr]     Checking gimli v0.24.0
[INFO] [stderr]     Checking object v0.24.0
[INFO] [stderr]    Compiling rayon-core v1.9.1
[INFO] [stderr]     Checking num_cpus v1.13.0
[INFO] [stderr]     Checking rustc-demangle v0.1.19
[INFO] [stderr]     Checking crossbeam-deque v0.8.0
[INFO] [stderr]     Checking raw-window-handle v0.3.3
[INFO] [stderr]    Compiling rayon v1.5.1
[INFO] [stderr]     Checking getrandom v0.2.3
[INFO] [stderr]    Compiling maybe-uninit v2.0.0
[INFO] [stderr]    Compiling futures-core v0.3.15
[INFO] [stderr]    Compiling serde_json v1.0.64
[INFO] [stderr]     Checking once_cell v1.7.2
[INFO] [stderr]     Checking itoa v0.4.7
[INFO] [stderr]    Compiling x11 v2.18.2
[INFO] [stderr]    Compiling crossbeam-utils v0.7.2
[INFO] [stderr]    Compiling autocfg v0.1.7
[INFO] [stderr]    Compiling rand_core v0.4.2
[INFO] [stderr]    Compiling xml-rs v0.8.3
[INFO] [stderr]     Checking time v0.1.43
[INFO] [stderr]     Checking addr2line v0.15.1
[INFO] [stderr]     Checking ash v0.31.0
[INFO] [stderr]    Compiling wayland-scanner v0.28.5
[INFO] [stderr]     Checking arrayvec v0.5.2
[INFO] [stderr]    Compiling erased-serde v0.3.15
[INFO] [stderr]    Compiling wayland-sys v0.28.5
[INFO] [stderr]    Compiling futures-macro v0.3.15
[INFO] [stderr]     Checking libloading v0.7.0
[INFO] [stderr]    Compiling futures-channel v0.3.15
[INFO] [stderr]     Checking futures-sink v0.3.15
[INFO] [stderr]    Compiling futures-task v0.3.15
[INFO] [stderr]    Compiling ident_case v1.0.1
[INFO] [stderr]    Compiling inventory v0.1.10
[INFO] [stderr]    Compiling strsim v0.9.3
[INFO] [stderr]     Checking pin-project-lite v0.2.6
[INFO] [stderr]     Checking dlib v0.5.0
[INFO] [stderr]     Checking getrandom v0.1.16
[INFO] [stderr]    Compiling rand_core v0.3.1
[INFO] [stderr]    Compiling futures-util v0.3.15
[INFO] [stderr]    Compiling proc-macro2 v0.4.30
[INFO] [stderr]     Checking atom v0.3.6
[INFO] [stderr]     Checking futures-io v0.3.15
[INFO] [stderr]     Checking hibitset v0.6.3
[INFO] [stderr]     Checking rand_core v0.5.1
[INFO] [stderr]    Compiling wayland-client v0.28.5
[INFO] [stderr]    Compiling proc-macro-error-attr v1.0.4
[INFO] [stderr]     Checking nix v0.20.0
[INFO] [stderr]    Compiling nom v6.1.2
[INFO] [stderr]    Compiling num-rational v0.3.2
[INFO] [stderr]    Compiling darling_core v0.10.2
[INFO] [stderr]     Checking colorful v0.2.1
[INFO] [stderr]    Compiling proc-macro-error v1.0.4
[INFO] [stderr]     Checking rand_chacha v0.2.2
[INFO] [stderr]    Compiling rand_pcg v0.1.2
[INFO] [stderr]    Compiling rand_chacha v0.1.1
[INFO] [stderr]    Compiling num-iter v0.1.42
[INFO] [stderr]    Compiling nix v0.18.0
[INFO] [stderr]     Checking scoped-tls v1.0.0
[INFO] [stderr]     Checking ttf-parser v0.6.2
[INFO] [stderr]    Compiling paste v1.0.5
[INFO] [stderr]    Compiling quote v0.6.13
[INFO] [stderr]     Checking rand v0.7.3
[INFO] [stderr]     Checking owned_ttf_parser v0.6.0
[INFO] [stderr]    Compiling wayland-protocols v0.28.5
[INFO] [stderr]    Compiling rand v0.6.5
[INFO] [stderr]    Compiling cmake v0.1.45
[INFO] [stderr]     Checking ab_glyph_rasterizer v0.1.4
[INFO] [stderr]     Checking rusttype v0.9.2
[INFO] [stderr]    Compiling rand_hc v0.1.0
[INFO] [stderr]    Compiling rand_xorshift v0.1.1
[INFO] [stderr]    Compiling rand_isaac v0.1.1
[INFO] [stderr]     Checking crossbeam-channel v0.4.4
[INFO] [stderr]    Compiling rand_os v0.1.3
[INFO] [stderr]    Compiling rand_jitter v0.1.4
[INFO] [stderr]     Checking atty v0.2.14
[INFO] [stderr]     Checking crossbeam-queue v0.3.1
[INFO] [stderr]     Checking approx v0.4.0
[INFO] [stderr]     Checking xcursor v0.3.3
[INFO] [stderr]     Checking itertools v0.9.0
[INFO] [stderr]    Compiling tokio v1.6.0
[INFO] [stderr]     Checking path-slash v0.1.4
[INFO] [stderr]     Checking path-clean v0.1.0
[INFO] [stderr]    Compiling thiserror-impl v1.0.25
[INFO] [stderr]    Compiling inventory-impl v0.1.10
[INFO] [stderr]    Compiling ghost v0.1.2
[INFO] [stderr]    Compiling ctor v0.1.20
[INFO] [stderr]    Compiling darling_macro v0.10.2
[INFO] [stderr]     Checking thiserror v1.0.25
[INFO] [stderr]    Compiling legion_codegen v0.3.0
[INFO] [stderr]    Compiling derivative v2.2.0
[INFO] [stderr]     Checking capnp v0.14.2
[INFO] [stderr]    Compiling darling v0.10.2
[INFO] [stderr]     Checking dunce v1.0.1
[INFO] [stderr]    Compiling siphasher v0.2.3
[INFO] [stderr]    Compiling serde-diff-derive v0.4.0
[INFO] [stderr]    Compiling phf_shared v0.7.24
[INFO] [stderr]     Checking andrew v0.3.1
[INFO] [stderr]    Compiling tokio-macros v1.2.0
[INFO] [stderr]     Checking colored v1.9.3
[INFO] [stderr]     Checking jpeg-decoder v0.1.22
[INFO] [stderr]     Checking net2 v0.2.37
[INFO] [stderr]     Checking iovec v0.1.4
[INFO] [stderr]     Checking memmap2 v0.1.0
[INFO] [stderr]     Checking dlib v0.4.2
[INFO] [stderr]    Compiling distill-downstream-lmdb-sys v0.8.0-windows-fix
[INFO] [stderr]    Compiling rustversion v1.0.5
[INFO] [stderr]    Compiling syn v0.15.44
[INFO] [stderr]    Compiling arrayvec v0.4.12
[INFO] [stderr]    Compiling phf_generator v0.7.24
[INFO] [stderr]     Checking encoding_rs_io v0.1.7
[INFO] [stderr]    Compiling typetag-impl v0.1.7
[INFO] [stderr]    Compiling getset v0.1.1
[INFO] [stderr]    Compiling derive-new v0.5.9
[INFO] [stderr]     Checking amethyst_error v0.15.3 (https://github.com/amethyst/amethyst.git#c132d1a4)
[INFO] [stderr]    Compiling lexical-core v0.4.8
[INFO] [stderr]     Checking futures-executor v0.3.15
[INFO] [stderr]     Checking futures v0.3.15
[INFO] [stderr]     Checking capnp-futures v0.14.1
[INFO] [stderr]     Checking inotify-sys v0.1.5
[INFO] [stderr]    Compiling x11-dl v2.18.5
[INFO] [stderr]     Checking cache-padded v1.1.1
[INFO] [stderr]     Checking game_clock v1.1.1
[INFO] [stderr]     Checking event-listener v2.5.1
[INFO] [stderr]    Compiling num-derive v0.2.5
[INFO] [stderr]     Checking nodrop v0.1.14
[INFO] [stderr]     Checking spin_sleep v1.0.0
[INFO] [stderr]     Checking shrev v1.1.1
[INFO] [stderr]     Checking lazycell v1.3.0
[INFO] [stderr]     Checking concurrent-queue v1.2.2
[INFO] [stderr]     Checking capnp-rpc v0.14.1
[INFO] [stderr]     Checking inotify v0.7.1
[INFO] [stderr]    Compiling phf_codegen v0.7.24
[INFO] [stderr]     Checking serde v1.0.126
[INFO] [stderr]    Compiling pin-project-internal v1.0.7
[INFO] [stderr]    Compiling distill-serde-importable-derive v0.0.3
[INFO] [stderr]     Checking crossbeam v0.8.0
[INFO] [stderr]    Compiling freetype-sys v0.13.1
[INFO] [stderr]     Checking thread_local v1.1.3
[INFO] [stderr]    Compiling lexical v2.2.4
[INFO] [stderr]     Checking dashmap v4.0.2
[INFO] [stderr]     Checking memmap v0.7.0
[INFO] [stderr]     Checking filetime v0.2.14
[INFO] [stderr]    Compiling num-rational v0.2.4
[INFO] [stderr]    Compiling memoffset v0.5.6
[INFO] [stderr]    Compiling unicode-segmentation v1.7.1
[INFO] [stderr]     Checking static_assertions v0.3.4
[INFO] [stderr]     Checking weezl v0.1.5
[INFO] [stderr]    Compiling winit v0.25.0
[INFO] [stderr]     Checking approx v0.1.1
[INFO] [stderr]    Compiling heck v0.3.2
[INFO] [stderr]     Checking pin-project v1.0.7
[INFO] [stderr]     Checking distill-downstream-lmdb-rkv v0.11.0-windows-fix
[INFO] [stderr]    Compiling err-derive v0.3.0
[INFO] [stderr]    Compiling palette v0.4.1
[INFO] [stderr]     Checking smallvec v1.6.1
[INFO] [stderr]     Checking gfx-hal v0.5.3
[INFO] [stderr]     Checking parking_lot_core v0.8.3
[INFO] [stderr]     Checking parking_lot v0.11.1
[INFO] [stderr]    Compiling uuid v0.8.2
[INFO] [stderr]    Compiling type-uuid-derive v0.1.2
[INFO] [stderr]     Checking relevant v0.4.2
[INFO] [stderr]     Checking mio v0.7.11
[INFO] [stderr]     Checking ron v0.6.4
[INFO] [stderr]     Checking wayland-commons v0.28.5
[INFO] [stderr]     Checking num-complex v0.3.1
[INFO] [stderr]     Checking thread_profiler v0.3.0
[INFO] [stderr]     Checking type-uuid v0.1.2
[INFO] [stderr]     Checking serde-diff v0.4.1
[INFO] [stderr]     Checking distill-core v0.0.3
[INFO] [stderr]     Checking legion v0.3.1
[INFO] [stderr]     Checking simba v0.3.1
[INFO] [stderr]     Checking calloop v0.6.5
[INFO] [stderr]     Checking fern v0.6.0
[INFO] [stderr]     Checking mio v0.6.23
[INFO] [stderr]     Checking wayland-cursor v0.28.5
[INFO] [stderr]     Checking prefab-format v0.1.0 (https://github.com/amethyst/prefab?rev=7c30249f106e6177549e223ca2823eec8ab6c70b#7c30249f)
[INFO] [stderr]     Checking distill-schema v0.0.3
[INFO] [stderr]     Checking mio-extras v2.0.6
[INFO] [stderr]     Checking typetag v0.1.7
[INFO] [stderr]     Checking notify v4.0.17
[INFO] [stderr]     Checking mio-misc v1.0.1
[INFO] [stderr]     Checking distill-importer v0.0.3
[INFO] [stderr]     Checking bincode v1.3.3
[INFO] [stderr]     Checking async-channel v1.6.1
[INFO] [stderr]     Checking async-lock v2.4.0
[INFO] [stderr]    Compiling expat-sys v2.1.6
[INFO] [stderr]    Compiling syn v0.14.9
[INFO] [stderr]     Checking inflate v0.4.5
[INFO] [stderr]     Checking deflate v0.7.20
[INFO] [stderr]    Compiling alsa-sys v0.1.2
[INFO] [stderr]     Checking legion-prefab v0.1.0 (https://github.com/amethyst/prefab?rev=7c30249f106e6177549e223ca2823eec8ab6c70b#7c30249f)
[INFO] [stderr]    Compiling crossbeam-epoch v0.8.2
[INFO] [stderr]     Checking png v0.15.3
[INFO] [stderr]     Checking png v0.16.8
[INFO] [stderr]     Checking tokio-util v0.6.7
[INFO] [stderr]     Checking amethyst_config v0.15.3 (https://github.com/amethyst/amethyst.git#c132d1a4)
[INFO] [stderr]     Checking tiff v0.3.1
[INFO] [stderr]     Checking distill-loader v0.0.3
[INFO] [stderr]    Compiling structopt-derive v0.4.14
[INFO] [stderr]     Checking clap v2.33.3
[INFO] [stderr]     Checking phf v0.7.24
[INFO] [stderr]     Checking gif v0.11.2
[INFO] [stderr]     Checking distill-daemon v0.0.3
[INFO] [stderr]     Checking tiff v0.6.1
[INFO] [stderr]     Checking gif v0.10.3
[INFO] [stderr]     Checking gfx-backend-vulkan v0.5.11
[INFO] [stderr]     Checking rendy-descriptor v0.5.1 (https://github.com/amethyst/rendy?rev=50667887612adc9314accea77438aa7fb925bce0#50667887)
[INFO] [stderr]     Checking rendy-memory v0.5.3 (https://github.com/amethyst/rendy?rev=50667887612adc9314accea77438aa7fb925bce0#50667887)
[INFO] [stderr]    Compiling palette_derive v0.4.1
[INFO] [stderr]    Compiling synstructure v0.12.4
[INFO] [stderr]    Compiling minimp3-sys v0.3.2
[INFO] [stderr]    Compiling cgmath v0.16.1
[INFO] [stderr]     Checking nalgebra v0.24.1
[INFO] [stderr]     Checking rendy-core v0.5.1 (https://github.com/amethyst/rendy?rev=50667887612adc9314accea77438aa7fb925bce0#50667887)
[INFO] [stderr]    Compiling ucd-trie v0.1.3
[INFO] [stderr]     Checking bytemuck v1.5.1
[INFO] [stderr]     Checking mint v0.5.6
[INFO] [stderr]     Checking image v0.23.14
[INFO] [stderr]    Compiling pest v2.1.3
[INFO] [stderr]    Compiling gltf-derive v0.16.0
[INFO] [stderr]     Checking tinyvec v1.2.0
[INFO] [stderr]     Checking rendy-resource v0.5.1 (https://github.com/amethyst/rendy?rev=50667887612adc9314accea77438aa7fb925bce0#50667887)
[INFO] [stderr]     Checking rendy-command v0.5.1 (https://github.com/amethyst/rendy?rev=50667887612adc9314accea77438aa7fb925bce0#50667887)
[INFO] [stderr]     Checking rendy-chain v0.5.1 (https://github.com/amethyst/rendy?rev=50667887612adc9314accea77438aa7fb925bce0#50667887)
[INFO] [stderr]     Checking rendy-wsi v0.5.1 (https://github.com/amethyst/rendy?rev=50667887612adc9314accea77438aa7fb925bce0#50667887)
[INFO] [stderr]     Checking rendy-factory v0.5.1 (https://github.com/amethyst/rendy?rev=50667887612adc9314accea77438aa7fb925bce0#50667887)
[INFO] [stderr]     Checking structopt v0.3.21
[INFO] [stderr]     Checking distill v0.0.3
[INFO] [stderr]     Checking image v0.22.5
[INFO] [stderr]     Checking rendy-shader v0.5.1 (https://github.com/amethyst/rendy?rev=50667887612adc9314accea77438aa7fb925bce0#50667887)
[INFO] [stderr]     Checking rendy-frame v0.5.1 (https://github.com/amethyst/rendy?rev=50667887612adc9314accea77438aa7fb925bce0#50667887)
[INFO] [stderr]     Checking wavefront_obj v9.0.0
[INFO] [stderr]     Checking serde_bytes v0.11.5
[INFO] [stderr]    Compiling pathfinder_simd v0.5.0
[INFO] [stderr]     Checking rand v0.4.6
[INFO] [stderr]    Compiling xcb v0.9.0
[INFO] [stderr]     Checking num-traits v0.1.43
[INFO] [stderr]     Checking approx v0.3.2
[INFO] [stderr]    Compiling servo-fontconfig-sys v5.1.0
[INFO] [stderr]    Compiling num-bigint v0.4.0
[INFO] [stderr]    Compiling indexmap v1.6.2
[INFO] [stderr]     Checking static_assertions v1.1.0
[INFO] [stderr]     Checking dyn-clone v1.0.4
[INFO] [stderr]    Compiling cpal v0.11.0
[INFO] [stderr]    Compiling chrono v0.4.19
[INFO] [stderr]     Checking rendy-mesh v0.5.1 (https://github.com/amethyst/rendy?rev=50667887612adc9314accea77438aa7fb925bce0#50667887)
[INFO] [stderr]     Checking rendy-graph v0.5.1 (https://github.com/amethyst/rendy?rev=50667887612adc9314accea77438aa7fb925bce0#50667887)
[INFO] [stderr]     Checking rendy-texture v0.5.1 (https://github.com/amethyst/rendy?rev=50667887612adc9314accea77438aa7fb925bce0#50667887)
[INFO] [stderr]     Checking crossbeam-deque v0.7.3
[INFO] [stderr]     Checking rendy-init v0.5.1 (https://github.com/amethyst/rendy?rev=50667887612adc9314accea77438aa7fb925bce0#50667887)
[INFO] [stderr]     Checking gltf-json v0.16.0
[INFO] [stderr]    Compiling semver-parser v0.10.2
[INFO] [stderr]    Compiling glsl-layout-derive v0.4.0
[INFO] [stderr]     Checking slice-deque v0.3.0
[INFO] [stderr]     Checking ordered-float v1.1.1
[INFO] [stderr]     Checking stb_truetype v0.3.1
[INFO] [stderr]    Compiling num-rational v0.4.0
[INFO] [stderr]     Checking linked-hash-map v0.5.4
[INFO] [stderr]     Checking hashbrown v0.9.1
[INFO] [stderr]     Checking rusttype v0.8.3
[INFO] [stderr]     Checking lewton v0.10.2
[INFO] [stderr]     Checking glsl-layout v0.4.0
[INFO] [stderr]     Checking minimp3 v0.3.5
[INFO] [stderr]    Compiling semver v0.11.0
[INFO] [stderr]     Checking genmesh v0.6.2
[INFO] [stderr]    Compiling vergen v3.2.0
[INFO] [stderr]     Checking rendy v0.5.1 (https://github.com/amethyst/rendy?rev=50667887612adc9314accea77438aa7fb925bce0#50667887)
[INFO] [stderr]     Checking rand_core v0.6.2
[INFO] [stderr]     Checking dirs-sys v0.3.6
[INFO] [stderr]    Compiling num-complex v0.2.4
[INFO] [stderr]     Checking xi-unicode v0.2.1
[INFO] [stderr]     Checking claxon v0.4.3
[INFO] [stderr]     Checking hound v3.4.0
[INFO] [stderr]     Checking pathfinder_geometry v0.5.1
[INFO] [stdout] error[E0308]: mismatched types
[INFO] [stdout]   --> /opt/rustwide/cargo-home/registry/src/index.crates.io-6f17d22bba15001f/num-bigint-0.4.0/src/biguint/convert.rs:70:19
[INFO] [stdout]    |
[INFO] [stdout] 70 |         .div_ceil(&big_digit::BITS.into())
[INFO] [stdout]    |          -------- ^^^^^^^^^^^^^^^^^^^^^^^ expected `u64`, found `&_`
[INFO] [stdout]    |          |
[INFO] [stdout]    |          arguments to this method are incorrect
[INFO] [stdout]    |
[INFO] [stdout]    = note:   expected type `u64`
[INFO] [stdout]            found reference `&_`
[INFO] [stdout] note: method defined here
[INFO] [stdout]   --> /rustc/82e1608dfa6e0b5569232559e3d385fea5a93112/library/core/src/num/mod.rs:1169:5
[INFO] [stdout]    = note: this error originates in the macro `uint_impl` (in Nightly builds, run with -Z macro-backtrace for more info)
[INFO] [stdout] help: consider removing the borrow
[INFO] [stdout]    |
[INFO] [stdout] 70 -         .div_ceil(&big_digit::BITS.into())
[INFO] [stdout] 70 +         .div_ceil(big_digit::BITS.into())
[INFO] [stdout]    |
[INFO] [stdout] 
[INFO] [stdout] 
[INFO] [stdout] error[E0308]: mismatched types
[INFO] [stdout]    --> /opt/rustwide/cargo-home/registry/src/index.crates.io-6f17d22bba15001f/num-bigint-0.4.0/src/biguint/convert.rs:585:19
[INFO] [stdout]     |
[INFO] [stdout] 585 |         .div_ceil(&u64::from(bits))
[INFO] [stdout]     |          -------- ^^^^^^^^^^^^^^^^ expected `u64`, found `&u64`
[INFO] [stdout]     |          |
[INFO] [stdout]     |          arguments to this method are incorrect
[INFO] [stdout]     |
[INFO] [stdout] note: method defined here
[INFO] [stdout]    --> /rustc/82e1608dfa6e0b5569232559e3d385fea5a93112/library/core/src/num/mod.rs:1169:5
[INFO] [stdout]     = note: this error originates in the macro `uint_impl` (in Nightly builds, run with -Z macro-backtrace for more info)
[INFO] [stdout] help: consider removing the borrow
[INFO] [stdout]     |
[INFO] [stdout] 585 -         .div_ceil(&u64::from(bits))
[INFO] [stdout] 585 +         .div_ceil(u64::from(bits))
[INFO] [stdout]     |
[INFO] [stdout] 
[INFO] [stdout] 
[INFO] [stdout] error[E0308]: mismatched types
[INFO] [stdout]    --> /opt/rustwide/cargo-home/registry/src/index.crates.io-6f17d22bba15001f/num-bigint-0.4.0/src/biguint/convert.rs:613:19
[INFO] [stdout]     |
[INFO] [stdout] 613 |         .div_ceil(&u64::from(bits))
[INFO] [stdout]     |          -------- ^^^^^^^^^^^^^^^^ expected `u64`, found `&u64`
[INFO] [stdout]     |          |
[INFO] [stdout]     |          arguments to this method are incorrect
[INFO] [stdout]     |
[INFO] [stdout] note: method defined here
[INFO] [stdout]    --> /rustc/82e1608dfa6e0b5569232559e3d385fea5a93112/library/core/src/num/mod.rs:1169:5
[INFO] [stdout]     = note: this error originates in the macro `uint_impl` (in Nightly builds, run with -Z macro-backtrace for more info)
[INFO] [stdout] help: consider removing the borrow
[INFO] [stdout]     |
[INFO] [stdout] 613 -         .div_ceil(&u64::from(bits))
[INFO] [stdout] 613 +         .div_ceil(u64::from(bits))
[INFO] [stdout]     |
[INFO] [stdout] 
[INFO] [stdout] 
[INFO] [stderr]     Checking rodio v0.11.0
[INFO] [stderr]     Checking glyph_brush_layout v0.1.9
[INFO] [stdout] error[E0308]: mismatched types
[INFO] [stdout]    --> /opt/rustwide/cargo-home/registry/src/index.crates.io-6f17d22bba15001f/num-bigint-0.4.0/src/biguint.rs:398:54
[INFO] [stdout]     |
[INFO] [stdout] 398 |                 let root_scale = extra_bits.div_ceil(&n64);
[INFO] [stdout]     |                                             -------- ^^^^ expected `u64`, found `&u64`
[INFO] [stdout]     |                                             |
[INFO] [stdout]     |                                             arguments to this method are incorrect
[INFO] [stdout]     |
[INFO] [stdout] note: method defined here
[INFO] [stdout]    --> /rustc/82e1608dfa6e0b5569232559e3d385fea5a93112/library/core/src/num/mod.rs:1169:5
[INFO] [stdout]     = note: this error originates in the macro `uint_impl` (in Nightly builds, run with -Z macro-backtrace for more info)
[INFO] [stdout] help: consider removing the borrow
[INFO] [stdout]     |
[INFO] [stdout] 398 -                 let root_scale = extra_bits.div_ceil(&n64);
[INFO] [stdout] 398 +                 let root_scale = extra_bits.div_ceil(n64);
[INFO] [stdout]     |
[INFO] [stdout] 
[INFO] [stdout] 
[INFO] [stderr]     Checking rand_chacha v0.3.0
[INFO] [stdout] error: aborting due to 4 previous errors
[INFO] [stdout] 
[INFO] [stdout] 
[INFO] [stdout] For more information about this error, try `rustc --explain E0308`.
[INFO] [stdout] 
[INFO] [stderr] error: could not compile `num-bigint` (lib) due to 5 previous errors
[INFO] [stderr] warning: build failed, waiting for other jobs to finish...
[INFO] running `Command { std: "docker" "inspect" "32d0d3775cb4fef0fcd9e49c08b3b6e5ef5a189ef513c2774deac224cd3e033a", kill_on_drop: false }`
[INFO] running `Command { std: "docker" "rm" "-f" "32d0d3775cb4fef0fcd9e49c08b3b6e5ef5a189ef513c2774deac224cd3e033a", kill_on_drop: false }`
[INFO] [stdout] 32d0d3775cb4fef0fcd9e49c08b3b6e5ef5a189ef513c2774deac224cd3e033a
[INFO] documenting CassiopeiaStar/amethyst-hidden-ui-bug against beta-2023-12-22 for beta-1.76-rustdoc-1
[INFO] running `Command { std: "git" "clone" "/workspace/cache/git-repos/https%3A%2F%2Fgithub.com%2FCassiopeiaStar%2Famethyst-hidden-ui-bug" "/workspace/builds/worker-3-tc2/source", kill_on_drop: false }`
[INFO] [stderr] Cloning into '/workspace/builds/worker-3-tc2/source'...
[INFO] [stderr] done.
[INFO] validating manifest of git repo https://github.com/CassiopeiaStar/amethyst-hidden-ui-bug on toolchain beta-2023-12-22
[INFO] running `Command { std: CARGO_HOME="/workspace/cargo-home" RUSTUP_HOME="/workspace/rustup-home" "/workspace/cargo-home/bin/cargo" "+beta-2023-12-22" "metadata" "--manifest-path" "Cargo.toml" "--no-deps", kill_on_drop: false }`
[INFO] started tweaking git repo https://github.com/CassiopeiaStar/amethyst-hidden-ui-bug
[INFO] finished tweaking git repo https://github.com/CassiopeiaStar/amethyst-hidden-ui-bug
[INFO] tweaked toml for git repo https://github.com/CassiopeiaStar/amethyst-hidden-ui-bug written to /workspace/builds/worker-3-tc2/source/Cargo.toml
[INFO] crate git repo https://github.com/CassiopeiaStar/amethyst-hidden-ui-bug already has a lockfile, it will not be regenerated
[INFO] running `Command { std: CARGO_HOME="/workspace/cargo-home" RUSTUP_HOME="/workspace/rustup-home" "/workspace/cargo-home/bin/cargo" "+beta-2023-12-22" "fetch" "--manifest-path" "Cargo.toml", kill_on_drop: false }`
[INFO] [stderr]     Blocking waiting for file lock on package cache
[INFO] running `Command { std: "docker" "create" "-v" "/var/lib/crater-agent-workspace/builds/worker-3-tc2/target:/opt/rustwide/target:rw,Z" "-v" "/var/lib/crater-agent-workspace/builds/worker-3-tc2/source:/opt/rustwide/workdir:ro,Z" "-v" "/var/lib/crater-agent-workspace/cargo-home:/opt/rustwide/cargo-home:ro,Z" "-v" "/var/lib/crater-agent-workspace/rustup-home:/opt/rustwide/rustup-home:ro,Z" "-e" "SOURCE_DIR=/opt/rustwide/workdir" "-e" "CARGO_TARGET_DIR=/opt/rustwide/target" "-e" "CARGO_HOME=/opt/rustwide/cargo-home" "-e" "RUSTUP_HOME=/opt/rustwide/rustup-home" "-w" "/opt/rustwide/workdir" "-m" "1610612736" "--user" "0:0" "--network" "none" "ghcr.io/rust-lang/crates-build-env/linux@sha256:2788e3201cd34a07e3172128adcd8b3090168a8e3bcc40d7c032b9dda1df7d1c" "/opt/rustwide/cargo-home/bin/cargo" "+beta-2023-12-22" "metadata" "--no-deps" "--format-version=1", kill_on_drop: false }`
[INFO] [stdout] 3810c6b92ede8d468010d0aad2f866b81b62afb1a0b9382d985d7fb4e49482a4
[INFO] running `Command { std: "docker" "start" "-a" "3810c6b92ede8d468010d0aad2f866b81b62afb1a0b9382d985d7fb4e49482a4", kill_on_drop: false }`
[INFO] running `Command { std: "docker" "inspect" "3810c6b92ede8d468010d0aad2f866b81b62afb1a0b9382d985d7fb4e49482a4", kill_on_drop: false }`
[INFO] running `Command { std: "docker" "rm" "-f" "3810c6b92ede8d468010d0aad2f866b81b62afb1a0b9382d985d7fb4e49482a4", kill_on_drop: false }`
[INFO] [stdout] 3810c6b92ede8d468010d0aad2f866b81b62afb1a0b9382d985d7fb4e49482a4
[INFO] running `Command { std: "docker" "create" "-v" "/var/lib/crater-agent-workspace/builds/worker-3-tc2/target:/opt/rustwide/target:rw,Z" "-v" "/var/lib/crater-agent-workspace/builds/worker-3-tc2/source:/opt/rustwide/workdir:ro,Z" "-v" "/var/lib/crater-agent-workspace/cargo-home:/opt/rustwide/cargo-home:ro,Z" "-v" "/var/lib/crater-agent-workspace/rustup-home:/opt/rustwide/rustup-home:ro,Z" "-e" "SOURCE_DIR=/opt/rustwide/workdir" "-e" "CARGO_TARGET_DIR=/opt/rustwide/target" "-e" "CARGO_INCREMENTAL=0" "-e" "RUST_BACKTRACE=full" "-e" "RUSTFLAGS=--cap-lints=warn" "-e" "RUSTDOCFLAGS=--cap-lints=warn" "-e" "CARGO_HOME=/opt/rustwide/cargo-home" "-e" "RUSTUP_HOME=/opt/rustwide/rustup-home" "-w" "/opt/rustwide/workdir" "-m" "1610612736" "--user" "0:0" "--network" "none" "ghcr.io/rust-lang/crates-build-env/linux@sha256:2788e3201cd34a07e3172128adcd8b3090168a8e3bcc40d7c032b9dda1df7d1c" "/opt/rustwide/cargo-home/bin/cargo" "+beta-2023-12-22" "doc" "--frozen" "--no-deps" "--document-private-items" "--message-format=json", kill_on_drop: false }`
[INFO] [stdout] 2ba86646932e745121b82aaf7fc14e20f4035a31ae13c0ff9dca989bbd94f89c
[INFO] running `Command { std: "docker" "start" "-a" "2ba86646932e745121b82aaf7fc14e20f4035a31ae13c0ff9dca989bbd94f89c", kill_on_drop: false }`
[INFO] [stderr]    Compiling libc v0.2.95
[INFO] [stderr]    Compiling proc-macro2 v1.0.27
[INFO] [stderr]    Compiling syn v1.0.72
[INFO] [stderr]    Compiling serde_derive v1.0.126
[INFO] [stderr]    Compiling libm v0.2.1
[INFO] [stderr]    Compiling num-traits v0.2.14
[INFO] [stderr]    Compiling cc v1.0.68
[INFO] [stderr]    Compiling log v0.4.14
[INFO] [stderr]     Checking scopeguard v1.1.0
[INFO] [stderr]    Compiling crossbeam-utils v0.8.4
[INFO] [stderr]    Compiling num-integer v0.1.44
[INFO] [stderr]    Compiling miniz_oxide v0.4.4
[INFO] [stderr]    Compiling memoffset v0.6.4
[INFO] [stderr]    Compiling quote v1.0.9
[INFO] [stderr]     Checking crossbeam-channel v0.5.1
[INFO] [stderr]     Checking crossbeam-epoch v0.9.4
[INFO] [stderr]     Checking instant v0.1.9
[INFO] [stderr]    Compiling backtrace v0.3.59
[INFO] [stderr]     Checking lock_api v0.4.4
[INFO] [stderr]     Checking libloading v0.6.7
[INFO] [stderr]     Checking gimli v0.24.0
[INFO] [stderr]     Checking crossbeam-deque v0.8.0
[INFO] [stderr]     Checking num_cpus v1.13.0
[INFO] [stderr]    Compiling rayon-core v1.9.1
[INFO] [stderr]     Checking rustc-demangle v0.1.19
[INFO] [stderr]     Checking object v0.24.0
[INFO] [stderr]     Checking raw-window-handle v0.3.3
[INFO] [stderr]    Compiling rayon v1.5.1
[INFO] [stderr]     Checking getrandom v0.2.3
[INFO] [stderr]    Compiling futures-core v0.3.15
[INFO] [stderr]    Compiling maybe-uninit v2.0.0
[INFO] [stderr]    Compiling serde_json v1.0.64
[INFO] [stderr]     Checking itoa v0.4.7
[INFO] [stderr]     Checking once_cell v1.7.2
[INFO] [stderr]    Compiling x11 v2.18.2
[INFO] [stderr]    Compiling crossbeam-utils v0.7.2
[INFO] [stderr]    Compiling rand_core v0.4.2
[INFO] [stderr]    Compiling autocfg v0.1.7
[INFO] [stderr]    Compiling xml-rs v0.8.3
[INFO] [stderr]     Checking ash v0.31.0
[INFO] [stderr]     Checking addr2line v0.15.1
[INFO] [stderr]    Compiling wayland-scanner v0.28.5
[INFO] [stderr]     Checking time v0.1.43
[INFO] [stderr]    Compiling erased-serde v0.3.15
[INFO] [stderr]     Checking arrayvec v0.5.2
[INFO] [stderr]    Compiling wayland-sys v0.28.5
[INFO] [stderr]    Compiling futures-macro v0.3.15
[INFO] [stderr]     Checking libloading v0.7.0
[INFO] [stderr]     Checking pin-project-lite v0.2.6
[INFO] [stderr]    Compiling inventory v0.1.10
[INFO] [stderr]    Compiling futures-task v0.3.15
[INFO] [stderr]    Compiling strsim v0.9.3
[INFO] [stderr]    Compiling futures-channel v0.3.15
[INFO] [stderr]    Compiling ident_case v1.0.1
[INFO] [stderr]     Checking futures-sink v0.3.15
[INFO] [stderr]     Checking dlib v0.5.0
[INFO] [stderr]     Checking getrandom v0.1.16
[INFO] [stderr]    Compiling rand_core v0.3.1
[INFO] [stderr]    Compiling futures-util v0.3.15
[INFO] [stderr]    Compiling proc-macro2 v0.4.30
[INFO] [stderr]     Checking futures-io v0.3.15
[INFO] [stderr]     Checking atom v0.3.6
[INFO] [stderr]     Checking rand_core v0.5.1
[INFO] [stderr]     Checking hibitset v0.6.3
[INFO] [stderr]    Compiling wayland-client v0.28.5
[INFO] [stderr]    Compiling proc-macro-error-attr v1.0.4
[INFO] [stderr]     Checking nix v0.20.0
[INFO] [stderr]    Compiling nom v6.1.2
[INFO] [stderr]    Compiling num-rational v0.3.2
[INFO] [stderr]     Checking colorful v0.2.1
[INFO] [stderr]    Compiling darling_core v0.10.2
[INFO] [stderr]    Compiling proc-macro-error v1.0.4
[INFO] [stderr]     Checking rand_chacha v0.2.2
[INFO] [stderr]    Compiling rand_pcg v0.1.2
[INFO] [stderr]    Compiling rand_chacha v0.1.1
[INFO] [stderr]    Compiling num-iter v0.1.42
[INFO] [stderr]    Compiling nix v0.18.0
[INFO] [stderr]     Checking ttf-parser v0.6.2
[INFO] [stderr]    Compiling paste v1.0.5
[INFO] [stderr]     Checking scoped-tls v1.0.0
[INFO] [stderr]     Checking rand v0.7.3
[INFO] [stderr]     Checking owned_ttf_parser v0.6.0
[INFO] [stderr]    Compiling quote v0.6.13
[INFO] [stderr]    Compiling wayland-protocols v0.28.5
[INFO] [stderr]    Compiling rand v0.6.5
[INFO] [stderr]    Compiling cmake v0.1.45
[INFO] [stderr]     Checking ab_glyph_rasterizer v0.1.4
[INFO] [stderr]     Checking rusttype v0.9.2
[INFO] [stderr]    Compiling rand_hc v0.1.0
[INFO] [stderr]    Compiling rand_isaac v0.1.1
[INFO] [stderr]    Compiling rand_xorshift v0.1.1
[INFO] [stderr]     Checking crossbeam-channel v0.4.4
[INFO] [stderr]    Compiling rand_os v0.1.3
[INFO] [stderr]    Compiling rand_jitter v0.1.4
[INFO] [stderr]     Checking atty v0.2.14
[INFO] [stderr]     Checking approx v0.4.0
[INFO] [stderr]     Checking crossbeam-queue v0.3.1
[INFO] [stderr]     Checking itertools v0.9.0
[INFO] [stderr]     Checking xcursor v0.3.3
[INFO] [stderr]    Compiling tokio v1.6.0
[INFO] [stderr]     Checking capnp v0.14.2
[INFO] [stderr]    Compiling thiserror-impl v1.0.25
[INFO] [stderr]    Compiling ctor v0.1.20
[INFO] [stderr]    Compiling ghost v0.1.2
[INFO] [stderr]    Compiling inventory-impl v0.1.10
[INFO] [stderr]    Compiling darling_macro v0.10.2
[INFO] [stderr]    Compiling derivative v2.2.0
[INFO] [stderr]     Checking path-clean v0.1.0
[INFO] [stderr]     Checking thiserror v1.0.25
[INFO] [stderr]     Checking dunce v1.0.1
[INFO] [stderr]    Compiling siphasher v0.2.3
[INFO] [stderr]    Compiling legion_codegen v0.3.0
[INFO] [stderr]     Checking path-slash v0.1.4
[INFO] [stderr]     Checking andrew v0.3.1
[INFO] [stderr]    Compiling phf_shared v0.7.24
[INFO] [stderr]    Compiling darling v0.10.2
[INFO] [stderr]    Compiling tokio-macros v1.2.0
[INFO] [stderr]    Compiling serde-diff-derive v0.4.0
[INFO] [stderr]     Checking colored v1.9.3
[INFO] [stderr]     Checking jpeg-decoder v0.1.22
[INFO] [stderr]     Checking dlib v0.4.2
[INFO] [stderr]     Checking net2 v0.2.37
[INFO] [stderr]     Checking iovec v0.1.4
[INFO] [stderr]     Checking memmap2 v0.1.0
[INFO] [stderr]    Compiling distill-downstream-lmdb-sys v0.8.0-windows-fix
[INFO] [stderr]    Compiling arrayvec v0.4.12
[INFO] [stderr]    Compiling rustversion v1.0.5
[INFO] [stderr]    Compiling syn v0.15.44
[INFO] [stderr]    Compiling phf_generator v0.7.24
[INFO] [stderr]     Checking encoding_rs_io v0.1.7
[INFO] [stderr]    Compiling derive-new v0.5.9
[INFO] [stderr]    Compiling typetag-impl v0.1.7
[INFO] [stderr]    Compiling getset v0.1.1
[INFO] [stderr]     Checking amethyst_error v0.15.3 (https://github.com/amethyst/amethyst.git#c132d1a4)
[INFO] [stderr]    Compiling lexical-core v0.4.8
[INFO] [stderr]     Checking inotify-sys v0.1.5
[INFO] [stderr]    Compiling x11-dl v2.18.5
[INFO] [stderr]     Checking shrev v1.1.1
[INFO] [stderr]     Checking lazycell v1.3.0
[INFO] [stderr]    Compiling num-derive v0.2.5
[INFO] [stderr]     Checking event-listener v2.5.1
[INFO] [stderr]     Checking game_clock v1.1.1
[INFO] [stderr]     Checking spin_sleep v1.0.0
[INFO] [stderr]     Checking futures-executor v0.3.15
[INFO] [stderr]     Checking cache-padded v1.1.1
[INFO] [stderr]     Checking nodrop v0.1.14
[INFO] [stderr]     Checking serde v1.0.126
[INFO] [stderr]     Checking futures v0.3.15
[INFO] [stderr]     Checking capnp-futures v0.14.1
[INFO] [stderr]     Checking concurrent-queue v1.2.2
[INFO] [stderr]     Checking inotify v0.7.1
[INFO] [stderr]     Checking capnp-rpc v0.14.1
[INFO] [stderr]    Compiling phf_codegen v0.7.24
[INFO] [stderr]    Compiling distill-serde-importable-derive v0.0.3
[INFO] [stderr]    Compiling pin-project-internal v1.0.7
[INFO] [stderr]     Checking crossbeam v0.8.0
[INFO] [stderr]    Compiling freetype-sys v0.13.1
[INFO] [stderr]     Checking thread_local v1.1.3
[INFO] [stderr]    Compiling lexical v2.2.4
[INFO] [stderr]     Checking dashmap v4.0.2
[INFO] [stderr]     Checking memmap v0.7.0
[INFO] [stderr]     Checking filetime v0.2.14
[INFO] [stderr]    Compiling num-rational v0.2.4
[INFO] [stderr]    Compiling memoffset v0.5.6
[INFO] [stderr]     Checking static_assertions v0.3.4
[INFO] [stderr]     Checking approx v0.1.1
[INFO] [stderr]     Checking weezl v0.1.5
[INFO] [stderr]    Compiling unicode-segmentation v1.7.1
[INFO] [stderr]    Compiling winit v0.25.0
[INFO] [stderr]    Compiling heck v0.3.2
[INFO] [stderr]     Checking distill-downstream-lmdb-rkv v0.11.0-windows-fix
[INFO] [stderr]    Compiling err-derive v0.3.0
[INFO] [stderr]     Checking smallvec v1.6.1
[INFO] [stderr]     Checking gfx-hal v0.5.3
[INFO] [stderr]     Checking uuid v0.8.2
[INFO] [stderr]     Checking parking_lot_core v0.8.3
[INFO] [stderr]     Checking relevant v0.4.2
[INFO] [stderr]     Checking mio v0.7.11
[INFO] [stderr]     Checking parking_lot v0.11.1
[INFO] [stderr]    Compiling type-uuid-derive v0.1.2
[INFO] [stderr]     Checking ron v0.6.4
[INFO] [stderr]     Checking wayland-commons v0.28.5
[INFO] [stderr]     Checking serde-diff v0.4.1
[INFO] [stderr]     Checking num-complex v0.3.1
[INFO] [stderr]     Checking thread_profiler v0.3.0
[INFO] [stderr]     Checking legion v0.3.1
[INFO] [stderr]     Checking calloop v0.6.5
[INFO] [stderr]     Checking simba v0.3.1
[INFO] [stderr]     Checking type-uuid v0.1.2
[INFO] [stderr]     Checking distill-core v0.0.3
[INFO] [stderr]     Checking prefab-format v0.1.0 (https://github.com/amethyst/prefab?rev=7c30249f106e6177549e223ca2823eec8ab6c70b#7c30249f)
[INFO] [stderr]     Checking mio v0.6.23
[INFO] [stderr]     Checking fern v0.6.0
[INFO] [stderr]     Checking wayland-cursor v0.28.5
[INFO] [stderr]     Checking distill-schema v0.0.3
[INFO] [stderr]     Checking typetag v0.1.7
[INFO] [stderr]     Checking mio-extras v2.0.6
[INFO] [stderr]     Checking distill-importer v0.0.3
[INFO] [stderr]     Checking notify v4.0.17
[INFO] [stderr]     Checking mio-misc v1.0.1
[INFO] [stderr]     Checking pin-project v1.0.7
[INFO] [stderr]     Checking bincode v1.3.3
[INFO] [stderr]    Compiling palette v0.4.1
[INFO] [stderr]     Checking async-channel v1.6.1
[INFO] [stderr]     Checking legion-prefab v0.1.0 (https://github.com/amethyst/prefab?rev=7c30249f106e6177549e223ca2823eec8ab6c70b#7c30249f)
[INFO] [stderr]     Checking async-lock v2.4.0
[INFO] [stderr]    Compiling expat-sys v2.1.6
[INFO] [stderr]    Compiling syn v0.14.9
[INFO] [stderr]     Checking tokio-util v0.6.7
[INFO] [stderr]     Checking inflate v0.4.5
[INFO] [stderr]     Checking distill-loader v0.0.3
[INFO] [stderr]     Checking deflate v0.7.20
[INFO] [stderr]    Compiling alsa-sys v0.1.2
[INFO] [stderr]    Compiling crossbeam-epoch v0.8.2
[INFO] [stderr]     Checking distill-daemon v0.0.3
[INFO] [stderr]     Checking png v0.15.3
[INFO] [stderr]     Checking png v0.16.8
[INFO] [stderr]     Checking tiff v0.3.1
[INFO] [stderr]     Checking amethyst_config v0.15.3 (https://github.com/amethyst/amethyst.git#c132d1a4)
[INFO] [stderr]    Compiling structopt-derive v0.4.14
[INFO] [stderr]     Checking gfx-backend-vulkan v0.5.11
[INFO] [stderr]     Checking rendy-descriptor v0.5.1 (https://github.com/amethyst/rendy?rev=50667887612adc9314accea77438aa7fb925bce0#50667887)
[INFO] [stderr]     Checking rendy-memory v0.5.3 (https://github.com/amethyst/rendy?rev=50667887612adc9314accea77438aa7fb925bce0#50667887)
[INFO] [stderr]     Checking nalgebra v0.24.1
[INFO] [stderr]     Checking clap v2.33.3
[INFO] [stderr]     Checking phf v0.7.24
[INFO] [stderr]     Checking tiff v0.6.1
[INFO] [stderr]     Checking gif v0.11.2
[INFO] [stderr]     Checking rendy-core v0.5.1 (https://github.com/amethyst/rendy?rev=50667887612adc9314accea77438aa7fb925bce0#50667887)
[INFO] [stderr]     Checking gif v0.10.3
[INFO] [stderr]    Compiling synstructure v0.12.4
[INFO] [stderr]    Compiling minimp3-sys v0.3.2
[INFO] [stderr]    Compiling cgmath v0.16.1
[INFO] [stderr]    Compiling palette_derive v0.4.1
[INFO] [stderr]    Compiling ucd-trie v0.1.3
[INFO] [stderr]     Checking rendy-resource v0.5.1 (https://github.com/amethyst/rendy?rev=50667887612adc9314accea77438aa7fb925bce0#50667887)
[INFO] [stderr]     Checking rendy-command v0.5.1 (https://github.com/amethyst/rendy?rev=50667887612adc9314accea77438aa7fb925bce0#50667887)
[INFO] [stderr]     Checking mint v0.5.6
[INFO] [stderr]     Checking bytemuck v1.5.1
[INFO] [stderr]     Checking structopt v0.3.21
[INFO] [stderr]     Checking image v0.23.14
[INFO] [stderr]    Compiling pest v2.1.3
[INFO] [stderr]     Checking rendy-wsi v0.5.1 (https://github.com/amethyst/rendy?rev=50667887612adc9314accea77438aa7fb925bce0#50667887)
[INFO] [stderr]     Checking rendy-chain v0.5.1 (https://github.com/amethyst/rendy?rev=50667887612adc9314accea77438aa7fb925bce0#50667887)
[INFO] [stderr]     Checking rendy-factory v0.5.1 (https://github.com/amethyst/rendy?rev=50667887612adc9314accea77438aa7fb925bce0#50667887)
[INFO] [stderr]     Checking tinyvec v1.2.0
[INFO] [stderr]     Checking rendy-frame v0.5.1 (https://github.com/amethyst/rendy?rev=50667887612adc9314accea77438aa7fb925bce0#50667887)
[INFO] [stderr]     Checking rendy-shader v0.5.1 (https://github.com/amethyst/rendy?rev=50667887612adc9314accea77438aa7fb925bce0#50667887)
[INFO] [stderr]    Compiling gltf-derive v0.16.0
[INFO] [stderr]     Checking image v0.22.5
[INFO] [stderr]     Checking distill v0.0.3
[INFO] [stderr]     Checking wavefront_obj v9.0.0
[INFO] [stderr]     Checking serde_bytes v0.11.5
[INFO] [stderr]    Compiling pathfinder_simd v0.5.0
[INFO] [stderr]    Compiling xcb v0.9.0
[INFO] [stderr]     Checking rand v0.4.6
[INFO] [stderr]     Checking approx v0.3.2
[INFO] [stderr]     Checking num-traits v0.1.43
[INFO] [stderr]    Compiling servo-fontconfig-sys v5.1.0
[INFO] [stderr]    Compiling indexmap v1.6.2
[INFO] [stderr]    Compiling num-bigint v0.4.0
[INFO] [stderr]     Checking static_assertions v1.1.0
[INFO] [stderr]    Compiling cpal v0.11.0
[INFO] [stderr]     Checking dyn-clone v1.0.4
[INFO] [stderr]    Compiling chrono v0.4.19
[INFO] [stderr]     Checking rendy-mesh v0.5.1 (https://github.com/amethyst/rendy?rev=50667887612adc9314accea77438aa7fb925bce0#50667887)
[INFO] [stderr]     Checking crossbeam-deque v0.7.3
[INFO] [stderr]     Checking rendy-texture v0.5.1 (https://github.com/amethyst/rendy?rev=50667887612adc9314accea77438aa7fb925bce0#50667887)
[INFO] [stderr]     Checking gltf-json v0.16.0
[INFO] [stderr]     Checking rendy-graph v0.5.1 (https://github.com/amethyst/rendy?rev=50667887612adc9314accea77438aa7fb925bce0#50667887)
[INFO] [stderr]     Checking rendy-init v0.5.1 (https://github.com/amethyst/rendy?rev=50667887612adc9314accea77438aa7fb925bce0#50667887)
[INFO] [stderr]    Compiling semver-parser v0.10.2
[INFO] [stderr]    Compiling glsl-layout-derive v0.4.0
[INFO] [stderr]     Checking slice-deque v0.3.0
[INFO] [stderr]     Checking ordered-float v1.1.1
[INFO] [stderr]     Checking stb_truetype v0.3.1
[INFO] [stderr]    Compiling num-rational v0.4.0
[INFO] [stderr]     Checking hashbrown v0.9.1
[INFO] [stderr]     Checking linked-hash-map v0.5.4
[INFO] [stderr]     Checking rusttype v0.8.3
[INFO] [stderr]     Checking glsl-layout v0.4.0
[INFO] [stderr]     Checking lewton v0.10.2
[INFO] [stderr]     Checking minimp3 v0.3.5
[INFO] [stderr]    Compiling semver v0.11.0
[INFO] [stderr]    Compiling vergen v3.2.0
[INFO] [stderr]     Checking genmesh v0.6.2
[INFO] [stderr]     Checking rendy v0.5.1 (https://github.com/amethyst/rendy?rev=50667887612adc9314accea77438aa7fb925bce0#50667887)
[INFO] [stderr]     Checking rand_core v0.6.2
[INFO] [stderr]     Checking dirs-sys v0.3.6
[INFO] [stderr]    Compiling num-complex v0.2.4
[INFO] [stderr]     Checking gltf v0.16.0
[INFO] [stderr]     Checking claxon v0.4.3
[INFO] [stderr]     Checking hound v3.4.0
[INFO] [stderr]     Checking xi-unicode v0.2.1
[INFO] [stderr]     Checking glyph_brush_layout v0.1.9
[INFO] [stderr]     Checking rodio v0.11.0
[INFO] [stderr]     Checking dirs v2.0.2
[INFO] [stderr]     Checking pathfinder_geometry v0.5.1
[INFO] [stderr]     Checking rand_chacha v0.3.0
[INFO] [stdout] error[E0308]: mismatched types
[INFO] [stdout]   --> /opt/rustwide/cargo-home/registry/src/index.crates.io-6f17d22bba15001f/num-bigint-0.4.0/src/biguint/convert.rs:70:19
[INFO] [stdout]    |
[INFO] [stdout] 70 |         .div_ceil(&big_digit::BITS.into())
[INFO] [stdout]    |          -------- ^^^^^^^^^^^^^^^^^^^^^^^ expected `u64`, found `&_`
[INFO] [stdout]    |          |
[INFO] [stdout]    |          arguments to this method are incorrect
[INFO] [stdout]    |
[INFO] [stdout]    = note:   expected type `u64`
[INFO] [stdout]            found reference `&_`
[INFO] [stdout] note: method defined here
[INFO] [stdout]   --> /rustc/0e09125c6c3c2fd70d7de961bcf0e51575235fad/library/core/src/num/mod.rs:1169:5
[INFO] [stdout]    = note: this error originates in the macro `uint_impl` (in Nightly builds, run with -Z macro-backtrace for more info)
[INFO] [stdout] help: consider removing the borrow
[INFO] [stdout]    |
[INFO] [stdout] 70 -         .div_ceil(&big_digit::BITS.into())
[INFO] [stdout] 70 +         .div_ceil(big_digit::BITS.into())
[INFO] [stdout]    |
[INFO] [stdout] 
[INFO] [stdout] 
[INFO] [stdout] error[E0308]: mismatched types
[INFO] [stdout]    --> /opt/rustwide/cargo-home/registry/src/index.crates.io-6f17d22bba15001f/num-bigint-0.4.0/src/biguint/convert.rs:585:19
[INFO] [stdout]     |
[INFO] [stdout] 585 |         .div_ceil(&u64::from(bits))
[INFO] [stdout]     |          -------- ^^^^^^^^^^^^^^^^ expected `u64`, found `&u64`
[INFO] [stdout]     |          |
[INFO] [stdout]     |          arguments to this method are incorrect
[INFO] [stdout]     |
[INFO] [stdout] note: method defined here
[INFO] [stdout]    --> /rustc/0e09125c6c3c2fd70d7de961bcf0e51575235fad/library/core/src/num/mod.rs:1169:5
[INFO] [stdout]     = note: this error originates in the macro `uint_impl` (in Nightly builds, run with -Z macro-backtrace for more info)
[INFO] [stdout] help: consider removing the borrow
[INFO] [stdout]     |
[INFO] [stdout] 585 -         .div_ceil(&u64::from(bits))
[INFO] [stdout] 585 +         .div_ceil(u64::from(bits))
[INFO] [stdout]     |
[INFO] [stdout] 
[INFO] [stdout] 
[INFO] [stdout] error[E0308]: mismatched types
[INFO] [stdout]    --> /opt/rustwide/cargo-home/registry/src/index.crates.io-6f17d22bba15001f/num-bigint-0.4.0/src/biguint/convert.rs:613:19
[INFO] [stdout]     |
[INFO] [stdout] 613 |         .div_ceil(&u64::from(bits))
[INFO] [stdout]     |          -------- ^^^^^^^^^^^^^^^^ expected `u64`, found `&u64`
[INFO] [stdout]     |          |
[INFO] [stdout]     |          arguments to this method are incorrect
[INFO] [stdout]     |
[INFO] [stdout] note: method defined here
[INFO] [stdout]    --> /rustc/0e09125c6c3c2fd70d7de961bcf0e51575235fad/library/core/src/num/mod.rs:1169:5
[INFO] [stdout]     = note: this error originates in the macro `uint_impl` (in Nightly builds, run with -Z macro-backtrace for more info)
[INFO] [stdout] help: consider removing the borrow
[INFO] [stdout]     |
[INFO] [stdout] 613 -         .div_ceil(&u64::from(bits))
[INFO] [stdout] 613 +         .div_ceil(u64::from(bits))
[INFO] [stdout]     |
[INFO] [stdout] 
[INFO] [stdout] 
[INFO] [stdout] error[E0308]: mismatched types
[INFO] [stdout]    --> /opt/rustwide/cargo-home/registry/src/index.crates.io-6f17d22bba15001f/num-bigint-0.4.0/src/biguint.rs:398:54
[INFO] [stdout]     |
[INFO] [stdout] 398 |                 let root_scale = extra_bits.div_ceil(&n64);
[INFO] [stdout]     |                                             -------- ^^^^ expected `u64`, found `&u64`
[INFO] [stdout]     |                                             |
[INFO] [stdout]     |                                             arguments to this method are incorrect
[INFO] [stdout]     |
[INFO] [stdout] note: method defined here
[INFO] [stdout]    --> /rustc/0e09125c6c3c2fd70d7de961bcf0e51575235fad/library/core/src/num/mod.rs:1169:5
[INFO] [stdout]     = note: this error originates in the macro `uint_impl` (in Nightly builds, run with -Z macro-backtrace for more info)
[INFO] [stdout] help: consider removing the borrow
[INFO] [stdout]     |
[INFO] [stdout] 398 -                 let root_scale = extra_bits.div_ceil(&n64);
[INFO] [stdout] 398 +                 let root_scale = extra_bits.div_ceil(n64);
[INFO] [stdout]     |
[INFO] [stdout] 
[INFO] [stdout] 
[INFO] [stdout] error: aborting due to 4 previous errors
[INFO] [stdout] 
[INFO] [stdout] 
[INFO] [stdout] For more information about this error, try `rustc --explain E0308`.
[INFO] [stdout] 
[INFO] [stderr]     Checking servo-fontconfig v0.5.1
[INFO] [stderr] error: could not compile `num-bigint` (lib) due to 5 previous errors
[INFO] [stderr] warning: build failed, waiting for other jobs to finish...
[INFO] running `Command { std: "docker" "inspect" "2ba86646932e745121b82aaf7fc14e20f4035a31ae13c0ff9dca989bbd94f89c", kill_on_drop: false }`
[INFO] running `Command { std: "docker" "rm" "-f" "2ba86646932e745121b82aaf7fc14e20f4035a31ae13c0ff9dca989bbd94f89c", kill_on_drop: false }`
[INFO] [stdout] 2ba86646932e745121b82aaf7fc14e20f4035a31ae13c0ff9dca989bbd94f89c
