[INFO] cloning repository https://github.com/CascadiaSystems/sophon-chain
[INFO] running `Command { std: "git" "-c" "credential.helper=" "-c" "credential.helper=/workspace/cargo-home/bin/git-credential-null" "clone" "--bare" "https://github.com/CascadiaSystems/sophon-chain" "/workspace/cache/git-repos/https%3A%2F%2Fgithub.com%2FCascadiaSystems%2Fsophon-chain", kill_on_drop: false }`
[INFO] [stderr] Cloning into bare repository '/workspace/cache/git-repos/https%3A%2F%2Fgithub.com%2FCascadiaSystems%2Fsophon-chain'...
[INFO] running `Command { std: "git" "rev-parse" "HEAD", kill_on_drop: false }`
[INFO] [stdout] 0d438579c074fd196bc78de922b090cca0ca4fa3
[INFO] documenting CascadiaSystems/sophon-chain against 1.75.0 for beta-1.76-rustdoc-1
[INFO] running `Command { std: "git" "clone" "/workspace/cache/git-repos/https%3A%2F%2Fgithub.com%2FCascadiaSystems%2Fsophon-chain" "/workspace/builds/worker-1-tc1/source", kill_on_drop: false }`
[INFO] [stderr] Cloning into '/workspace/builds/worker-1-tc1/source'...
[INFO] [stderr] done.
[INFO] validating manifest of git repo https://github.com/CascadiaSystems/sophon-chain on toolchain 1.75.0
[INFO] running `Command { std: CARGO_HOME="/workspace/cargo-home" RUSTUP_HOME="/workspace/rustup-home" "/workspace/cargo-home/bin/cargo" "+1.75.0" "metadata" "--manifest-path" "Cargo.toml" "--no-deps", kill_on_drop: false }`
[INFO] removed /workspace/builds/worker-1-tc1/source/rust-toolchain
[INFO] started tweaking git repo https://github.com/CascadiaSystems/sophon-chain
[INFO] finished tweaking git repo https://github.com/CascadiaSystems/sophon-chain
[INFO] tweaked toml for git repo https://github.com/CascadiaSystems/sophon-chain written to /workspace/builds/worker-1-tc1/source/Cargo.toml
[INFO] crate git repo https://github.com/CascadiaSystems/sophon-chain already has a lockfile, it will not be regenerated
[INFO] running `Command { std: CARGO_HOME="/workspace/cargo-home" RUSTUP_HOME="/workspace/rustup-home" "/workspace/cargo-home/bin/cargo" "+1.75.0" "fetch" "--manifest-path" "Cargo.toml", kill_on_drop: false }`
[INFO] [stderr]     Updating git repository `https://github.com/velas/evm`
[INFO] [stderr]     Updating git repository `https://github.com/velas/rust-rocksdb`
[INFO] [stderr]     Updating git submodule `https://github.com/lz4/lz4.git`
[INFO] [stderr]     Updating git submodule `https://github.com/madler/zlib.git`
[INFO] [stderr]     Updating git submodule `https://github.com/facebook/zstd`
[INFO] [stderr]     Updating git submodule `https://github.com/facebook/rocksdb.git`
[INFO] [stderr]     Updating git submodule `https://github.com/google/snappy.git`
[INFO] [stderr]     Updating git submodule `https://github.com/google/benchmark.git`
[INFO] [stderr]     Updating git submodule `https://github.com/google/googletest.git`
[INFO] [stderr]     Updating git repository `https://github.com/velas/triedb`
[INFO] [stderr]     Updating crates.io index
[INFO] [stderr]     Updating git repository `https://github.com/velas/transaction-pool`
[INFO] [stderr]     Blocking waiting for file lock on package cache
[INFO] [stderr]  Downloading crates ...
[INFO] [stderr]   Downloaded clang-sys v1.2.0
[INFO] [stderr]   Downloaded smpl_jwt v0.6.1
[INFO] [stderr]   Downloaded etcommon-bigint v0.2.10
[INFO] [stderr]   Downloaded users v0.10.0
[INFO] [stderr]   Downloaded chrono-humanize v0.1.2
[INFO] [stderr]   Downloaded tarpc-plugins v0.9.0
[INFO] [stderr]   Downloaded quickcheck_macros v0.9.1
[INFO] [stderr]   Downloaded utf8-width v0.1.5
[INFO] [stderr]   Downloaded tracing-subscriber v0.1.6
[INFO] [stderr]   Downloaded darling_macro v0.13.0
[INFO] [stderr]   Downloaded block-buffer v0.2.0
[INFO] [stderr]   Downloaded goauth v0.9.0
[INFO] [stderr]   Downloaded etcommon-bloom v0.2.1
[INFO] [stderr]   Downloaded auto_enums_core v0.7.12
[INFO] [stderr]   Downloaded ouroboros v0.5.1
[INFO] [stderr]   Downloaded solana-frozen-abi-macro v1.7.9
[INFO] [stderr]   Downloaded enum-iterator v0.6.0
[INFO] [stderr]   Downloaded ethbloom v0.11.0
[INFO] [stderr]   Downloaded sysctl v0.4.2
[INFO] [stderr]   Downloaded solana-frozen-abi v1.7.9
[INFO] [stderr]   Downloaded indexed v0.1.1
[INFO] [stderr]   Downloaded etcommon-block-core v0.3.1
[INFO] [stderr]   Downloaded trace-time v0.1.3
[INFO] [stderr]   Downloaded solana-logger v1.7.9
[INFO] [stderr]   Downloaded ethbloom v0.10.0
[INFO] [stderr]   Downloaded etcommon-trie v0.4.0
[INFO] [stderr]   Downloaded etcommon-rlp v0.2.5
[INFO] [stderr]   Downloaded solana-program v1.7.9
[INFO] [stderr]   Downloaded sha3 v0.6.0
[INFO] [stderr]   Downloaded raptorq v1.6.4
[INFO] [stderr]   Downloaded ethereum v0.6.0
[INFO] [stderr]   Downloaded ethabi v13.0.0
[INFO] [stderr]   Downloaded keccak-hash v0.6.0
[INFO] [stderr]   Downloaded systemstat v0.1.8
[INFO] [stderr]   Downloaded jemalloc-ctl v0.3.3
[INFO] [stderr]   Downloaded serde_with v1.9.4
[INFO] [stderr]   Downloaded tarpc v0.24.1
[INFO] [stderr]   Downloaded fast-math v0.1.1
[INFO] [stderr]   Downloaded bytes v0.6.0
[INFO] [stderr]   Downloaded hidapi v1.2.6
[INFO] [stderr]   Downloaded backtrace v0.3.57
[INFO] [stderr]   Downloaded uriparse v0.6.3
[INFO] [stderr]   Downloaded opentelemetry-jaeger v0.15.0
[INFO] [stderr]   Downloaded goblin v0.3.4
[INFO] [stderr]   Downloaded solana_rbpf v0.2.9
[INFO] [stderr]   Downloaded tracing-opentelemetry v0.16.0
[INFO] [stderr]   Downloaded darling_core v0.13.0
[INFO] [stderr]   Downloaded websocket v0.24.0
[INFO] [stderr]   Downloaded predicates v2.0.1
[INFO] [stderr]   Downloaded gethostname v0.2.1
[INFO] [stderr]   Downloaded websocket-base v0.24.0
[INFO] [stderr]   Downloaded auto_enums_derive v0.7.12
[INFO] [stderr]   Downloaded trees v0.2.1
[INFO] [stderr]   Downloaded auto_enums v0.7.12
[INFO] [stderr]   Downloaded dialoguer v0.6.2
[INFO] [stderr]   Downloaded ctrlc v3.1.9
[INFO] [stderr]   Downloaded secp256k1-plus v0.5.7
[INFO] [stderr]   Downloaded crypto-common v0.1.2
[INFO] [stderr]   Downloaded reed-solomon-erasure v5.0.1
[INFO] [stderr]   Downloaded pickledb v0.4.1
[INFO] [stderr]   Downloaded ahash v0.6.3
[INFO] [stderr]   Downloaded arc-swap v1.3.0
[INFO] [stderr]   Downloaded darling v0.13.0
[INFO] [stderr]   Downloaded criterion-stats v0.3.0
[INFO] [stderr]   Downloaded spl-token v3.1.1
[INFO] [stderr]   Downloaded opentelemetry-http v0.5.0
[INFO] [stderr]   Downloaded pretty-hex v0.2.1
[INFO] [stderr]   Downloaded structopt v0.3.22
[INFO] [stderr]   Downloaded opentelemetry-semantic-conventions v0.8.0
[INFO] [stderr]   Downloaded educe v0.4.18
[INFO] [stderr]   Downloaded serde_with_macros v1.4.2
[INFO] [stderr]   Downloaded structopt-derive v0.4.15
[INFO] [stderr]   Downloaded ethereum-types v0.10.0
[INFO] [stderr]   Downloaded spl-associated-token-account v1.0.2
[INFO] [stderr]   Downloaded tracing-fmt v0.1.1
[INFO] [stderr]   Downloaded elastic-array-plus v0.10.0
[INFO] [stderr]   Downloaded digest v0.6.2
[INFO] [stderr]   Downloaded gag v0.1.10
[INFO] [stderr]   Downloaded digest v0.10.2
[INFO] [stderr]   Downloaded etcommon-hexutil v0.2.4
[INFO] [stderr]   Downloaded tower v0.4.8
[INFO] [stderr]   Downloaded solana-sdk-macro v1.7.9
[INFO] [stderr]   Downloaded assert_cmd v1.0.8
[INFO] [stderr]   Downloaded enum-iterator-derive v0.6.0
[INFO] [stderr]   Downloaded byte-unit v4.0.12
[INFO] [stderr]   Downloaded etcommon-block v0.5.2
[INFO] [stderr]   Downloaded ouroboros_macro v0.5.1
[INFO] [stderr]   Downloaded triehash v0.8.4
[INFO] running `Command { std: "docker" "create" "-v" "/var/lib/crater-agent-workspace/builds/worker-1-tc1/target:/opt/rustwide/target:rw,Z" "-v" "/var/lib/crater-agent-workspace/builds/worker-1-tc1/source:/opt/rustwide/workdir:ro,Z" "-v" "/var/lib/crater-agent-workspace/cargo-home:/opt/rustwide/cargo-home:ro,Z" "-v" "/var/lib/crater-agent-workspace/rustup-home:/opt/rustwide/rustup-home:ro,Z" "-e" "SOURCE_DIR=/opt/rustwide/workdir" "-e" "CARGO_TARGET_DIR=/opt/rustwide/target" "-e" "CARGO_HOME=/opt/rustwide/cargo-home" "-e" "RUSTUP_HOME=/opt/rustwide/rustup-home" "-w" "/opt/rustwide/workdir" "-m" "1610612736" "--user" "0:0" "--network" "none" "ghcr.io/rust-lang/crates-build-env/linux@sha256:2788e3201cd34a07e3172128adcd8b3090168a8e3bcc40d7c032b9dda1df7d1c" "/opt/rustwide/cargo-home/bin/cargo" "+1.75.0" "metadata" "--no-deps" "--format-version=1", kill_on_drop: false }`
[INFO] [stdout] dad78ca1f3934bc4d7eb525a65e5c20d5a2015cd3fc362177a8e6923cc6a38aa
[INFO] running `Command { std: "docker" "start" "-a" "dad78ca1f3934bc4d7eb525a65e5c20d5a2015cd3fc362177a8e6923cc6a38aa", kill_on_drop: false }`
[INFO] running `Command { std: "docker" "inspect" "dad78ca1f3934bc4d7eb525a65e5c20d5a2015cd3fc362177a8e6923cc6a38aa", kill_on_drop: false }`
[INFO] running `Command { std: "docker" "rm" "-f" "dad78ca1f3934bc4d7eb525a65e5c20d5a2015cd3fc362177a8e6923cc6a38aa", kill_on_drop: false }`
[INFO] [stdout] dad78ca1f3934bc4d7eb525a65e5c20d5a2015cd3fc362177a8e6923cc6a38aa
[INFO] running `Command { std: "docker" "create" "-v" "/var/lib/crater-agent-workspace/builds/worker-1-tc1/target:/opt/rustwide/target:rw,Z" "-v" "/var/lib/crater-agent-workspace/builds/worker-1-tc1/source:/opt/rustwide/workdir:ro,Z" "-v" "/var/lib/crater-agent-workspace/cargo-home:/opt/rustwide/cargo-home:ro,Z" "-v" "/var/lib/crater-agent-workspace/rustup-home:/opt/rustwide/rustup-home:ro,Z" "-e" "SOURCE_DIR=/opt/rustwide/workdir" "-e" "CARGO_TARGET_DIR=/opt/rustwide/target" "-e" "CARGO_INCREMENTAL=0" "-e" "RUST_BACKTRACE=full" "-e" "RUSTFLAGS=--cap-lints=warn" "-e" "RUSTDOCFLAGS=--cap-lints=warn" "-e" "CARGO_HOME=/opt/rustwide/cargo-home" "-e" "RUSTUP_HOME=/opt/rustwide/rustup-home" "-w" "/opt/rustwide/workdir" "-m" "1610612736" "--user" "0:0" "--network" "none" "ghcr.io/rust-lang/crates-build-env/linux@sha256:2788e3201cd34a07e3172128adcd8b3090168a8e3bcc40d7c032b9dda1df7d1c" "/opt/rustwide/cargo-home/bin/cargo" "+1.75.0" "doc" "--frozen" "--no-deps" "--document-private-items" "--message-format=json", kill_on_drop: false }`
[INFO] [stdout] c5f8c9417a05c32be199dc16695649f116884fbc92a7221f0d6270a6f9624a0b
[INFO] running `Command { std: "docker" "start" "-a" "c5f8c9417a05c32be199dc16695649f116884fbc92a7221f0d6270a6f9624a0b", kill_on_drop: false }`
[INFO] [stderr] warning: output filename collision.
[INFO] [stderr] The bin target `solana-sys-tuner` in package `solana-sys-tuner v1.6.14 (/opt/rustwide/workdir/sys-tuner)` has the same output filename as the lib target `solana_sys_tuner` in package `solana-sys-tuner v1.6.14 (/opt/rustwide/workdir/sys-tuner)`.
[INFO] [stderr] Colliding filename is: /opt/rustwide/target/doc/solana_sys_tuner/index.html
[INFO] [stderr] The output filenames should be unique.
[INFO] [stderr] This is a known bug where multiple crates with the same name use
[INFO] [stderr] the same path; see <https://github.com/rust-lang/cargo/issues/6313>.
[INFO] [stderr] If this looks unexpected, it may be a bug in Cargo. Please file a bug report at
[INFO] [stderr] https://github.com/rust-lang/cargo/issues/ with as much information as you
[INFO] [stderr] can provide.
[INFO] [stderr] cargo 1.75.0 (1d8b05cdd 2023-11-20) running on `x86_64-unknown-linux-gnu` target `x86_64-unknown-linux-gnu`
[INFO] [stderr] First unit: Unit { pkg: Package { id: PackageId { name: "solana-sys-tuner", version: "1.6.14", source: "/opt/rustwide/workdir/sys-tuner" }, ..: ".." }, target: TargetInner { name: "solana-sys-tuner", doc: true, ..: with_path("/opt/rustwide/workdir/sys-tuner/src/main.rs", Edition2018) }, profile: Profile { split_debuginfo: Some("unpacked"), incremental: false, ..: default_dev() }, kind: Host, mode: Doc { deps: false }, features: [], artifact: false, artifact_target_for_features: None, is_std: false, dep_hash: 4852394278877997031 }
[INFO] [stderr] Second unit: Unit { pkg: Package { id: PackageId { name: "solana-sys-tuner", version: "1.6.14", source: "/opt/rustwide/workdir/sys-tuner" }, ..: ".." }, target: TargetInner { ..: lib_target("solana_sys_tuner", ["lib"], "/opt/rustwide/workdir/sys-tuner/src/lib.rs", Edition2018) }, profile: Profile { split_debuginfo: Some("unpacked"), incremental: false, ..: default_dev() }, kind: Host, mode: Doc { deps: false }, features: [], artifact: false, artifact_target_for_features: None, is_std: false, dep_hash: 11128281842588340150 }
[INFO] [stderr]    Compiling libc v0.2.126
[INFO] [stderr]    Compiling proc-macro2 v1.0.28
[INFO] [stderr]    Compiling unicode-xid v0.2.2
[INFO] [stderr]    Compiling syn v1.0.74
[INFO] [stderr]     Checking cfg-if v1.0.0
[INFO] [stderr]    Compiling serde_derive v1.0.127
[INFO] [stderr]    Compiling autocfg v1.0.1
[INFO] [stderr]    Compiling serde v1.0.127
[INFO] [stderr]    Compiling version_check v0.9.3
[INFO] [stderr]     Checking spin v0.5.2
[INFO] [stderr]    Compiling log v0.4.14
[INFO] [stderr]     Checking lazy_static v1.4.0
[INFO] [stderr]    Compiling memchr v2.4.0
[INFO] [stderr]     Checking scopeguard v1.1.0
[INFO] [stderr]    Compiling typenum v1.13.0
[INFO] [stderr]     Checking smallvec v1.6.1
[INFO] [stderr]    Compiling semver-parser v0.7.0
[INFO] [stderr]    Compiling parking_lot_core v0.8.5
[INFO] [stderr]    Compiling quote v1.0.9
[INFO] [stderr]    Compiling semver v0.9.0
[INFO] [stderr]    Compiling rustc_version v0.2.3
[INFO] [stderr]     Checking lock_api v0.4.6
[INFO] [stderr]    Compiling generic-array v0.14.4
[INFO] [stderr]     Checking instant v0.1.10
[INFO] [stderr]     Checking byteorder v1.4.3
[INFO] [stderr]     Checking either v1.6.1
[INFO] [stderr]     Checking bytes v1.0.1
[INFO] [stderr]    Compiling jobserver v0.1.23
[INFO] [stderr]     Checking num_cpus v1.13.0
[INFO] [stderr]     Checking ppv-lite86 v0.2.10
[INFO] [stderr]     Checking getrandom v0.2.3
[INFO] [stderr]    Compiling cc v1.0.72
[INFO] [stderr]     Checking parking_lot v0.11.2
[INFO] [stderr]     Checking futures v0.1.31
[INFO] [stderr]     Checking slab v0.4.4
[INFO] [stderr]     Checking cfg-if v0.1.10
[INFO] [stderr]     Checking pin-project-lite v0.2.7
[INFO] [stderr]    Compiling bitflags v1.2.1
[INFO] [stderr]    Compiling ryu v1.0.5
[INFO] [stderr]    Compiling proc-macro-hack v0.5.19
[INFO] [stderr]     Checking once_cell v1.8.0
[INFO] [stderr]    Compiling futures-core v0.3.16
[INFO] [stderr]     Checking regex-syntax v0.6.25
[INFO] [stderr]    Compiling crunchy v0.2.2
[INFO] [stderr]    Compiling parking_lot_core v0.9.3
[INFO] [stderr]     Checking itoa v0.4.7
[INFO] [stderr]     Checking signal-hook-registry v1.4.0
[INFO] [stderr]     Checking fnv v1.0.7
[INFO] [stderr]     Checking mio v0.8.3
[INFO] [stderr]     Checking socket2 v0.4.4
[INFO] [stderr]     Checking parking_lot v0.12.1
[INFO] [stderr]    Compiling getrandom v0.1.16
[INFO] [stderr]     Checking futures-sink v0.3.16
[INFO] [stderr]    Compiling futures-macro v0.3.16
[INFO] [stderr]    Compiling futures-channel v0.3.16
[INFO] [stderr]    Compiling futures-task v0.3.16
[INFO] [stderr]    Compiling proc-macro-nested v0.1.7
[INFO] [stderr]     Checking aho-corasick v0.7.18
[INFO] [stderr]     Checking rand_core v0.5.1
[INFO] [stderr]    Compiling futures-util v0.3.16
[INFO] [stderr]    Compiling num-traits v0.2.14
[INFO] [stderr]    Compiling crossbeam-utils v0.8.5
[INFO] [stderr]     Checking futures-io v0.3.16
[INFO] [stderr]    Compiling pkg-config v0.3.19
[INFO] [stderr]     Checking pin-utils v0.1.0
[INFO] [stderr]     Checking generic-array v0.12.4
[INFO] [stderr]     Checking block-padding v0.2.1
[INFO] [stderr]     Checking rand_core v0.6.3
[INFO] [stderr]     Checking opaque-debug v0.3.0
[INFO] [stderr]     Checking subtle v2.4.1
[INFO] [stderr]     Checking rand_chacha v0.2.2
[INFO] [stderr]     Checking rand_pcg v0.2.1
[INFO] [stderr]     Checking rand_chacha v0.3.1
[INFO] [stderr]    Compiling memoffset v0.6.4
[INFO] [stderr]     Checking regex v1.5.4
[INFO] [stderr]     Checking rand v0.8.4
[INFO] [stderr]     Checking rand v0.7.3
[INFO] [stderr]     Checking crossbeam-channel v0.5.1
[INFO] [stderr]     Checking digest v0.8.1
[INFO] [stderr]    Compiling crossbeam-epoch v0.9.5
[INFO] [stderr]    Compiling rayon-core v1.9.1
[INFO] [stderr]    Compiling serde_json v1.0.66
[INFO] [stderr]    Compiling maybe-uninit v2.0.0
[INFO] [stderr]     Checking tinyvec_macros v0.1.0
[INFO] [stderr]     Checking arrayvec v0.5.2
[INFO] [stderr]     Checking tinyvec v1.3.1
[INFO] [stderr]     Checking atty v0.2.14
[INFO] [stderr]     Checking matches v0.1.8
[INFO] [stderr]    Compiling openssl-sys v0.9.65
[INFO] [stderr]    Compiling rayon v1.5.1
[INFO] [stderr]     Checking crossbeam-deque v0.8.1
[INFO] [stderr]     Checking tracing-core v0.1.26
[INFO] [stderr]    Compiling httparse v1.7.1
[INFO] [stderr]     Checking hex v0.4.3
[INFO] [stderr]    Compiling crossbeam-utils v0.7.2
[INFO] [stderr]     Checking unicode-bidi v0.3.5
[INFO] [stderr]     Checking unicode-normalization v0.1.19
[INFO] [stderr]     Checking iovec v0.1.4
[INFO] [stderr]    Compiling ahash v0.7.4
[INFO] [stderr]     Checking keccak v0.1.0
[INFO] [stderr]    Compiling openssl v0.10.35
[INFO] [stderr]     Checking foreign-types-shared v0.1.1
[INFO] [stderr]     Checking foreign-types v0.3.2
[INFO] [stderr]    Compiling ring v0.16.20
[INFO] [stderr]     Checking http v0.2.4
[INFO] [stderr]     Checking cpufeatures v0.1.5
[INFO] [stderr]     Checking percent-encoding v2.1.0
[INFO] [stderr]     Checking hashbrown v0.11.2
[INFO] [stderr]     Checking net2 v0.2.37
[INFO] [stderr]    Compiling indexmap v1.7.0
[INFO] [stderr]    Compiling native-tls v0.2.8
[INFO] [stderr]    Compiling synstructure v0.12.5
[INFO] [stderr]     Checking rustc-hex v2.1.0
[INFO] [stderr]    Compiling glob v0.3.0
[INFO] [stderr]     Checking untrusted v0.7.1
[INFO] [stderr]     Checking bytes v0.4.12
[INFO] [stderr]     Checking static_assertions v1.1.0
[INFO] [stderr]     Checking openssl-probe v0.1.4
[INFO] [stderr]     Checking rlp v0.5.1
[INFO] [stderr]     Checking smallvec v0.6.14
[INFO] [stderr]     Checking humantime v2.1.0
[INFO] [stderr]     Checking tower-service v0.3.1
[INFO] [stderr]     Checking mio v0.6.23
[INFO] [stderr]     Checking tokio-executor v0.1.10
[INFO] [stderr]    Compiling num-integer v0.1.44
[INFO] [stderr]     Checking httpdate v1.0.1
[INFO] [stderr]     Checking try-lock v0.2.3
[INFO] [stderr]     Checking itoa v1.0.1
[INFO] [stderr]     Checking termcolor v1.1.2
[INFO] [stderr]     Checking radium v0.3.0
[INFO] [stderr]     Checking want v0.3.0
[INFO] [stderr]     Checking env_logger v0.8.4
[INFO] [stderr]     Checking http-body v0.4.5
[INFO] [stderr]     Checking bitvec v0.17.4
[INFO] [stderr]     Checking impl-rlp v0.3.0
[INFO] [stderr]     Checking fixed-hash v0.7.0
[INFO] [stderr]     Checking tokio-io v0.1.13
[INFO] [stderr]    Compiling parking_lot_core v0.6.2
[INFO] [stderr]    Compiling rustversion v1.0.5
[INFO] [stderr]     Checking byte-tools v0.3.1
[INFO] [stderr]    Compiling autocfg v0.1.7
[INFO] [stderr]     Checking byte-slice-cast v0.3.5
[INFO] [stderr]     Checking rand_core v0.4.2
[INFO] [stderr]    Compiling feature-probe v0.1.1
[INFO] [stderr]     Checking block-padding v0.1.5
[INFO] [stderr]     Checking form_urlencoded v1.0.1
[INFO] [stderr]     Checking regex-automata v0.1.10
[INFO] [stderr]    Compiling parking_lot v0.9.0
[INFO] [stderr]     Checking lock_api v0.3.4
[INFO] [stderr]    Compiling bv v0.11.1
[INFO] [stderr]    Compiling anyhow v1.0.43
[INFO] [stderr]     Checking base64 v0.13.0
[INFO] [stderr]    Compiling radium v0.5.3
[INFO] [stderr]     Checking block-buffer v0.7.3
[INFO] [stderr]     Checking rand_core v0.3.1
[INFO] [stderr]     Checking uint v0.9.1
[INFO] [stderr]     Checking idna v0.2.3
[INFO] [stderr]     Checking time v0.1.44
[INFO] [stderr]    Compiling lexical-core v0.7.6
[INFO] [stderr]     Checking bs58 v0.3.1
[INFO] [stderr]     Checking opaque-debug v0.2.3
[INFO] [stderr]    Compiling tiny-keccak v2.0.2
[INFO] [stderr]     Checking url v2.2.2
[INFO] [stderr]    Compiling tokio-macros v1.7.0
[INFO] [stderr]    Compiling thiserror-impl v1.0.26
[INFO] [stderr]    Compiling tracing-attributes v0.1.21
[INFO] [stderr]    Compiling zeroize_derive v1.1.0
[INFO] [stderr]    Compiling clang-sys v1.2.0
[INFO] [stderr]     Checking tokio-sync v0.1.8
[INFO] [stderr]     Checking tokio v1.18.2
[INFO] [stderr]     Checking zeroize v1.4.1
[INFO] [stderr]     Checking memmap2 v0.1.0
[INFO] [stderr]    Compiling nom v6.1.2
[INFO] [stderr]     Checking thiserror v1.0.26
[INFO] [stderr]    Compiling wyz v0.2.0
[INFO] [stderr]    Compiling tap v1.0.1
[INFO] [stderr]     Checking ahash v0.4.7
[INFO] [stderr]    Compiling funty v1.1.0
[INFO] [stderr]     Checking arrayref v0.3.6
[INFO] [stderr]     Checking tracing v0.1.34
[INFO] [stderr]     Checking hashbrown v0.9.1
[INFO] [stderr]    Compiling bitvec v0.19.5
[INFO] [stderr]     Checking curve25519-dalek v2.1.3
[INFO] [stderr]     Checking tokio-reactor v0.1.12
[INFO] [stderr]     Checking webpki v0.22.0
[INFO] [stderr]    Compiling rand_chacha v0.1.1
[INFO] [stderr]    Compiling rand_pcg v0.1.2
[INFO] [stderr]    Compiling blake3 v0.3.8
[INFO] [stderr]     Checking sct v0.7.0
[INFO] [stderr]    Compiling libloading v0.7.0
[INFO] [stderr]     Checking tokio-codec v0.1.2
[INFO] [stderr]     Checking futures-executor v0.3.16
[INFO] [stderr]    Compiling rand v0.6.1
[INFO] [stderr]    Compiling solana-frozen-abi-macro v1.6.14 (/opt/rustwide/workdir/frozen-abi/macro)
[INFO] [stderr]     Checking futures v0.3.16
[INFO] [stderr]    Compiling proc-macro2 v0.4.30
[INFO] [stderr]    Compiling bindgen v0.59.1
[INFO] [stderr]     Checking constant_time_eq v0.1.5
[INFO] [stderr]     Checking rustls v0.20.2
[INFO] [stderr]    Compiling num-derive v0.3.3
[INFO] [stderr]     Checking rand_xorshift v0.1.1
[INFO] [stderr]     Checking rand_hc v0.1.0
[INFO] [stderr]     Checking rand_isaac v0.1.1
[INFO] [stderr]     Checking itertools v0.9.0
[INFO] [stderr]    Compiling miniz_oxide v0.4.4
[INFO] [stderr]     Checking tokio-util v0.6.7
[INFO] [stderr]     Checking tokio-stream v0.1.7
[INFO] [stderr]    Compiling unicase v2.6.0
[INFO] [stderr]     Checking h2 v0.3.11
[INFO] [stderr]    Compiling peeking_take_while v0.1.2
[INFO] [stderr]    Compiling encoding_rs v0.8.28
[INFO] [stderr]    Compiling shlex v1.0.0
[INFO] [stderr]    Compiling rustc-hash v1.1.0
[INFO] [stderr]    Compiling lazycell v1.3.0
[INFO] [stderr]     Checking tokio-native-tls v0.3.0
[INFO] [stderr]     Checking tokio-rustls v0.23.2
[INFO] [stderr]     Checking tokio-tcp v0.1.4
[INFO] [stderr]    Compiling cexpr v0.5.0
[INFO] [stderr]    Compiling solana-frozen-abi v1.6.14 (/opt/rustwide/workdir/frozen-abi)
[INFO] [stderr]    Compiling memoffset v0.5.6
[INFO] [stderr]     Checking mime v0.3.16
[INFO] [stderr]     Checking adler v1.0.2
[INFO] [stderr]    Compiling version_check v0.1.5
[INFO] [stderr]    Compiling unicase v1.4.2
[INFO] [stderr]     Checking webpki-roots v0.22.2
[INFO] [stderr]    Compiling derivative v2.2.0
[INFO] [stderr]     Checking rustls-pemfile v0.3.0
[INFO] [stderr]    Compiling toml v0.5.8
[INFO] [stderr]     Checking bincode v1.3.3
[INFO] [stderr]     Checking digest v0.9.0
[INFO] [stderr]     Checking block-buffer v0.9.0
[INFO] [stderr]     Checking crypto-mac v0.8.0
[INFO] [stderr]     Checking sha2 v0.9.5
[INFO] [stderr]     Checking sha3 v0.9.1
[INFO] [stderr]     Checking impl-serde v0.3.1
[INFO] [stderr]     Checking hyper v0.14.19
[INFO] [stderr]    Compiling proc-macro-crate v0.1.5
[INFO] [stderr]     Checking serde_bytes v0.11.5
[INFO] [stderr]     Checking bstr v0.2.16
[INFO] [stderr]     Checking jsonrpc-core v18.0.0
[INFO] [stderr]     Checking ethbloom v0.10.0
[INFO] [stderr]     Checking hmac v0.8.1
[INFO] [stderr]     Checking serde_urlencoded v0.7.1
[INFO] [stderr]     Checking globset v0.4.8
[INFO] [stderr]     Checking chrono v0.4.19
[INFO] [stderr]    Compiling parity-scale-codec-derive v1.2.3
[INFO] [stderr]     Checking solana-logger v1.6.14 (/opt/rustwide/workdir/logger)
[INFO] [stderr]    Compiling borsh-schema-derive-internal v0.8.2
[INFO] [stderr]    Compiling borsh-derive-internal v0.8.2
[INFO] [stderr]    Compiling crossbeam-epoch v0.8.2
[INFO] [stderr]     Checking hash-db v0.15.2
[INFO] [stderr]     Checking ipnet v2.3.1
[INFO] [stderr]     Checking gimli v0.23.0
[INFO] [stderr]    Compiling borsh-derive v0.8.2
[INFO] [stderr]     Checking jsonrpc-server-utils v18.0.0
[INFO] [stderr]     Checking sha3 v0.8.2
[INFO] [stderr]     Checking idna v0.1.5
[INFO] [stderr]     Checking hash256-std-hasher v0.15.2
[INFO] [stderr]    Compiling secp256k1-sys v0.3.0
[INFO] [stderr]    Compiling solana-program v1.6.14 (/opt/rustwide/workdir/sdk/program)
[INFO] [stderr]     Checking log v0.3.9
[INFO] [stderr]    Compiling auto_enums_derive v0.7.12
[INFO] [stderr]     Checking percent-encoding v1.0.1
[INFO] [stderr]     Checking remove_dir_all v0.5.3
[INFO] [stderr]    Compiling doc-comment v0.3.3
[INFO] [stderr]     Checking safemem v0.3.3
[INFO] [stderr]     Checking object v0.23.0
[INFO] [stderr]    Compiling convert_case v0.4.0
[INFO] [stderr]    Compiling syn v0.15.44
[INFO] [stderr]     Checking rustc-demangle v0.1.20
[INFO] [stderr]     Checking parity-scale-codec v1.3.7
[INFO] [stderr]    Compiling derive_more v0.99.16
[INFO] [stderr]     Checking base64 v0.9.3
[INFO] [stderr]     Checking tempfile v3.2.0
[INFO] [stderr]     Checking addr2line v0.14.1
[INFO] [stderr]     Checking borsh v0.8.2
[INFO] [stderr]     Checking url v1.7.2
[INFO] [stderr]     Checking mime v0.2.6
[INFO] [stderr]     Checking triehash v0.8.4
[INFO] [stderr]     Checking hmac-drbg v0.3.0
[INFO] [stderr]    Compiling solana-sdk-macro v1.6.14 (/opt/rustwide/workdir/sdk/macro)
[INFO] [stderr]    Compiling rlp-derive v0.1.0
[INFO] [stderr]     Checking tokio-tls v0.2.1
[INFO] [stderr]    Compiling librocksdb-sys v6.20.3 (https://github.com/velas/rust-rocksdb?branch=transaction#bbd2d97e)
[INFO] [stderr]    Compiling derive_utils v0.11.2
[INFO] [stderr]     Checking backtrace v0.3.57
[INFO] [stderr]     Checking base64 v0.10.1
[INFO] [stderr]    Compiling failure_derive v0.1.8
[INFO] [stderr]     Checking traitobject v0.1.0
[INFO] [stderr]     Checking language-tags v0.2.2
[INFO] [stderr]     Checking sha1 v0.6.0
[INFO] [stderr]     Checking typeable v0.1.2
[INFO] [stderr]     Checking hyper v0.10.16
[INFO] [stderr]     Checking websocket-base v0.24.0
[INFO] [stderr]     Checking hyper-tls v0.5.0
[INFO] [stderr]     Checking hyper-rustls v0.23.0
[INFO] [stderr]     Checking crossbeam-deque v0.7.4
[INFO] [stderr]     Checking reqwest v0.11.10
[INFO] [stderr]    Compiling libsecp256k1-core v0.3.0
[INFO] [stderr]     Checking parity-tokio-ipc v0.9.0
[INFO] [stderr]    Compiling auto_enums_core v0.7.12
[INFO] [stderr]    Compiling snafu-derive v0.6.10
[INFO] [stderr]     Checking dashmap v4.0.2
[INFO] [stderr]     Checking crossbeam-queue v0.2.3
[INFO] [stderr]     Checking impl-codec v0.4.2
[INFO] [stderr]     Checking colored v1.9.3
[INFO] [stderr]     Checking primitive-types v0.8.0
[INFO] [stderr]     Checking unicode-xid v0.1.0
[INFO] [stderr]     Checking signature v1.3.1
[INFO] [stderr]     Checking simple_logger v1.13.0
[INFO] [stderr]     Checking ed25519 v1.2.0
[INFO] [stderr]     Checking tokio-threadpool v0.1.18
[INFO] [stderr]     Checking websocket v0.24.0
[INFO] [stderr]     Checking auto_enums v0.7.12
[INFO] [stderr]     Checking jsonrpc-pubsub v18.0.0
[INFO] [stderr]     Checking ethbloom v0.11.0
[INFO] [stderr]     Checking curve25519-dalek v3.2.0
[INFO] [stderr]     Checking mio-uds v0.6.8
[INFO] [stderr]     Checking itertools v0.10.1
[INFO] [stderr]     Checking evm-core v0.23.0 (https://github.com/velas/evm?branch=add-traces#dc957fd9)
[INFO] [stderr]     Checking ethereum-types v0.10.0
[INFO] [stderr]     Checking evm-runtime v0.23.0 (https://github.com/velas/evm?branch=add-traces#dc957fd9)
[INFO] [stderr]     Checking keccak-hash v0.6.0
[INFO] [stderr]    Compiling winapi v0.3.9
[INFO] [stderr]     Checking bytes v0.6.0
[INFO] [stderr]     Checking evm-gasometer v0.23.0 (https://github.com/velas/evm?branch=add-traces#dc957fd9)
[INFO] [stderr]     Checking ethereum v0.6.0
[INFO] [stderr]     Checking failure v0.1.8
[INFO] [stderr]     Checking snafu v0.6.10
[INFO] [stderr]     Checking ed25519-dalek v1.0.1
[INFO] [stderr]     Checking jsonrpc-client-transports v18.0.0
[INFO] [stderr]     Checking tokio-uds v0.2.7
[INFO] [stderr]     Checking tokio-fs v0.1.7
[INFO] [stderr]     Checking quote v0.6.13
[INFO] [stderr]     Checking evm v0.23.0 (https://github.com/velas/evm?branch=add-traces#dc957fd9)
[INFO] [stderr]    Compiling libsecp256k1-gen-genmult v0.3.0
[INFO] [stderr]    Compiling libsecp256k1-gen-ecmult v0.3.0
[INFO] [stderr]     Checking tokio-udp v0.1.6
[INFO] [stderr]     Checking tokio-current-thread v0.1.7
[INFO] [stderr]     Checking tokio-timer v0.2.13
[INFO] [stderr]     Checking jsonrpc-core-client v18.0.0
[INFO] [stderr]    Compiling libsecp256k1 v0.7.0
[INFO] [stderr]     Checking ethabi v13.0.0
[INFO] [stderr]     Checking jsonrpc-http-server v18.0.0
[INFO] [stderr]     Checking tokio v0.1.22
[INFO] [stderr]    Compiling jsonrpc-derive v18.0.0
[INFO] [stderr]     Checking crypto-mac v0.9.1
[INFO] [stderr]     Checking crypto-mac v0.10.1
[INFO] [stderr]     Checking hmac v0.9.0
[INFO] [stderr]     Checking derivation-path v0.1.3
[INFO] [stderr]    Compiling solana-sdk v1.6.14 (/opt/rustwide/workdir/sdk)
[INFO] [stderr]     Checking ed25519-dalek-bip32 v0.1.1
[INFO] [stderr]     Checking hmac v0.10.1
[INFO] [stderr]     Checking pbkdf2 v0.6.0
[INFO] [stderr]     Checking keccak-hasher v0.15.3
[INFO] [stderr]     Checking qstring v0.7.2
[INFO] [stderr]     Checking uriparse v0.6.3
[INFO] [stderr]     Checking assert_matches v1.5.0
[INFO] [stderr]     Checking gethostname v0.2.1
[INFO] [stderr]    Compiling fs_extra v1.2.0
[INFO] [stderr]     Checking unicode-width v0.1.8
[INFO] [stderr]    Compiling paste-impl v0.1.18
[INFO] [stderr]    Compiling strsim v0.10.0
[INFO] [stderr]    Compiling jemalloc-sys v0.3.2
[INFO] [stderr]    Compiling ident_case v1.0.1
[INFO] [stderr]    Compiling darling_core v0.13.0
[INFO] [stderr]     Checking paste v0.1.18
[INFO] [stderr]    Compiling solana-vote-program v1.6.14 (/opt/rustwide/workdir/programs/vote)
[INFO] [stderr]     Checking same-file v1.0.6
[INFO] [stderr]     Checking walkdir v2.3.2
[INFO] [stderr]     Checking solana-rayon-threadlimit v1.6.14 (/opt/rustwide/workdir/rayon-threadlimit)
[INFO] [stderr]    Compiling solana-stake-program v1.6.14 (/opt/rustwide/workdir/programs/stake)
[INFO] [stderr]    Compiling crc32fast v1.2.1
[INFO] [stderr]     Checking solana-crate-features v1.6.14 (/opt/rustwide/workdir/crate-features)
[INFO] [stderr]    Compiling zstd-safe v2.0.6+zstd.1.4.7
[INFO] [stderr]     Checking terminal_size v0.1.17
[INFO] [stderr]     Checking stable_deref_trait v1.2.0
[INFO] [stderr]    Compiling zstd-sys v1.4.18+zstd.1.4.7
[INFO] [stderr]    Compiling bzip2-sys v0.1.11+1.0.8
[INFO] [stderr]     Checking ansi_term v0.11.0
[INFO] [stderr]     Checking ripemd160 v0.9.1
[INFO] [stderr]    Compiling Inflector v0.11.4
[INFO] [stderr]     Checking termios v0.3.3
[INFO] [stderr]    Compiling ouroboros_macro v0.5.1
[INFO] [stderr]     Checking console v0.11.3
[INFO] [stderr]     Checking textwrap v0.11.0
[INFO] [stderr]     Checking filetime v0.2.15
[INFO] [stderr]     Checking xattr v0.2.2
[INFO] [stderr]    Compiling solana-runtime v1.6.14 (/opt/rustwide/workdir/runtime)
[INFO] [stderr]     Checking strsim v0.8.0
[INFO] [stderr]     Checking vec_map v0.8.2
[INFO] [stderr]     Checking clap v2.33.3
[INFO] [stderr]     Checking tar v0.4.38
[INFO] [stderr]    Compiling darling_macro v0.13.0
[INFO] [stderr]     Checking flate2 v1.0.20
[INFO] [stderr]     Checking dir-diff v0.3.2
[INFO] [stderr]    Compiling libsecp256k1-core v0.2.2
[INFO] [stderr]     Checking crossbeam-channel v0.4.4
[INFO] [stderr]    Compiling darling v0.13.0
[INFO] [stderr]    Compiling serde_with_macros v1.4.2
[INFO] [stderr]     Checking ouroboros v0.5.1
[INFO] [stderr]     Checking libloading v0.6.7
[INFO] [stderr]     Checking symlink v0.1.0
[INFO] [stderr]    Compiling hidapi v1.2.6
[INFO] [stderr]     Checking parking_lot_core v0.7.2
[INFO] [stderr]    Compiling libsecp256k1-gen-ecmult v0.2.1
[INFO] [stderr]    Compiling libsecp256k1-gen-genmult v0.2.1
[INFO] [stderr]    Compiling solana-frozen-abi-macro v1.7.9
[INFO] [stderr]     Checking base64 v0.12.3
[INFO] [stderr]    Compiling libsecp256k1 v0.5.0
[INFO] [stderr]     Checking parking_lot v0.10.2
[INFO] [stderr]     Checking dialoguer v0.6.2
[INFO] [stderr]     Checking secp256k1 v0.19.0
[INFO] [stderr]    Compiling borsh-derive-internal v0.9.1
[INFO] [stderr]    Compiling borsh-schema-derive-internal v0.9.1
[INFO] [stderr]    Compiling solana-version v0.5.2 (/opt/rustwide/workdir/version)
[INFO] [stderr]     Checking serde_with v1.9.4
[INFO] [stderr]    Compiling solana-frozen-abi v1.7.9
[INFO] [stderr]     Checking base32 v0.4.0
[INFO] [stderr]    Compiling borsh-derive v0.9.1
[INFO] [stderr]     Checking solana-logger v1.7.9
[INFO] [stderr]    Compiling solana-program v1.7.9
[INFO] [stderr]     Checking pbkdf2 v0.4.0
[INFO] [stderr]    Compiling solana-sdk-macro v1.7.9
[INFO] [stderr]     Checking borsh v0.9.1
[INFO] [stderr]     Checking tiny-bip39 v0.8.0
[INFO] [stderr]     Checking rpassword v4.0.5
[INFO] [stderr]    Compiling proc-macro-crate v1.0.0
[INFO] [stderr]    Compiling pin-project-internal v1.0.8
[INFO] [stderr]     Checking linked-hash-map v0.5.4
[INFO] [stderr]    Compiling num_enum_derive v0.5.3
[INFO] [stderr]     Checking yaml-rust v0.4.5
[INFO] [stderr]     Checking dtoa v0.4.8
[INFO] [stderr]     Checking nix v0.23.1
[INFO] [stderr]     Checking serde_yaml v0.8.17
[INFO] [stderr]     Checking dirs-sys-next v0.1.2
[INFO] [stderr]     Checking dirs-next v2.0.0
[INFO] [stderr]     Checking fake-simd v0.1.2
[INFO] [stderr]     Checking ucd-trie v0.1.3
[INFO] [stderr]     Checking sophon-relying-party-program v0.0.1 (/opt/rustwide/workdir/programs/sophon-relying-party-program)
[INFO] [stderr]     Checking pest v2.1.3
[INFO] [stderr]     Checking socket2 v0.3.19
[INFO] [stderr]     Checking solana-cli-config v1.6.14 (/opt/rustwide/workdir/cli-config)
[INFO] [stderr]     Checking console v0.14.1
[INFO] [stderr]     Checking number_prefix v0.3.0
[INFO] [stderr]     Checking num_enum v0.5.3
[INFO] [stderr]     Checking sha-1 v0.8.2
[INFO] [stderr]    Compiling async-trait v0.1.51
[INFO] [stderr]     Checking bytes v0.5.6
[INFO] [stderr]     Checking semver-parser v0.10.2
[INFO] [stderr]     Checking indicatif v0.15.0
[INFO] [stderr]     Checking pin-project v1.0.8
[INFO] [stderr]    Compiling scroll_derive v0.10.5
[INFO] [stderr]     Checking input_buffer v0.3.1
[INFO] [stderr]    Compiling standback v0.2.17
[INFO] [stderr]     Checking base64 v0.11.0
[INFO] [stderr]     Checking semver v0.11.0
[INFO] [stderr]     Checking void v1.0.2
[INFO] [stderr]     Checking utf-8 v0.7.6
[INFO] [stderr]     Checking unreachable v1.0.0
[INFO] [stderr]     Checking ascii v0.9.3
[INFO] [stderr]     Checking tungstenite v0.10.1
[INFO] [stderr]     Checking plain v0.2.3
[INFO] [stderr]     Checking combine v3.8.1
[INFO] [stderr]     Checking scroll v0.10.2
[INFO] [stderr]     Checking hash32 v0.1.1
[INFO] [stderr]     Checking goblin v0.3.4
[INFO] [stderr]    Compiling num-bigint v0.4.0
[INFO] [stderr]    Compiling const_fn v0.4.8
[INFO] [stderr]    Compiling prost-derive v0.8.0
[INFO] [stderr]    Compiling time-macros-impl v0.1.2
[INFO] [stderr]    Compiling time v0.2.27
[INFO] [stdout] error[E0308]: mismatched types
[INFO] [stdout]   --> /opt/rustwide/cargo-home/registry/src/index.crates.io-6f17d22bba15001f/num-bigint-0.4.0/src/biguint/convert.rs:70:19
[INFO] [stdout]    |
[INFO] [stdout] 70 |         .div_ceil(&big_digit::BITS.into())
[INFO] [stdout]    |          -------- ^^^^^^^^^^^^^^^^^^^^^^^ expected `u64`, found `&_`
[INFO] [stdout]    |          |
[INFO] [stdout]    |          arguments to this method are incorrect
[INFO] [stdout]    |
[INFO] [stdout]    = note:   expected type `u64`
[INFO] [stdout]            found reference `&_`
[INFO] [stdout] note: method defined here
[INFO] [stdout]   --> /rustc/82e1608dfa6e0b5569232559e3d385fea5a93112/library/core/src/num/mod.rs:1169:5
[INFO] [stdout]    = note: this error originates in the macro `uint_impl` (in Nightly builds, run with -Z macro-backtrace for more info)
[INFO] [stdout] help: consider removing the borrow
[INFO] [stdout]    |
[INFO] [stdout] 70 -         .div_ceil(&big_digit::BITS.into())
[INFO] [stdout] 70 +         .div_ceil(big_digit::BITS.into())
[INFO] [stdout]    |
[INFO] [stdout] 
[INFO] [stdout] 
[INFO] [stdout] error[E0308]: mismatched types
[INFO] [stdout]    --> /opt/rustwide/cargo-home/registry/src/index.crates.io-6f17d22bba15001f/num-bigint-0.4.0/src/biguint/convert.rs:585:19
[INFO] [stdout]     |
[INFO] [stdout] 585 |         .div_ceil(&u64::from(bits))
[INFO] [stdout]     |          -------- ^^^^^^^^^^^^^^^^ expected `u64`, found `&u64`
[INFO] [stdout]     |          |
[INFO] [stdout]     |          arguments to this method are incorrect
[INFO] [stdout]     |
[INFO] [stdout] note: method defined here
[INFO] [stdout]    --> /rustc/82e1608dfa6e0b5569232559e3d385fea5a93112/library/core/src/num/mod.rs:1169:5
[INFO] [stdout]     = note: this error originates in the macro `uint_impl` (in Nightly builds, run with -Z macro-backtrace for more info)
[INFO] [stdout] help: consider removing the borrow
[INFO] [stdout]     |
[INFO] [stdout] 585 -         .div_ceil(&u64::from(bits))
[INFO] [stdout] 585 +         .div_ceil(u64::from(bits))
[INFO] [stdout]     |
[INFO] [stdout] 
[INFO] [stdout] 
[INFO] [stdout] error[E0308]: mismatched types
[INFO] [stdout]    --> /opt/rustwide/cargo-home/registry/src/index.crates.io-6f17d22bba15001f/num-bigint-0.4.0/src/biguint/convert.rs:613:19
[INFO] [stdout]     |
[INFO] [stdout] 613 |         .div_ceil(&u64::from(bits))
[INFO] [stdout]     |          -------- ^^^^^^^^^^^^^^^^ expected `u64`, found `&u64`
[INFO] [stdout]     |          |
[INFO] [stdout]     |          arguments to this method are incorrect
[INFO] [stdout]     |
[INFO] [stdout] note: method defined here
[INFO] [stdout]    --> /rustc/82e1608dfa6e0b5569232559e3d385fea5a93112/library/core/src/num/mod.rs:1169:5
[INFO] [stdout]     = note: this error originates in the macro `uint_impl` (in Nightly builds, run with -Z macro-backtrace for more info)
[INFO] [stdout] help: consider removing the borrow
[INFO] [stdout]     |
[INFO] [stdout] 613 -         .div_ceil(&u64::from(bits))
[INFO] [stdout] 613 +         .div_ceil(u64::from(bits))
[INFO] [stdout]     |
[INFO] [stdout] 
[INFO] [stdout] 
[INFO] [stdout] error[E0308]: mismatched types
[INFO] [stdout]    --> /opt/rustwide/cargo-home/registry/src/index.crates.io-6f17d22bba15001f/num-bigint-0.4.0/src/biguint.rs:398:54
[INFO] [stdout]     |
[INFO] [stdout] 398 |                 let root_scale = extra_bits.div_ceil(&n64);
[INFO] [stdout]     |                                             -------- ^^^^ expected `u64`, found `&u64`
[INFO] [stdout]     |                                             |
[INFO] [stdout]     |                                             arguments to this method are incorrect
[INFO] [stdout]     |
[INFO] [stdout] note: method defined here
[INFO] [stdout]    --> /rustc/82e1608dfa6e0b5569232559e3d385fea5a93112/library/core/src/num/mod.rs:1169:5
[INFO] [stdout]     = note: this error originates in the macro `uint_impl` (in Nightly builds, run with -Z macro-backtrace for more info)
[INFO] [stdout] help: consider removing the borrow
[INFO] [stdout]     |
[INFO] [stdout] 398 -                 let root_scale = extra_bits.div_ceil(&n64);
[INFO] [stdout] 398 +                 let root_scale = extra_bits.div_ceil(n64);
[INFO] [stdout]     |
[INFO] [stdout] 
[INFO] [stdout] 
[INFO] [stdout] error: aborting due to 4 previous errors
[INFO] [stdout] 
[INFO] [stdout] 
[INFO] [stdout] For more information about this error, try `rustc --explain E0308`.
[INFO] [stdout] 
[INFO] [stderr] error: could not compile `num-bigint` (lib) due to 5 previous errors
[INFO] [stderr] warning: build failed, waiting for other jobs to finish...
[INFO] [stderr] The following warnings were emitted during compilation:
[INFO] [stderr] 
[INFO] [stderr] warning: librocksdb-sys@6.20.3: c++: fatal error: Killed signal terminated program cc1plus
[INFO] [stderr] warning: librocksdb-sys@6.20.3: compilation terminated.
[INFO] [stderr] 
[INFO] [stderr] error: failed to run custom build command for `librocksdb-sys v6.20.3 (https://github.com/velas/rust-rocksdb?branch=transaction#bbd2d97e)`
[INFO] [stderr] note: To improve backtraces for build dependencies, set the CARGO_PROFILE_DEV_BUILD_OVERRIDE_DEBUG=true environment variable to enable debug information generation.
[INFO] [stderr] 
[INFO] [stderr] Caused by:
[INFO] [stderr]   process didn't exit successfully: `/opt/rustwide/target/debug/build/librocksdb-sys-d29cd194b1e5344f/build-script-build` (exit status: 1)
[INFO] [stderr]   --- stdout
[INFO] [stderr]   cargo:rerun-if-changed=rocksdb/
[INFO] [stderr]   TARGET = Some("x86_64-unknown-linux-gnu")
[INFO] [stderr]   OPT_LEVEL = Some("0")
[INFO] [stderr]   HOST = Some("x86_64-unknown-linux-gnu")
[INFO] [stderr]   CXX_x86_64-unknown-linux-gnu = None
[INFO] [stderr]   CXX_x86_64_unknown_linux_gnu = None
[INFO] [stderr]   HOST_CXX = None
[INFO] [stderr]   CXX = None
[INFO] [stderr]   CXXFLAGS_x86_64-unknown-linux-gnu = None
[INFO] [stderr]   CXXFLAGS_x86_64_unknown_linux_gnu = None
[INFO] [stderr]   HOST_CXXFLAGS = None
[INFO] [stderr]   CXXFLAGS = None
[INFO] [stderr]   CRATE_CC_NO_DEFAULTS = None
[INFO] [stderr]   DEBUG = Some("true")
[INFO] [stderr]   CARGO_CFG_TARGET_FEATURE = Some("fxsr,sse,sse2")
[INFO] [stderr]   CXX_x86_64-unknown-linux-gnu = None
[INFO] [stderr]   CXX_x86_64_unknown_linux_gnu = None
[INFO] [stderr]   HOST_CXX = None
[INFO] [stderr]   CXX = None
[INFO] [stderr]   CXXFLAGS_x86_64-unknown-linux-gnu = None
[INFO] [stderr]   CXXFLAGS_x86_64_unknown_linux_gnu = None
[INFO] [stderr]   HOST_CXXFLAGS = None
[INFO] [stderr]   CXXFLAGS = None
[INFO] [stderr]   CRATE_CC_NO_DEFAULTS = None
[INFO] [stderr]   CARGO_CFG_TARGET_FEATURE = Some("fxsr,sse,sse2")
[INFO] [stderr]   running: "c++" "-O0" "-ffunction-sections" "-fdata-sections" "-fPIC" "-g" "-fno-omit-frame-pointer" "-m64" "-I" "rocksdb/include/" "-I" "rocksdb/" "-I" "rocksdb/third-party/gtest-1.8.1/fused-src/" "-I" "lz4/lib/" "-I" "." "-Wall" "-Wextra" "-std=c++11" "-Wno-unused-parameter" "-msse2" "-DLZ4=1" "-DNDEBUG=1" "-DOS_LINUX" "-DROCKSDB_PLATFORM_POSIX" "-DROCKSDB_LIB_IO_POSIX" "-DROCKSDB_SUPPORT_THREAD_LOCAL" "-o" "/opt/rustwide/target/debug/build/librocksdb-sys-74d20a669c9cef15/out/rocksdb/cache/cache.o" "-c" "rocksdb/cache/cache.cc"
[INFO] [stderr]   exit status: 0
[INFO] [stderr]   running: "c++" "-O0" "-ffunction-sections" "-fdata-sections" "-fPIC" "-g" "-fno-omit-frame-pointer" "-m64" "-I" "rocksdb/include/" "-I" "rocksdb/" "-I" "rocksdb/third-party/gtest-1.8.1/fused-src/" "-I" "lz4/lib/" "-I" "." "-Wall" "-Wextra" "-std=c++11" "-Wno-unused-parameter" "-msse2" "-DLZ4=1" "-DNDEBUG=1" "-DOS_LINUX" "-DROCKSDB_PLATFORM_POSIX" "-DROCKSDB_LIB_IO_POSIX" "-DROCKSDB_SUPPORT_THREAD_LOCAL" "-o" "/opt/rustwide/target/debug/build/librocksdb-sys-74d20a669c9cef15/out/rocksdb/cache/cache_entry_roles.o" "-c" "rocksdb/cache/cache_entry_roles.cc"
[INFO] [stderr]   exit status: 0
[INFO] [stderr]   running: "c++" "-O0" "-ffunction-sections" "-fdata-sections" "-fPIC" "-g" "-fno-omit-frame-pointer" "-m64" "-I" "rocksdb/include/" "-I" "rocksdb/" "-I" "rocksdb/third-party/gtest-1.8.1/fused-src/" "-I" "lz4/lib/" "-I" "." "-Wall" "-Wextra" "-std=c++11" "-Wno-unused-parameter" "-msse2" "-DLZ4=1" "-DNDEBUG=1" "-DOS_LINUX" "-DROCKSDB_PLATFORM_POSIX" "-DROCKSDB_LIB_IO_POSIX" "-DROCKSDB_SUPPORT_THREAD_LOCAL" "-o" "/opt/rustwide/target/debug/build/librocksdb-sys-74d20a669c9cef15/out/rocksdb/cache/clock_cache.o" "-c" "rocksdb/cache/clock_cache.cc"
[INFO] [stderr]   exit status: 0
[INFO] [stderr]   running: "c++" "-O0" "-ffunction-sections" "-fdata-sections" "-fPIC" "-g" "-fno-omit-frame-pointer" "-m64" "-I" "rocksdb/include/" "-I" "rocksdb/" "-I" "rocksdb/third-party/gtest-1.8.1/fused-src/" "-I" "lz4/lib/" "-I" "." "-Wall" "-Wextra" "-std=c++11" "-Wno-unused-parameter" "-msse2" "-DLZ4=1" "-DNDEBUG=1" "-DOS_LINUX" "-DROCKSDB_PLATFORM_POSIX" "-DROCKSDB_LIB_IO_POSIX" "-DROCKSDB_SUPPORT_THREAD_LOCAL" "-o" "/opt/rustwide/target/debug/build/librocksdb-sys-74d20a669c9cef15/out/rocksdb/cache/lru_cache.o" "-c" "rocksdb/cache/lru_cache.cc"
[INFO] [stderr]   running: "c++" "-O0" "-ffunction-sections" "-fdata-sections" "-fPIC" "-g" "-fno-omit-frame-pointer" "-m64" "-I" "rocksdb/include/" "-I" "rocksdb/" "-I" "rocksdb/third-party/gtest-1.8.1/fused-src/" "-I" "lz4/lib/" "-I" "." "-Wall" "-Wextra" "-std=c++11" "-Wno-unused-parameter" "-msse2" "-DLZ4=1" "-DNDEBUG=1" "-DOS_LINUX" "-DROCKSDB_PLATFORM_POSIX" "-DROCKSDB_LIB_IO_POSIX" "-DROCKSDB_SUPPORT_THREAD_LOCAL" "-o" "/opt/rustwide/target/debug/build/librocksdb-sys-74d20a669c9cef15/out/rocksdb/cache/sharded_cache.o" "-c" "rocksdb/cache/sharded_cache.cc"
[INFO] [stderr]   running: "c++" "-O0" "-ffunction-sections" "-fdata-sections" "-fPIC" "-g" "-fno-omit-frame-pointer" "-m64" "-I" "rocksdb/include/" "-I" "rocksdb/" "-I" "rocksdb/third-party/gtest-1.8.1/fused-src/" "-I" "lz4/lib/" "-I" "." "-Wall" "-Wextra" "-std=c++11" "-Wno-unused-parameter" "-msse2" "-DLZ4=1" "-DNDEBUG=1" "-DOS_LINUX" "-DROCKSDB_PLATFORM_POSIX" "-DROCKSDB_LIB_IO_POSIX" "-DROCKSDB_SUPPORT_THREAD_LOCAL" "-o" "/opt/rustwide/target/debug/build/librocksdb-sys-74d20a669c9cef15/out/rocksdb/db/arena_wrapped_db_iter.o" "-c" "rocksdb/db/arena_wrapped_db_iter.cc"
[INFO] [stderr]   running: "c++" "-O0" "-ffunction-sections" "-fdata-sections" "-fPIC" "-g" "-fno-omit-frame-pointer" "-m64" "-I" "rocksdb/include/" "-I" "rocksdb/" "-I" "rocksdb/third-party/gtest-1.8.1/fused-src/" "-I" "lz4/lib/" "-I" "." "-Wall" "-Wextra" "-std=c++11" "-Wno-unused-parameter" "-msse2" "-DLZ4=1" "-DNDEBUG=1" "-DOS_LINUX" "-DROCKSDB_PLATFORM_POSIX" "-DROCKSDB_LIB_IO_POSIX" "-DROCKSDB_SUPPORT_THREAD_LOCAL" "-o" "/opt/rustwide/target/debug/build/librocksdb-sys-74d20a669c9cef15/out/rocksdb/db/blob/blob_fetcher.o" "-c" "rocksdb/db/blob/blob_fetcher.cc"
[INFO] [stderr]   running: "c++" "-O0" "-ffunction-sections" "-fdata-sections" "-fPIC" "-g" "-fno-omit-frame-pointer" "-m64" "-I" "rocksdb/include/" "-I" "rocksdb/" "-I" "rocksdb/third-party/gtest-1.8.1/fused-src/" "-I" "lz4/lib/" "-I" "." "-Wall" "-Wextra" "-std=c++11" "-Wno-unused-parameter" "-msse2" "-DLZ4=1" "-DNDEBUG=1" "-DOS_LINUX" "-DROCKSDB_PLATFORM_POSIX" "-DROCKSDB_LIB_IO_POSIX" "-DROCKSDB_SUPPORT_THREAD_LOCAL" "-o" "/opt/rustwide/target/debug/build/librocksdb-sys-74d20a669c9cef15/out/rocksdb/db/blob/blob_file_addition.o" "-c" "rocksdb/db/blob/blob_file_addition.cc"
[INFO] [stderr]   exit status: 0
[INFO] [stderr]   running: "c++" "-O0" "-ffunction-sections" "-fdata-sections" "-fPIC" "-g" "-fno-omit-frame-pointer" "-m64" "-I" "rocksdb/include/" "-I" "rocksdb/" "-I" "rocksdb/third-party/gtest-1.8.1/fused-src/" "-I" "lz4/lib/" "-I" "." "-Wall" "-Wextra" "-std=c++11" "-Wno-unused-parameter" "-msse2" "-DLZ4=1" "-DNDEBUG=1" "-DOS_LINUX" "-DROCKSDB_PLATFORM_POSIX" "-DROCKSDB_LIB_IO_POSIX" "-DROCKSDB_SUPPORT_THREAD_LOCAL" "-o" "/opt/rustwide/target/debug/build/librocksdb-sys-74d20a669c9cef15/out/rocksdb/db/blob/blob_file_builder.o" "-c" "rocksdb/db/blob/blob_file_builder.cc"
[INFO] [stderr]   exit status: 0
[INFO] [stderr]   running: "c++" "-O0" "-ffunction-sections" "-fdata-sections" "-fPIC" "-g" "-fno-omit-frame-pointer" "-m64" "-I" "rocksdb/include/" "-I" "rocksdb/" "-I" "rocksdb/third-party/gtest-1.8.1/fused-src/" "-I" "lz4/lib/" "-I" "." "-Wall" "-Wextra" "-std=c++11" "-Wno-unused-parameter" "-msse2" "-DLZ4=1" "-DNDEBUG=1" "-DOS_LINUX" "-DROCKSDB_PLATFORM_POSIX" "-DROCKSDB_LIB_IO_POSIX" "-DROCKSDB_SUPPORT_THREAD_LOCAL" "-o" "/opt/rustwide/target/debug/build/librocksdb-sys-74d20a669c9cef15/out/rocksdb/db/blob/blob_file_cache.o" "-c" "rocksdb/db/blob/blob_file_cache.cc"
[INFO] [stderr]   running: "c++" "-O0" "-ffunction-sections" "-fdata-sections" "-fPIC" "-g" "-fno-omit-frame-pointer" "-m64" "-I" "rocksdb/include/" "-I" "rocksdb/" "-I" "rocksdb/third-party/gtest-1.8.1/fused-src/" "-I" "lz4/lib/" "-I" "." "-Wall" "-Wextra" "-std=c++11" "-Wno-unused-parameter" "-msse2" "-DLZ4=1" "-DNDEBUG=1" "-DOS_LINUX" "-DROCKSDB_PLATFORM_POSIX" "-DROCKSDB_LIB_IO_POSIX" "-DROCKSDB_SUPPORT_THREAD_LOCAL" "-o" "/opt/rustwide/target/debug/build/librocksdb-sys-74d20a669c9cef15/out/rocksdb/db/blob/blob_file_garbage.o" "-c" "rocksdb/db/blob/blob_file_garbage.cc"
[INFO] [stderr]   exit status: 0
[INFO] [stderr]   running: "c++" "-O0" "-ffunction-sections" "-fdata-sections" "-fPIC" "-g" "-fno-omit-frame-pointer" "-m64" "-I" "rocksdb/include/" "-I" "rocksdb/" "-I" "rocksdb/third-party/gtest-1.8.1/fused-src/" "-I" "lz4/lib/" "-I" "." "-Wall" "-Wextra" "-std=c++11" "-Wno-unused-parameter" "-msse2" "-DLZ4=1" "-DNDEBUG=1" "-DOS_LINUX" "-DROCKSDB_PLATFORM_POSIX" "-DROCKSDB_LIB_IO_POSIX" "-DROCKSDB_SUPPORT_THREAD_LOCAL" "-o" "/opt/rustwide/target/debug/build/librocksdb-sys-74d20a669c9cef15/out/rocksdb/db/blob/blob_file_meta.o" "-c" "rocksdb/db/blob/blob_file_meta.cc"
[INFO] [stderr]   exit status: 0
[INFO] [stderr]   running: "c++" "-O0" "-ffunction-sections" "-fdata-sections" "-fPIC" "-g" "-fno-omit-frame-pointer" "-m64" "-I" "rocksdb/include/" "-I" "rocksdb/" "-I" "rocksdb/third-party/gtest-1.8.1/fused-src/" "-I" "lz4/lib/" "-I" "." "-Wall" "-Wextra" "-std=c++11" "-Wno-unused-parameter" "-msse2" "-DLZ4=1" "-DNDEBUG=1" "-DOS_LINUX" "-DROCKSDB_PLATFORM_POSIX" "-DROCKSDB_LIB_IO_POSIX" "-DROCKSDB_SUPPORT_THREAD_LOCAL" "-o" "/opt/rustwide/target/debug/build/librocksdb-sys-74d20a669c9cef15/out/rocksdb/db/blob/blob_file_reader.o" "-c" "rocksdb/db/blob/blob_file_reader.cc"
[INFO] [stderr]   exit status: 0
[INFO] [stderr]   running: "c++" "-O0" "-ffunction-sections" "-fdata-sections" "-fPIC" "-g" "-fno-omit-frame-pointer" "-m64" "-I" "rocksdb/include/" "-I" "rocksdb/" "-I" "rocksdb/third-party/gtest-1.8.1/fused-src/" "-I" "lz4/lib/" "-I" "." "-Wall" "-Wextra" "-std=c++11" "-Wno-unused-parameter" "-msse2" "-DLZ4=1" "-DNDEBUG=1" "-DOS_LINUX" "-DROCKSDB_PLATFORM_POSIX" "-DROCKSDB_LIB_IO_POSIX" "-DROCKSDB_SUPPORT_THREAD_LOCAL" "-o" "/opt/rustwide/target/debug/build/librocksdb-sys-74d20a669c9cef15/out/rocksdb/db/blob/blob_log_format.o" "-c" "rocksdb/db/blob/blob_log_format.cc"
[INFO] [stderr]   exit status: 0
[INFO] [stderr]   running: "c++" "-O0" "-ffunction-sections" "-fdata-sections" "-fPIC" "-g" "-fno-omit-frame-pointer" "-m64" "-I" "rocksdb/include/" "-I" "rocksdb/" "-I" "rocksdb/third-party/gtest-1.8.1/fused-src/" "-I" "lz4/lib/" "-I" "." "-Wall" "-Wextra" "-std=c++11" "-Wno-unused-parameter" "-msse2" "-DLZ4=1" "-DNDEBUG=1" "-DOS_LINUX" "-DROCKSDB_PLATFORM_POSIX" "-DROCKSDB_LIB_IO_POSIX" "-DROCKSDB_SUPPORT_THREAD_LOCAL" "-o" "/opt/rustwide/target/debug/build/librocksdb-sys-74d20a669c9cef15/out/rocksdb/db/blob/blob_log_sequential_reader.o" "-c" "rocksdb/db/blob/blob_log_sequential_reader.cc"
[INFO] [stderr]   cargo:warning=c++: fatal error: Killed signal terminated program cc1plus
[INFO] [stderr]   cargo:warning=compilation terminated.
[INFO] [stderr]   exit status: 1
[INFO] [stderr]   exit status: 0
[INFO] [stderr]   running: "c++" "-O0" "-ffunction-sections" "-fdata-sections" "-fPIC" "-g" "-fno-omit-frame-pointer" "-m64" "-I" "rocksdb/include/" "-I" "rocksdb/" "-I" "rocksdb/third-party/gtest-1.8.1/fused-src/" "-I" "lz4/lib/" "-I" "." "-Wall" "-Wextra" "-std=c++11" "-Wno-unused-parameter" "-msse2" "-DLZ4=1" "-DNDEBUG=1" "-DOS_LINUX" "-DROCKSDB_PLATFORM_POSIX" "-DROCKSDB_LIB_IO_POSIX" "-DROCKSDB_SUPPORT_THREAD_LOCAL" "-o" "/opt/rustwide/target/debug/build/librocksdb-sys-74d20a669c9cef15/out/rocksdb/db/blob/blob_log_writer.o" "-c" "rocksdb/db/blob/blob_log_writer.cc"
[INFO] [stderr]   exit status: 0
[INFO] [stderr]   exit status: 0
[INFO] [stderr]   exit status: 0
[INFO] [stderr]   exit status: 0
[INFO] [stderr]   exit status: 0
[INFO] [stderr] 
[INFO] [stderr]   --- stderr
[INFO] [stderr]   error: 'rustfmt' is not installed for the toolchain '1.75.0-x86_64-unknown-linux-gnu'
[INFO] [stderr]   To install, run `rustup component add rustfmt --toolchain 1.75.0-x86_64-unknown-linux-gnu`
[INFO] [stderr]   Failed to run rustfmt: Internal rustfmt error (non-fatal, continuing)
[INFO] [stderr] 
[INFO] [stderr] 
[INFO] [stderr]   error occurred: Command "c++" "-O0" "-ffunction-sections" "-fdata-sections" "-fPIC" "-g" "-fno-omit-frame-pointer" "-m64" "-I" "rocksdb/include/" "-I" "rocksdb/" "-I" "rocksdb/third-party/gtest-1.8.1/fused-src/" "-I" "lz4/lib/" "-I" "." "-Wall" "-Wextra" "-std=c++11" "-Wno-unused-parameter" "-msse2" "-DLZ4=1" "-DNDEBUG=1" "-DOS_LINUX" "-DROCKSDB_PLATFORM_POSIX" "-DROCKSDB_LIB_IO_POSIX" "-DROCKSDB_SUPPORT_THREAD_LOCAL" "-o" "/opt/rustwide/target/debug/build/librocksdb-sys-74d20a669c9cef15/out/rocksdb/db/arena_wrapped_db_iter.o" "-c" "rocksdb/db/arena_wrapped_db_iter.cc" with args "c++" did not execute successfully (status code exit status: 1).
[INFO] [stderr] 
[INFO] [stderr] 
[INFO] running `Command { std: "docker" "inspect" "c5f8c9417a05c32be199dc16695649f116884fbc92a7221f0d6270a6f9624a0b", kill_on_drop: false }`
[INFO] running `Command { std: "docker" "rm" "-f" "c5f8c9417a05c32be199dc16695649f116884fbc92a7221f0d6270a6f9624a0b", kill_on_drop: false }`
[INFO] [stdout] c5f8c9417a05c32be199dc16695649f116884fbc92a7221f0d6270a6f9624a0b
[INFO] documenting CascadiaSystems/sophon-chain against beta-2023-12-22 for beta-1.76-rustdoc-1
[INFO] running `Command { std: "git" "clone" "/workspace/cache/git-repos/https%3A%2F%2Fgithub.com%2FCascadiaSystems%2Fsophon-chain" "/workspace/builds/worker-1-tc2/source", kill_on_drop: false }`
[INFO] [stderr] Cloning into '/workspace/builds/worker-1-tc2/source'...
[INFO] [stderr] done.
[INFO] validating manifest of git repo https://github.com/CascadiaSystems/sophon-chain on toolchain beta-2023-12-22
[INFO] running `Command { std: CARGO_HOME="/workspace/cargo-home" RUSTUP_HOME="/workspace/rustup-home" "/workspace/cargo-home/bin/cargo" "+beta-2023-12-22" "metadata" "--manifest-path" "Cargo.toml" "--no-deps", kill_on_drop: false }`
[INFO] removed /workspace/builds/worker-1-tc2/source/rust-toolchain
[INFO] started tweaking git repo https://github.com/CascadiaSystems/sophon-chain
[INFO] finished tweaking git repo https://github.com/CascadiaSystems/sophon-chain
[INFO] tweaked toml for git repo https://github.com/CascadiaSystems/sophon-chain written to /workspace/builds/worker-1-tc2/source/Cargo.toml
[INFO] crate git repo https://github.com/CascadiaSystems/sophon-chain already has a lockfile, it will not be regenerated
[INFO] running `Command { std: CARGO_HOME="/workspace/cargo-home" RUSTUP_HOME="/workspace/rustup-home" "/workspace/cargo-home/bin/cargo" "+beta-2023-12-22" "fetch" "--manifest-path" "Cargo.toml", kill_on_drop: false }`
[INFO] [stderr]     Updating git repository `https://github.com/velas/transaction-pool`
[INFO] running `Command { std: "docker" "create" "-v" "/var/lib/crater-agent-workspace/builds/worker-1-tc2/target:/opt/rustwide/target:rw,Z" "-v" "/var/lib/crater-agent-workspace/builds/worker-1-tc2/source:/opt/rustwide/workdir:ro,Z" "-v" "/var/lib/crater-agent-workspace/cargo-home:/opt/rustwide/cargo-home:ro,Z" "-v" "/var/lib/crater-agent-workspace/rustup-home:/opt/rustwide/rustup-home:ro,Z" "-e" "SOURCE_DIR=/opt/rustwide/workdir" "-e" "CARGO_TARGET_DIR=/opt/rustwide/target" "-e" "CARGO_HOME=/opt/rustwide/cargo-home" "-e" "RUSTUP_HOME=/opt/rustwide/rustup-home" "-w" "/opt/rustwide/workdir" "-m" "1610612736" "--user" "0:0" "--network" "none" "ghcr.io/rust-lang/crates-build-env/linux@sha256:2788e3201cd34a07e3172128adcd8b3090168a8e3bcc40d7c032b9dda1df7d1c" "/opt/rustwide/cargo-home/bin/cargo" "+beta-2023-12-22" "metadata" "--no-deps" "--format-version=1", kill_on_drop: false }`
[INFO] [stdout] 2c7c2c8ab28bd4f3a2040c8962218cef5ef9f2741b9273461b8a8f3c0c7a2f48
[INFO] running `Command { std: "docker" "start" "-a" "2c7c2c8ab28bd4f3a2040c8962218cef5ef9f2741b9273461b8a8f3c0c7a2f48", kill_on_drop: false }`
[INFO] running `Command { std: "docker" "inspect" "2c7c2c8ab28bd4f3a2040c8962218cef5ef9f2741b9273461b8a8f3c0c7a2f48", kill_on_drop: false }`
[INFO] running `Command { std: "docker" "rm" "-f" "2c7c2c8ab28bd4f3a2040c8962218cef5ef9f2741b9273461b8a8f3c0c7a2f48", kill_on_drop: false }`
[INFO] [stdout] 2c7c2c8ab28bd4f3a2040c8962218cef5ef9f2741b9273461b8a8f3c0c7a2f48
[INFO] running `Command { std: "docker" "create" "-v" "/var/lib/crater-agent-workspace/builds/worker-1-tc2/target:/opt/rustwide/target:rw,Z" "-v" "/var/lib/crater-agent-workspace/builds/worker-1-tc2/source:/opt/rustwide/workdir:ro,Z" "-v" "/var/lib/crater-agent-workspace/cargo-home:/opt/rustwide/cargo-home:ro,Z" "-v" "/var/lib/crater-agent-workspace/rustup-home:/opt/rustwide/rustup-home:ro,Z" "-e" "SOURCE_DIR=/opt/rustwide/workdir" "-e" "CARGO_TARGET_DIR=/opt/rustwide/target" "-e" "CARGO_INCREMENTAL=0" "-e" "RUST_BACKTRACE=full" "-e" "RUSTFLAGS=--cap-lints=warn" "-e" "RUSTDOCFLAGS=--cap-lints=warn" "-e" "CARGO_HOME=/opt/rustwide/cargo-home" "-e" "RUSTUP_HOME=/opt/rustwide/rustup-home" "-w" "/opt/rustwide/workdir" "-m" "1610612736" "--user" "0:0" "--network" "none" "ghcr.io/rust-lang/crates-build-env/linux@sha256:2788e3201cd34a07e3172128adcd8b3090168a8e3bcc40d7c032b9dda1df7d1c" "/opt/rustwide/cargo-home/bin/cargo" "+beta-2023-12-22" "doc" "--frozen" "--no-deps" "--document-private-items" "--message-format=json", kill_on_drop: false }`
[INFO] [stdout] d740ab48c28788d0db271960a068c1151ff9dabfa18b2b7c9244e127e2854ada
[INFO] running `Command { std: "docker" "start" "-a" "d740ab48c28788d0db271960a068c1151ff9dabfa18b2b7c9244e127e2854ada", kill_on_drop: false }`
[INFO] [stderr] warning: output filename collision.
[INFO] [stderr] The bin target `solana-sys-tuner` in package `solana-sys-tuner v1.6.14 (/opt/rustwide/workdir/sys-tuner)` has the same output filename as the lib target `solana_sys_tuner` in package `solana-sys-tuner v1.6.14 (/opt/rustwide/workdir/sys-tuner)`.
[INFO] [stderr] Colliding filename is: /opt/rustwide/target/doc/solana_sys_tuner/index.html
[INFO] [stderr] The output filenames should be unique.
[INFO] [stderr] This is a known bug where multiple crates with the same name use
[INFO] [stderr] the same path; see <https://github.com/rust-lang/cargo/issues/6313>.
[INFO] [stderr] If this looks unexpected, it may be a bug in Cargo. Please file a bug report at
[INFO] [stderr] https://github.com/rust-lang/cargo/issues/ with as much information as you
[INFO] [stderr] can provide.
[INFO] [stderr] cargo 1.76.0-beta.1 (1a2666ddd 2023-12-17) running on `x86_64-unknown-linux-gnu` target `x86_64-unknown-linux-gnu`
[INFO] [stderr] First unit: Unit { pkg: Package { id: PackageId { name: "solana-sys-tuner", version: "1.6.14", source: "/opt/rustwide/workdir/sys-tuner" }, ..: ".." }, target: TargetInner { name: "solana-sys-tuner", doc: true, ..: with_path("/opt/rustwide/workdir/sys-tuner/src/main.rs", Edition2018) }, profile: Profile { split_debuginfo: Some("unpacked"), incremental: false, ..: default_dev() }, kind: Host, mode: Doc { deps: false }, features: [], artifact: false, artifact_target_for_features: None, is_std: false, dep_hash: 6447392618897031444 }
[INFO] [stderr] Second unit: Unit { pkg: Package { id: PackageId { name: "solana-sys-tuner", version: "1.6.14", source: "/opt/rustwide/workdir/sys-tuner" }, ..: ".." }, target: TargetInner { ..: lib_target("solana_sys_tuner", ["lib"], "/opt/rustwide/workdir/sys-tuner/src/lib.rs", Edition2018) }, profile: Profile { split_debuginfo: Some("unpacked"), incremental: false, ..: default_dev() }, kind: Host, mode: Doc { deps: false }, features: [], artifact: false, artifact_target_for_features: None, is_std: false, dep_hash: 16867704945234777934 }
[INFO] [stderr]    Compiling libc v0.2.126
[INFO] [stderr]    Compiling proc-macro2 v1.0.28
[INFO] [stderr]    Compiling unicode-xid v0.2.2
[INFO] [stderr]    Compiling syn v1.0.74
[INFO] [stderr]     Checking cfg-if v1.0.0
[INFO] [stderr]    Compiling serde_derive v1.0.127
[INFO] [stderr]    Compiling autocfg v1.0.1
[INFO] [stderr]    Compiling serde v1.0.127
[INFO] [stderr]    Compiling version_check v0.9.3
[INFO] [stderr]     Checking spin v0.5.2
[INFO] [stderr]    Compiling log v0.4.14
[INFO] [stderr]     Checking lazy_static v1.4.0
[INFO] [stderr]    Compiling memchr v2.4.0
[INFO] [stderr]     Checking scopeguard v1.1.0
[INFO] [stderr]    Compiling typenum v1.13.0
[INFO] [stderr]     Checking smallvec v1.6.1
[INFO] [stderr]    Compiling semver-parser v0.7.0
[INFO] [stderr]    Compiling parking_lot_core v0.8.5
[INFO] [stderr]    Compiling semver v0.9.0
[INFO] [stderr]    Compiling quote v1.0.9
[INFO] [stderr]    Compiling rustc_version v0.2.3
[INFO] [stderr]     Checking lock_api v0.4.6
[INFO] [stderr]    Compiling generic-array v0.14.4
[INFO] [stderr]     Checking instant v0.1.10
[INFO] [stderr]     Checking either v1.6.1
[INFO] [stderr]     Checking byteorder v1.4.3
[INFO] [stderr]     Checking bytes v1.0.1
[INFO] [stderr]     Checking ppv-lite86 v0.2.10
[INFO] [stderr]     Checking futures v0.1.31
[INFO] [stderr]     Checking slab v0.4.4
[INFO] [stderr]     Checking cfg-if v0.1.10
[INFO] [stderr]     Checking pin-project-lite v0.2.7
[INFO] [stderr]    Compiling ryu v1.0.5
[INFO] [stderr]    Compiling bitflags v1.2.1
[INFO] [stderr]    Compiling jobserver v0.1.23
[INFO] [stderr]    Compiling cc v1.0.72
[INFO] [stderr]     Checking parking_lot v0.11.2
[INFO] [stderr]     Checking num_cpus v1.13.0
[INFO] [stderr]     Checking getrandom v0.2.3
[INFO] [stderr]    Compiling proc-macro-hack v0.5.19
[INFO] [stderr]     Checking once_cell v1.8.0
[INFO] [stderr]    Compiling futures-core v0.3.16
[INFO] [stderr]    Compiling crunchy v0.2.2
[INFO] [stderr]     Checking regex-syntax v0.6.25
[INFO] [stderr]    Compiling parking_lot_core v0.9.3
[INFO] [stderr]     Checking itoa v0.4.7
[INFO] [stderr]     Checking signal-hook-registry v1.4.0
[INFO] [stderr]     Checking fnv v1.0.7
[INFO] [stderr]     Checking socket2 v0.4.4
[INFO] [stderr]     Checking mio v0.8.3
[INFO] [stderr]     Checking parking_lot v0.12.1
[INFO] [stderr]     Checking futures-sink v0.3.16
[INFO] [stderr]    Compiling getrandom v0.1.16
[INFO] [stderr]    Compiling futures-macro v0.3.16
[INFO] [stderr]    Compiling futures-task v0.3.16
[INFO] [stderr]    Compiling proc-macro-nested v0.1.7
[INFO] [stderr]    Compiling futures-channel v0.3.16
[INFO] [stderr]     Checking aho-corasick v0.7.18
[INFO] [stderr]    Compiling futures-util v0.3.16
[INFO] [stderr]     Checking rand_core v0.5.1
[INFO] [stderr]    Compiling num-traits v0.2.14
[INFO] [stderr]    Compiling crossbeam-utils v0.8.5
[INFO] [stderr]     Checking futures-io v0.3.16
[INFO] [stderr]    Compiling pkg-config v0.3.19
[INFO] [stderr]     Checking pin-utils v0.1.0
[INFO] [stderr]     Checking generic-array v0.12.4
[INFO] [stderr]     Checking block-padding v0.2.1
[INFO] [stderr]     Checking rand_core v0.6.3
[INFO] [stderr]     Checking opaque-debug v0.3.0
[INFO] [stderr]     Checking subtle v2.4.1
[INFO] [stderr]     Checking rand_pcg v0.2.1
[INFO] [stderr]     Checking rand_chacha v0.3.1
[INFO] [stderr]     Checking rand_chacha v0.2.2
[INFO] [stderr]    Compiling memoffset v0.6.4
[INFO] [stderr]     Checking crossbeam-channel v0.5.1
[INFO] [stderr]     Checking rand v0.7.3
[INFO] [stderr]     Checking digest v0.8.1
[INFO] [stderr]     Checking rand v0.8.4
[INFO] [stderr]     Checking regex v1.5.4
[INFO] [stderr]    Compiling crossbeam-epoch v0.9.5
[INFO] [stderr]    Compiling serde_json v1.0.66
[INFO] [stderr]     Checking arrayvec v0.5.2
[INFO] [stderr]    Compiling maybe-uninit v2.0.0
[INFO] [stderr]     Checking tinyvec_macros v0.1.0
[INFO] [stderr]    Compiling rayon-core v1.9.1
[INFO] [stderr]     Checking tinyvec v1.3.1
[INFO] [stderr]     Checking atty v0.2.14
[INFO] [stderr]     Checking matches v0.1.8
[INFO] [stderr]    Compiling openssl-sys v0.9.65
[INFO] [stderr]     Checking tracing-core v0.1.26
[INFO] [stderr]    Compiling rayon v1.5.1
[INFO] [stderr]     Checking hex v0.4.3
[INFO] [stderr]     Checking crossbeam-deque v0.8.1
[INFO] [stderr]    Compiling httparse v1.7.1
[INFO] [stderr]    Compiling crossbeam-utils v0.7.2
[INFO] [stderr]     Checking unicode-bidi v0.3.5
[INFO] [stderr]     Checking unicode-normalization v0.1.19
[INFO] [stderr]     Checking iovec v0.1.4
[INFO] [stderr]    Compiling ahash v0.7.4
[INFO] [stderr]     Checking keccak v0.1.0
[INFO] [stderr]     Checking foreign-types-shared v0.1.1
[INFO] [stderr]    Compiling openssl v0.10.35
[INFO] [stderr]     Checking foreign-types v0.3.2
[INFO] [stderr]    Compiling synstructure v0.12.5
[INFO] [stderr]    Compiling ring v0.16.20
[INFO] [stderr]     Checking http v0.2.4
[INFO] [stderr]     Checking percent-encoding v2.1.0
[INFO] [stderr]     Checking cpufeatures v0.1.5
[INFO] [stderr]     Checking hashbrown v0.11.2
[INFO] [stderr]     Checking net2 v0.2.37
[INFO] [stderr]    Compiling indexmap v1.7.0
[INFO] [stderr]     Checking untrusted v0.7.1
[INFO] [stderr]    Compiling glob v0.3.0
[INFO] [stderr]     Checking rustc-hex v2.1.0
[INFO] [stderr]    Compiling native-tls v0.2.8
[INFO] [stderr]     Checking bytes v0.4.12
[INFO] [stderr]     Checking openssl-probe v0.1.4
[INFO] [stderr]     Checking static_assertions v1.1.0
[INFO] [stderr]     Checking rlp v0.5.1
[INFO] [stderr]     Checking smallvec v0.6.14
[INFO] [stderr]     Checking tower-service v0.3.1
[INFO] [stderr]     Checking humantime v2.1.0
[INFO] [stderr]     Checking mio v0.6.23
[INFO] [stderr]     Checking tokio-executor v0.1.10
[INFO] [stderr]    Compiling num-integer v0.1.44
[INFO] [stderr]     Checking termcolor v1.1.2
[INFO] [stderr]     Checking httpdate v1.0.1
[INFO] [stderr]     Checking itoa v1.0.1
[INFO] [stderr]     Checking try-lock v0.2.3
[INFO] [stderr]     Checking radium v0.3.0
[INFO] [stderr]     Checking env_logger v0.8.4
[INFO] [stderr]     Checking want v0.3.0
[INFO] [stderr]     Checking impl-rlp v0.3.0
[INFO] [stderr]     Checking http-body v0.4.5
[INFO] [stderr]     Checking bitvec v0.17.4
[INFO] [stderr]     Checking tokio-io v0.1.13
[INFO] [stderr]     Checking fixed-hash v0.7.0
[INFO] [stderr]    Compiling parking_lot_core v0.6.2
[INFO] [stderr]    Compiling rustversion v1.0.5
[INFO] [stderr]    Compiling autocfg v0.1.7
[INFO] [stderr]    Compiling feature-probe v0.1.1
[INFO] [stderr]     Checking byte-slice-cast v0.3.5
[INFO] [stderr]     Checking byte-tools v0.3.1
[INFO] [stderr]     Checking rand_core v0.4.2
[INFO] [stderr]     Checking block-padding v0.1.5
[INFO] [stderr]    Compiling bv v0.11.1
[INFO] [stderr]     Checking form_urlencoded v1.0.1
[INFO] [stderr]     Checking regex-automata v0.1.10
[INFO] [stderr]    Compiling parking_lot v0.9.0
[INFO] [stderr]     Checking lock_api v0.3.4
[INFO] [stderr]     Checking base64 v0.13.0
[INFO] [stderr]    Compiling anyhow v1.0.43
[INFO] [stderr]    Compiling radium v0.5.3
[INFO] [stderr]    Compiling tokio-macros v1.7.0
[INFO] [stderr]    Compiling thiserror-impl v1.0.26
[INFO] [stderr]    Compiling tracing-attributes v0.1.21
[INFO] [stderr]    Compiling zeroize_derive v1.1.0
[INFO] [stderr]     Checking tokio v1.18.2
[INFO] [stderr]     Checking zeroize v1.4.1
[INFO] [stderr]     Checking rand_core v0.3.1
[INFO] [stderr]     Checking block-buffer v0.7.3
[INFO] [stderr]     Checking uint v0.9.1
[INFO] [stderr]     Checking idna v0.2.3
[INFO] [stderr]     Checking thiserror v1.0.26
[INFO] [stderr]     Checking time v0.1.44
[INFO] [stderr]     Checking opaque-debug v0.2.3
[INFO] [stderr]    Compiling lexical-core v0.7.6
[INFO] [stderr]     Checking bs58 v0.3.1
[INFO] [stderr]    Compiling tiny-keccak v2.0.2
[INFO] [stderr]     Checking url v2.2.2
[INFO] [stderr]     Checking tracing v0.1.34
[INFO] [stderr]    Compiling clang-sys v1.2.0
[INFO] [stderr]     Checking tokio-sync v0.1.8
[INFO] [stderr]     Checking memmap2 v0.1.0
[INFO] [stderr]    Compiling nom v6.1.2
[INFO] [stderr]    Compiling tap v1.0.1
[INFO] [stderr]     Checking arrayref v0.3.6
[INFO] [stderr]    Compiling funty v1.1.0
[INFO] [stderr]     Checking ahash v0.4.7
[INFO] [stderr]    Compiling wyz v0.2.0
[INFO] [stderr]     Checking hashbrown v0.9.1
[INFO] [stderr]     Checking tokio-reactor v0.1.12
[INFO] [stderr]    Compiling bitvec v0.19.5
[INFO] [stderr]     Checking futures-executor v0.3.16
[INFO] [stderr]     Checking curve25519-dalek v2.1.3
[INFO] [stderr]     Checking futures v0.3.16
[INFO] [stderr]     Checking webpki v0.22.0
[INFO] [stderr]    Compiling rand_pcg v0.1.2
[INFO] [stderr]    Compiling rand_chacha v0.1.1
[INFO] [stderr]    Compiling blake3 v0.3.8
[INFO] [stderr]     Checking sct v0.7.0
[INFO] [stderr]    Compiling libloading v0.7.0
[INFO] [stderr]     Checking tokio-codec v0.1.2
[INFO] [stderr]     Checking tokio-util v0.6.7
[INFO] [stderr]     Checking tokio-stream v0.1.7
[INFO] [stderr]    Compiling solana-frozen-abi-macro v1.6.14 (/opt/rustwide/workdir/frozen-abi/macro)
[INFO] [stderr]     Checking h2 v0.3.11
[INFO] [stderr]    Compiling rand v0.6.1
[INFO] [stderr]    Compiling proc-macro2 v0.4.30
[INFO] [stderr]    Compiling bindgen v0.59.1
[INFO] [stderr]     Checking constant_time_eq v0.1.5
[INFO] [stderr]     Checking rustls v0.20.2
[INFO] [stderr]     Checking rand_hc v0.1.0
[INFO] [stderr]     Checking rand_xorshift v0.1.1
[INFO] [stderr]     Checking rand_isaac v0.1.1
[INFO] [stderr]    Compiling num-derive v0.3.3
[INFO] [stderr]     Checking itertools v0.9.0
[INFO] [stderr]    Compiling cexpr v0.5.0
[INFO] [stderr]    Compiling unicase v2.6.0
[INFO] [stderr]    Compiling toml v0.5.8
[INFO] [stderr]     Checking bincode v1.3.3
[INFO] [stderr]     Checking digest v0.9.0
[INFO] [stderr]     Checking block-buffer v0.9.0
[INFO] [stderr]     Checking crypto-mac v0.8.0
[INFO] [stderr]     Checking impl-serde v0.3.1
[INFO] [stderr]     Checking serde_bytes v0.11.5
[INFO] [stderr]     Checking sha2 v0.9.5
[INFO] [stderr]     Checking sha3 v0.9.1
[INFO] [stderr]     Checking bstr v0.2.16
[INFO] [stderr]    Compiling miniz_oxide v0.4.4
[INFO] [stderr]    Compiling lazycell v1.3.0
[INFO] [stderr]    Compiling encoding_rs v0.8.28
[INFO] [stderr]    Compiling proc-macro-crate v0.1.5
[INFO] [stderr]    Compiling shlex v1.0.0
[INFO] [stderr]    Compiling rustc-hash v1.1.0
[INFO] [stderr]    Compiling peeking_take_while v0.1.2
[INFO] [stderr]     Checking jsonrpc-core v18.0.0
[INFO] [stderr]     Checking tokio-rustls v0.23.2
[INFO] [stderr]     Checking hyper v0.14.19
[INFO] [stderr]     Checking tokio-native-tls v0.3.0
[INFO] [stderr]     Checking tokio-tcp v0.1.4
[INFO] [stderr]    Compiling solana-frozen-abi v1.6.14 (/opt/rustwide/workdir/frozen-abi)
[INFO] [stderr]    Compiling memoffset v0.5.6
[INFO] [stderr]     Checking adler v1.0.2
[INFO] [stderr]     Checking mime v0.3.16
[INFO] [stderr]    Compiling version_check v0.1.5
[INFO] [stderr]    Compiling parity-scale-codec-derive v1.2.3
[INFO] [stderr]     Checking chrono v0.4.19
[INFO] [stderr]    Compiling unicase v1.4.2
[INFO] [stderr]     Checking globset v0.4.8
[INFO] [stderr]     Checking ethbloom v0.10.0
[INFO] [stderr]     Checking hmac v0.8.1
[INFO] [stderr]     Checking serde_urlencoded v0.7.1
[INFO] [stderr]     Checking webpki-roots v0.22.2
[INFO] [stderr]     Checking rustls-pemfile v0.3.0
[INFO] [stderr]    Compiling derivative v2.2.0
[INFO] [stderr]     Checking solana-logger v1.6.14 (/opt/rustwide/workdir/logger)
[INFO] [stderr]    Compiling borsh-derive-internal v0.8.2
[INFO] [stderr]    Compiling borsh-schema-derive-internal v0.8.2
[INFO] [stderr]    Compiling crossbeam-epoch v0.8.2
[INFO] [stderr]     Checking hash-db v0.15.2
[INFO] [stderr]     Checking gimli v0.23.0
[INFO] [stderr]     Checking ipnet v2.3.1
[INFO] [stderr]    Compiling borsh-derive v0.8.2
[INFO] [stderr]     Checking jsonrpc-server-utils v18.0.0
[INFO] [stderr]     Checking sha3 v0.8.2
[INFO] [stderr]     Checking idna v0.1.5
[INFO] [stderr]     Checking parity-scale-codec v1.3.7
[INFO] [stderr]     Checking hash256-std-hasher v0.15.2
[INFO] [stderr]    Compiling secp256k1-sys v0.3.0
[INFO] [stderr]    Compiling solana-program v1.6.14 (/opt/rustwide/workdir/sdk/program)
[INFO] [stderr]     Checking log v0.3.9
[INFO] [stderr]    Compiling auto_enums_derive v0.7.12
[INFO] [stderr]    Compiling syn v0.15.44
[INFO] [stderr]     Checking rustc-demangle v0.1.20
[INFO] [stderr]     Checking remove_dir_all v0.5.3
[INFO] [stderr]     Checking percent-encoding v1.0.1
[INFO] [stderr]     Checking safemem v0.3.3
[INFO] [stderr]    Compiling doc-comment v0.3.3
[INFO] [stderr]     Checking object v0.23.0
[INFO] [stderr]    Compiling convert_case v0.4.0
[INFO] [stderr]     Checking addr2line v0.14.1
[INFO] [stderr]     Checking url v1.7.2
[INFO] [stderr]     Checking base64 v0.9.3
[INFO] [stderr]    Compiling derive_more v0.99.16
[INFO] [stderr]     Checking tempfile v3.2.0
[INFO] [stderr]     Checking hyper-rustls v0.23.0
[INFO] [stderr]     Checking hyper-tls v0.5.0
[INFO] [stderr]     Checking mime v0.2.6
[INFO] [stderr]     Checking reqwest v0.11.10
[INFO] [stderr]     Checking borsh v0.8.2
[INFO] [stderr]     Checking triehash v0.8.4
[INFO] [stderr]     Checking hmac-drbg v0.3.0
[INFO] [stderr]    Compiling solana-sdk-macro v1.6.14 (/opt/rustwide/workdir/sdk/macro)
[INFO] [stderr]    Compiling rlp-derive v0.1.0
[INFO] [stderr]     Checking tokio-tls v0.2.1
[INFO] [stderr]    Compiling derive_utils v0.11.2
[INFO] [stderr]     Checking backtrace v0.3.57
[INFO] [stderr]     Checking base64 v0.10.1
[INFO] [stderr]     Checking typeable v0.1.2
[INFO] [stderr]     Checking language-tags v0.2.2
[INFO] [stderr]    Compiling failure_derive v0.1.8
[INFO] [stderr]     Checking sha1 v0.6.0
[INFO] [stderr]     Checking traitobject v0.1.0
[INFO] [stderr]     Checking crossbeam-deque v0.7.4
[INFO] [stderr]     Checking websocket-base v0.24.0
[INFO] [stderr]     Checking hyper v0.10.16
[INFO] [stderr]    Compiling librocksdb-sys v6.20.3 (https://github.com/velas/rust-rocksdb?branch=transaction#bbd2d97e)
[INFO] [stderr]    Compiling libsecp256k1-core v0.3.0
[INFO] [stderr]     Checking parity-tokio-ipc v0.9.0
[INFO] [stderr]    Compiling auto_enums_core v0.7.12
[INFO] [stderr]    Compiling snafu-derive v0.6.10
[INFO] [stderr]     Checking impl-codec v0.4.2
[INFO] [stderr]     Checking primitive-types v0.8.0
[INFO] [stderr]     Checking dashmap v4.0.2
[INFO] [stderr]     Checking crossbeam-queue v0.2.3
[INFO] [stderr]     Checking colored v1.9.3
[INFO] [stderr]     Checking signature v1.3.1
[INFO] [stderr]     Checking unicode-xid v0.1.0
[INFO] [stderr]     Checking simple_logger v1.13.0
[INFO] [stderr]     Checking ed25519 v1.2.0
[INFO] [stderr]     Checking tokio-threadpool v0.1.18
[INFO] [stderr]     Checking websocket v0.24.0
[INFO] [stderr]     Checking auto_enums v0.7.12
[INFO] [stderr]     Checking evm-core v0.23.0 (https://github.com/velas/evm?branch=add-traces#dc957fd9)
[INFO] [stderr]     Checking ethereum-types v0.10.0
[INFO] [stderr]     Checking keccak-hash v0.6.0
[INFO] [stderr]     Checking jsonrpc-pubsub v18.0.0
[INFO] [stderr]     Checking evm-runtime v0.23.0 (https://github.com/velas/evm?branch=add-traces#dc957fd9)
[INFO] [stderr]     Checking ethbloom v0.11.0
[INFO] [stderr]     Checking snafu v0.6.10
[INFO] [stderr]     Checking ethereum v0.6.0
[INFO] [stderr]     Checking evm-gasometer v0.23.0 (https://github.com/velas/evm?branch=add-traces#dc957fd9)
[INFO] [stderr]     Checking curve25519-dalek v3.2.0
[INFO] [stderr]     Checking mio-uds v0.6.8
[INFO] [stderr]     Checking itertools v0.10.1
[INFO] [stderr]     Checking bytes v0.6.0
[INFO] [stderr]    Compiling winapi v0.3.9
[INFO] [stderr]     Checking evm v0.23.0 (https://github.com/velas/evm?branch=add-traces#dc957fd9)
[INFO] [stderr]     Checking failure v0.1.8
[INFO] [stderr]     Checking ed25519-dalek v1.0.1
[INFO] [stderr]     Checking tokio-uds v0.2.7
[INFO] [stderr]     Checking jsonrpc-client-transports v18.0.0
[INFO] [stderr]     Checking tokio-fs v0.1.7
[INFO] [stderr]     Checking quote v0.6.13
[INFO] [stderr]    Compiling libsecp256k1-gen-genmult v0.3.0
[INFO] [stderr]    Compiling libsecp256k1-gen-ecmult v0.3.0
[INFO] [stderr]     Checking tokio-udp v0.1.6
[INFO] [stderr]     Checking tokio-timer v0.2.13
[INFO] [stderr]     Checking tokio-current-thread v0.1.7
[INFO] [stderr]    Compiling libsecp256k1 v0.7.0
[INFO] [stderr]     Checking jsonrpc-core-client v18.0.0
[INFO] [stderr]     Checking tokio v0.1.22
[INFO] [stderr]     Checking ethabi v13.0.0
[INFO] [stderr]     Checking jsonrpc-http-server v18.0.0
[INFO] [stderr]    Compiling jsonrpc-derive v18.0.0
[INFO] [stderr]     Checking crypto-mac v0.9.1
[INFO] [stderr]     Checking crypto-mac v0.10.1
[INFO] [stderr]     Checking hmac v0.9.0
[INFO] [stderr]     Checking derivation-path v0.1.3
[INFO] [stderr]    Compiling solana-sdk v1.6.14 (/opt/rustwide/workdir/sdk)
[INFO] [stderr]     Checking ed25519-dalek-bip32 v0.1.1
[INFO] [stderr]     Checking hmac v0.10.1
[INFO] [stderr]     Checking pbkdf2 v0.6.0
[INFO] [stderr]     Checking keccak-hasher v0.15.3
[INFO] [stderr]     Checking qstring v0.7.2
[INFO] [stderr]     Checking uriparse v0.6.3
[INFO] [stderr]     Checking assert_matches v1.5.0
[INFO] [stderr]     Checking gethostname v0.2.1
[INFO] [stderr]    Compiling fs_extra v1.2.0
[INFO] [stderr]     Checking unicode-width v0.1.8
[INFO] [stderr]    Compiling paste-impl v0.1.18
[INFO] [stderr]    Compiling strsim v0.10.0
[INFO] [stderr]    Compiling jemalloc-sys v0.3.2
[INFO] [stderr]    Compiling ident_case v1.0.1
[INFO] [stderr]    Compiling darling_core v0.13.0
[INFO] [stderr]    Compiling solana-vote-program v1.6.14 (/opt/rustwide/workdir/programs/vote)
[INFO] [stderr]     Checking paste v0.1.18
[INFO] [stderr]     Checking same-file v1.0.6
[INFO] [stderr]     Checking walkdir v2.3.2
[INFO] [stderr]     Checking solana-rayon-threadlimit v1.6.14 (/opt/rustwide/workdir/rayon-threadlimit)
[INFO] [stderr]    Compiling solana-stake-program v1.6.14 (/opt/rustwide/workdir/programs/stake)
[INFO] [stderr]    Compiling crc32fast v1.2.1
[INFO] [stderr]    Compiling zstd-safe v2.0.6+zstd.1.4.7
[INFO] [stderr]    Compiling zstd-sys v1.4.18+zstd.1.4.7
[INFO] [stderr]     Checking terminal_size v0.1.17
[INFO] [stderr]     Checking stable_deref_trait v1.2.0
[INFO] [stderr]    Compiling bzip2-sys v0.1.11+1.0.8
[INFO] [stderr]     Checking solana-crate-features v1.6.14 (/opt/rustwide/workdir/crate-features)
[INFO] [stderr]     Checking ansi_term v0.11.0
[INFO] [stderr]     Checking ripemd160 v0.9.1
[INFO] [stderr]    Compiling Inflector v0.11.4
[INFO] [stderr]     Checking termios v0.3.3
[INFO] [stderr]     Checking textwrap v0.11.0
[INFO] [stderr]    Compiling ouroboros_macro v0.5.1
[INFO] [stderr]     Checking console v0.11.3
[INFO] [stderr]     Checking filetime v0.2.15
[INFO] [stderr]     Checking xattr v0.2.2
[INFO] [stderr]    Compiling solana-runtime v1.6.14 (/opt/rustwide/workdir/runtime)
[INFO] [stderr]     Checking vec_map v0.8.2
[INFO] [stderr]     Checking strsim v0.8.0
[INFO] [stderr]     Checking clap v2.33.3
[INFO] [stderr]     Checking tar v0.4.38
[INFO] [stderr]     Checking flate2 v1.0.20
[INFO] [stderr]    Compiling darling_macro v0.13.0
[INFO] [stderr]     Checking dir-diff v0.3.2
[INFO] [stderr]    Compiling libsecp256k1-core v0.2.2
[INFO] [stderr]     Checking crossbeam-channel v0.4.4
[INFO] [stderr]     Checking secp256k1 v0.19.0
[INFO] [stderr]     Checking libloading v0.6.7
[INFO] [stderr]     Checking symlink v0.1.0
[INFO] [stderr]     Checking ouroboros v0.5.1
[INFO] [stderr]    Compiling darling v0.13.0
[INFO] [stderr]    Compiling hidapi v1.2.6
[INFO] [stderr]    Compiling serde_with_macros v1.4.2
[INFO] [stderr]     Checking parking_lot_core v0.7.2
[INFO] [stderr]    Compiling solana-frozen-abi-macro v1.7.9
[INFO] [stderr]    Compiling libsecp256k1-gen-genmult v0.2.1
[INFO] [stderr]    Compiling libsecp256k1-gen-ecmult v0.2.1
[INFO] [stderr]     Checking base64 v0.12.3
[INFO] [stderr]     Checking parking_lot v0.10.2
[INFO] [stderr]    Compiling libsecp256k1 v0.5.0
[INFO] [stderr]     Checking dialoguer v0.6.2
[INFO] [stderr]    Compiling borsh-derive-internal v0.9.1
[INFO] [stderr]    Compiling borsh-schema-derive-internal v0.9.1
[INFO] [stderr]    Compiling solana-version v0.5.2 (/opt/rustwide/workdir/version)
[INFO] [stderr]    Compiling solana-frozen-abi v1.7.9
[INFO] [stderr]     Checking base32 v0.4.0
[INFO] [stderr]    Compiling borsh-derive v0.9.1
[INFO] [stderr]     Checking solana-logger v1.7.9
[INFO] [stderr]    Compiling solana-program v1.7.9
[INFO] [stderr]     Checking serde_with v1.9.4
[INFO] [stderr]     Checking pbkdf2 v0.4.0
[INFO] [stderr]    Compiling solana-sdk-macro v1.7.9
[INFO] [stderr]     Checking tiny-bip39 v0.8.0
[INFO] [stderr]     Checking rpassword v4.0.5
[INFO] [stderr]     Checking borsh v0.9.1
[INFO] [stderr]    Compiling proc-macro-crate v1.0.0
[INFO] [stderr]    Compiling pin-project-internal v1.0.8
[INFO] [stderr]     Checking linked-hash-map v0.5.4
[INFO] [stderr]     Checking yaml-rust v0.4.5
[INFO] [stderr]    Compiling num_enum_derive v0.5.3
[INFO] [stderr]     Checking dtoa v0.4.8
[INFO] [stderr]     Checking nix v0.23.1
[INFO] [stderr]     Checking dirs-sys-next v0.1.2
[INFO] [stderr]     Checking serde_yaml v0.8.17
[INFO] [stderr]     Checking fake-simd v0.1.2
[INFO] [stderr]     Checking dirs-next v2.0.0
[INFO] [stderr]     Checking ucd-trie v0.1.3
[INFO] [stderr]     Checking socket2 v0.3.19
[INFO] [stderr]     Checking pest v2.1.3
[INFO] [stderr]     Checking console v0.14.1
[INFO] [stderr]     Checking solana-cli-config v1.6.14 (/opt/rustwide/workdir/cli-config)
[INFO] [stderr]     Checking number_prefix v0.3.0
[INFO] [stderr]     Checking sha-1 v0.8.2
[INFO] [stderr]     Checking indicatif v0.15.0
[INFO] [stderr]    Compiling async-trait v0.1.51
[INFO] [stderr]     Checking num_enum v0.5.3
[INFO] [stderr]     Checking semver-parser v0.10.2
[INFO] [stderr]     Checking bytes v0.5.6
[INFO] [stderr]    Compiling scroll_derive v0.10.5
[INFO] [stderr]     Checking pin-project v1.0.8
[INFO] [stderr]     Checking semver v0.11.0
[INFO] [stderr]    Compiling standback v0.2.17
[INFO] [stderr]     Checking input_buffer v0.3.1
[INFO] [stderr]     Checking utf-8 v0.7.6
[INFO] [stderr]     Checking void v1.0.2
[INFO] [stderr]     Checking base64 v0.11.0
[INFO] [stderr]     Checking unreachable v1.0.0
[INFO] [stderr]     Checking plain v0.2.3
[INFO] [stderr]     Checking tungstenite v0.10.1
[INFO] [stderr]     Checking ascii v0.9.3
[INFO] [stderr]     Checking combine v3.8.1
[INFO] [stderr]     Checking scroll v0.10.2
[INFO] [stderr]     Checking goblin v0.3.4
[INFO] [stderr]     Checking hash32 v0.1.1
[INFO] [stderr]    Compiling num-bigint v0.4.0
[INFO] [stderr]    Compiling const_fn v0.4.8
[INFO] [stderr]    Compiling prost-derive v0.8.0
[INFO] [stderr]    Compiling time-macros-impl v0.1.2
[INFO] [stderr]    Compiling time v0.2.27
[INFO] [stdout] error[E0308]: mismatched types
[INFO] [stdout]   --> /opt/rustwide/cargo-home/registry/src/index.crates.io-6f17d22bba15001f/num-bigint-0.4.0/src/biguint/convert.rs:70:19
[INFO] [stdout]    |
[INFO] [stdout] 70 |         .div_ceil(&big_digit::BITS.into())
[INFO] [stdout]    |          -------- ^^^^^^^^^^^^^^^^^^^^^^^ expected `u64`, found `&_`
[INFO] [stdout]    |          |
[INFO] [stdout]    |          arguments to this method are incorrect
[INFO] [stdout]    |
[INFO] [stdout]    = note:   expected type `u64`
[INFO] [stdout]            found reference `&_`
[INFO] [stdout] note: method defined here
[INFO] [stdout]   --> /rustc/0e09125c6c3c2fd70d7de961bcf0e51575235fad/library/core/src/num/mod.rs:1169:5
[INFO] [stdout]    = note: this error originates in the macro `uint_impl` (in Nightly builds, run with -Z macro-backtrace for more info)
[INFO] [stdout] help: consider removing the borrow
[INFO] [stdout]    |
[INFO] [stdout] 70 -         .div_ceil(&big_digit::BITS.into())
[INFO] [stdout] 70 +         .div_ceil(big_digit::BITS.into())
[INFO] [stdout]    |
[INFO] [stdout] 
[INFO] [stdout] 
[INFO] [stdout] error[E0308]: mismatched types
[INFO] [stdout]    --> /opt/rustwide/cargo-home/registry/src/index.crates.io-6f17d22bba15001f/num-bigint-0.4.0/src/biguint/convert.rs:585:19
[INFO] [stdout]     |
[INFO] [stdout] 585 |         .div_ceil(&u64::from(bits))
[INFO] [stdout]     |          -------- ^^^^^^^^^^^^^^^^ expected `u64`, found `&u64`
[INFO] [stdout]     |          |
[INFO] [stdout]     |          arguments to this method are incorrect
[INFO] [stdout]     |
[INFO] [stdout] note: method defined here
[INFO] [stdout]    --> /rustc/0e09125c6c3c2fd70d7de961bcf0e51575235fad/library/core/src/num/mod.rs:1169:5
[INFO] [stdout]     = note: this error originates in the macro `uint_impl` (in Nightly builds, run with -Z macro-backtrace for more info)
[INFO] [stdout] help: consider removing the borrow
[INFO] [stdout]     |
[INFO] [stdout] 585 -         .div_ceil(&u64::from(bits))
[INFO] [stdout] 585 +         .div_ceil(u64::from(bits))
[INFO] [stdout]     |
[INFO] [stdout] 
[INFO] [stdout] 
[INFO] [stdout] error[E0308]: mismatched types
[INFO] [stdout]    --> /opt/rustwide/cargo-home/registry/src/index.crates.io-6f17d22bba15001f/num-bigint-0.4.0/src/biguint/convert.rs:613:19
[INFO] [stdout]     |
[INFO] [stdout] 613 |         .div_ceil(&u64::from(bits))
[INFO] [stdout]     |          -------- ^^^^^^^^^^^^^^^^ expected `u64`, found `&u64`
[INFO] [stdout]     |          |
[INFO] [stdout]     |          arguments to this method are incorrect
[INFO] [stdout]     |
[INFO] [stdout] note: method defined here
[INFO] [stdout]    --> /rustc/0e09125c6c3c2fd70d7de961bcf0e51575235fad/library/core/src/num/mod.rs:1169:5
[INFO] [stdout]     = note: this error originates in the macro `uint_impl` (in Nightly builds, run with -Z macro-backtrace for more info)
[INFO] [stdout] help: consider removing the borrow
[INFO] [stdout]     |
[INFO] [stdout] 613 -         .div_ceil(&u64::from(bits))
[INFO] [stdout] 613 +         .div_ceil(u64::from(bits))
[INFO] [stdout]     |
[INFO] [stdout] 
[INFO] [stdout] 
[INFO] [stdout] error[E0308]: mismatched types
[INFO] [stdout]    --> /opt/rustwide/cargo-home/registry/src/index.crates.io-6f17d22bba15001f/num-bigint-0.4.0/src/biguint.rs:398:54
[INFO] [stdout]     |
[INFO] [stdout] 398 |                 let root_scale = extra_bits.div_ceil(&n64);
[INFO] [stdout]     |                                             -------- ^^^^ expected `u64`, found `&u64`
[INFO] [stdout]     |                                             |
[INFO] [stdout]     |                                             arguments to this method are incorrect
[INFO] [stdout]     |
[INFO] [stdout] note: method defined here
[INFO] [stdout]    --> /rustc/0e09125c6c3c2fd70d7de961bcf0e51575235fad/library/core/src/num/mod.rs:1169:5
[INFO] [stdout]     = note: this error originates in the macro `uint_impl` (in Nightly builds, run with -Z macro-backtrace for more info)
[INFO] [stdout] help: consider removing the borrow
[INFO] [stdout]     |
[INFO] [stdout] 398 -                 let root_scale = extra_bits.div_ceil(&n64);
[INFO] [stdout] 398 +                 let root_scale = extra_bits.div_ceil(n64);
[INFO] [stdout]     |
[INFO] [stdout] 
[INFO] [stdout] 
[INFO] [stdout] error: aborting due to 4 previous errors
[INFO] [stdout] 
[INFO] [stdout] 
[INFO] [stdout] For more information about this error, try `rustc --explain E0308`.
[INFO] [stdout] 
[INFO] [stderr] error: could not compile `num-bigint` (lib) due to 5 previous errors
[INFO] [stderr] warning: build failed, waiting for other jobs to finish...
[INFO] [stderr] The following warnings were emitted during compilation:
[INFO] [stderr] 
[INFO] [stderr] warning: librocksdb-sys@6.20.3: c++: fatal error: Killed signal terminated program cc1plus
[INFO] [stderr] warning: librocksdb-sys@6.20.3: compilation terminated.
[INFO] [stderr] warning: librocksdb-sys@6.20.3: c++: fatal error: Killed signal terminated program cc1plus
[INFO] [stderr] warning: librocksdb-sys@6.20.3: compilation terminated.
[INFO] [stderr] 
[INFO] [stderr] error: failed to run custom build command for `librocksdb-sys v6.20.3 (https://github.com/velas/rust-rocksdb?branch=transaction#bbd2d97e)`
[INFO] [stderr] note: To improve backtraces for build dependencies, set the CARGO_PROFILE_DEV_BUILD_OVERRIDE_DEBUG=true environment variable to enable debug information generation.
[INFO] [stderr] 
[INFO] [stderr] Caused by:
[INFO] [stderr]   process didn't exit successfully: `/opt/rustwide/target/debug/build/librocksdb-sys-0701848d72c12e1a/build-script-build` (exit status: 1)
[INFO] [stderr]   --- stdout
[INFO] [stderr]   cargo:rerun-if-changed=rocksdb/
[INFO] [stderr]   TARGET = Some("x86_64-unknown-linux-gnu")
[INFO] [stderr]   OPT_LEVEL = Some("0")
[INFO] [stderr]   HOST = Some("x86_64-unknown-linux-gnu")
[INFO] [stderr]   CXX_x86_64-unknown-linux-gnu = None
[INFO] [stderr]   CXX_x86_64_unknown_linux_gnu = None
[INFO] [stderr]   HOST_CXX = None
[INFO] [stderr]   CXX = None
[INFO] [stderr]   CXXFLAGS_x86_64-unknown-linux-gnu = None
[INFO] [stderr]   CXXFLAGS_x86_64_unknown_linux_gnu = None
[INFO] [stderr]   HOST_CXXFLAGS = None
[INFO] [stderr]   CXXFLAGS = None
[INFO] [stderr]   CRATE_CC_NO_DEFAULTS = None
[INFO] [stderr]   DEBUG = Some("true")
[INFO] [stderr]   CARGO_CFG_TARGET_FEATURE = Some("fxsr,sse,sse2")
[INFO] [stderr]   CXX_x86_64-unknown-linux-gnu = None
[INFO] [stderr]   CXX_x86_64_unknown_linux_gnu = None
[INFO] [stderr]   HOST_CXX = None
[INFO] [stderr]   CXX = None
[INFO] [stderr]   CXXFLAGS_x86_64-unknown-linux-gnu = None
[INFO] [stderr]   CXXFLAGS_x86_64_unknown_linux_gnu = None
[INFO] [stderr]   HOST_CXXFLAGS = None
[INFO] [stderr]   CXXFLAGS = None
[INFO] [stderr]   CRATE_CC_NO_DEFAULTS = None
[INFO] [stderr]   CARGO_CFG_TARGET_FEATURE = Some("fxsr,sse,sse2")
[INFO] [stderr]   running: "c++" "-O0" "-ffunction-sections" "-fdata-sections" "-fPIC" "-g" "-fno-omit-frame-pointer" "-m64" "-I" "rocksdb/include/" "-I" "rocksdb/" "-I" "rocksdb/third-party/gtest-1.8.1/fused-src/" "-I" "lz4/lib/" "-I" "." "-Wall" "-Wextra" "-std=c++11" "-Wno-unused-parameter" "-msse2" "-DLZ4=1" "-DNDEBUG=1" "-DOS_LINUX" "-DROCKSDB_PLATFORM_POSIX" "-DROCKSDB_LIB_IO_POSIX" "-DROCKSDB_SUPPORT_THREAD_LOCAL" "-o" "/opt/rustwide/target/debug/build/librocksdb-sys-443a5950f813a059/out/rocksdb/cache/cache.o" "-c" "rocksdb/cache/cache.cc"
[INFO] [stderr]   exit status: 0
[INFO] [stderr]   running: "c++" "-O0" "-ffunction-sections" "-fdata-sections" "-fPIC" "-g" "-fno-omit-frame-pointer" "-m64" "-I" "rocksdb/include/" "-I" "rocksdb/" "-I" "rocksdb/third-party/gtest-1.8.1/fused-src/" "-I" "lz4/lib/" "-I" "." "-Wall" "-Wextra" "-std=c++11" "-Wno-unused-parameter" "-msse2" "-DLZ4=1" "-DNDEBUG=1" "-DOS_LINUX" "-DROCKSDB_PLATFORM_POSIX" "-DROCKSDB_LIB_IO_POSIX" "-DROCKSDB_SUPPORT_THREAD_LOCAL" "-o" "/opt/rustwide/target/debug/build/librocksdb-sys-443a5950f813a059/out/rocksdb/cache/cache_entry_roles.o" "-c" "rocksdb/cache/cache_entry_roles.cc"
[INFO] [stderr]   running: "c++" "-O0" "-ffunction-sections" "-fdata-sections" "-fPIC" "-g" "-fno-omit-frame-pointer" "-m64" "-I" "rocksdb/include/" "-I" "rocksdb/" "-I" "rocksdb/third-party/gtest-1.8.1/fused-src/" "-I" "lz4/lib/" "-I" "." "-Wall" "-Wextra" "-std=c++11" "-Wno-unused-parameter" "-msse2" "-DLZ4=1" "-DNDEBUG=1" "-DOS_LINUX" "-DROCKSDB_PLATFORM_POSIX" "-DROCKSDB_LIB_IO_POSIX" "-DROCKSDB_SUPPORT_THREAD_LOCAL" "-o" "/opt/rustwide/target/debug/build/librocksdb-sys-443a5950f813a059/out/rocksdb/cache/clock_cache.o" "-c" "rocksdb/cache/clock_cache.cc"
[INFO] [stderr]   running: "c++" "-O0" "-ffunction-sections" "-fdata-sections" "-fPIC" "-g" "-fno-omit-frame-pointer" "-m64" "-I" "rocksdb/include/" "-I" "rocksdb/" "-I" "rocksdb/third-party/gtest-1.8.1/fused-src/" "-I" "lz4/lib/" "-I" "." "-Wall" "-Wextra" "-std=c++11" "-Wno-unused-parameter" "-msse2" "-DLZ4=1" "-DNDEBUG=1" "-DOS_LINUX" "-DROCKSDB_PLATFORM_POSIX" "-DROCKSDB_LIB_IO_POSIX" "-DROCKSDB_SUPPORT_THREAD_LOCAL" "-o" "/opt/rustwide/target/debug/build/librocksdb-sys-443a5950f813a059/out/rocksdb/cache/lru_cache.o" "-c" "rocksdb/cache/lru_cache.cc"
[INFO] [stderr]   running: "c++" "-O0" "-ffunction-sections" "-fdata-sections" "-fPIC" "-g" "-fno-omit-frame-pointer" "-m64" "-I" "rocksdb/include/" "-I" "rocksdb/" "-I" "rocksdb/third-party/gtest-1.8.1/fused-src/" "-I" "lz4/lib/" "-I" "." "-Wall" "-Wextra" "-std=c++11" "-Wno-unused-parameter" "-msse2" "-DLZ4=1" "-DNDEBUG=1" "-DOS_LINUX" "-DROCKSDB_PLATFORM_POSIX" "-DROCKSDB_LIB_IO_POSIX" "-DROCKSDB_SUPPORT_THREAD_LOCAL" "-o" "/opt/rustwide/target/debug/build/librocksdb-sys-443a5950f813a059/out/rocksdb/cache/sharded_cache.o" "-c" "rocksdb/cache/sharded_cache.cc"
[INFO] [stderr]   exit status: 0
[INFO] [stderr]   running: "c++" "-O0" "-ffunction-sections" "-fdata-sections" "-fPIC" "-g" "-fno-omit-frame-pointer" "-m64" "-I" "rocksdb/include/" "-I" "rocksdb/" "-I" "rocksdb/third-party/gtest-1.8.1/fused-src/" "-I" "lz4/lib/" "-I" "." "-Wall" "-Wextra" "-std=c++11" "-Wno-unused-parameter" "-msse2" "-DLZ4=1" "-DNDEBUG=1" "-DOS_LINUX" "-DROCKSDB_PLATFORM_POSIX" "-DROCKSDB_LIB_IO_POSIX" "-DROCKSDB_SUPPORT_THREAD_LOCAL" "-o" "/opt/rustwide/target/debug/build/librocksdb-sys-443a5950f813a059/out/rocksdb/db/arena_wrapped_db_iter.o" "-c" "rocksdb/db/arena_wrapped_db_iter.cc"
[INFO] [stderr]   exit status: 0
[INFO] [stderr]   running: "c++" "-O0" "-ffunction-sections" "-fdata-sections" "-fPIC" "-g" "-fno-omit-frame-pointer" "-m64" "-I" "rocksdb/include/" "-I" "rocksdb/" "-I" "rocksdb/third-party/gtest-1.8.1/fused-src/" "-I" "lz4/lib/" "-I" "." "-Wall" "-Wextra" "-std=c++11" "-Wno-unused-parameter" "-msse2" "-DLZ4=1" "-DNDEBUG=1" "-DOS_LINUX" "-DROCKSDB_PLATFORM_POSIX" "-DROCKSDB_LIB_IO_POSIX" "-DROCKSDB_SUPPORT_THREAD_LOCAL" "-o" "/opt/rustwide/target/debug/build/librocksdb-sys-443a5950f813a059/out/rocksdb/db/blob/blob_fetcher.o" "-c" "rocksdb/db/blob/blob_fetcher.cc"
[INFO] [stderr]   running: "c++" "-O0" "-ffunction-sections" "-fdata-sections" "-fPIC" "-g" "-fno-omit-frame-pointer" "-m64" "-I" "rocksdb/include/" "-I" "rocksdb/" "-I" "rocksdb/third-party/gtest-1.8.1/fused-src/" "-I" "lz4/lib/" "-I" "." "-Wall" "-Wextra" "-std=c++11" "-Wno-unused-parameter" "-msse2" "-DLZ4=1" "-DNDEBUG=1" "-DOS_LINUX" "-DROCKSDB_PLATFORM_POSIX" "-DROCKSDB_LIB_IO_POSIX" "-DROCKSDB_SUPPORT_THREAD_LOCAL" "-o" "/opt/rustwide/target/debug/build/librocksdb-sys-443a5950f813a059/out/rocksdb/db/blob/blob_file_addition.o" "-c" "rocksdb/db/blob/blob_file_addition.cc"
[INFO] [stderr]   exit status: 0
[INFO] [stderr]   exit status: 0
[INFO] [stderr]   running: "c++" "-O0" "-ffunction-sections" "-fdata-sections" "-fPIC" "-g" "-fno-omit-frame-pointer" "-m64" "-I" "rocksdb/include/" "-I" "rocksdb/" "-I" "rocksdb/third-party/gtest-1.8.1/fused-src/" "-I" "lz4/lib/" "-I" "." "-Wall" "-Wextra" "-std=c++11" "-Wno-unused-parameter" "-msse2" "-DLZ4=1" "-DNDEBUG=1" "-DOS_LINUX" "-DROCKSDB_PLATFORM_POSIX" "-DROCKSDB_LIB_IO_POSIX" "-DROCKSDB_SUPPORT_THREAD_LOCAL" "-o" "/opt/rustwide/target/debug/build/librocksdb-sys-443a5950f813a059/out/rocksdb/db/blob/blob_file_builder.o" "-c" "rocksdb/db/blob/blob_file_builder.cc"
[INFO] [stderr]   running: "c++" "-O0" "-ffunction-sections" "-fdata-sections" "-fPIC" "-g" "-fno-omit-frame-pointer" "-m64" "-I" "rocksdb/include/" "-I" "rocksdb/" "-I" "rocksdb/third-party/gtest-1.8.1/fused-src/" "-I" "lz4/lib/" "-I" "." "-Wall" "-Wextra" "-std=c++11" "-Wno-unused-parameter" "-msse2" "-DLZ4=1" "-DNDEBUG=1" "-DOS_LINUX" "-DROCKSDB_PLATFORM_POSIX" "-DROCKSDB_LIB_IO_POSIX" "-DROCKSDB_SUPPORT_THREAD_LOCAL" "-o" "/opt/rustwide/target/debug/build/librocksdb-sys-443a5950f813a059/out/rocksdb/db/blob/blob_file_cache.o" "-c" "rocksdb/db/blob/blob_file_cache.cc"
[INFO] [stderr]   running: "c++" "-O0" "-ffunction-sections" "-fdata-sections" "-fPIC" "-g" "-fno-omit-frame-pointer" "-m64" "-I" "rocksdb/include/" "-I" "rocksdb/" "-I" "rocksdb/third-party/gtest-1.8.1/fused-src/" "-I" "lz4/lib/" "-I" "." "-Wall" "-Wextra" "-std=c++11" "-Wno-unused-parameter" "-msse2" "-DLZ4=1" "-DNDEBUG=1" "-DOS_LINUX" "-DROCKSDB_PLATFORM_POSIX" "-DROCKSDB_LIB_IO_POSIX" "-DROCKSDB_SUPPORT_THREAD_LOCAL" "-o" "/opt/rustwide/target/debug/build/librocksdb-sys-443a5950f813a059/out/rocksdb/db/blob/blob_file_garbage.o" "-c" "rocksdb/db/blob/blob_file_garbage.cc"
[INFO] [stderr]   exit status: 0
[INFO] [stderr]   running: "c++" "-O0" "-ffunction-sections" "-fdata-sections" "-fPIC" "-g" "-fno-omit-frame-pointer" "-m64" "-I" "rocksdb/include/" "-I" "rocksdb/" "-I" "rocksdb/third-party/gtest-1.8.1/fused-src/" "-I" "lz4/lib/" "-I" "." "-Wall" "-Wextra" "-std=c++11" "-Wno-unused-parameter" "-msse2" "-DLZ4=1" "-DNDEBUG=1" "-DOS_LINUX" "-DROCKSDB_PLATFORM_POSIX" "-DROCKSDB_LIB_IO_POSIX" "-DROCKSDB_SUPPORT_THREAD_LOCAL" "-o" "/opt/rustwide/target/debug/build/librocksdb-sys-443a5950f813a059/out/rocksdb/db/blob/blob_file_meta.o" "-c" "rocksdb/db/blob/blob_file_meta.cc"
[INFO] [stderr]   exit status: 0
[INFO] [stderr]   running: "c++" "-O0" "-ffunction-sections" "-fdata-sections" "-fPIC" "-g" "-fno-omit-frame-pointer" "-m64" "-I" "rocksdb/include/" "-I" "rocksdb/" "-I" "rocksdb/third-party/gtest-1.8.1/fused-src/" "-I" "lz4/lib/" "-I" "." "-Wall" "-Wextra" "-std=c++11" "-Wno-unused-parameter" "-msse2" "-DLZ4=1" "-DNDEBUG=1" "-DOS_LINUX" "-DROCKSDB_PLATFORM_POSIX" "-DROCKSDB_LIB_IO_POSIX" "-DROCKSDB_SUPPORT_THREAD_LOCAL" "-o" "/opt/rustwide/target/debug/build/librocksdb-sys-443a5950f813a059/out/rocksdb/db/blob/blob_file_reader.o" "-c" "rocksdb/db/blob/blob_file_reader.cc"
[INFO] [stderr]   exit status: 0
[INFO] [stderr]   running: "c++" "-O0" "-ffunction-sections" "-fdata-sections" "-fPIC" "-g" "-fno-omit-frame-pointer" "-m64" "-I" "rocksdb/include/" "-I" "rocksdb/" "-I" "rocksdb/third-party/gtest-1.8.1/fused-src/" "-I" "lz4/lib/" "-I" "." "-Wall" "-Wextra" "-std=c++11" "-Wno-unused-parameter" "-msse2" "-DLZ4=1" "-DNDEBUG=1" "-DOS_LINUX" "-DROCKSDB_PLATFORM_POSIX" "-DROCKSDB_LIB_IO_POSIX" "-DROCKSDB_SUPPORT_THREAD_LOCAL" "-o" "/opt/rustwide/target/debug/build/librocksdb-sys-443a5950f813a059/out/rocksdb/db/blob/blob_log_format.o" "-c" "rocksdb/db/blob/blob_log_format.cc"
[INFO] [stderr]   exit status: 0
[INFO] [stderr]   running: "c++" "-O0" "-ffunction-sections" "-fdata-sections" "-fPIC" "-g" "-fno-omit-frame-pointer" "-m64" "-I" "rocksdb/include/" "-I" "rocksdb/" "-I" "rocksdb/third-party/gtest-1.8.1/fused-src/" "-I" "lz4/lib/" "-I" "." "-Wall" "-Wextra" "-std=c++11" "-Wno-unused-parameter" "-msse2" "-DLZ4=1" "-DNDEBUG=1" "-DOS_LINUX" "-DROCKSDB_PLATFORM_POSIX" "-DROCKSDB_LIB_IO_POSIX" "-DROCKSDB_SUPPORT_THREAD_LOCAL" "-o" "/opt/rustwide/target/debug/build/librocksdb-sys-443a5950f813a059/out/rocksdb/db/blob/blob_log_sequential_reader.o" "-c" "rocksdb/db/blob/blob_log_sequential_reader.cc"
[INFO] [stderr]   exit status: 0
[INFO] [stderr]   running: "c++" "-O0" "-ffunction-sections" "-fdata-sections" "-fPIC" "-g" "-fno-omit-frame-pointer" "-m64" "-I" "rocksdb/include/" "-I" "rocksdb/" "-I" "rocksdb/third-party/gtest-1.8.1/fused-src/" "-I" "lz4/lib/" "-I" "." "-Wall" "-Wextra" "-std=c++11" "-Wno-unused-parameter" "-msse2" "-DLZ4=1" "-DNDEBUG=1" "-DOS_LINUX" "-DROCKSDB_PLATFORM_POSIX" "-DROCKSDB_LIB_IO_POSIX" "-DROCKSDB_SUPPORT_THREAD_LOCAL" "-o" "/opt/rustwide/target/debug/build/librocksdb-sys-443a5950f813a059/out/rocksdb/db/blob/blob_log_writer.o" "-c" "rocksdb/db/blob/blob_log_writer.cc"
[INFO] [stderr]   exit status: 0
[INFO] [stderr]   running: "c++" "-O0" "-ffunction-sections" "-fdata-sections" "-fPIC" "-g" "-fno-omit-frame-pointer" "-m64" "-I" "rocksdb/include/" "-I" "rocksdb/" "-I" "rocksdb/third-party/gtest-1.8.1/fused-src/" "-I" "lz4/lib/" "-I" "." "-Wall" "-Wextra" "-std=c++11" "-Wno-unused-parameter" "-msse2" "-DLZ4=1" "-DNDEBUG=1" "-DOS_LINUX" "-DROCKSDB_PLATFORM_POSIX" "-DROCKSDB_LIB_IO_POSIX" "-DROCKSDB_SUPPORT_THREAD_LOCAL" "-o" "/opt/rustwide/target/debug/build/librocksdb-sys-443a5950f813a059/out/rocksdb/db/builder.o" "-c" "rocksdb/db/builder.cc"
[INFO] [stderr]   exit status: 0
[INFO] [stderr]   exit status: 0
[INFO] [stderr]   running: "c++" "-O0" "-ffunction-sections" "-fdata-sections" "-fPIC" "-g" "-fno-omit-frame-pointer" "-m64" "-I" "rocksdb/include/" "-I" "rocksdb/" "-I" "rocksdb/third-party/gtest-1.8.1/fused-src/" "-I" "lz4/lib/" "-I" "." "-Wall" "-Wextra" "-std=c++11" "-Wno-unused-parameter" "-msse2" "-DLZ4=1" "-DNDEBUG=1" "-DOS_LINUX" "-DROCKSDB_PLATFORM_POSIX" "-DROCKSDB_LIB_IO_POSIX" "-DROCKSDB_SUPPORT_THREAD_LOCAL" "-o" "/opt/rustwide/target/debug/build/librocksdb-sys-443a5950f813a059/out/rocksdb/db/c.o" "-c" "rocksdb/db/c.cc"
[INFO] [stderr]   exit status: 0
[INFO] [stderr]   running: "c++" "-O0" "-ffunction-sections" "-fdata-sections" "-fPIC" "-g" "-fno-omit-frame-pointer" "-m64" "-I" "rocksdb/include/" "-I" "rocksdb/" "-I" "rocksdb/third-party/gtest-1.8.1/fused-src/" "-I" "lz4/lib/" "-I" "." "-Wall" "-Wextra" "-std=c++11" "-Wno-unused-parameter" "-msse2" "-DLZ4=1" "-DNDEBUG=1" "-DOS_LINUX" "-DROCKSDB_PLATFORM_POSIX" "-DROCKSDB_LIB_IO_POSIX" "-DROCKSDB_SUPPORT_THREAD_LOCAL" "-o" "/opt/rustwide/target/debug/build/librocksdb-sys-443a5950f813a059/out/rocksdb/db/column_family.o" "-c" "rocksdb/db/column_family.cc"
[INFO] [stderr]   exit status: 0
[INFO] [stderr]   exit status: 0
[INFO] [stderr]   running: "c++" "-O0" "-ffunction-sections" "-fdata-sections" "-fPIC" "-g" "-fno-omit-frame-pointer" "-m64" "-I" "rocksdb/include/" "-I" "rocksdb/" "-I" "rocksdb/third-party/gtest-1.8.1/fused-src/" "-I" "lz4/lib/" "-I" "." "-Wall" "-Wextra" "-std=c++11" "-Wno-unused-parameter" "-msse2" "-DLZ4=1" "-DNDEBUG=1" "-DOS_LINUX" "-DROCKSDB_PLATFORM_POSIX" "-DROCKSDB_LIB_IO_POSIX" "-DROCKSDB_SUPPORT_THREAD_LOCAL" "-o" "/opt/rustwide/target/debug/build/librocksdb-sys-443a5950f813a059/out/rocksdb/db/compaction/compaction.o" "-c" "rocksdb/db/compaction/compaction.cc"
[INFO] [stderr]   running: "c++" "-O0" "-ffunction-sections" "-fdata-sections" "-fPIC" "-g" "-fno-omit-frame-pointer" "-m64" "-I" "rocksdb/include/" "-I" "rocksdb/" "-I" "rocksdb/third-party/gtest-1.8.1/fused-src/" "-I" "lz4/lib/" "-I" "." "-Wall" "-Wextra" "-std=c++11" "-Wno-unused-parameter" "-msse2" "-DLZ4=1" "-DNDEBUG=1" "-DOS_LINUX" "-DROCKSDB_PLATFORM_POSIX" "-DROCKSDB_LIB_IO_POSIX" "-DROCKSDB_SUPPORT_THREAD_LOCAL" "-o" "/opt/rustwide/target/debug/build/librocksdb-sys-443a5950f813a059/out/rocksdb/db/compaction/compaction_iterator.o" "-c" "rocksdb/db/compaction/compaction_iterator.cc"
[INFO] [stderr]   cargo:warning=c++: fatal error: Killed signal terminated program cc1plus
[INFO] [stderr]   cargo:warning=compilation terminated.
[INFO] [stderr]   exit status: 1
[INFO] [stderr]   running: "c++" "-O0" "-ffunction-sections" "-fdata-sections" "-fPIC" "-g" "-fno-omit-frame-pointer" "-m64" "-I" "rocksdb/include/" "-I" "rocksdb/" "-I" "rocksdb/third-party/gtest-1.8.1/fused-src/" "-I" "lz4/lib/" "-I" "." "-Wall" "-Wextra" "-std=c++11" "-Wno-unused-parameter" "-msse2" "-DLZ4=1" "-DNDEBUG=1" "-DOS_LINUX" "-DROCKSDB_PLATFORM_POSIX" "-DROCKSDB_LIB_IO_POSIX" "-DROCKSDB_SUPPORT_THREAD_LOCAL" "-o" "/opt/rustwide/target/debug/build/librocksdb-sys-443a5950f813a059/out/rocksdb/db/compaction/compaction_job.o" "-c" "rocksdb/db/compaction/compaction_job.cc"
[INFO] [stderr]   exit status: 0
[INFO] [stderr]   cargo:warning=c++: fatal error: Killed signal terminated program cc1plus
[INFO] [stderr]   cargo:warning=compilation terminated.
[INFO] [stderr]   exit status: 1
[INFO] [stderr]   exit status: 0
[INFO] [stderr]   exit status: 0
[INFO] [stderr]   exit status: 0
[INFO] [stderr] 
[INFO] [stderr]   --- stderr
[INFO] [stderr]   error: 'rustfmt' is not installed for the toolchain 'beta-2023-12-22-x86_64-unknown-linux-gnu'
[INFO] [stderr]   To install, run `rustup component add rustfmt --toolchain beta-2023-12-22-x86_64-unknown-linux-gnu`
[INFO] [stderr]   Failed to run rustfmt: Internal rustfmt error (non-fatal, continuing)
[INFO] [stderr] 
[INFO] [stderr] 
[INFO] [stderr]   error occurred: Command "c++" "-O0" "-ffunction-sections" "-fdata-sections" "-fPIC" "-g" "-fno-omit-frame-pointer" "-m64" "-I" "rocksdb/include/" "-I" "rocksdb/" "-I" "rocksdb/third-party/gtest-1.8.1/fused-src/" "-I" "lz4/lib/" "-I" "." "-Wall" "-Wextra" "-std=c++11" "-Wno-unused-parameter" "-msse2" "-DLZ4=1" "-DNDEBUG=1" "-DOS_LINUX" "-DROCKSDB_PLATFORM_POSIX" "-DROCKSDB_LIB_IO_POSIX" "-DROCKSDB_SUPPORT_THREAD_LOCAL" "-o" "/opt/rustwide/target/debug/build/librocksdb-sys-443a5950f813a059/out/rocksdb/db/builder.o" "-c" "rocksdb/db/builder.cc" with args "c++" did not execute successfully (status code exit status: 1).
[INFO] [stderr] 
[INFO] [stderr] 
[INFO] running `Command { std: "docker" "inspect" "d740ab48c28788d0db271960a068c1151ff9dabfa18b2b7c9244e127e2854ada", kill_on_drop: false }`
[INFO] running `Command { std: "docker" "rm" "-f" "d740ab48c28788d0db271960a068c1151ff9dabfa18b2b7c9244e127e2854ada", kill_on_drop: false }`
[INFO] [stdout] d740ab48c28788d0db271960a068c1151ff9dabfa18b2b7c9244e127e2854ada
