[INFO] cloning repository https://github.com/CarlCochet/arena_map_editor
[INFO] running `Command { std: "git" "-c" "credential.helper=" "-c" "credential.helper=/workspace/cargo-home/bin/git-credential-null" "clone" "--bare" "https://github.com/CarlCochet/arena_map_editor" "/workspace/cache/git-repos/https%3A%2F%2Fgithub.com%2FCarlCochet%2Farena_map_editor", kill_on_drop: false }`
[INFO] [stderr] Cloning into bare repository '/workspace/cache/git-repos/https%3A%2F%2Fgithub.com%2FCarlCochet%2Farena_map_editor'...
[INFO] running `Command { std: "git" "rev-parse" "HEAD", kill_on_drop: false }`
[INFO] [stdout] 9bba9ff3e4409d92afa02202468d579471c27b94
[INFO] documenting CarlCochet/arena_map_editor against 1.75.0 for beta-1.76-rustdoc-1
[INFO] running `Command { std: "git" "clone" "/workspace/cache/git-repos/https%3A%2F%2Fgithub.com%2FCarlCochet%2Farena_map_editor" "/workspace/builds/worker-7-tc1/source", kill_on_drop: false }`
[INFO] [stderr] Cloning into '/workspace/builds/worker-7-tc1/source'...
[INFO] [stderr] done.
[INFO] validating manifest of git repo https://github.com/CarlCochet/arena_map_editor on toolchain 1.75.0
[INFO] running `Command { std: CARGO_HOME="/workspace/cargo-home" RUSTUP_HOME="/workspace/rustup-home" "/workspace/cargo-home/bin/cargo" "+1.75.0" "metadata" "--manifest-path" "Cargo.toml" "--no-deps", kill_on_drop: false }`
[INFO] started tweaking git repo https://github.com/CarlCochet/arena_map_editor
[INFO] finished tweaking git repo https://github.com/CarlCochet/arena_map_editor
[INFO] tweaked toml for git repo https://github.com/CarlCochet/arena_map_editor written to /workspace/builds/worker-7-tc1/source/Cargo.toml
[INFO] crate git repo https://github.com/CarlCochet/arena_map_editor already has a lockfile, it will not be regenerated
[INFO] running `Command { std: CARGO_HOME="/workspace/cargo-home" RUSTUP_HOME="/workspace/rustup-home" "/workspace/cargo-home/bin/cargo" "+1.75.0" "fetch" "--manifest-path" "Cargo.toml", kill_on_drop: false }`
[INFO] [stderr]     Updating crates.io index
[INFO] [stderr]  Downloading crates ...
[INFO] [stderr]   Downloaded notify v5.2.0
[INFO] [stderr]   Downloaded bevy_animation v0.9.1
[INFO] [stderr]   Downloaded bevy_audio v0.9.1
[INFO] [stderr]   Downloaded rodio v0.16.0
[INFO] [stderr]   Downloaded bevy_egui v0.19.0
[INFO] [stderr]   Downloaded bevy_gilrs v0.9.1
[INFO] running `Command { std: "docker" "create" "-v" "/var/lib/crater-agent-workspace/builds/worker-7-tc1/target:/opt/rustwide/target:rw,Z" "-v" "/var/lib/crater-agent-workspace/builds/worker-7-tc1/source:/opt/rustwide/workdir:ro,Z" "-v" "/var/lib/crater-agent-workspace/cargo-home:/opt/rustwide/cargo-home:ro,Z" "-v" "/var/lib/crater-agent-workspace/rustup-home:/opt/rustwide/rustup-home:ro,Z" "-e" "SOURCE_DIR=/opt/rustwide/workdir" "-e" "CARGO_TARGET_DIR=/opt/rustwide/target" "-e" "CARGO_HOME=/opt/rustwide/cargo-home" "-e" "RUSTUP_HOME=/opt/rustwide/rustup-home" "-w" "/opt/rustwide/workdir" "-m" "1610612736" "--user" "0:0" "--network" "none" "ghcr.io/rust-lang/crates-build-env/linux@sha256:2788e3201cd34a07e3172128adcd8b3090168a8e3bcc40d7c032b9dda1df7d1c" "/opt/rustwide/cargo-home/bin/cargo" "+1.75.0" "metadata" "--no-deps" "--format-version=1", kill_on_drop: false }`
[INFO] [stdout] 83fb8a4afa900046ff600e03f17e9d0a8f51ce33adef15042cf537209a2132ca
[INFO] running `Command { std: "docker" "start" "-a" "83fb8a4afa900046ff600e03f17e9d0a8f51ce33adef15042cf537209a2132ca", kill_on_drop: false }`
[INFO] running `Command { std: "docker" "inspect" "83fb8a4afa900046ff600e03f17e9d0a8f51ce33adef15042cf537209a2132ca", kill_on_drop: false }`
[INFO] running `Command { std: "docker" "rm" "-f" "83fb8a4afa900046ff600e03f17e9d0a8f51ce33adef15042cf537209a2132ca", kill_on_drop: false }`
[INFO] [stdout] 83fb8a4afa900046ff600e03f17e9d0a8f51ce33adef15042cf537209a2132ca
[INFO] running `Command { std: "docker" "create" "-v" "/var/lib/crater-agent-workspace/builds/worker-7-tc1/target:/opt/rustwide/target:rw,Z" "-v" "/var/lib/crater-agent-workspace/builds/worker-7-tc1/source:/opt/rustwide/workdir:ro,Z" "-v" "/var/lib/crater-agent-workspace/cargo-home:/opt/rustwide/cargo-home:ro,Z" "-v" "/var/lib/crater-agent-workspace/rustup-home:/opt/rustwide/rustup-home:ro,Z" "-e" "SOURCE_DIR=/opt/rustwide/workdir" "-e" "CARGO_TARGET_DIR=/opt/rustwide/target" "-e" "CARGO_INCREMENTAL=0" "-e" "RUST_BACKTRACE=full" "-e" "RUSTFLAGS=--cap-lints=warn" "-e" "RUSTDOCFLAGS=--cap-lints=warn" "-e" "CARGO_HOME=/opt/rustwide/cargo-home" "-e" "RUSTUP_HOME=/opt/rustwide/rustup-home" "-w" "/opt/rustwide/workdir" "-m" "1610612736" "--user" "0:0" "--network" "none" "ghcr.io/rust-lang/crates-build-env/linux@sha256:2788e3201cd34a07e3172128adcd8b3090168a8e3bcc40d7c032b9dda1df7d1c" "/opt/rustwide/cargo-home/bin/cargo" "+1.75.0" "doc" "--frozen" "--no-deps" "--document-private-items" "--message-format=json", kill_on_drop: false }`
[INFO] [stdout] a15b1a9b7bba3af679a336187c9ac6de5e252f0bd0a399d99afccd62e9f5ac8c
[INFO] running `Command { std: "docker" "start" "-a" "a15b1a9b7bba3af679a336187c9ac6de5e252f0bd0a399d99afccd62e9f5ac8c", kill_on_drop: false }`
[INFO] [stderr]    Compiling libc v0.2.151
[INFO] [stderr]     Checking once_cell v1.19.0
[INFO] [stderr]    Compiling thiserror v1.0.56
[INFO] [stderr]    Compiling crossbeam-utils v0.8.18
[INFO] [stderr]    Compiling ahash v0.7.7
[INFO] [stderr]    Compiling serde v1.0.195
[INFO] [stderr]     Checking parking v2.2.0
[INFO] [stderr]     Checking memchr v2.7.1
[INFO] [stderr]     Checking futures-core v0.3.30
[INFO] [stderr]     Checking fixedbitset v0.4.2
[INFO] [stderr]    Compiling syn v1.0.109
[INFO] [stderr]    Compiling bytemuck_derive v1.5.0
[INFO] [stderr]    Compiling thiserror-impl v1.0.56
[INFO] [stderr]    Compiling bit-vec v0.6.3
[INFO] [stderr]     Checking smallvec v1.11.2
[INFO] [stderr]     Checking futures-io v0.3.30
[INFO] [stderr]     Checking futures-lite v2.2.0
[INFO] [stderr]     Checking tracing-core v0.1.32
[INFO] [stderr]     Checking cache-padded v1.3.0
[INFO] [stderr]     Checking fastrand v2.0.1
[INFO] [stderr]    Compiling bit-set v0.5.3
[INFO] [stderr]     Checking async-task v4.7.0
[INFO] [stderr]     Checking fastrand v1.9.0
[INFO] [stderr]     Checking waker-fn v1.1.1
[INFO] [stderr]     Checking concurrent-queue v1.2.4
[INFO] [stderr]     Checking thread_local v1.1.7
[INFO] [stderr]     Checking erased-serde v0.3.31
[INFO] [stderr]     Checking bevy_ptr v0.9.1
[INFO] [stderr]    Compiling ahash v0.8.7
[INFO] [stderr]     Checking zerocopy v0.7.32
[INFO] [stderr]     Checking bitflags v2.4.1
[INFO] [stderr]     Checking tracing v0.1.40
[INFO] [stderr]    Compiling pkg-config v0.3.28
[INFO] [stderr]     Checking futures-lite v1.13.0
[INFO] [stderr]     Checking aho-corasick v1.1.2
[INFO] [stderr]     Checking sharded-slab v0.1.7
[INFO] [stderr]     Checking tracing-log v0.2.0
[INFO] [stderr]     Checking tracing-log v0.1.4
[INFO] [stderr]    Compiling indexmap v1.9.3
[INFO] [stderr]     Checking raw-window-handle v0.5.2
[INFO] [stderr]    Compiling getrandom v0.2.11
[INFO] [stderr]     Checking concurrent-queue v2.4.0
[INFO] [stderr]     Checking crossbeam-channel v0.5.10
[INFO] [stderr]    Compiling uuid v1.6.1
[INFO] [stderr]     Checking simd-adler32 v0.3.7
[INFO] [stderr]    Compiling num-integer v0.1.45
[INFO] [stderr]     Checking libloading v0.7.4
[INFO] [stderr]     Checking event-listener v4.0.3
[INFO] [stderr]     Checking async-channel v1.9.0
[INFO] [stderr]     Checking hashbrown v0.14.3
[INFO] [stderr]    Compiling ash v0.37.3+1.3.251
[INFO] [stderr]     Checking unicode-xid v0.2.4
[INFO] [stderr]     Checking event-listener-strategy v0.4.0
[INFO] [stderr]    Compiling khronos-egl v4.1.0
[INFO] [stderr]     Checking unicode-width v0.1.11
[INFO] [stderr]     Checking termcolor v1.4.0
[INFO] [stderr]    Compiling anyhow v1.0.79
[INFO] [stderr]     Checking miniz_oxide v0.7.1
[INFO] [stderr]     Checking async-lock v3.2.0
[INFO] [stderr]     Checking walkdir v2.4.0
[INFO] [stderr]     Checking pp-rs v0.2.1
[INFO] [stderr]     Checking gpu-descriptor-types v0.1.2
[INFO] [stderr]     Checking spirv v0.2.0+1.5.4
[INFO] [stderr]     Checking codespan-reporting v0.11.1
[INFO] [stderr]    Compiling num-rational v0.4.1
[INFO] [stderr]     Checking gpu-alloc-types v0.2.0
[INFO] [stderr]     Checking regex-automata v0.4.3
[INFO] [stderr]     Checking arrayvec v0.7.4
[INFO] [stderr]     Checking hexf-parse v0.2.1
[INFO] [stderr]    Compiling cfg_aliases v0.1.1
[INFO] [stderr]     Checking bytemuck v1.14.0
[INFO] [stderr]     Checking gpu-alloc v0.5.4
[INFO] [stderr]    Compiling wgpu-core v0.14.2
[INFO] [stderr]     Checking flate2 v1.0.28
[INFO] [stderr]     Checking async-executor v1.8.0
[INFO] [stderr]     Checking indexmap v2.1.0
[INFO] [stderr]     Checking parking_lot_core v0.9.9
[INFO] [stderr]     Checking glam v0.22.0
[INFO] [stderr]     Checking bevy_tasks v0.9.1
[INFO] [stderr]     Checking parking_lot v0.12.1
[INFO] [stderr]     Checking inotify-sys v0.1.5
[INFO] [stderr]     Checking mio v0.8.10
[INFO] [stderr]     Checking filetime v0.2.23
[INFO] [stderr]     Checking inotify v0.9.6
[INFO] [stderr]     Checking hashbrown v0.12.3
[INFO] [stderr]     Checking gpu-descriptor v0.2.4
[INFO] [stderr]     Checking fdeflate v0.3.3
[INFO] [stderr]     Checking wgpu-types v0.14.1
[INFO] [stderr]     Checking renderdoc-sys v0.7.1
[INFO] [stderr]     Checking profiling v1.0.13
[INFO] [stderr]     Checking const_panic v0.2.8
[INFO] [stderr]     Checking glam v0.23.0
[INFO] [stderr]     Checking ttf-parser v0.20.0
[INFO] [stderr]    Compiling alsa-sys v0.3.1
[INFO] [stderr]     Checking petgraph v0.6.4
[INFO] [stderr]     Checking notify v5.2.0
[INFO] [stderr]     Checking ab_glyph_rasterizer v0.1.8
[INFO] [stderr]     Checking png v0.17.10
[INFO] [stderr]     Checking radsort v0.1.0
[INFO] [stderr]    Compiling encase_derive_impl v0.4.1
[INFO] [stderr]    Compiling libudev-sys v0.1.4
[INFO] [stderr]    Compiling serde_json v1.0.111
[INFO] [stderr]     Checking bevy_utils v0.9.1
[INFO] [stderr]     Checking nix v0.23.2
[INFO] [stderr]    Compiling x11-dl v2.21.0
[INFO] [stderr]     Checking euclid v0.22.9
[INFO] [stderr]     Checking approx v0.5.1
[INFO] [stderr]    Compiling memoffset v0.7.1
[INFO] [stderr]    Compiling inflections v1.1.1
[INFO] [stderr]    Compiling cpal v0.14.2
[INFO] [stderr]     Checking svg_fmt v0.4.1
[INFO] [stderr]     Checking image v0.24.7
[INFO] [stderr]     Checking inotify v0.10.2
[INFO] [stderr]    Compiling gltf-derive v1.4.0
[INFO] [stderr]     Checking nix v0.27.1
[INFO] [stderr]     Checking ogg v0.8.0
[INFO] [stderr]    Compiling toml v0.5.11
[INFO] [stderr]     Checking regex v1.10.2
[INFO] [stderr]     Checking guillotiere v0.6.2
[INFO] [stderr]     Checking xi-unicode v0.3.0
[INFO] [stderr]    Compiling gilrs v0.10.4
[INFO] [stderr]     Checking rectangle-pack v0.4.2
[INFO] [stderr]     Checking gilrs-core v0.5.10
[INFO] [stderr]     Checking ron v0.8.1
[INFO] [stderr]     Checking tracing-subscriber v0.3.18
[INFO] [stderr]     Checking naga v0.10.1
[INFO] [stderr]     Checking raw-window-handle v0.4.3
[INFO] [stderr]     Checking lewton v0.10.2
[INFO] [stderr]     Checking bevy_math v0.9.1
[INFO] [stderr]     Checking bevy_mikktspace v0.9.1
[INFO] [stderr]     Checking hexasphere v8.1.0
[INFO] [stderr]     Checking owned_ttf_parser v0.20.0
[INFO] [stderr]     Checking gltf-json v1.4.0
[INFO] [stderr]     Checking hash32 v0.2.1
[INFO] [stderr]     Checking nix v0.26.4
[INFO] [stderr]     Checking ab_glyph v0.2.23
[INFO] [stderr]    Compiling x11rb v0.12.0
[INFO] [stderr]     Checking emath v0.20.0
[INFO] [stderr]     Checking ecolor v0.20.0
[INFO] [stderr]     Checking glyph_brush_layout v0.2.3
[INFO] [stderr]    Compiling bevy_macro_utils v0.9.1
[INFO] [stderr]     Checking gethostname v0.3.0
[INFO] [stderr]     Checking url v2.5.0
[INFO] [stderr]     Checking epaint v0.20.0
[INFO] [stderr]     Checking home v0.5.9
[INFO] [stderr]     Checking itertools v0.10.5
[INFO] [stderr]     Checking byte v0.2.6
[INFO] [stderr]     Checking pico-args v0.5.0
[INFO] [stderr]    Compiling encase_derive v0.4.1
[INFO] [stderr]    Compiling hash32-derive v0.1.1
[INFO] [stderr]    Compiling modular-bitfield-impl v0.11.2
[INFO] [stderr]    Compiling bevy_reflect_derive v0.9.1
[INFO] [stderr]    Compiling bevy_ecs_macros v0.9.1
[INFO] [stderr]    Compiling bevy_derive v0.9.1
[INFO] [stderr]    Compiling bevy_encase_derive v0.9.1
[INFO] [stderr]    Compiling bevy_render_macros v0.9.1
[INFO] [stderr]     Checking x11rb-protocol v0.12.0
[INFO] [stderr]     Checking egui v0.20.1
[INFO] [stderr]     Checking encase v0.4.1
[INFO] [stderr]     Checking taffy v0.1.0
[INFO] [stderr] error: could not compile `nix` (lib)
[INFO] [stderr] 
[INFO] [stderr] Caused by:
[INFO] [stderr]   process didn't exit successfully: `/opt/rustwide/rustup-home/toolchains/1.75.0-x86_64-unknown-linux-gnu/bin/rustc --crate-name nix --edition=2018 /opt/rustwide/cargo-home/registry/src/index.crates.io-6f17d22bba15001f/nix-0.23.2/src/lib.rs --error-format=json --json=diagnostic-rendered-ansi,artifacts,future-incompat --crate-type lib --emit=dep-info,metadata -C embed-bitcode=no -C debuginfo=2 -C metadata=bf85c112e5659eb5 -C extra-filename=-bf85c112e5659eb5 --out-dir /opt/rustwide/target/debug/deps -L dependency=/opt/rustwide/target/debug/deps --extern bitflags=/opt/rustwide/target/debug/deps/libbitflags-c0bd97bdb7c1fbd1.rmeta --extern cfg_if=/opt/rustwide/target/debug/deps/libcfg_if-1b06147f67f93fdc.rmeta --extern libc=/opt/rustwide/target/debug/deps/liblibc-703a71779d7c4255.rmeta --extern memoffset=/opt/rustwide/target/debug/deps/libmemoffset-cc05aa431f750af2.rmeta --cap-lints allow --cap-lints=warn` (signal: 9, SIGKILL: kill)
[INFO] [stderr] warning: build failed, waiting for other jobs to finish...
[INFO] [stderr] error: could not compile `ash` (lib)
[INFO] [stderr] 
[INFO] [stderr] Caused by:
[INFO] [stderr]   process didn't exit successfully: `/opt/rustwide/rustup-home/toolchains/1.75.0-x86_64-unknown-linux-gnu/bin/rustc --crate-name ash --edition=2021 /opt/rustwide/cargo-home/registry/src/index.crates.io-6f17d22bba15001f/ash-0.37.3+1.3.251/src/lib.rs --error-format=json --json=diagnostic-rendered-ansi,artifacts,future-incompat --crate-type lib --emit=dep-info,metadata -C embed-bitcode=no -C debuginfo=2 --cfg 'feature="debug"' --cfg 'feature="default"' --cfg 'feature="libloading"' --cfg 'feature="loaded"' -C metadata=7415ddae5d677c84 -C extra-filename=-7415ddae5d677c84 --out-dir /opt/rustwide/target/debug/deps -L dependency=/opt/rustwide/target/debug/deps --extern libloading=/opt/rustwide/target/debug/deps/liblibloading-29c88375499a3949.rmeta --cap-lints allow --cap-lints=warn` (signal: 9, SIGKILL: kill)
[INFO] running `Command { std: "docker" "inspect" "a15b1a9b7bba3af679a336187c9ac6de5e252f0bd0a399d99afccd62e9f5ac8c", kill_on_drop: false }`
[INFO] running `Command { std: "docker" "rm" "-f" "a15b1a9b7bba3af679a336187c9ac6de5e252f0bd0a399d99afccd62e9f5ac8c", kill_on_drop: false }`
[INFO] [stdout] a15b1a9b7bba3af679a336187c9ac6de5e252f0bd0a399d99afccd62e9f5ac8c
[INFO] documenting CarlCochet/arena_map_editor against beta-2023-12-22 for beta-1.76-rustdoc-1
[INFO] running `Command { std: "git" "clone" "/workspace/cache/git-repos/https%3A%2F%2Fgithub.com%2FCarlCochet%2Farena_map_editor" "/workspace/builds/worker-7-tc2/source", kill_on_drop: false }`
[INFO] [stderr] Cloning into '/workspace/builds/worker-7-tc2/source'...
[INFO] [stderr] done.
[INFO] validating manifest of git repo https://github.com/CarlCochet/arena_map_editor on toolchain beta-2023-12-22
[INFO] running `Command { std: CARGO_HOME="/workspace/cargo-home" RUSTUP_HOME="/workspace/rustup-home" "/workspace/cargo-home/bin/cargo" "+beta-2023-12-22" "metadata" "--manifest-path" "Cargo.toml" "--no-deps", kill_on_drop: false }`
[INFO] started tweaking git repo https://github.com/CarlCochet/arena_map_editor
[INFO] finished tweaking git repo https://github.com/CarlCochet/arena_map_editor
[INFO] tweaked toml for git repo https://github.com/CarlCochet/arena_map_editor written to /workspace/builds/worker-7-tc2/source/Cargo.toml
[INFO] crate git repo https://github.com/CarlCochet/arena_map_editor already has a lockfile, it will not be regenerated
[INFO] running `Command { std: CARGO_HOME="/workspace/cargo-home" RUSTUP_HOME="/workspace/rustup-home" "/workspace/cargo-home/bin/cargo" "+beta-2023-12-22" "fetch" "--manifest-path" "Cargo.toml", kill_on_drop: false }`
[INFO] [stderr]     Updating crates.io index
[INFO] running `Command { std: "docker" "create" "-v" "/var/lib/crater-agent-workspace/builds/worker-7-tc2/target:/opt/rustwide/target:rw,Z" "-v" "/var/lib/crater-agent-workspace/builds/worker-7-tc2/source:/opt/rustwide/workdir:ro,Z" "-v" "/var/lib/crater-agent-workspace/cargo-home:/opt/rustwide/cargo-home:ro,Z" "-v" "/var/lib/crater-agent-workspace/rustup-home:/opt/rustwide/rustup-home:ro,Z" "-e" "SOURCE_DIR=/opt/rustwide/workdir" "-e" "CARGO_TARGET_DIR=/opt/rustwide/target" "-e" "CARGO_HOME=/opt/rustwide/cargo-home" "-e" "RUSTUP_HOME=/opt/rustwide/rustup-home" "-w" "/opt/rustwide/workdir" "-m" "1610612736" "--user" "0:0" "--network" "none" "ghcr.io/rust-lang/crates-build-env/linux@sha256:2788e3201cd34a07e3172128adcd8b3090168a8e3bcc40d7c032b9dda1df7d1c" "/opt/rustwide/cargo-home/bin/cargo" "+beta-2023-12-22" "metadata" "--no-deps" "--format-version=1", kill_on_drop: false }`
[INFO] [stdout] 0e93fd50d747a05d846e1c901db55482699f214f83eb2e9f4e4b0c3b0dfb8e47
[INFO] running `Command { std: "docker" "start" "-a" "0e93fd50d747a05d846e1c901db55482699f214f83eb2e9f4e4b0c3b0dfb8e47", kill_on_drop: false }`
[INFO] running `Command { std: "docker" "inspect" "0e93fd50d747a05d846e1c901db55482699f214f83eb2e9f4e4b0c3b0dfb8e47", kill_on_drop: false }`
[INFO] running `Command { std: "docker" "rm" "-f" "0e93fd50d747a05d846e1c901db55482699f214f83eb2e9f4e4b0c3b0dfb8e47", kill_on_drop: false }`
[INFO] [stdout] 0e93fd50d747a05d846e1c901db55482699f214f83eb2e9f4e4b0c3b0dfb8e47
[INFO] running `Command { std: "docker" "create" "-v" "/var/lib/crater-agent-workspace/builds/worker-7-tc2/target:/opt/rustwide/target:rw,Z" "-v" "/var/lib/crater-agent-workspace/builds/worker-7-tc2/source:/opt/rustwide/workdir:ro,Z" "-v" "/var/lib/crater-agent-workspace/cargo-home:/opt/rustwide/cargo-home:ro,Z" "-v" "/var/lib/crater-agent-workspace/rustup-home:/opt/rustwide/rustup-home:ro,Z" "-e" "SOURCE_DIR=/opt/rustwide/workdir" "-e" "CARGO_TARGET_DIR=/opt/rustwide/target" "-e" "CARGO_INCREMENTAL=0" "-e" "RUST_BACKTRACE=full" "-e" "RUSTFLAGS=--cap-lints=warn" "-e" "RUSTDOCFLAGS=--cap-lints=warn" "-e" "CARGO_HOME=/opt/rustwide/cargo-home" "-e" "RUSTUP_HOME=/opt/rustwide/rustup-home" "-w" "/opt/rustwide/workdir" "-m" "1610612736" "--user" "0:0" "--network" "none" "ghcr.io/rust-lang/crates-build-env/linux@sha256:2788e3201cd34a07e3172128adcd8b3090168a8e3bcc40d7c032b9dda1df7d1c" "/opt/rustwide/cargo-home/bin/cargo" "+beta-2023-12-22" "doc" "--frozen" "--no-deps" "--document-private-items" "--message-format=json", kill_on_drop: false }`
[INFO] [stdout] ab213d8323d3c7ccf1e9894940a3101e38b169a67fe1e02c89006b7e8c63b917
[INFO] running `Command { std: "docker" "start" "-a" "ab213d8323d3c7ccf1e9894940a3101e38b169a67fe1e02c89006b7e8c63b917", kill_on_drop: false }`
[INFO] [stderr]    Compiling libc v0.2.151
[INFO] [stderr]     Checking once_cell v1.19.0
[INFO] [stderr]    Compiling thiserror v1.0.56
[INFO] [stderr]    Compiling crossbeam-utils v0.8.18
[INFO] [stderr]    Compiling ahash v0.7.7
[INFO] [stderr]    Compiling serde v1.0.195
[INFO] [stderr]     Checking parking v2.2.0
[INFO] [stderr]     Checking memchr v2.7.1
[INFO] [stderr]     Checking futures-core v0.3.30
[INFO] [stderr]     Checking fixedbitset v0.4.2
[INFO] [stderr]    Compiling syn v1.0.109
[INFO] [stderr]    Compiling bytemuck_derive v1.5.0
[INFO] [stderr]    Compiling thiserror-impl v1.0.56
[INFO] [stderr]    Compiling bit-vec v0.6.3
[INFO] [stderr]     Checking smallvec v1.11.2
[INFO] [stderr]     Checking async-task v4.7.0
[INFO] [stderr]     Checking futures-lite v2.2.0
[INFO] [stderr]     Checking tracing-core v0.1.32
[INFO] [stderr]     Checking futures-io v0.3.30
[INFO] [stderr]    Compiling bit-set v0.5.3
[INFO] [stderr]     Checking waker-fn v1.1.1
[INFO] [stderr]     Checking fastrand v1.9.0
[INFO] [stderr]     Checking fastrand v2.0.1
[INFO] [stderr]     Checking cache-padded v1.3.0
[INFO] [stderr]     Checking thread_local v1.1.7
[INFO] [stderr]     Checking concurrent-queue v1.2.4
[INFO] [stderr]     Checking erased-serde v0.3.31
[INFO] [stderr]     Checking bevy_ptr v0.9.1
[INFO] [stderr]    Compiling ahash v0.8.7
[INFO] [stderr]     Checking zerocopy v0.7.32
[INFO] [stderr]     Checking bitflags v2.4.1
[INFO] [stderr]    Compiling pkg-config v0.3.28
[INFO] [stderr]     Checking tracing v0.1.40
[INFO] [stderr]     Checking futures-lite v1.13.0
[INFO] [stderr]     Checking aho-corasick v1.1.2
[INFO] [stderr]     Checking sharded-slab v0.1.7
[INFO] [stderr]     Checking tracing-log v0.2.0
[INFO] [stderr]     Checking tracing-log v0.1.4
[INFO] [stderr]     Checking concurrent-queue v2.4.0
[INFO] [stderr]     Checking crossbeam-channel v0.5.10
[INFO] [stderr]    Compiling indexmap v1.9.3
[INFO] [stderr]    Compiling getrandom v0.2.11
[INFO] [stderr]     Checking simd-adler32 v0.3.7
[INFO] [stderr]     Checking event-listener v4.0.3
[INFO] [stderr]     Checking async-channel v1.9.0
[INFO] [stderr]    Compiling uuid v1.6.1
[INFO] [stderr]     Checking raw-window-handle v0.5.2
[INFO] [stderr]     Checking libloading v0.7.4
[INFO] [stderr]     Checking hashbrown v0.14.3
[INFO] [stderr]    Compiling num-integer v0.1.45
[INFO] [stderr]    Compiling ash v0.37.3+1.3.251
[INFO] [stderr]     Checking event-listener-strategy v0.4.0
[INFO] [stderr]     Checking unicode-xid v0.2.4
[INFO] [stderr]     Checking termcolor v1.4.0
[INFO] [stderr]    Compiling khronos-egl v4.1.0
[INFO] [stderr]     Checking unicode-width v0.1.11
[INFO] [stderr]     Checking async-lock v3.2.0
[INFO] [stderr]    Compiling anyhow v1.0.79
[INFO] [stderr]     Checking pp-rs v0.2.1
[INFO] [stderr]     Checking walkdir v2.4.0
[INFO] [stderr]     Checking codespan-reporting v0.11.1
[INFO] [stderr]     Checking miniz_oxide v0.7.1
[INFO] [stderr]     Checking gpu-descriptor-types v0.1.2
[INFO] [stderr]     Checking spirv v0.2.0+1.5.4
[INFO] [stderr]    Compiling num-rational v0.4.1
[INFO] [stderr]     Checking gpu-alloc-types v0.2.0
[INFO] [stderr]     Checking regex-automata v0.4.3
[INFO] [stderr]    Compiling cfg_aliases v0.1.1
[INFO] [stderr]     Checking hexf-parse v0.2.1
[INFO] [stderr]     Checking arrayvec v0.7.4
[INFO] [stderr]    Compiling wgpu-core v0.14.2
[INFO] [stderr]     Checking bytemuck v1.14.0
[INFO] [stderr]     Checking gpu-alloc v0.5.4
[INFO] [stderr]     Checking async-executor v1.8.0
[INFO] [stderr]     Checking indexmap v2.1.0
[INFO] [stderr]     Checking gpu-descriptor v0.2.4
[INFO] [stderr]     Checking flate2 v1.0.28
[INFO] [stderr]     Checking parking_lot_core v0.9.9
[INFO] [stderr]     Checking glam v0.22.0
[INFO] [stderr]     Checking bevy_tasks v0.9.1
[INFO] [stderr]     Checking inotify-sys v0.1.5
[INFO] [stderr]     Checking mio v0.8.10
[INFO] [stderr]     Checking inotify v0.9.6
[INFO] [stderr]     Checking filetime v0.2.23
[INFO] [stderr]     Checking parking_lot v0.12.1
[INFO] [stderr]     Checking fdeflate v0.3.3
[INFO] [stderr]     Checking wgpu-types v0.14.1
[INFO] [stderr]     Checking profiling v1.0.13
[INFO] [stderr]     Checking renderdoc-sys v0.7.1
[INFO] [stderr]     Checking hashbrown v0.12.3
[INFO] [stderr]     Checking petgraph v0.6.4
[INFO] [stderr]     Checking notify v5.2.0
[INFO] [stderr]     Checking const_panic v0.2.8
[INFO] [stderr]     Checking glam v0.23.0
[INFO] [stderr]     Checking ttf-parser v0.20.0
[INFO] [stderr]    Compiling alsa-sys v0.3.1
[INFO] [stderr]     Checking radsort v0.1.0
[INFO] [stderr]     Checking png v0.17.10
[INFO] [stderr]     Checking ab_glyph_rasterizer v0.1.8
[INFO] [stderr]    Compiling libudev-sys v0.1.4
[INFO] [stderr]    Compiling encase_derive_impl v0.4.1
[INFO] [stderr]    Compiling serde_json v1.0.111
[INFO] [stderr]     Checking nix v0.23.2
[INFO] [stderr]     Checking bevy_utils v0.9.1
[INFO] [stderr]    Compiling x11-dl v2.21.0
[INFO] [stderr]     Checking approx v0.5.1
[INFO] [stderr]     Checking euclid v0.22.9
[INFO] [stderr]    Compiling memoffset v0.7.1
[INFO] [stderr]     Checking image v0.24.7
[INFO] [stderr]    Compiling inflections v1.1.1
[INFO] [stderr]    Compiling cpal v0.14.2
[INFO] [stderr]     Checking svg_fmt v0.4.1
[INFO] [stderr]    Compiling gltf-derive v1.4.0
[INFO] [stderr]     Checking inotify v0.10.2
[INFO] [stderr]     Checking nix v0.27.1
[INFO] [stderr]     Checking ogg v0.8.0
[INFO] [stderr]     Checking regex v1.10.2
[INFO] [stderr]    Compiling toml v0.5.11
[INFO] [stderr]     Checking guillotiere v0.6.2
[INFO] [stderr]     Checking xi-unicode v0.3.0
[INFO] [stderr]    Compiling gilrs v0.10.4
[INFO] [stderr]     Checking rectangle-pack v0.4.2
[INFO] [stderr]     Checking raw-window-handle v0.4.3
[INFO] [stderr]     Checking naga v0.10.1
[INFO] [stderr]     Checking tracing-subscriber v0.3.18
[INFO] [stderr]     Checking gilrs-core v0.5.10
[INFO] [stderr]     Checking ron v0.8.1
[INFO] [stderr]     Checking lewton v0.10.2
[INFO] [stderr]     Checking bevy_math v0.9.1
[INFO] [stderr]     Checking bevy_mikktspace v0.9.1
[INFO] [stderr]     Checking hexasphere v8.1.0
[INFO] [stderr]     Checking gltf-json v1.4.0
[INFO] [stderr]     Checking owned_ttf_parser v0.20.0
[INFO] [stderr]     Checking hash32 v0.2.1
[INFO] [stderr]     Checking nix v0.26.4
[INFO] [stderr]     Checking ab_glyph v0.2.23
[INFO] [stderr]    Compiling x11rb v0.12.0
[INFO] [stderr]     Checking emath v0.20.0
[INFO] [stderr]     Checking ecolor v0.20.0
[INFO] [stderr]     Checking glyph_brush_layout v0.2.3
[INFO] [stderr]     Checking gethostname v0.3.0
[INFO] [stderr]     Checking epaint v0.20.0
[INFO] [stderr]     Checking url v2.5.0
[INFO] [stderr]    Compiling bevy_macro_utils v0.9.1
[INFO] [stderr]     Checking home v0.5.9
[INFO] [stderr]     Checking itertools v0.10.5
[INFO] [stderr]     Checking byte v0.2.6
[INFO] [stderr]     Checking pico-args v0.5.0
[INFO] [stderr]    Compiling encase_derive v0.4.1
[INFO] [stderr]    Compiling hash32-derive v0.1.1
[INFO] [stderr]    Compiling modular-bitfield-impl v0.11.2
[INFO] [stderr]     Checking webbrowser v0.8.12
[INFO] [stderr]    Compiling bevy_reflect_derive v0.9.1
[INFO] [stderr]    Compiling bevy_ecs_macros v0.9.1
[INFO] [stderr]    Compiling bevy_derive v0.9.1
[INFO] [stderr]    Compiling bevy_encase_derive v0.9.1
[INFO] [stderr]    Compiling bevy_render_macros v0.9.1
[INFO] [stderr]     Checking egui v0.20.1
[INFO] [stderr]     Checking x11rb-protocol v0.12.0
[INFO] [stderr]     Checking taffy v0.1.0
[INFO] [stderr]     Checking encase v0.4.1
[INFO] [stderr]     Checking alsa v0.6.0
[INFO] [stderr]     Checking gltf v1.4.0
[INFO] [stderr]     Checking modular-bitfield v0.11.2
[INFO] [stderr]     Checking rodio v0.16.0
[INFO] [stderr]     Checking bevy_reflect v0.9.1
[INFO] [stderr]     Checking winit v0.27.5
[INFO] [stderr]     Checking bevy_ecs v0.9.1
[INFO] [stderr]     Checking arboard v3.3.0
[INFO] [stderr]     Checking wgpu-hal v0.14.1
[INFO] [stderr]     Checking bevy_app v0.9.1
[INFO] [stderr]     Checking bevy_log v0.9.1
[INFO] [stderr]     Checking bevy_core v0.9.1
[INFO] [stderr]     Checking bevy_time v0.9.1
[INFO] [stderr]     Checking bevy_input v0.9.1
[INFO] [stderr]     Checking bevy_hierarchy v0.9.1
[INFO] [stderr]     Checking bevy_diagnostic v0.9.1
[INFO] [stderr]     Checking bevy_transform v0.9.1
[INFO] [stderr]     Checking bevy_asset v0.9.1
[INFO] [stderr]     Checking bevy_window v0.9.1
[INFO] [stderr]     Checking bevy_gilrs v0.9.1
[INFO] [stderr]     Checking bevy_winit v0.9.1
[INFO] [stderr]     Checking bevy_animation v0.9.1
[INFO] [stderr]     Checking bevy_audio v0.9.1
[INFO] [stderr]     Checking wgpu v0.14.2
[INFO] [stderr]     Checking bevy_render v0.9.1
[INFO] [stderr]     Checking bevy_core_pipeline v0.9.1
[INFO] [stderr]     Checking bevy_scene v0.9.1
[INFO] [stderr]     Checking bevy_sprite v0.9.1
[INFO] [stderr]     Checking bevy_pbr v0.9.1
[INFO] [stderr]     Checking bevy_text v0.9.1
[INFO] [stderr]     Checking bevy_ui v0.9.1
[INFO] [stderr]     Checking bevy_gltf v0.9.1
[INFO] [stderr]     Checking bevy_internal v0.9.1
[INFO] [stderr]     Checking bevy v0.9.1
[INFO] [stderr]     Checking bevy_egui v0.19.0
[INFO] [stderr]  Documenting arena_map_editor v0.1.0 (/opt/rustwide/workdir)
[INFO] [stdout] error[E0432]: unresolved imports `super::AssetIoProps`, `super::CustomAssetIoPlugin`
[INFO] [stdout]  --> src/assets/jar.rs:8:13
[INFO] [stdout]   |
[INFO] [stdout] 8 | use super::{AssetIoProps, CustomAssetIoPlugin};
[INFO] [stdout]   |             ^^^^^^^^^^^^  ^^^^^^^^^^^^^^^^^^^ no `CustomAssetIoPlugin` in `assets`
[INFO] [stdout]   |             |
[INFO] [stdout]   |             no `AssetIoProps` in `assets`
[INFO] [stdout] 
[INFO] [stdout] 
[INFO] [stdout] error[E0407]: method `is_directory` is not a member of trait `AssetIo`
[INFO] [stdout]   --> src/assets/jar.rs:54:5
[INFO] [stdout]    |
[INFO] [stdout] 54 |       fn is_directory(&self, _path: &Path) -> bool {
[INFO] [stdout]    |       ^  ------------ help: there is an associated function with a similar name: `read_directory`
[INFO] [stdout]    |  _____|
[INFO] [stdout]    | |
[INFO] [stdout] 55 | |         unimplemented!()
[INFO] [stdout] 56 | |     }
[INFO] [stdout]    | |_____^ not a member of trait `AssetIo`
[INFO] [stdout] 
[INFO] [stdout] 
[INFO] [stdout] error[E0046]: not all trait items implemented, missing: `get_metadata`
[INFO] [stdout]   --> src/assets/jar.rs:34:1
[INFO] [stdout]    |
[INFO] [stdout] 34 | impl AssetIo for JarAssetIo {
[INFO] [stdout]    | ^^^^^^^^^^^^^^^^^^^^^^^^^^^ missing `get_metadata` in implementation
[INFO] [stdout]    |
[INFO] [stdout]    = help: implement the missing item: `fn get_metadata(&self, _: &std::path::Path) -> std::result::Result<bevy::asset::Metadata, bevy::asset::AssetIoError> { todo!() }`
[INFO] [stdout] 
[INFO] [stdout] 
[INFO] [stdout] error[E0433]: failed to resolve: use of undeclared crate or module `zip`
[INFO] [stdout]   --> src/assets/jar.rs:12:20
[INFO] [stdout]    |
[INFO] [stdout] 12 |     archive: Mutex<zip::ZipArchive<BufReader<File>>>,
[INFO] [stdout]    |                    ^^^ use of undeclared crate or module `zip`
[INFO] [stdout] 
[INFO] [stdout] 
[INFO] [stdout] error: aborting due to 4 previous errors
[INFO] [stdout] 
[INFO] [stdout] 
[INFO] [stdout] Some errors have detailed explanations: E0046, E0407, E0432, E0433.
[INFO] [stdout] 
[INFO] [stdout] For more information about an error, try `rustc --explain E0046`.
[INFO] [stdout] 
[INFO] [stderr] error: could not document `arena_map_editor`
[INFO] [stderr] 
[INFO] [stderr] Caused by:
[INFO] [stderr]   process didn't exit successfully: `/opt/rustwide/rustup-home/toolchains/beta-2023-12-22-x86_64-unknown-linux-gnu/bin/rustdoc --edition=2021 --crate-type bin --crate-name arena_map_editor src/main.rs -o /opt/rustwide/target/doc --error-format=json --json=diagnostic-rendered-ansi,artifacts,future-incompat --document-private-items '-Arustdoc::private-intra-doc-links' -C metadata=fa2026495484562e -L dependency=/opt/rustwide/target/debug/deps --extern anyhow=/opt/rustwide/target/debug/deps/libanyhow-a3466ae9a2f9d580.rmeta --extern bevy=/opt/rustwide/target/debug/deps/libbevy-6b21ac0eead38973.rmeta --extern bevy_egui=/opt/rustwide/target/debug/deps/libbevy_egui-45f3b1d27b02b422.rmeta --extern byte=/opt/rustwide/target/debug/deps/libbyte-78c51833069d86ca.rmeta --extern glam=/opt/rustwide/target/debug/deps/libglam-09676855496480a1.rmeta --extern itertools=/opt/rustwide/target/debug/deps/libitertools-caa732e6743421e5.rmeta --extern modular_bitfield=/opt/rustwide/target/debug/deps/libmodular_bitfield-bffd6a4fad63db11.rmeta --extern pico_args=/opt/rustwide/target/debug/deps/libpico_args-3448d724722086a6.rmeta --cap-lints=warn --crate-version 0.1.0` (exit status: 1)
[INFO] running `Command { std: "docker" "inspect" "ab213d8323d3c7ccf1e9894940a3101e38b169a67fe1e02c89006b7e8c63b917", kill_on_drop: false }`
[INFO] running `Command { std: "docker" "rm" "-f" "ab213d8323d3c7ccf1e9894940a3101e38b169a67fe1e02c89006b7e8c63b917", kill_on_drop: false }`
[INFO] [stdout] ab213d8323d3c7ccf1e9894940a3101e38b169a67fe1e02c89006b7e8c63b917
