[INFO] cloning repository https://github.com/Carglass/youlex-git
[INFO] running `Command { std: "git" "-c" "credential.helper=" "-c" "credential.helper=/workspace/cargo-home/bin/git-credential-null" "clone" "--bare" "https://github.com/Carglass/youlex-git" "/workspace/cache/git-repos/https%3A%2F%2Fgithub.com%2FCarglass%2Fyoulex-git", kill_on_drop: false }`
[INFO] [stderr] Cloning into bare repository '/workspace/cache/git-repos/https%3A%2F%2Fgithub.com%2FCarglass%2Fyoulex-git'...
[INFO] running `Command { std: "git" "rev-parse" "HEAD", kill_on_drop: false }`
[INFO] [stdout] 40a368f45f67dd21a480bc3c1b4dcfa809a37faa
[INFO] documenting Carglass/youlex-git against 1.75.0 for beta-1.76-rustdoc-1
[INFO] running `Command { std: "git" "clone" "/workspace/cache/git-repos/https%3A%2F%2Fgithub.com%2FCarglass%2Fyoulex-git" "/workspace/builds/worker-1-tc1/source", kill_on_drop: false }`
[INFO] [stderr] Cloning into '/workspace/builds/worker-1-tc1/source'...
[INFO] [stderr] done.
[INFO] validating manifest of git repo https://github.com/Carglass/youlex-git on toolchain 1.75.0
[INFO] running `Command { std: CARGO_HOME="/workspace/cargo-home" RUSTUP_HOME="/workspace/rustup-home" "/workspace/cargo-home/bin/cargo" "+1.75.0" "metadata" "--manifest-path" "Cargo.toml" "--no-deps", kill_on_drop: false }`
[INFO] started tweaking git repo https://github.com/Carglass/youlex-git
[INFO] finished tweaking git repo https://github.com/Carglass/youlex-git
[INFO] tweaked toml for git repo https://github.com/Carglass/youlex-git written to /workspace/builds/worker-1-tc1/source/Cargo.toml
[INFO] crate git repo https://github.com/Carglass/youlex-git already has a lockfile, it will not be regenerated
[INFO] running `Command { std: CARGO_HOME="/workspace/cargo-home" RUSTUP_HOME="/workspace/rustup-home" "/workspace/cargo-home/bin/cargo" "+1.75.0" "fetch" "--manifest-path" "Cargo.toml", kill_on_drop: false }`
[INFO] [stderr]  Downloading crates ...
[INFO] [stderr]   Downloaded libssh2-sys v0.2.17
[INFO] running `Command { std: "docker" "create" "-v" "/var/lib/crater-agent-workspace/builds/worker-1-tc1/target:/opt/rustwide/target:rw,Z" "-v" "/var/lib/crater-agent-workspace/builds/worker-1-tc1/source:/opt/rustwide/workdir:ro,Z" "-v" "/var/lib/crater-agent-workspace/cargo-home:/opt/rustwide/cargo-home:ro,Z" "-v" "/var/lib/crater-agent-workspace/rustup-home:/opt/rustwide/rustup-home:ro,Z" "-e" "SOURCE_DIR=/opt/rustwide/workdir" "-e" "CARGO_TARGET_DIR=/opt/rustwide/target" "-e" "CARGO_HOME=/opt/rustwide/cargo-home" "-e" "RUSTUP_HOME=/opt/rustwide/rustup-home" "-w" "/opt/rustwide/workdir" "-m" "1610612736" "--user" "0:0" "--network" "none" "ghcr.io/rust-lang/crates-build-env/linux@sha256:2788e3201cd34a07e3172128adcd8b3090168a8e3bcc40d7c032b9dda1df7d1c" "/opt/rustwide/cargo-home/bin/cargo" "+1.75.0" "metadata" "--no-deps" "--format-version=1", kill_on_drop: false }`
[INFO] [stdout] c3825526822f5054209384dfafbb7f14198e96d009f750bbf5b212d26c235364
[INFO] running `Command { std: "docker" "start" "-a" "c3825526822f5054209384dfafbb7f14198e96d009f750bbf5b212d26c235364", kill_on_drop: false }`
[INFO] running `Command { std: "docker" "inspect" "c3825526822f5054209384dfafbb7f14198e96d009f750bbf5b212d26c235364", kill_on_drop: false }`
[INFO] running `Command { std: "docker" "rm" "-f" "c3825526822f5054209384dfafbb7f14198e96d009f750bbf5b212d26c235364", kill_on_drop: false }`
[INFO] [stdout] c3825526822f5054209384dfafbb7f14198e96d009f750bbf5b212d26c235364
[INFO] running `Command { std: "docker" "create" "-v" "/var/lib/crater-agent-workspace/builds/worker-1-tc1/target:/opt/rustwide/target:rw,Z" "-v" "/var/lib/crater-agent-workspace/builds/worker-1-tc1/source:/opt/rustwide/workdir:ro,Z" "-v" "/var/lib/crater-agent-workspace/cargo-home:/opt/rustwide/cargo-home:ro,Z" "-v" "/var/lib/crater-agent-workspace/rustup-home:/opt/rustwide/rustup-home:ro,Z" "-e" "SOURCE_DIR=/opt/rustwide/workdir" "-e" "CARGO_TARGET_DIR=/opt/rustwide/target" "-e" "CARGO_INCREMENTAL=0" "-e" "RUST_BACKTRACE=full" "-e" "RUSTFLAGS=--cap-lints=warn" "-e" "RUSTDOCFLAGS=--cap-lints=warn" "-e" "CARGO_HOME=/opt/rustwide/cargo-home" "-e" "RUSTUP_HOME=/opt/rustwide/rustup-home" "-w" "/opt/rustwide/workdir" "-m" "1610612736" "--user" "0:0" "--network" "none" "ghcr.io/rust-lang/crates-build-env/linux@sha256:2788e3201cd34a07e3172128adcd8b3090168a8e3bcc40d7c032b9dda1df7d1c" "/opt/rustwide/cargo-home/bin/cargo" "+1.75.0" "doc" "--frozen" "--no-deps" "--document-private-items" "--message-format=json", kill_on_drop: false }`
[INFO] [stdout] ef1a05bc428857c27e2ee24753f3994bc1dbda611d98e42268043c5ac5910dba
[INFO] running `Command { std: "docker" "start" "-a" "ef1a05bc428857c27e2ee24753f3994bc1dbda611d98e42268043c5ac5910dba", kill_on_drop: false }`
[INFO] [stderr]    Compiling libc v0.2.69
[INFO] [stderr]    Compiling pkg-config v0.3.17
[INFO] [stderr]    Compiling autocfg v1.0.0
[INFO] [stderr]    Compiling proc-macro2 v1.0.12
[INFO] [stderr]    Compiling unicode-xid v0.2.0
[INFO] [stderr]    Compiling syn v1.0.18
[INFO] [stderr]     Checking smallvec v1.4.0
[INFO] [stderr]    Compiling serde v1.0.106
[INFO] [stderr]    Compiling log v0.4.8
[INFO] [stderr]     Checking unicode-normalization v0.1.12
[INFO] [stderr]    Compiling ryu v1.0.4
[INFO] [stderr]     Checking openssl-probe v0.1.2
[INFO] [stderr]     Checking itoa v0.4.5
[INFO] [stderr]    Compiling quote v1.0.4
[INFO] [stderr]     Checking idna v0.2.0
[INFO] [stderr]    Compiling jobserver v0.1.21
[INFO] [stderr]    Compiling cc v1.0.52
[INFO] [stderr]     Checking url v2.1.1
[INFO] [stderr]    Compiling openssl-sys v0.9.55
[INFO] [stderr]    Compiling libz-sys v1.0.25
[INFO] [stderr]    Compiling libssh2-sys v0.2.17
[INFO] [stderr]    Compiling libgit2-sys v0.12.5+1.0.0
[INFO] [stderr] The following warnings were emitted during compilation:
[INFO] [stderr] 
[INFO] [stderr] warning: openssl-sys@0.9.55: build/expando.c:4:24: error: pasting "RUST_VERSION_OPENSSL_" and "(" does not give a valid preprocessing token
[INFO] [stderr] warning: openssl-sys@0.9.55:     4 | #define VERSION2(n, v) RUST_VERSION_##n##_##v
[INFO] [stderr] warning: openssl-sys@0.9.55:       |                        ^~~~~~~~~~~~~
[INFO] [stderr] warning: openssl-sys@0.9.55: build/expando.c:5:23: note: in expansion of macro 'VERSION2'
[INFO] [stderr] warning: openssl-sys@0.9.55:     5 | #define VERSION(n, v) VERSION2(n, v)
[INFO] [stderr] warning: openssl-sys@0.9.55:       |                       ^~~~~~~~
[INFO] [stderr] warning: openssl-sys@0.9.55: build/expando.c:10:1: note: in expansion of macro 'VERSION'
[INFO] [stderr] warning: openssl-sys@0.9.55:    10 | VERSION(OPENSSL, OPENSSL_VERSION_NUMBER)
[INFO] [stderr] warning: openssl-sys@0.9.55:       | ^~~~~~~
[INFO] [stderr] 
[INFO] [stderr] error: failed to run custom build command for `openssl-sys v0.9.55`
[INFO] [stderr] note: To improve backtraces for build dependencies, set the CARGO_PROFILE_DEV_BUILD_OVERRIDE_DEBUG=true environment variable to enable debug information generation.
[INFO] [stderr] 
[INFO] [stderr] Caused by:
[INFO] [stderr]   process didn't exit successfully: `/opt/rustwide/target/debug/build/openssl-sys-503e10103773a609/build-script-main` (exit status: 101)
[INFO] [stderr]   --- stdout
[INFO] [stderr]   cargo:rustc-cfg=const_fn
[INFO] [stderr]   cargo:rerun-if-env-changed=X86_64_UNKNOWN_LINUX_GNU_OPENSSL_LIB_DIR
[INFO] [stderr]   X86_64_UNKNOWN_LINUX_GNU_OPENSSL_LIB_DIR unset
[INFO] [stderr]   cargo:rerun-if-env-changed=OPENSSL_LIB_DIR
[INFO] [stderr]   OPENSSL_LIB_DIR unset
[INFO] [stderr]   cargo:rerun-if-env-changed=X86_64_UNKNOWN_LINUX_GNU_OPENSSL_INCLUDE_DIR
[INFO] [stderr]   X86_64_UNKNOWN_LINUX_GNU_OPENSSL_INCLUDE_DIR unset
[INFO] [stderr]   cargo:rerun-if-env-changed=OPENSSL_INCLUDE_DIR
[INFO] [stderr]   OPENSSL_INCLUDE_DIR unset
[INFO] [stderr]   cargo:rerun-if-env-changed=X86_64_UNKNOWN_LINUX_GNU_OPENSSL_DIR
[INFO] [stderr]   X86_64_UNKNOWN_LINUX_GNU_OPENSSL_DIR unset
[INFO] [stderr]   cargo:rerun-if-env-changed=OPENSSL_DIR
[INFO] [stderr]   OPENSSL_DIR unset
[INFO] [stderr]   cargo:rustc-link-lib=ssl
[INFO] [stderr]   cargo:rustc-link-lib=crypto
[INFO] [stderr]   OPT_LEVEL = Some("0")
[INFO] [stderr]   TARGET = Some("x86_64-unknown-linux-gnu")
[INFO] [stderr]   HOST = Some("x86_64-unknown-linux-gnu")
[INFO] [stderr]   CC_x86_64-unknown-linux-gnu = None
[INFO] [stderr]   CC_x86_64_unknown_linux_gnu = None
[INFO] [stderr]   HOST_CC = None
[INFO] [stderr]   CC = None
[INFO] [stderr]   CFLAGS_x86_64-unknown-linux-gnu = None
[INFO] [stderr]   CFLAGS_x86_64_unknown_linux_gnu = None
[INFO] [stderr]   HOST_CFLAGS = None
[INFO] [stderr]   CFLAGS = None
[INFO] [stderr]   CRATE_CC_NO_DEFAULTS = None
[INFO] [stderr]   DEBUG = Some("true")
[INFO] [stderr]   CARGO_CFG_TARGET_FEATURE = Some("fxsr,sse,sse2")
[INFO] [stderr]   running: "cc" "-O0" "-ffunction-sections" "-fdata-sections" "-fPIC" "-g" "-fno-omit-frame-pointer" "-m64" "-I" "/usr/include" "-Wall" "-Wextra" "-E" "build/expando.c"
[INFO] [stderr]   cargo:warning=build/expando.c:4:24: error: pasting "RUST_VERSION_OPENSSL_" and "(" does not give a valid preprocessing token
[INFO] [stderr]   cargo:warning=    4 | #define VERSION2(n, v) RUST_VERSION_##n##_##v
[INFO] [stderr]   cargo:warning=      |                        ^~~~~~~~~~~~~
[INFO] [stderr]   cargo:warning=build/expando.c:5:23: note: in expansion of macro 'VERSION2'
[INFO] [stderr]   cargo:warning=    5 | #define VERSION(n, v) VERSION2(n, v)
[INFO] [stderr]   cargo:warning=      |                       ^~~~~~~~
[INFO] [stderr]   cargo:warning=build/expando.c:10:1: note: in expansion of macro 'VERSION'
[INFO] [stderr]   cargo:warning=   10 | VERSION(OPENSSL, OPENSSL_VERSION_NUMBER)
[INFO] [stderr]   cargo:warning=      | ^~~~~~~
[INFO] [stderr]   exit status: 1
[INFO] [stderr] 
[INFO] [stderr]   --- stderr
[INFO] [stderr]   thread 'main' panicked at /opt/rustwide/cargo-home/registry/src/index.crates.io-6f17d22bba15001f/openssl-sys-0.9.55/build/main.rs:138:13:
[INFO] [stderr] 
[INFO] [stderr]   Header expansion error:
[INFO] [stderr]   Error { kind: ToolExecError, message: "Command \"cc\" \"-O0\" \"-ffunction-sections\" \"-fdata-sections\" \"-fPIC\" \"-g\" \"-fno-omit-frame-pointer\" \"-m64\" \"-I\" \"/usr/include\" \"-Wall\" \"-Wextra\" \"-E\" \"build/expando.c\" with args \"cc\" did not execute successfully (status code exit status: 1)." }
[INFO] [stderr] 
[INFO] [stderr]   Failed to find OpenSSL development headers.
[INFO] [stderr] 
[INFO] [stderr]   You can try fixing this setting the `OPENSSL_DIR` environment variable
[INFO] [stderr]   pointing to your OpenSSL installation or installing OpenSSL headers package
[INFO] [stderr]   specific to your distribution:
[INFO] [stderr] 
[INFO] [stderr]       # On Ubuntu
[INFO] [stderr]       sudo apt-get install libssl-dev
[INFO] [stderr]       # On Arch Linux
[INFO] [stderr]       sudo pacman -S openssl
[INFO] [stderr]       # On Fedora
[INFO] [stderr]       sudo dnf install openssl-devel
[INFO] [stderr] 
[INFO] [stderr]   See rust-openssl README for more information:
[INFO] [stderr] 
[INFO] [stderr]       https://github.com/sfackler/rust-openssl#linux
[INFO] [stderr] 
[INFO] [stderr]   stack backtrace:
[INFO] [stderr]      0:     0x5556d5e2003c - std::backtrace_rs::backtrace::libunwind::trace::ha637c64ce894333a
[INFO] [stderr]                                  at /rustc/82e1608dfa6e0b5569232559e3d385fea5a93112/library/std/src/../../backtrace/src/backtrace/libunwind.rs:104:5
[INFO] [stderr]      1:     0x5556d5e2003c - std::backtrace_rs::backtrace::trace_unsynchronized::h47f62dea28e0c88d
[INFO] [stderr]                                  at /rustc/82e1608dfa6e0b5569232559e3d385fea5a93112/library/std/src/../../backtrace/src/backtrace/mod.rs:66:5
[INFO] [stderr]      2:     0x5556d5e2003c - std::sys_common::backtrace::_print_fmt::h9eef0abe20ede486
[INFO] [stderr]                                  at /rustc/82e1608dfa6e0b5569232559e3d385fea5a93112/library/std/src/sys_common/backtrace.rs:67:5
[INFO] [stderr]      3:     0x5556d5e2003c - <std::sys_common::backtrace::_print::DisplayBacktrace as core::fmt::Display>::fmt::hed7f999df88cc644
[INFO] [stderr]                                  at /rustc/82e1608dfa6e0b5569232559e3d385fea5a93112/library/std/src/sys_common/backtrace.rs:44:22
[INFO] [stderr]      4:     0x5556d5e461a0 - core::fmt::rt::Argument::fmt::h1539a9308b8d058d
[INFO] [stderr]                                  at /rustc/82e1608dfa6e0b5569232559e3d385fea5a93112/library/core/src/fmt/rt.rs:142:9
[INFO] [stderr]      5:     0x5556d5e461a0 - core::fmt::write::h3a39390d8560d9c9
[INFO] [stderr]                                  at /rustc/82e1608dfa6e0b5569232559e3d385fea5a93112/library/core/src/fmt/mod.rs:1120:17
[INFO] [stderr]      6:     0x5556d5e1da3f - std::io::Write::write_fmt::h5fc9997dfe05f882
[INFO] [stderr]                                  at /rustc/82e1608dfa6e0b5569232559e3d385fea5a93112/library/std/src/io/mod.rs:1762:15
[INFO] [stderr]      7:     0x5556d5e1fe24 - std::sys_common::backtrace::_print::h894006fb5c6f3d45
[INFO] [stderr]                                  at /rustc/82e1608dfa6e0b5569232559e3d385fea5a93112/library/std/src/sys_common/backtrace.rs:47:5
[INFO] [stderr]      8:     0x5556d5e1fe24 - std::sys_common::backtrace::print::h23a2d212c6fff936
[INFO] [stderr]                                  at /rustc/82e1608dfa6e0b5569232559e3d385fea5a93112/library/std/src/sys_common/backtrace.rs:34:9
[INFO] [stderr]      9:     0x5556d5e21637 - std::panicking::default_hook::{{closure}}::h8a1d2ee00185001a
[INFO] [stderr]     10:     0x5556d5e2139f - std::panicking::default_hook::h6038f2eba384e475
[INFO] [stderr]                                  at /rustc/82e1608dfa6e0b5569232559e3d385fea5a93112/library/std/src/panicking.rs:292:9
[INFO] [stderr]     11:     0x5556d5e21ab8 - std::panicking::rust_panic_with_hook::h2b5517d590cab22e
[INFO] [stderr]                                  at /rustc/82e1608dfa6e0b5569232559e3d385fea5a93112/library/std/src/panicking.rs:779:13
[INFO] [stderr]     12:     0x5556d5e2199e - std::panicking::begin_panic_handler::{{closure}}::h233112c06e0ef43e
[INFO] [stderr]                                  at /rustc/82e1608dfa6e0b5569232559e3d385fea5a93112/library/std/src/panicking.rs:657:13
[INFO] [stderr]     13:     0x5556d5e20506 - std::sys_common::backtrace::__rust_end_short_backtrace::h6e893f24d7ebbff8
[INFO] [stderr]                                  at /rustc/82e1608dfa6e0b5569232559e3d385fea5a93112/library/std/src/sys_common/backtrace.rs:170:18
[INFO] [stderr]     14:     0x5556d5e21702 - rust_begin_unwind
[INFO] [stderr]                                  at /rustc/82e1608dfa6e0b5569232559e3d385fea5a93112/library/std/src/panicking.rs:645:5
[INFO] [stderr]     15:     0x5556d5d90685 - core::panicking::panic_fmt::hbf0e066aabfa482c
[INFO] [stderr]                                  at /rustc/82e1608dfa6e0b5569232559e3d385fea5a93112/library/core/src/panicking.rs:72:14
[INFO] [stderr]     16:     0x5556d5d98380 - build_script_main::validate_headers::h63aeb0f071a98b73
[INFO] [stderr]     17:     0x5556d5d95062 - build_script_main::find_normal::try_pkg_config::haa909cc979941ed5
[INFO] [stderr]     18:     0x5556d5d93e84 - build_script_main::find_normal::find_openssl_dir::h7828460a27460809
[INFO] [stderr]     19:     0x5556d5d93d22 - build_script_main::find_normal::get_openssl::{{closure}}::h9e9690e57995f0b8
[INFO] [stderr]     20:     0x5556d5d9b209 - core::option::Option<T>::unwrap_or_else::h489847531c574d2b
[INFO] [stderr]     21:     0x5556d5d93b21 - build_script_main::find_normal::get_openssl::h232ba580aafa226d
[INFO] [stderr]     22:     0x5556d5d95d3d - build_script_main::find_openssl::h6e2e13d235c29159
[INFO] [stderr]     23:     0x5556d5d95e15 - build_script_main::main::h6a2f22bda2dddede
[INFO] [stderr]     24:     0x5556d5d9a053 - core::ops::function::FnOnce::call_once::h417bf961b6753c35
[INFO] [stderr]     25:     0x5556d5d997d6 - std::sys_common::backtrace::__rust_begin_short_backtrace::h7537d5b7436294dc
[INFO] [stderr]     26:     0x5556d5d99919 - std::rt::lang_start::{{closure}}::h743c673dcd930f9f
[INFO] [stderr]     27:     0x5556d5e19dc7 - core::ops::function::impls::<impl core::ops::function::FnOnce<A> for &F>::call_once::hd95060ecd5e1ca24
[INFO] [stderr]                                  at /rustc/82e1608dfa6e0b5569232559e3d385fea5a93112/library/core/src/ops/function.rs:284:13
[INFO] [stderr]     28:     0x5556d5e19dc7 - std::panicking::try::do_call::h6e8cf51db32a6e4b
[INFO] [stderr]                                  at /rustc/82e1608dfa6e0b5569232559e3d385fea5a93112/library/std/src/panicking.rs:552:40
[INFO] [stderr]     29:     0x5556d5e19dc7 - std::panicking::try::h3a52eefe24fe3c29
[INFO] [stderr]                                  at /rustc/82e1608dfa6e0b5569232559e3d385fea5a93112/library/std/src/panicking.rs:516:19
[INFO] [stderr]     30:     0x5556d5e19dc7 - std::panic::catch_unwind::h24c28c23c02c3841
[INFO] [stderr]                                  at /rustc/82e1608dfa6e0b5569232559e3d385fea5a93112/library/std/src/panic.rs:142:14
[INFO] [stderr]     31:     0x5556d5e19dc7 - std::rt::lang_start_internal::{{closure}}::h705d3c9cbc06ef47
[INFO] [stderr]                                  at /rustc/82e1608dfa6e0b5569232559e3d385fea5a93112/library/std/src/rt.rs:148:48
[INFO] [stderr]     32:     0x5556d5e19dc7 - std::panicking::try::do_call::ha21f52ba13158470
[INFO] [stderr]                                  at /rustc/82e1608dfa6e0b5569232559e3d385fea5a93112/library/std/src/panicking.rs:552:40
[INFO] [stderr]     33:     0x5556d5e19dc7 - std::panicking::try::h5581346bf6aeb1f8
[INFO] [stderr]                                  at /rustc/82e1608dfa6e0b5569232559e3d385fea5a93112/library/std/src/panicking.rs:516:19
[INFO] [stderr]     34:     0x5556d5e19dc7 - std::panic::catch_unwind::h7919645a6b72e25b
[INFO] [stderr]                                  at /rustc/82e1608dfa6e0b5569232559e3d385fea5a93112/library/std/src/panic.rs:142:14
[INFO] [stderr]     35:     0x5556d5e19dc7 - std::rt::lang_start_internal::h12de51168669836e
[INFO] [stderr]                                  at /rustc/82e1608dfa6e0b5569232559e3d385fea5a93112/library/std/src/rt.rs:148:20
[INFO] [stderr]     36:     0x5556d5d998f7 - std::rt::lang_start::h75642fbf8e9c8f77
[INFO] [stderr]     37:     0x5556d5d990b5 - main
[INFO] [stderr]     38:     0x7fa3533d0d90 - <unknown>
[INFO] [stderr]     39:     0x7fa3533d0e40 - __libc_start_main
[INFO] [stderr]     40:     0x5556d5d90e95 - _start
[INFO] [stderr]     41:                0x0 - <unknown>
[INFO] [stderr] warning: build failed, waiting for other jobs to finish...
[INFO] running `Command { std: "docker" "inspect" "ef1a05bc428857c27e2ee24753f3994bc1dbda611d98e42268043c5ac5910dba", kill_on_drop: false }`
[INFO] running `Command { std: "docker" "rm" "-f" "ef1a05bc428857c27e2ee24753f3994bc1dbda611d98e42268043c5ac5910dba", kill_on_drop: false }`
[INFO] [stdout] ef1a05bc428857c27e2ee24753f3994bc1dbda611d98e42268043c5ac5910dba
[INFO] documenting Carglass/youlex-git against beta-2023-12-22 for beta-1.76-rustdoc-1
[INFO] running `Command { std: "git" "clone" "/workspace/cache/git-repos/https%3A%2F%2Fgithub.com%2FCarglass%2Fyoulex-git" "/workspace/builds/worker-1-tc2/source", kill_on_drop: false }`
[INFO] [stderr] Cloning into '/workspace/builds/worker-1-tc2/source'...
[INFO] [stderr] done.
[INFO] validating manifest of git repo https://github.com/Carglass/youlex-git on toolchain beta-2023-12-22
[INFO] running `Command { std: CARGO_HOME="/workspace/cargo-home" RUSTUP_HOME="/workspace/rustup-home" "/workspace/cargo-home/bin/cargo" "+beta-2023-12-22" "metadata" "--manifest-path" "Cargo.toml" "--no-deps", kill_on_drop: false }`
[INFO] started tweaking git repo https://github.com/Carglass/youlex-git
[INFO] finished tweaking git repo https://github.com/Carglass/youlex-git
[INFO] tweaked toml for git repo https://github.com/Carglass/youlex-git written to /workspace/builds/worker-1-tc2/source/Cargo.toml
[INFO] crate git repo https://github.com/Carglass/youlex-git already has a lockfile, it will not be regenerated
[INFO] running `Command { std: CARGO_HOME="/workspace/cargo-home" RUSTUP_HOME="/workspace/rustup-home" "/workspace/cargo-home/bin/cargo" "+beta-2023-12-22" "fetch" "--manifest-path" "Cargo.toml", kill_on_drop: false }`
[INFO] running `Command { std: "docker" "create" "-v" "/var/lib/crater-agent-workspace/builds/worker-1-tc2/target:/opt/rustwide/target:rw,Z" "-v" "/var/lib/crater-agent-workspace/builds/worker-1-tc2/source:/opt/rustwide/workdir:ro,Z" "-v" "/var/lib/crater-agent-workspace/cargo-home:/opt/rustwide/cargo-home:ro,Z" "-v" "/var/lib/crater-agent-workspace/rustup-home:/opt/rustwide/rustup-home:ro,Z" "-e" "SOURCE_DIR=/opt/rustwide/workdir" "-e" "CARGO_TARGET_DIR=/opt/rustwide/target" "-e" "CARGO_HOME=/opt/rustwide/cargo-home" "-e" "RUSTUP_HOME=/opt/rustwide/rustup-home" "-w" "/opt/rustwide/workdir" "-m" "1610612736" "--user" "0:0" "--network" "none" "ghcr.io/rust-lang/crates-build-env/linux@sha256:2788e3201cd34a07e3172128adcd8b3090168a8e3bcc40d7c032b9dda1df7d1c" "/opt/rustwide/cargo-home/bin/cargo" "+beta-2023-12-22" "metadata" "--no-deps" "--format-version=1", kill_on_drop: false }`
[INFO] [stdout] 37ab379d1590c8f23381029491dc51e495d1fb317ec7a4e0568b0db09bd77f0a
[INFO] running `Command { std: "docker" "start" "-a" "37ab379d1590c8f23381029491dc51e495d1fb317ec7a4e0568b0db09bd77f0a", kill_on_drop: false }`
[INFO] running `Command { std: "docker" "inspect" "37ab379d1590c8f23381029491dc51e495d1fb317ec7a4e0568b0db09bd77f0a", kill_on_drop: false }`
[INFO] running `Command { std: "docker" "rm" "-f" "37ab379d1590c8f23381029491dc51e495d1fb317ec7a4e0568b0db09bd77f0a", kill_on_drop: false }`
[INFO] [stdout] 37ab379d1590c8f23381029491dc51e495d1fb317ec7a4e0568b0db09bd77f0a
[INFO] running `Command { std: "docker" "create" "-v" "/var/lib/crater-agent-workspace/builds/worker-1-tc2/target:/opt/rustwide/target:rw,Z" "-v" "/var/lib/crater-agent-workspace/builds/worker-1-tc2/source:/opt/rustwide/workdir:ro,Z" "-v" "/var/lib/crater-agent-workspace/cargo-home:/opt/rustwide/cargo-home:ro,Z" "-v" "/var/lib/crater-agent-workspace/rustup-home:/opt/rustwide/rustup-home:ro,Z" "-e" "SOURCE_DIR=/opt/rustwide/workdir" "-e" "CARGO_TARGET_DIR=/opt/rustwide/target" "-e" "CARGO_INCREMENTAL=0" "-e" "RUST_BACKTRACE=full" "-e" "RUSTFLAGS=--cap-lints=warn" "-e" "RUSTDOCFLAGS=--cap-lints=warn" "-e" "CARGO_HOME=/opt/rustwide/cargo-home" "-e" "RUSTUP_HOME=/opt/rustwide/rustup-home" "-w" "/opt/rustwide/workdir" "-m" "1610612736" "--user" "0:0" "--network" "none" "ghcr.io/rust-lang/crates-build-env/linux@sha256:2788e3201cd34a07e3172128adcd8b3090168a8e3bcc40d7c032b9dda1df7d1c" "/opt/rustwide/cargo-home/bin/cargo" "+beta-2023-12-22" "doc" "--frozen" "--no-deps" "--document-private-items" "--message-format=json", kill_on_drop: false }`
[INFO] [stdout] d4d49428414e7b3bab358e94808d9924c9baeb4531cb652f9a9b3ccf6dd7e5a9
[INFO] running `Command { std: "docker" "start" "-a" "d4d49428414e7b3bab358e94808d9924c9baeb4531cb652f9a9b3ccf6dd7e5a9", kill_on_drop: false }`
[INFO] [stderr]    Compiling libc v0.2.69
[INFO] [stderr]    Compiling pkg-config v0.3.17
[INFO] [stderr]    Compiling autocfg v1.0.0
[INFO] [stderr]    Compiling proc-macro2 v1.0.12
[INFO] [stderr]    Compiling unicode-xid v0.2.0
[INFO] [stderr]    Compiling syn v1.0.18
[INFO] [stderr]     Checking smallvec v1.4.0
[INFO] [stderr]    Compiling log v0.4.8
[INFO] [stderr]    Compiling serde v1.0.106
[INFO] [stderr]     Checking unicode-normalization v0.1.12
[INFO] [stderr]    Compiling ryu v1.0.4
[INFO] [stderr]     Checking itoa v0.4.5
[INFO] [stderr]     Checking idna v0.2.0
[INFO] [stderr]    Compiling quote v1.0.4
[INFO] [stderr]    Compiling jobserver v0.1.21
[INFO] [stderr]    Compiling cc v1.0.52
[INFO] [stderr]     Checking url v2.1.1
[INFO] [stderr]    Compiling libz-sys v1.0.25
[INFO] [stderr]    Compiling openssl-sys v0.9.55
[INFO] [stderr]    Compiling libssh2-sys v0.2.17
[INFO] [stderr]    Compiling libgit2-sys v0.12.5+1.0.0
[INFO] [stderr] The following warnings were emitted during compilation:
[INFO] [stderr] 
[INFO] [stderr] warning: openssl-sys@0.9.55: build/expando.c:4:24: error: pasting "RUST_VERSION_OPENSSL_" and "(" does not give a valid preprocessing token
[INFO] [stderr] warning: openssl-sys@0.9.55:     4 | #define VERSION2(n, v) RUST_VERSION_##n##_##v
[INFO] [stderr] warning: openssl-sys@0.9.55:       |                        ^~~~~~~~~~~~~
[INFO] [stderr] warning: openssl-sys@0.9.55: build/expando.c:5:23: note: in expansion of macro 'VERSION2'
[INFO] [stderr] warning: openssl-sys@0.9.55:     5 | #define VERSION(n, v) VERSION2(n, v)
[INFO] [stderr] warning: openssl-sys@0.9.55:       |                       ^~~~~~~~
[INFO] [stderr] warning: openssl-sys@0.9.55: build/expando.c:10:1: note: in expansion of macro 'VERSION'
[INFO] [stderr] warning: openssl-sys@0.9.55:    10 | VERSION(OPENSSL, OPENSSL_VERSION_NUMBER)
[INFO] [stderr] warning: openssl-sys@0.9.55:       | ^~~~~~~
[INFO] [stderr] 
[INFO] [stderr] error: failed to run custom build command for `openssl-sys v0.9.55`
[INFO] [stderr] note: To improve backtraces for build dependencies, set the CARGO_PROFILE_DEV_BUILD_OVERRIDE_DEBUG=true environment variable to enable debug information generation.
[INFO] [stderr] 
[INFO] [stderr] Caused by:
[INFO] [stderr]   process didn't exit successfully: `/opt/rustwide/target/debug/build/openssl-sys-01120adb70a21181/build-script-main` (exit status: 101)
[INFO] [stderr]   --- stdout
[INFO] [stderr]   cargo:rustc-cfg=const_fn
[INFO] [stderr]   cargo:rerun-if-env-changed=X86_64_UNKNOWN_LINUX_GNU_OPENSSL_LIB_DIR
[INFO] [stderr]   X86_64_UNKNOWN_LINUX_GNU_OPENSSL_LIB_DIR unset
[INFO] [stderr]   cargo:rerun-if-env-changed=OPENSSL_LIB_DIR
[INFO] [stderr]   OPENSSL_LIB_DIR unset
[INFO] [stderr]   cargo:rerun-if-env-changed=X86_64_UNKNOWN_LINUX_GNU_OPENSSL_INCLUDE_DIR
[INFO] [stderr]   X86_64_UNKNOWN_LINUX_GNU_OPENSSL_INCLUDE_DIR unset
[INFO] [stderr]   cargo:rerun-if-env-changed=OPENSSL_INCLUDE_DIR
[INFO] [stderr]   OPENSSL_INCLUDE_DIR unset
[INFO] [stderr]   cargo:rerun-if-env-changed=X86_64_UNKNOWN_LINUX_GNU_OPENSSL_DIR
[INFO] [stderr]   X86_64_UNKNOWN_LINUX_GNU_OPENSSL_DIR unset
[INFO] [stderr]   cargo:rerun-if-env-changed=OPENSSL_DIR
[INFO] [stderr]   OPENSSL_DIR unset
[INFO] [stderr]   cargo:rustc-link-lib=ssl
[INFO] [stderr]   cargo:rustc-link-lib=crypto
[INFO] [stderr]   OPT_LEVEL = Some("0")
[INFO] [stderr]   TARGET = Some("x86_64-unknown-linux-gnu")
[INFO] [stderr]   HOST = Some("x86_64-unknown-linux-gnu")
[INFO] [stderr]   CC_x86_64-unknown-linux-gnu = None
[INFO] [stderr]   CC_x86_64_unknown_linux_gnu = None
[INFO] [stderr]   HOST_CC = None
[INFO] [stderr]   CC = None
[INFO] [stderr]   CFLAGS_x86_64-unknown-linux-gnu = None
[INFO] [stderr]   CFLAGS_x86_64_unknown_linux_gnu = None
[INFO] [stderr]   HOST_CFLAGS = None
[INFO] [stderr]   CFLAGS = None
[INFO] [stderr]   CRATE_CC_NO_DEFAULTS = None
[INFO] [stderr]   DEBUG = Some("true")
[INFO] [stderr]   CARGO_CFG_TARGET_FEATURE = Some("fxsr,sse,sse2")
[INFO] [stderr]   running: "cc" "-O0" "-ffunction-sections" "-fdata-sections" "-fPIC" "-g" "-fno-omit-frame-pointer" "-m64" "-I" "/usr/include" "-Wall" "-Wextra" "-E" "build/expando.c"
[INFO] [stderr]   cargo:warning=build/expando.c:4:24: error: pasting "RUST_VERSION_OPENSSL_" and "(" does not give a valid preprocessing token
[INFO] [stderr]   cargo:warning=    4 | #define VERSION2(n, v) RUST_VERSION_##n##_##v
[INFO] [stderr]   cargo:warning=      |                        ^~~~~~~~~~~~~
[INFO] [stderr]   cargo:warning=build/expando.c:5:23: note: in expansion of macro 'VERSION2'
[INFO] [stderr]   cargo:warning=    5 | #define VERSION(n, v) VERSION2(n, v)
[INFO] [stderr]   cargo:warning=      |                       ^~~~~~~~
[INFO] [stderr]   cargo:warning=build/expando.c:10:1: note: in expansion of macro 'VERSION'
[INFO] [stderr]   cargo:warning=   10 | VERSION(OPENSSL, OPENSSL_VERSION_NUMBER)
[INFO] [stderr]   cargo:warning=      | ^~~~~~~
[INFO] [stderr]   exit status: 1
[INFO] [stderr] 
[INFO] [stderr]   --- stderr
[INFO] [stderr]   thread 'main' panicked at /opt/rustwide/cargo-home/registry/src/index.crates.io-6f17d22bba15001f/openssl-sys-0.9.55/build/main.rs:138:13:
[INFO] [stderr] 
[INFO] [stderr]   Header expansion error:
[INFO] [stderr]   Error { kind: ToolExecError, message: "Command \"cc\" \"-O0\" \"-ffunction-sections\" \"-fdata-sections\" \"-fPIC\" \"-g\" \"-fno-omit-frame-pointer\" \"-m64\" \"-I\" \"/usr/include\" \"-Wall\" \"-Wextra\" \"-E\" \"build/expando.c\" with args \"cc\" did not execute successfully (status code exit status: 1)." }
[INFO] [stderr] 
[INFO] [stderr]   Failed to find OpenSSL development headers.
[INFO] [stderr] 
[INFO] [stderr]   You can try fixing this setting the `OPENSSL_DIR` environment variable
[INFO] [stderr]   pointing to your OpenSSL installation or installing OpenSSL headers package
[INFO] [stderr]   specific to your distribution:
[INFO] [stderr] 
[INFO] [stderr]       # On Ubuntu
[INFO] [stderr]       sudo apt-get install libssl-dev
[INFO] [stderr]       # On Arch Linux
[INFO] [stderr]       sudo pacman -S openssl
[INFO] [stderr]       # On Fedora
[INFO] [stderr]       sudo dnf install openssl-devel
[INFO] [stderr] 
[INFO] [stderr]   See rust-openssl README for more information:
[INFO] [stderr] 
[INFO] [stderr]       https://github.com/sfackler/rust-openssl#linux
[INFO] [stderr] 
[INFO] [stderr]   stack backtrace:
[INFO] [stderr]      0:     0x55cf5ce92e26 - std::backtrace_rs::backtrace::libunwind::trace::h261606ad26a499c1
[INFO] [stderr]                                  at /rustc/0e09125c6c3c2fd70d7de961bcf0e51575235fad/library/std/src/../../backtrace/src/backtrace/libunwind.rs:104:5
[INFO] [stderr]      1:     0x55cf5ce92e26 - std::backtrace_rs::backtrace::trace_unsynchronized::hd183f0625477fb28
[INFO] [stderr]                                  at /rustc/0e09125c6c3c2fd70d7de961bcf0e51575235fad/library/std/src/../../backtrace/src/backtrace/mod.rs:66:5
[INFO] [stderr]      2:     0x55cf5ce92e26 - std::sys_common::backtrace::_print_fmt::hd7f8fef21b4eda67
[INFO] [stderr]                                  at /rustc/0e09125c6c3c2fd70d7de961bcf0e51575235fad/library/std/src/sys_common/backtrace.rs:68:5
[INFO] [stderr]      3:     0x55cf5ce92e26 - <std::sys_common::backtrace::_print::DisplayBacktrace as core::fmt::Display>::fmt::h623d9b51f2f453f1
[INFO] [stderr]                                  at /rustc/0e09125c6c3c2fd70d7de961bcf0e51575235fad/library/std/src/sys_common/backtrace.rs:44:22
[INFO] [stderr]      4:     0x55cf5ceb8370 - core::fmt::rt::Argument::fmt::h9f417ac76a86f368
[INFO] [stderr]                                  at /rustc/0e09125c6c3c2fd70d7de961bcf0e51575235fad/library/core/src/fmt/rt.rs:142:9
[INFO] [stderr]      5:     0x55cf5ceb8370 - core::fmt::write::hc9b6faf4ac2aeff7
[INFO] [stderr]                                  at /rustc/0e09125c6c3c2fd70d7de961bcf0e51575235fad/library/core/src/fmt/mod.rs:1120:17
[INFO] [stderr]      6:     0x55cf5ce9094f - std::io::Write::write_fmt::hfead1eee52c2e65e
[INFO] [stderr]                                  at /rustc/0e09125c6c3c2fd70d7de961bcf0e51575235fad/library/std/src/io/mod.rs:1810:15
[INFO] [stderr]      7:     0x55cf5ce92c04 - std::sys_common::backtrace::_print::hd5d66399c7df88a2
[INFO] [stderr]                                  at /rustc/0e09125c6c3c2fd70d7de961bcf0e51575235fad/library/std/src/sys_common/backtrace.rs:47:5
[INFO] [stderr]      8:     0x55cf5ce92c04 - std::sys_common::backtrace::print::he81ed2da642d37e5
[INFO] [stderr]                                  at /rustc/0e09125c6c3c2fd70d7de961bcf0e51575235fad/library/std/src/sys_common/backtrace.rs:34:9
[INFO] [stderr]      9:     0x55cf5ce944e7 - std::panicking::default_hook::{{closure}}::h85773f4fa117163d
[INFO] [stderr]     10:     0x55cf5ce94249 - std::panicking::default_hook::h6a1694a91d09b278
[INFO] [stderr]                                  at /rustc/0e09125c6c3c2fd70d7de961bcf0e51575235fad/library/std/src/panicking.rs:292:9
[INFO] [stderr]     11:     0x55cf5ce94978 - std::panicking::rust_panic_with_hook::h0a7ad96e90f7145b
[INFO] [stderr]                                  at /rustc/0e09125c6c3c2fd70d7de961bcf0e51575235fad/library/std/src/panicking.rs:779:13
[INFO] [stderr]     12:     0x55cf5ce94852 - std::panicking::begin_panic_handler::{{closure}}::h7919090525c6485e
[INFO] [stderr]                                  at /rustc/0e09125c6c3c2fd70d7de961bcf0e51575235fad/library/std/src/panicking.rs:657:13
[INFO] [stderr]     13:     0x55cf5ce93326 - std::sys_common::backtrace::__rust_end_short_backtrace::hf3289479464f7dfe
[INFO] [stderr]                                  at /rustc/0e09125c6c3c2fd70d7de961bcf0e51575235fad/library/std/src/sys_common/backtrace.rs:171:18
[INFO] [stderr]     14:     0x55cf5ce945b0 - rust_begin_unwind
[INFO] [stderr]                                  at /rustc/0e09125c6c3c2fd70d7de961bcf0e51575235fad/library/std/src/panicking.rs:645:5
[INFO] [stderr]     15:     0x55cf5ce01685 - core::panicking::panic_fmt::hcc9f77c5c132af55
[INFO] [stderr]                                  at /rustc/0e09125c6c3c2fd70d7de961bcf0e51575235fad/library/core/src/panicking.rs:72:14
[INFO] [stderr]     16:     0x55cf5ce096e0 - build_script_main::validate_headers::hc59c2a01a325a551
[INFO] [stderr]     17:     0x55cf5ce06398 - build_script_main::find_normal::try_pkg_config::h1995e84ad756b034
[INFO] [stderr]     18:     0x55cf5ce051a4 - build_script_main::find_normal::find_openssl_dir::hc8573c6b9aa22507
[INFO] [stderr]     19:     0x55cf5ce05042 - build_script_main::find_normal::get_openssl::{{closure}}::h235bdda373cd976c
[INFO] [stderr]     20:     0x55cf5ce0c38f - core::option::Option<T>::unwrap_or_else::h693f08f583f33589
[INFO] [stderr]     21:     0x55cf5ce04e3f - build_script_main::find_normal::get_openssl::h886f65ce979f1ab9
[INFO] [stderr]     22:     0x55cf5ce0708d - build_script_main::find_openssl::hed3e56623887d415
[INFO] [stderr]     23:     0x55cf5ce07165 - build_script_main::main::h208c3a069682376a
[INFO] [stderr]     24:     0x55cf5ce0b023 - core::ops::function::FnOnce::call_once::he65c7623a76eec0f
[INFO] [stderr]     25:     0x55cf5ce0a876 - std::sys_common::backtrace::__rust_begin_short_backtrace::h98116b06ddc6f257
[INFO] [stderr]     26:     0x55cf5ce0a979 - std::rt::lang_start::{{closure}}::h78aa2ac31f8c9c9d
[INFO] [stderr]     27:     0x55cf5ce8ca81 - core::ops::function::impls::<impl core::ops::function::FnOnce<A> for &F>::call_once::h4eb4c5e1620f29b0
[INFO] [stderr]                                  at /rustc/0e09125c6c3c2fd70d7de961bcf0e51575235fad/library/core/src/ops/function.rs:284:13
[INFO] [stderr]     28:     0x55cf5ce8ca81 - std::panicking::try::do_call::h73fd26535faffcdf
[INFO] [stderr]                                  at /rustc/0e09125c6c3c2fd70d7de961bcf0e51575235fad/library/std/src/panicking.rs:552:40
[INFO] [stderr]     29:     0x55cf5ce8ca81 - std::panicking::try::h77ff1d98f0fb9f39
[INFO] [stderr]                                  at /rustc/0e09125c6c3c2fd70d7de961bcf0e51575235fad/library/std/src/panicking.rs:516:19
[INFO] [stderr]     30:     0x55cf5ce8ca81 - std::panic::catch_unwind::hab3caf2448b95e37
[INFO] [stderr]                                  at /rustc/0e09125c6c3c2fd70d7de961bcf0e51575235fad/library/std/src/panic.rs:142:14
[INFO] [stderr]     31:     0x55cf5ce8ca81 - std::rt::lang_start_internal::{{closure}}::h8086711f9c783f78
[INFO] [stderr]                                  at /rustc/0e09125c6c3c2fd70d7de961bcf0e51575235fad/library/std/src/rt.rs:148:48
[INFO] [stderr]     32:     0x55cf5ce8ca81 - std::panicking::try::do_call::hf920d4dc291cd6ca
[INFO] [stderr]                                  at /rustc/0e09125c6c3c2fd70d7de961bcf0e51575235fad/library/std/src/panicking.rs:552:40
[INFO] [stderr]     33:     0x55cf5ce8ca81 - std::panicking::try::h2b806ccc0a85db74
[INFO] [stderr]                                  at /rustc/0e09125c6c3c2fd70d7de961bcf0e51575235fad/library/std/src/panicking.rs:516:19
[INFO] [stderr]     34:     0x55cf5ce8ca81 - std::panic::catch_unwind::h038489539c507df2
[INFO] [stderr]                                  at /rustc/0e09125c6c3c2fd70d7de961bcf0e51575235fad/library/std/src/panic.rs:142:14
[INFO] [stderr]     35:     0x55cf5ce8ca81 - std::rt::lang_start_internal::h28503b88912e8a5c
[INFO] [stderr]                                  at /rustc/0e09125c6c3c2fd70d7de961bcf0e51575235fad/library/std/src/rt.rs:148:20
[INFO] [stderr]     36:     0x55cf5ce0a957 - std::rt::lang_start::h66f5e235a8258896
[INFO] [stderr]     37:     0x55cf5ce0a415 - main
[INFO] [stderr]     38:     0x7f22b44b4d90 - <unknown>
[INFO] [stderr]     39:     0x7f22b44b4e40 - __libc_start_main
[INFO] [stderr]     40:     0x55cf5ce01ea5 - _start
[INFO] [stderr]     41:                0x0 - <unknown>
[INFO] [stderr] warning: build failed, waiting for other jobs to finish...
[INFO] running `Command { std: "docker" "inspect" "d4d49428414e7b3bab358e94808d9924c9baeb4531cb652f9a9b3ccf6dd7e5a9", kill_on_drop: false }`
[INFO] running `Command { std: "docker" "rm" "-f" "d4d49428414e7b3bab358e94808d9924c9baeb4531cb652f9a9b3ccf6dd7e5a9", kill_on_drop: false }`
[INFO] [stdout] d4d49428414e7b3bab358e94808d9924c9baeb4531cb652f9a9b3ccf6dd7e5a9
