[INFO] cloning repository https://github.com/CallumJHays/epic-style
[INFO] running `Command { std: "git" "-c" "credential.helper=" "-c" "credential.helper=/workspace/cargo-home/bin/git-credential-null" "clone" "--bare" "https://github.com/CallumJHays/epic-style" "/workspace/cache/git-repos/https%3A%2F%2Fgithub.com%2FCallumJHays%2Fepic-style", kill_on_drop: false }`
[INFO] [stderr] Cloning into bare repository '/workspace/cache/git-repos/https%3A%2F%2Fgithub.com%2FCallumJHays%2Fepic-style'...
[INFO] running `Command { std: "git" "rev-parse" "HEAD", kill_on_drop: false }`
[INFO] [stdout] 182442ad9cb7d3f9a1eac542ffcadec7761ff1e3
[INFO] documenting CallumJHays/epic-style against 1.75.0 for beta-1.76-rustdoc-1
[INFO] running `Command { std: "git" "clone" "/workspace/cache/git-repos/https%3A%2F%2Fgithub.com%2FCallumJHays%2Fepic-style" "/workspace/builds/worker-3-tc1/source", kill_on_drop: false }`
[INFO] [stderr] Cloning into '/workspace/builds/worker-3-tc1/source'...
[INFO] [stderr] done.
[INFO] validating manifest of git repo https://github.com/CallumJHays/epic-style on toolchain 1.75.0
[INFO] running `Command { std: CARGO_HOME="/workspace/cargo-home" RUSTUP_HOME="/workspace/rustup-home" "/workspace/cargo-home/bin/cargo" "+1.75.0" "metadata" "--manifest-path" "Cargo.toml" "--no-deps", kill_on_drop: false }`
[INFO] started tweaking git repo https://github.com/CallumJHays/epic-style
[INFO] finished tweaking git repo https://github.com/CallumJHays/epic-style
[INFO] tweaked toml for git repo https://github.com/CallumJHays/epic-style written to /workspace/builds/worker-3-tc1/source/Cargo.toml
[INFO] crate git repo https://github.com/CallumJHays/epic-style already has a lockfile, it will not be regenerated
[INFO] running `Command { std: CARGO_HOME="/workspace/cargo-home" RUSTUP_HOME="/workspace/rustup-home" "/workspace/cargo-home/bin/cargo" "+1.75.0" "fetch" "--manifest-path" "Cargo.toml", kill_on_drop: false }`
[INFO] [stderr]     Updating crates.io index
[INFO] [stderr]     Updating git repository `https://github.com/DenisKolodin/yew`
[INFO] [stderr]  Downloading crates ...
[INFO] [stderr]   Downloaded base64 v0.10.0
[INFO] [stderr]   Downloaded cc v1.0.25
[INFO] [stderr]   Downloaded fragile v0.3.0
[INFO] [stderr]   Downloaded ipconfig v0.1.9
[INFO] [stderr]   Downloaded crossbeam-utils v0.6.2
[INFO] [stderr]   Downloaded failure v0.1.3
[INFO] [stderr]   Downloaded failure_derive v0.1.3
[INFO] [stderr]   Downloaded phf_codegen v0.7.23
[INFO] [stderr]   Downloaded actix_derive v0.3.2
[INFO] [stderr]   Downloaded stdweb-internal-runtime v0.1.2
[INFO] [stderr]   Downloaded string v0.1.2
[INFO] [stderr]   Downloaded stdweb-internal-macros v0.2.2
[INFO] [stderr]   Downloaded tempfile v3.0.5
[INFO] [stderr]   Downloaded memchr v2.1.1
[INFO] [stderr]   Downloaded phf v0.7.23
[INFO] [stderr]   Downloaded signal-hook v0.1.6
[INFO] [stderr]   Downloaded listenfd v0.3.3
[INFO] [stderr]   Downloaded time v0.1.40
[INFO] [stderr]   Downloaded lru-cache v0.1.1
[INFO] [stderr]   Downloaded phf_shared v0.7.23
[INFO] [stderr]   Downloaded stdweb-derive v0.5.1
[INFO] [stderr]   Downloaded miniz_oxide v0.2.0
[INFO] [stderr]   Downloaded parking_lot v0.7.0
[INFO] [stderr]   Downloaded serde_cbor v0.9.0
[INFO] [stderr]   Downloaded serde v1.0.81
[INFO] [stderr]   Downloaded hyper v0.12.17
[INFO] [stderr]   Downloaded backtrace-sys v0.1.24
[INFO] [stderr]   Downloaded encoding_rs v0.8.13
[INFO] [stderr]   Downloaded libc v0.2.44
[INFO] [stderr]   Downloaded actix-web v0.7.15
[INFO] [stderr]   Downloaded openssl v0.10.15
[INFO] [stderr]   Downloaded actix v0.7.8
[INFO] [stderr]   Downloaded h2 v0.1.14
[INFO] [stderr]   Downloaded flate2 v1.0.6
[INFO] [stderr]   Downloaded serde_json v1.0.33
[INFO] [stderr]   Downloaded trust-dns-proto v0.5.0
[INFO] [stderr]   Downloaded http v0.1.14
[INFO] [stderr]   Downloaded miniz_oxide_c_api v0.2.0
[INFO] [stderr]   Downloaded rand v0.6.1
[INFO] [stderr]   Downloaded stdweb v0.4.10
[INFO] [stderr]   Downloaded tokio-signal v0.2.7
[INFO] [stderr]   Downloaded openssl-sys v0.9.39
[INFO] [stderr]   Downloaded socket2 v0.3.8
[INFO] [stderr]   Downloaded serde_derive v1.0.81
[INFO] [stderr]   Downloaded reqwest v0.9.5
[INFO] [stderr]   Downloaded actix-net v0.2.4
[INFO] [stderr]   Downloaded trust-dns-resolver v0.10.0
[INFO] [stderr]   Downloaded sentry-types v0.8.1
[INFO] [stderr]   Downloaded bincode v1.0.1
[INFO] [stderr]   Downloaded humantime v1.2.0
[INFO] [stderr]   Downloaded resolv-conf v0.6.1
[INFO] [stderr]   Downloaded askama_escape v0.1.0
[INFO] [stderr]   Downloaded uuid v0.7.1
[INFO] [stderr]   Downloaded security-framework v0.2.1
[INFO] [stderr]   Downloaded half v1.3.0
[INFO] [stderr]   Downloaded backtrace v0.3.9
[INFO] [stderr]   Downloaded rand_xorshift v0.1.0
[INFO] [stderr]   Downloaded arc-swap v0.3.6
[INFO] [stderr]   Downloaded sentry v0.12.0
[INFO] [stderr]   Downloaded arrayvec v0.4.8
[INFO] [stderr]   Downloaded linked-hash-map v0.4.2
[INFO] [stderr]   Downloaded sentry-actix v0.12.0
[INFO] [stderr]   Downloaded syn v0.15.22
[INFO] [stderr]   Downloaded cookie v0.11.0
[INFO] [stderr]   Downloaded widestring v0.2.2
[INFO] [stderr]   Downloaded base-x v0.2.3
[INFO] [stderr]   Downloaded security-framework-sys v0.2.1
[INFO] [stderr]   Downloaded rand_chacha v0.1.0
[INFO] [stderr]   Downloaded error-chain v0.8.1
[INFO] [stderr]   Downloaded redox_syscall v0.1.43
[INFO] [stderr]   Downloaded tower-service v0.1.0
[INFO] [stderr]   Downloaded phf_generator v0.7.23
[INFO] [stderr]   Downloaded crossbeam-deque v0.6.2
[INFO] [stderr]   Downloaded num_cpus v1.8.0
[INFO] [stderr]   Downloaded im v12.2.0
[INFO] [stderr]   Downloaded crossbeam-channel v0.3.3
[INFO] running `Command { std: "docker" "create" "-v" "/var/lib/crater-agent-workspace/builds/worker-3-tc1/target:/opt/rustwide/target:rw,Z" "-v" "/var/lib/crater-agent-workspace/builds/worker-3-tc1/source:/opt/rustwide/workdir:ro,Z" "-v" "/var/lib/crater-agent-workspace/cargo-home:/opt/rustwide/cargo-home:ro,Z" "-v" "/var/lib/crater-agent-workspace/rustup-home:/opt/rustwide/rustup-home:ro,Z" "-e" "SOURCE_DIR=/opt/rustwide/workdir" "-e" "CARGO_TARGET_DIR=/opt/rustwide/target" "-e" "CARGO_HOME=/opt/rustwide/cargo-home" "-e" "RUSTUP_HOME=/opt/rustwide/rustup-home" "-w" "/opt/rustwide/workdir" "-m" "1610612736" "--user" "0:0" "--network" "none" "ghcr.io/rust-lang/crates-build-env/linux@sha256:2788e3201cd34a07e3172128adcd8b3090168a8e3bcc40d7c032b9dda1df7d1c" "/opt/rustwide/cargo-home/bin/cargo" "+1.75.0" "metadata" "--no-deps" "--format-version=1", kill_on_drop: false }`
[INFO] [stdout] 54e16523f68531a2c5c7c2c9519761a392f7f9de4a176eb2872eb2df414c0b29
[INFO] running `Command { std: "docker" "start" "-a" "54e16523f68531a2c5c7c2c9519761a392f7f9de4a176eb2872eb2df414c0b29", kill_on_drop: false }`
[INFO] running `Command { std: "docker" "inspect" "54e16523f68531a2c5c7c2c9519761a392f7f9de4a176eb2872eb2df414c0b29", kill_on_drop: false }`
[INFO] running `Command { std: "docker" "rm" "-f" "54e16523f68531a2c5c7c2c9519761a392f7f9de4a176eb2872eb2df414c0b29", kill_on_drop: false }`
[INFO] [stdout] 54e16523f68531a2c5c7c2c9519761a392f7f9de4a176eb2872eb2df414c0b29
[INFO] running `Command { std: "docker" "create" "-v" "/var/lib/crater-agent-workspace/builds/worker-3-tc1/target:/opt/rustwide/target:rw,Z" "-v" "/var/lib/crater-agent-workspace/builds/worker-3-tc1/source:/opt/rustwide/workdir:ro,Z" "-v" "/var/lib/crater-agent-workspace/cargo-home:/opt/rustwide/cargo-home:ro,Z" "-v" "/var/lib/crater-agent-workspace/rustup-home:/opt/rustwide/rustup-home:ro,Z" "-e" "SOURCE_DIR=/opt/rustwide/workdir" "-e" "CARGO_TARGET_DIR=/opt/rustwide/target" "-e" "CARGO_INCREMENTAL=0" "-e" "RUST_BACKTRACE=full" "-e" "RUSTFLAGS=--cap-lints=warn" "-e" "RUSTDOCFLAGS=--cap-lints=warn" "-e" "CARGO_HOME=/opt/rustwide/cargo-home" "-e" "RUSTUP_HOME=/opt/rustwide/rustup-home" "-w" "/opt/rustwide/workdir" "-m" "1610612736" "--user" "0:0" "--network" "none" "ghcr.io/rust-lang/crates-build-env/linux@sha256:2788e3201cd34a07e3172128adcd8b3090168a8e3bcc40d7c032b9dda1df7d1c" "/opt/rustwide/cargo-home/bin/cargo" "+1.75.0" "doc" "--frozen" "--no-deps" "--document-private-items" "--message-format=json", kill_on_drop: false }`
[INFO] [stdout] 4d46d63d6a9d7a2377e16ceff2f45e883767faced163b33614fb80d653eda333
[INFO] running `Command { std: "docker" "start" "-a" "4d46d63d6a9d7a2377e16ceff2f45e883767faced163b33614fb80d653eda333", kill_on_drop: false }`
[INFO] [stderr]    Compiling libc v0.2.44
[INFO] [stderr]     Checking cfg-if v0.1.6
[INFO] [stderr]    Compiling cc v1.0.25
[INFO] [stderr]     Checking rand_core v0.3.0
[INFO] [stderr]     Checking lazy_static v1.2.0
[INFO] [stderr]     Checking byteorder v1.2.7
[INFO] [stderr]     Checking futures v0.1.25
[INFO] [stderr]    Compiling serde v1.0.81
[INFO] [stderr]     Checking void v1.0.2
[INFO] [stderr]     Checking slab v0.4.1
[INFO] [stderr]    Compiling proc-macro2 v0.4.24
[INFO] [stderr]     Checking encoding_index_tests v0.1.4
[INFO] [stderr]     Checking lazycell v1.2.1
[INFO] [stderr]     Checking arrayvec v0.4.8
[INFO] [stderr]    Compiling rand_chacha v0.1.0
[INFO] [stderr]    Compiling rand_pcg v0.1.1
[INFO] [stderr]     Checking log v0.4.6
[INFO] [stderr]     Checking crossbeam-utils v0.6.2
[INFO] [stderr]    Compiling rand v0.6.1
[INFO] [stderr]     Checking unreachable v1.0.0
[INFO] [stderr]    Compiling unicase v1.4.2
[INFO] [stderr]     Checking encoding-index-tradchinese v1.20141219.5
[INFO] [stderr]     Checking smallvec v0.6.7
[INFO] [stderr]     Checking rand_core v0.2.2
[INFO] [stderr]     Checking rand_hc v0.1.0
[INFO] [stderr]     Checking rand_xorshift v0.1.0
[INFO] [stderr]     Checking rand_isaac v0.1.1
[INFO] [stderr]     Checking encoding-index-simpchinese v1.20141219.5
[INFO] [stderr]     Checking encoding-index-korean v1.20141219.5
[INFO] [stderr]     Checking encoding-index-singlebyte v1.20141219.5
[INFO] [stderr]     Checking crossbeam-epoch v0.6.1
[INFO] [stderr]     Checking encoding-index-japanese v1.20141219.5
[INFO] [stderr]     Checking unicode-normalization v0.1.7
[INFO] [stderr]    Compiling ryu v0.2.7
[INFO] [stderr]     Checking itoa v0.4.3
[INFO] [stderr]    Compiling failure_derive v0.1.3
[INFO] [stderr]     Checking rustc-demangle v0.1.9
[INFO] [stderr]    Compiling memchr v2.1.1
[INFO] [stderr]    Compiling siphasher v0.2.3
[INFO] [stderr]     Checking crossbeam-deque v0.6.2
[INFO] [stderr]     Checking encoding v0.2.33
[INFO] [stderr]     Checking quick-error v1.2.2
[INFO] [stderr]    Compiling unicase v2.2.0
[INFO] [stderr]     Checking ucd-util v0.1.3
[INFO] [stderr]    Compiling phf_shared v0.7.23
[INFO] [stderr]    Compiling regex v1.1.0
[INFO] [stderr]    Compiling crc32fast v1.1.2
[INFO] [stderr]    Compiling httparse v1.3.3
[INFO] [stderr]     Checking regex-syntax v0.6.4
[INFO] [stderr]     Checking thread_local v0.3.6
[INFO] [stderr]     Checking iovec v0.1.2
[INFO] [stderr]     Checking rand v0.5.5
[INFO] [stderr]     Checking num_cpus v1.8.0
[INFO] [stderr]     Checking net2 v0.2.33
[INFO] [stderr]     Checking bytes v0.4.11
[INFO] [stderr]    Compiling quote v0.6.10
[INFO] [stderr]     Checking time v0.1.40
[INFO] [stderr]    Compiling backtrace-sys v0.1.24
[INFO] [stderr]     Checking mio v0.6.16
[INFO] [stderr]    Compiling syn v0.15.22
[INFO] [stderr]     Checking tokio-executor v0.1.5
[INFO] [stderr]    Compiling openssl-sys v0.9.39
[INFO] [stderr]     Checking tokio-io v0.1.10
[INFO] [stderr]     Checking http v0.1.14
[INFO] [stderr]     Checking tokio-timer v0.2.8
[INFO] [stderr]     Checking tokio-current-thread v0.1.4
[INFO] [stderr]     Checking aho-corasick v0.6.9
[INFO] [stderr]     Checking hostname v0.1.5
[INFO] [stderr]     Checking indexmap v1.0.2
[INFO] [stderr]    Compiling num-traits v0.2.6
[INFO] [stderr]     Checking utf8-ranges v1.0.2
[INFO] [stderr]     Checking tokio-codec v0.1.1
[INFO] [stderr]     Checking idna v0.1.5
[INFO] [stderr]     Checking string v0.1.2
[INFO] [stderr]    Compiling openssl v0.10.15
[INFO] [stderr]     Checking mio-uds v0.6.7
[INFO] [stderr]     Checking parking_lot_core v0.3.1
[INFO] [stderr]     Checking futures-cpupool v0.1.8
[INFO] [stderr]     Checking socket2 v0.3.8
[INFO] [stderr]    Compiling num-integer v0.1.39
[INFO] [stderr]    Compiling native-tls v0.2.2
[INFO] [stderr] The following warnings were emitted during compilation:
[INFO] [stderr] 
[INFO] [stderr] warning: openssl-sys@0.9.39: /opt/rustwide/target/debug/build/openssl-sys-7c29a392c7497fe3/out/expando.c:4:24: error: pasting "RUST_VERSION_OPENSSL_" and "(" does not give a valid preprocessing token
[INFO] [stderr] warning: openssl-sys@0.9.39:     4 | #define VERSION2(n, v) RUST_VERSION_ ## n ## _ ## v
[INFO] [stderr] warning: openssl-sys@0.9.39:       |                        ^~~~~~~~~~~~~
[INFO] [stderr] warning: openssl-sys@0.9.39: /opt/rustwide/target/debug/build/openssl-sys-7c29a392c7497fe3/out/expando.c:5:23: note: in expansion of macro 'VERSION2'
[INFO] [stderr] warning: openssl-sys@0.9.39:     5 | #define VERSION(n, v) VERSION2(n, v)
[INFO] [stderr] warning: openssl-sys@0.9.39:       |                       ^~~~~~~~
[INFO] [stderr] warning: openssl-sys@0.9.39: /opt/rustwide/target/debug/build/openssl-sys-7c29a392c7497fe3/out/expando.c:7:1: note: in expansion of macro 'VERSION'
[INFO] [stderr] warning: openssl-sys@0.9.39:     7 | VERSION(OPENSSL, OPENSSL_VERSION_NUMBER)
[INFO] [stderr] warning: openssl-sys@0.9.39:       | ^~~~~~~
[INFO] [stderr] 
[INFO] [stderr] error: failed to run custom build command for `openssl-sys v0.9.39`
[INFO] [stderr] note: To improve backtraces for build dependencies, set the CARGO_PROFILE_DEV_BUILD_OVERRIDE_DEBUG=true environment variable to enable debug information generation.
[INFO] [stderr] 
[INFO] [stderr] Caused by:
[INFO] [stderr]   process didn't exit successfully: `/opt/rustwide/target/debug/build/openssl-sys-60db0de35f730e42/build-script-main` (exit status: 101)
[INFO] [stderr]   --- stdout
[INFO] [stderr]   cargo:rerun-if-env-changed=X86_64_UNKNOWN_LINUX_GNU_OPENSSL_LIB_DIR
[INFO] [stderr]   cargo:rerun-if-env-changed=OPENSSL_LIB_DIR
[INFO] [stderr]   cargo:rerun-if-env-changed=X86_64_UNKNOWN_LINUX_GNU_OPENSSL_INCLUDE_DIR
[INFO] [stderr]   cargo:rerun-if-env-changed=OPENSSL_INCLUDE_DIR
[INFO] [stderr]   cargo:rerun-if-env-changed=X86_64_UNKNOWN_LINUX_GNU_OPENSSL_DIR
[INFO] [stderr]   cargo:rerun-if-env-changed=OPENSSL_DIR
[INFO] [stderr]   cargo:rustc-link-lib=ssl
[INFO] [stderr]   cargo:rustc-link-lib=crypto
[INFO] [stderr]   OPT_LEVEL = Some("0")
[INFO] [stderr]   TARGET = Some("x86_64-unknown-linux-gnu")
[INFO] [stderr]   HOST = Some("x86_64-unknown-linux-gnu")
[INFO] [stderr]   CC_x86_64-unknown-linux-gnu = None
[INFO] [stderr]   CC_x86_64_unknown_linux_gnu = None
[INFO] [stderr]   HOST_CC = None
[INFO] [stderr]   CC = None
[INFO] [stderr]   CFLAGS_x86_64-unknown-linux-gnu = None
[INFO] [stderr]   CFLAGS_x86_64_unknown_linux_gnu = None
[INFO] [stderr]   HOST_CFLAGS = None
[INFO] [stderr]   CFLAGS = None
[INFO] [stderr]   DEBUG = Some("true")
[INFO] [stderr]   running: "cc" "-O0" "-ffunction-sections" "-fdata-sections" "-fPIC" "-g" "-fno-omit-frame-pointer" "-m64" "-Wall" "-Wextra" "-E" "/opt/rustwide/target/debug/build/openssl-sys-7c29a392c7497fe3/out/expando.c"
[INFO] [stderr]   cargo:warning=/opt/rustwide/target/debug/build/openssl-sys-7c29a392c7497fe3/out/expando.c:4:24: error: pasting "RUST_VERSION_OPENSSL_" and "(" does not give a valid preprocessing token
[INFO] [stderr]   cargo:warning=    4 | #define VERSION2(n, v) RUST_VERSION_ ## n ## _ ## v
[INFO] [stderr]   cargo:warning=      |                        ^~~~~~~~~~~~~
[INFO] [stderr]   cargo:warning=/opt/rustwide/target/debug/build/openssl-sys-7c29a392c7497fe3/out/expando.c:5:23: note: in expansion of macro 'VERSION2'
[INFO] [stderr]   cargo:warning=    5 | #define VERSION(n, v) VERSION2(n, v)
[INFO] [stderr]   cargo:warning=      |                       ^~~~~~~~
[INFO] [stderr]   cargo:warning=/opt/rustwide/target/debug/build/openssl-sys-7c29a392c7497fe3/out/expando.c:7:1: note: in expansion of macro 'VERSION'
[INFO] [stderr]   cargo:warning=    7 | VERSION(OPENSSL, OPENSSL_VERSION_NUMBER)
[INFO] [stderr]   cargo:warning=      | ^~~~~~~
[INFO] [stderr]   exit status: 1
[INFO] [stderr] 
[INFO] [stderr]   --- stderr
[INFO] [stderr]   thread 'main' panicked at /opt/rustwide/cargo-home/registry/src/index.crates.io-6f17d22bba15001f/openssl-sys-0.9.39/build/main.rs:432:13:
[INFO] [stderr] 
[INFO] [stderr]   Header expansion error:
[INFO] [stderr]   Error { kind: ToolExecError, message: "Command \"cc\" \"-O0\" \"-ffunction-sections\" \"-fdata-sections\" \"-fPIC\" \"-g\" \"-fno-omit-frame-pointer\" \"-m64\" \"-Wall\" \"-Wextra\" \"-E\" \"/opt/rustwide/target/debug/build/openssl-sys-7c29a392c7497fe3/out/expando.c\" with args \"cc\" did not execute successfully (status code exit status: 1)." }
[INFO] [stderr] 
[INFO] [stderr]   Failed to find OpenSSL development headers.
[INFO] [stderr] 
[INFO] [stderr]   You can try fixing this setting the `OPENSSL_DIR` environment variable
[INFO] [stderr]   pointing to your OpenSSL installation or installing OpenSSL headers package
[INFO] [stderr]   specific to your distribution:
[INFO] [stderr] 
[INFO] [stderr]       # On Ubuntu
[INFO] [stderr]       sudo apt-get install libssl-dev
[INFO] [stderr]       # On Arch Linux
[INFO] [stderr]       sudo pacman -S openssl
[INFO] [stderr]       # On Fedora
[INFO] [stderr]       sudo dnf install openssl-devel
[INFO] [stderr] 
[INFO] [stderr]   See rust-openssl README for more information:
[INFO] [stderr] 
[INFO] [stderr]       https://github.com/sfackler/rust-openssl#linux
[INFO] [stderr] 
[INFO] [stderr]   stack backtrace:
[INFO] [stderr]      0:     0x561107f3c8fc - std::backtrace_rs::backtrace::libunwind::trace::ha637c64ce894333a
[INFO] [stderr]                                  at /rustc/82e1608dfa6e0b5569232559e3d385fea5a93112/library/std/src/../../backtrace/src/backtrace/libunwind.rs:104:5
[INFO] [stderr]      1:     0x561107f3c8fc - std::backtrace_rs::backtrace::trace_unsynchronized::h47f62dea28e0c88d
[INFO] [stderr]                                  at /rustc/82e1608dfa6e0b5569232559e3d385fea5a93112/library/std/src/../../backtrace/src/backtrace/mod.rs:66:5
[INFO] [stderr]      2:     0x561107f3c8fc - std::sys_common::backtrace::_print_fmt::h9eef0abe20ede486
[INFO] [stderr]                                  at /rustc/82e1608dfa6e0b5569232559e3d385fea5a93112/library/std/src/sys_common/backtrace.rs:67:5
[INFO] [stderr]      3:     0x561107f3c8fc - <std::sys_common::backtrace::_print::DisplayBacktrace as core::fmt::Display>::fmt::hed7f999df88cc644
[INFO] [stderr]                                  at /rustc/82e1608dfa6e0b5569232559e3d385fea5a93112/library/std/src/sys_common/backtrace.rs:44:22
[INFO] [stderr]      4:     0x561107f62a30 - core::fmt::rt::Argument::fmt::h1539a9308b8d058d
[INFO] [stderr]                                  at /rustc/82e1608dfa6e0b5569232559e3d385fea5a93112/library/core/src/fmt/rt.rs:142:9
[INFO] [stderr]      5:     0x561107f62a30 - core::fmt::write::h3a39390d8560d9c9
[INFO] [stderr]                                  at /rustc/82e1608dfa6e0b5569232559e3d385fea5a93112/library/core/src/fmt/mod.rs:1120:17
[INFO] [stderr]      6:     0x561107f3a23f - std::io::Write::write_fmt::h5fc9997dfe05f882
[INFO] [stderr]                                  at /rustc/82e1608dfa6e0b5569232559e3d385fea5a93112/library/std/src/io/mod.rs:1762:15
[INFO] [stderr]      7:     0x561107f3c6e4 - std::sys_common::backtrace::_print::h894006fb5c6f3d45
[INFO] [stderr]                                  at /rustc/82e1608dfa6e0b5569232559e3d385fea5a93112/library/std/src/sys_common/backtrace.rs:47:5
[INFO] [stderr]      8:     0x561107f3c6e4 - std::sys_common::backtrace::print::h23a2d212c6fff936
[INFO] [stderr]                                  at /rustc/82e1608dfa6e0b5569232559e3d385fea5a93112/library/std/src/sys_common/backtrace.rs:34:9
[INFO] [stderr]      9:     0x561107f3def7 - std::panicking::default_hook::{{closure}}::h8a1d2ee00185001a
[INFO] [stderr]     10:     0x561107f3dc5f - std::panicking::default_hook::h6038f2eba384e475
[INFO] [stderr]                                  at /rustc/82e1608dfa6e0b5569232559e3d385fea5a93112/library/std/src/panicking.rs:292:9
[INFO] [stderr]     11:     0x561107f3e378 - std::panicking::rust_panic_with_hook::h2b5517d590cab22e
[INFO] [stderr]                                  at /rustc/82e1608dfa6e0b5569232559e3d385fea5a93112/library/std/src/panicking.rs:779:13
[INFO] [stderr]     12:     0x561107f3e25e - std::panicking::begin_panic_handler::{{closure}}::h233112c06e0ef43e
[INFO] [stderr]                                  at /rustc/82e1608dfa6e0b5569232559e3d385fea5a93112/library/std/src/panicking.rs:657:13
[INFO] [stderr]     13:     0x561107f3cdc6 - std::sys_common::backtrace::__rust_end_short_backtrace::h6e893f24d7ebbff8
[INFO] [stderr]                                  at /rustc/82e1608dfa6e0b5569232559e3d385fea5a93112/library/std/src/sys_common/backtrace.rs:170:18
[INFO] [stderr]     14:     0x561107f3dfc2 - rust_begin_unwind
[INFO] [stderr]                                  at /rustc/82e1608dfa6e0b5569232559e3d385fea5a93112/library/std/src/panicking.rs:645:5
[INFO] [stderr]     15:     0x561107ebc685 - core::panicking::panic_fmt::hbf0e066aabfa482c
[INFO] [stderr]                                  at /rustc/82e1608dfa6e0b5569232559e3d385fea5a93112/library/core/src/panicking.rs:72:14
[INFO] [stderr]     16:     0x561107ec4976 - build_script_main::validate_headers::h759b5a89fda8e9c5
[INFO] [stderr]     17:     0x561107ec2ddf - build_script_main::imp::try_pkg_config::h2e3c4c960d511111
[INFO] [stderr]     18:     0x561107ec1ca4 - build_script_main::imp::find_openssl_dir::h834be0622ad54e13
[INFO] [stderr]     19:     0x561107ec1b42 - build_script_main::imp::get_openssl::{{closure}}::h64cb1a4a53628b60
[INFO] [stderr]     20:     0x561107ec7e49 - core::option::Option<T>::unwrap_or_else::he9669a469f79cdda
[INFO] [stderr]     21:     0x561107ec1941 - build_script_main::imp::get_openssl::h8a5552d1b4335a75
[INFO] [stderr]     22:     0x561107ec0790 - build_script_main::main::hab3c3e2c22cf09a5
[INFO] [stderr]     23:     0x561107ec6e03 - core::ops::function::FnOnce::call_once::hfcfe3e2d6d845d6c
[INFO] [stderr]     24:     0x561107ec60d6 - std::sys_common::backtrace::__rust_begin_short_backtrace::h77e2df6033c36406
[INFO] [stderr]     25:     0x561107ebd569 - std::rt::lang_start::{{closure}}::hde7d10255856ed48
[INFO] [stderr]     26:     0x561107f36787 - core::ops::function::impls::<impl core::ops::function::FnOnce<A> for &F>::call_once::hd95060ecd5e1ca24
[INFO] [stderr]                                  at /rustc/82e1608dfa6e0b5569232559e3d385fea5a93112/library/core/src/ops/function.rs:284:13
[INFO] [stderr]     27:     0x561107f36787 - std::panicking::try::do_call::h6e8cf51db32a6e4b
[INFO] [stderr]                                  at /rustc/82e1608dfa6e0b5569232559e3d385fea5a93112/library/std/src/panicking.rs:552:40
[INFO] [stderr]     28:     0x561107f36787 - std::panicking::try::h3a52eefe24fe3c29
[INFO] [stderr]                                  at /rustc/82e1608dfa6e0b5569232559e3d385fea5a93112/library/std/src/panicking.rs:516:19
[INFO] [stderr]     29:     0x561107f36787 - std::panic::catch_unwind::h24c28c23c02c3841
[INFO] [stderr]                                  at /rustc/82e1608dfa6e0b5569232559e3d385fea5a93112/library/std/src/panic.rs:142:14
[INFO] [stderr]     30:     0x561107f36787 - std::rt::lang_start_internal::{{closure}}::h705d3c9cbc06ef47
[INFO] [stderr]                                  at /rustc/82e1608dfa6e0b5569232559e3d385fea5a93112/library/std/src/rt.rs:148:48
[INFO] [stderr]     31:     0x561107f36787 - std::panicking::try::do_call::ha21f52ba13158470
[INFO] [stderr]                                  at /rustc/82e1608dfa6e0b5569232559e3d385fea5a93112/library/std/src/panicking.rs:552:40
[INFO] [stderr]     32:     0x561107f36787 - std::panicking::try::h5581346bf6aeb1f8
[INFO] [stderr]                                  at /rustc/82e1608dfa6e0b5569232559e3d385fea5a93112/library/std/src/panicking.rs:516:19
[INFO] [stderr]     33:     0x561107f36787 - std::panic::catch_unwind::h7919645a6b72e25b
[INFO] [stderr]                                  at /rustc/82e1608dfa6e0b5569232559e3d385fea5a93112/library/std/src/panic.rs:142:14
[INFO] [stderr]     34:     0x561107f36787 - std::rt::lang_start_internal::h12de51168669836e
[INFO] [stderr]                                  at /rustc/82e1608dfa6e0b5569232559e3d385fea5a93112/library/std/src/rt.rs:148:20
[INFO] [stderr]     35:     0x561107ebd547 - std::rt::lang_start::h41eae055634c1a20
[INFO] [stderr]     36:     0x561107ec5895 - main
[INFO] [stderr]     37:     0x7f0299335d90 - <unknown>
[INFO] [stderr]     38:     0x7f0299335e40 - __libc_start_main
[INFO] [stderr]     39:     0x561107ebce95 - _start
[INFO] [stderr]     40:                0x0 - <unknown>
[INFO] [stderr] warning: build failed, waiting for other jobs to finish...
[INFO] [stdout] error[E0512]: cannot transmute between types of different sizes, or dependently-sized types
[INFO] [stdout]    --> /opt/rustwide/cargo-home/registry/src/index.crates.io-6f17d22bba15001f/socket2-0.3.8/src/sockaddr.rs:153:9
[INFO] [stdout]     |
[INFO] [stdout] 153 |         mem::transmute::<SocketAddrV4, sockaddr_in>(v4);
[INFO] [stdout]     |         ^^^^^^^^^^^^^^^^^^^^^^^^^^^^^^^^^^^^^^^^^^^
[INFO] [stdout]     |
[INFO] [stdout]     = note: source type: `SocketAddrV4` (48 bits)
[INFO] [stdout]     = note: target type: `sockaddr_in` (128 bits)
[INFO] [stdout] 
[INFO] [stdout] 
[INFO] [stdout] error: aborting due to previous error
[INFO] [stdout] 
[INFO] [stdout] 
[INFO] [stdout] For more information about this error, try `rustc --explain E0512`.
[INFO] [stdout] 
[INFO] [stderr] error: could not compile `socket2` (lib) due to 2 previous errors
[INFO] running `Command { std: "docker" "inspect" "4d46d63d6a9d7a2377e16ceff2f45e883767faced163b33614fb80d653eda333", kill_on_drop: false }`
[INFO] running `Command { std: "docker" "rm" "-f" "4d46d63d6a9d7a2377e16ceff2f45e883767faced163b33614fb80d653eda333", kill_on_drop: false }`
[INFO] [stdout] 4d46d63d6a9d7a2377e16ceff2f45e883767faced163b33614fb80d653eda333
[INFO] documenting CallumJHays/epic-style against beta-2023-12-22 for beta-1.76-rustdoc-1
[INFO] running `Command { std: "git" "clone" "/workspace/cache/git-repos/https%3A%2F%2Fgithub.com%2FCallumJHays%2Fepic-style" "/workspace/builds/worker-3-tc2/source", kill_on_drop: false }`
[INFO] [stderr] Cloning into '/workspace/builds/worker-3-tc2/source'...
[INFO] [stderr] done.
[INFO] validating manifest of git repo https://github.com/CallumJHays/epic-style on toolchain beta-2023-12-22
[INFO] running `Command { std: CARGO_HOME="/workspace/cargo-home" RUSTUP_HOME="/workspace/rustup-home" "/workspace/cargo-home/bin/cargo" "+beta-2023-12-22" "metadata" "--manifest-path" "Cargo.toml" "--no-deps", kill_on_drop: false }`
[INFO] started tweaking git repo https://github.com/CallumJHays/epic-style
[INFO] finished tweaking git repo https://github.com/CallumJHays/epic-style
[INFO] tweaked toml for git repo https://github.com/CallumJHays/epic-style written to /workspace/builds/worker-3-tc2/source/Cargo.toml
[INFO] crate git repo https://github.com/CallumJHays/epic-style already has a lockfile, it will not be regenerated
[INFO] running `Command { std: CARGO_HOME="/workspace/cargo-home" RUSTUP_HOME="/workspace/rustup-home" "/workspace/cargo-home/bin/cargo" "+beta-2023-12-22" "fetch" "--manifest-path" "Cargo.toml", kill_on_drop: false }`
[INFO] running `Command { std: "docker" "create" "-v" "/var/lib/crater-agent-workspace/builds/worker-3-tc2/target:/opt/rustwide/target:rw,Z" "-v" "/var/lib/crater-agent-workspace/builds/worker-3-tc2/source:/opt/rustwide/workdir:ro,Z" "-v" "/var/lib/crater-agent-workspace/cargo-home:/opt/rustwide/cargo-home:ro,Z" "-v" "/var/lib/crater-agent-workspace/rustup-home:/opt/rustwide/rustup-home:ro,Z" "-e" "SOURCE_DIR=/opt/rustwide/workdir" "-e" "CARGO_TARGET_DIR=/opt/rustwide/target" "-e" "CARGO_HOME=/opt/rustwide/cargo-home" "-e" "RUSTUP_HOME=/opt/rustwide/rustup-home" "-w" "/opt/rustwide/workdir" "-m" "1610612736" "--user" "0:0" "--network" "none" "ghcr.io/rust-lang/crates-build-env/linux@sha256:2788e3201cd34a07e3172128adcd8b3090168a8e3bcc40d7c032b9dda1df7d1c" "/opt/rustwide/cargo-home/bin/cargo" "+beta-2023-12-22" "metadata" "--no-deps" "--format-version=1", kill_on_drop: false }`
[INFO] [stdout] e5267f1c5cee9b825f204f79206d2068d2e65f86a30775c2f46d745c90e13a45
[INFO] running `Command { std: "docker" "start" "-a" "e5267f1c5cee9b825f204f79206d2068d2e65f86a30775c2f46d745c90e13a45", kill_on_drop: false }`
[INFO] running `Command { std: "docker" "inspect" "e5267f1c5cee9b825f204f79206d2068d2e65f86a30775c2f46d745c90e13a45", kill_on_drop: false }`
[INFO] running `Command { std: "docker" "rm" "-f" "e5267f1c5cee9b825f204f79206d2068d2e65f86a30775c2f46d745c90e13a45", kill_on_drop: false }`
[INFO] [stdout] e5267f1c5cee9b825f204f79206d2068d2e65f86a30775c2f46d745c90e13a45
[INFO] running `Command { std: "docker" "create" "-v" "/var/lib/crater-agent-workspace/builds/worker-3-tc2/target:/opt/rustwide/target:rw,Z" "-v" "/var/lib/crater-agent-workspace/builds/worker-3-tc2/source:/opt/rustwide/workdir:ro,Z" "-v" "/var/lib/crater-agent-workspace/cargo-home:/opt/rustwide/cargo-home:ro,Z" "-v" "/var/lib/crater-agent-workspace/rustup-home:/opt/rustwide/rustup-home:ro,Z" "-e" "SOURCE_DIR=/opt/rustwide/workdir" "-e" "CARGO_TARGET_DIR=/opt/rustwide/target" "-e" "CARGO_INCREMENTAL=0" "-e" "RUST_BACKTRACE=full" "-e" "RUSTFLAGS=--cap-lints=warn" "-e" "RUSTDOCFLAGS=--cap-lints=warn" "-e" "CARGO_HOME=/opt/rustwide/cargo-home" "-e" "RUSTUP_HOME=/opt/rustwide/rustup-home" "-w" "/opt/rustwide/workdir" "-m" "1610612736" "--user" "0:0" "--network" "none" "ghcr.io/rust-lang/crates-build-env/linux@sha256:2788e3201cd34a07e3172128adcd8b3090168a8e3bcc40d7c032b9dda1df7d1c" "/opt/rustwide/cargo-home/bin/cargo" "+beta-2023-12-22" "doc" "--frozen" "--no-deps" "--document-private-items" "--message-format=json", kill_on_drop: false }`
[INFO] [stdout] 25e810f0dddc39ef7534222ef1f12f390eccab499ef33af932dfb941016239d1
[INFO] running `Command { std: "docker" "start" "-a" "25e810f0dddc39ef7534222ef1f12f390eccab499ef33af932dfb941016239d1", kill_on_drop: false }`
[INFO] [stderr]    Compiling libc v0.2.44
[INFO] [stderr]     Checking cfg-if v0.1.6
[INFO] [stderr]    Compiling cc v1.0.25
[INFO] [stderr]     Checking rand_core v0.3.0
[INFO] [stderr]     Checking lazy_static v1.2.0
[INFO] [stderr]     Checking byteorder v1.2.7
[INFO] [stderr]     Checking futures v0.1.25
[INFO] [stderr]     Checking void v1.0.2
[INFO] [stderr]    Compiling serde v1.0.81
[INFO] [stderr]     Checking slab v0.4.1
[INFO] [stderr]    Compiling proc-macro2 v0.4.24
[INFO] [stderr]     Checking encoding_index_tests v0.1.4
[INFO] [stderr]     Checking lazycell v1.2.1
[INFO] [stderr]     Checking arrayvec v0.4.8
[INFO] [stderr]    Compiling rand_chacha v0.1.0
[INFO] [stderr]    Compiling rand_pcg v0.1.1
[INFO] [stderr]     Checking log v0.4.6
[INFO] [stderr]     Checking crossbeam-utils v0.6.2
[INFO] [stderr]     Checking unreachable v1.0.0
[INFO] [stderr]    Compiling rand v0.6.1
[INFO] [stderr]    Compiling unicase v1.4.2
[INFO] [stderr]     Checking encoding-index-japanese v1.20141219.5
[INFO] [stderr]     Checking smallvec v0.6.7
[INFO] [stderr]     Checking rand_core v0.2.2
[INFO] [stderr]     Checking rand_isaac v0.1.1
[INFO] [stderr]     Checking rand_xorshift v0.1.0
[INFO] [stderr]     Checking rand_hc v0.1.0
[INFO] [stderr]     Checking encoding-index-singlebyte v1.20141219.5
[INFO] [stderr]     Checking crossbeam-epoch v0.6.1
[INFO] [stderr]     Checking encoding-index-simpchinese v1.20141219.5
[INFO] [stderr]     Checking encoding-index-tradchinese v1.20141219.5
[INFO] [stderr]     Checking encoding-index-korean v1.20141219.5
[INFO] [stderr]     Checking unicode-normalization v0.1.7
[INFO] [stderr]     Checking itoa v0.4.3
[INFO] [stderr]    Compiling ryu v0.2.7
[INFO] [stderr]    Compiling failure_derive v0.1.3
[INFO] [stderr]     Checking rustc-demangle v0.1.9
[INFO] [stderr]    Compiling memchr v2.1.1
[INFO] [stderr]     Checking crossbeam-deque v0.6.2
[INFO] [stderr]    Compiling siphasher v0.2.3
[INFO] [stderr]     Checking quick-error v1.2.2
[INFO] [stderr]    Compiling unicase v2.2.0
[INFO] [stderr]     Checking encoding v0.2.33
[INFO] [stderr]     Checking ucd-util v0.1.3
[INFO] [stderr]    Compiling crc32fast v1.1.2
[INFO] [stderr]    Compiling phf_shared v0.7.23
[INFO] [stderr]    Compiling regex v1.1.0
[INFO] [stderr]    Compiling httparse v1.3.3
[INFO] [stderr]     Checking regex-syntax v0.6.4
[INFO] [stderr]     Checking thread_local v0.3.6
[INFO] [stderr]     Checking iovec v0.1.2
[INFO] [stderr]     Checking rand v0.5.5
[INFO] [stderr]     Checking num_cpus v1.8.0
[INFO] [stderr]     Checking net2 v0.2.33
[INFO] [stderr]     Checking bytes v0.4.11
[INFO] [stderr]    Compiling quote v0.6.10
[INFO] [stderr]     Checking time v0.1.40
[INFO] [stderr]     Checking mio v0.6.16
[INFO] [stderr]    Compiling syn v0.15.22
[INFO] [stderr]     Checking hostname v0.1.5
[INFO] [stderr]    Compiling num-traits v0.2.6
[INFO] [stderr]    Compiling backtrace-sys v0.1.24
[INFO] [stderr]    Compiling openssl-sys v0.9.39
[INFO] [stderr]     Checking http v0.1.14
[INFO] [stderr]     Checking indexmap v1.0.2
[INFO] [stderr]     Checking tokio-executor v0.1.5
[INFO] [stderr]     Checking tokio-io v0.1.10
[INFO] [stderr]     Checking aho-corasick v0.6.9
[INFO] [stderr]     Checking tokio-timer v0.2.8
[INFO] [stderr]     Checking tokio-current-thread v0.1.4
[INFO] [stderr]     Checking utf8-ranges v1.0.2
[INFO] [stderr]    Compiling openssl v0.10.15
[INFO] [stderr]     Checking tokio-codec v0.1.1
[INFO] [stderr]     Checking string v0.1.2
[INFO] [stderr]     Checking mio-uds v0.6.7
[INFO] [stderr]     Checking parking_lot_core v0.3.1
[INFO] [stderr]     Checking idna v0.1.5
[INFO] [stderr]     Checking futures-cpupool v0.1.8
[INFO] [stderr]     Checking tokio-threadpool v0.1.9
[INFO] [stderr]     Checking parking_lot_core v0.4.0
[INFO] [stderr]     Checking socket2 v0.3.8
[INFO] [stderr]     Checking safemem v0.3.0
[INFO] [stderr]     Checking arc-swap v0.3.6
[INFO] [stderr] The following warnings were emitted during compilation:
[INFO] [stderr] 
[INFO] [stderr] warning: openssl-sys@0.9.39: /opt/rustwide/target/debug/build/openssl-sys-78d3b21abdbd1e2b/out/expando.c:4:24: error: pasting "RUST_VERSION_OPENSSL_" and "(" does not give a valid preprocessing token
[INFO] [stderr] warning: openssl-sys@0.9.39:     4 | #define VERSION2(n, v) RUST_VERSION_ ## n ## _ ## v
[INFO] [stderr] warning: openssl-sys@0.9.39:       |                        ^~~~~~~~~~~~~
[INFO] [stderr] warning: openssl-sys@0.9.39: /opt/rustwide/target/debug/build/openssl-sys-78d3b21abdbd1e2b/out/expando.c:5:23: note: in expansion of macro 'VERSION2'
[INFO] [stderr] warning: openssl-sys@0.9.39:     5 | #define VERSION(n, v) VERSION2(n, v)
[INFO] [stderr] warning: openssl-sys@0.9.39:       |                       ^~~~~~~~
[INFO] [stderr] warning: openssl-sys@0.9.39: /opt/rustwide/target/debug/build/openssl-sys-78d3b21abdbd1e2b/out/expando.c:7:1: note: in expansion of macro 'VERSION'
[INFO] [stderr] warning: openssl-sys@0.9.39:     7 | VERSION(OPENSSL, OPENSSL_VERSION_NUMBER)
[INFO] [stderr] warning: openssl-sys@0.9.39:       | ^~~~~~~
[INFO] [stderr] 
[INFO] [stderr] error: failed to run custom build command for `openssl-sys v0.9.39`
[INFO] [stderr] note: To improve backtraces for build dependencies, set the CARGO_PROFILE_DEV_BUILD_OVERRIDE_DEBUG=true environment variable to enable debug information generation.
[INFO] [stderr] 
[INFO] [stderr] Caused by:
[INFO] [stderr]   process didn't exit successfully: `/opt/rustwide/target/debug/build/openssl-sys-dcdfc5b7d5a8b6f0/build-script-main` (exit status: 101)
[INFO] [stderr]   --- stdout
[INFO] [stderr]   cargo:rerun-if-env-changed=X86_64_UNKNOWN_LINUX_GNU_OPENSSL_LIB_DIR
[INFO] [stderr]   cargo:rerun-if-env-changed=OPENSSL_LIB_DIR
[INFO] [stderr]   cargo:rerun-if-env-changed=X86_64_UNKNOWN_LINUX_GNU_OPENSSL_INCLUDE_DIR
[INFO] [stderr]   cargo:rerun-if-env-changed=OPENSSL_INCLUDE_DIR
[INFO] [stderr]   cargo:rerun-if-env-changed=X86_64_UNKNOWN_LINUX_GNU_OPENSSL_DIR
[INFO] [stderr]   cargo:rerun-if-env-changed=OPENSSL_DIR
[INFO] [stderr]   cargo:rustc-link-lib=ssl
[INFO] [stderr]   cargo:rustc-link-lib=crypto
[INFO] [stderr]   OPT_LEVEL = Some("0")
[INFO] [stderr]   TARGET = Some("x86_64-unknown-linux-gnu")
[INFO] [stderr]   HOST = Some("x86_64-unknown-linux-gnu")
[INFO] [stderr]   CC_x86_64-unknown-linux-gnu = None
[INFO] [stderr]   CC_x86_64_unknown_linux_gnu = None
[INFO] [stderr]   HOST_CC = None
[INFO] [stderr]   CC = None
[INFO] [stderr]   CFLAGS_x86_64-unknown-linux-gnu = None
[INFO] [stderr]   CFLAGS_x86_64_unknown_linux_gnu = None
[INFO] [stderr]   HOST_CFLAGS = None
[INFO] [stderr]   CFLAGS = None
[INFO] [stderr]   DEBUG = Some("true")
[INFO] [stderr]   running: "cc" "-O0" "-ffunction-sections" "-fdata-sections" "-fPIC" "-g" "-fno-omit-frame-pointer" "-m64" "-Wall" "-Wextra" "-E" "/opt/rustwide/target/debug/build/openssl-sys-78d3b21abdbd1e2b/out/expando.c"
[INFO] [stderr]   cargo:warning=/opt/rustwide/target/debug/build/openssl-sys-78d3b21abdbd1e2b/out/expando.c:4:24: error: pasting "RUST_VERSION_OPENSSL_" and "(" does not give a valid preprocessing token
[INFO] [stderr]   cargo:warning=    4 | #define VERSION2(n, v) RUST_VERSION_ ## n ## _ ## v
[INFO] [stderr]   cargo:warning=      |                        ^~~~~~~~~~~~~
[INFO] [stderr]   cargo:warning=/opt/rustwide/target/debug/build/openssl-sys-78d3b21abdbd1e2b/out/expando.c:5:23: note: in expansion of macro 'VERSION2'
[INFO] [stderr]   cargo:warning=    5 | #define VERSION(n, v) VERSION2(n, v)
[INFO] [stderr]   cargo:warning=      |                       ^~~~~~~~
[INFO] [stderr]   cargo:warning=/opt/rustwide/target/debug/build/openssl-sys-78d3b21abdbd1e2b/out/expando.c:7:1: note: in expansion of macro 'VERSION'
[INFO] [stderr]   cargo:warning=    7 | VERSION(OPENSSL, OPENSSL_VERSION_NUMBER)
[INFO] [stderr]   cargo:warning=      | ^~~~~~~
[INFO] [stderr]   exit status: 1
[INFO] [stderr] 
[INFO] [stderr]   --- stderr
[INFO] [stderr]   thread 'main' panicked at /opt/rustwide/cargo-home/registry/src/index.crates.io-6f17d22bba15001f/openssl-sys-0.9.39/build/main.rs:432:13:
[INFO] [stderr] 
[INFO] [stderr]   Header expansion error:
[INFO] [stderr]   Error { kind: ToolExecError, message: "Command \"cc\" \"-O0\" \"-ffunction-sections\" \"-fdata-sections\" \"-fPIC\" \"-g\" \"-fno-omit-frame-pointer\" \"-m64\" \"-Wall\" \"-Wextra\" \"-E\" \"/opt/rustwide/target/debug/build/openssl-sys-78d3b21abdbd1e2b/out/expando.c\" with args \"cc\" did not execute successfully (status code exit status: 1)." }
[INFO] [stderr] 
[INFO] [stderr]   Failed to find OpenSSL development headers.
[INFO] [stderr] 
[INFO] [stderr]   You can try fixing this setting the `OPENSSL_DIR` environment variable
[INFO] [stderr]   pointing to your OpenSSL installation or installing OpenSSL headers package
[INFO] [stderr]   specific to your distribution:
[INFO] [stderr] 
[INFO] [stderr]       # On Ubuntu
[INFO] [stderr]       sudo apt-get install libssl-dev
[INFO] [stderr]       # On Arch Linux
[INFO] [stderr]       sudo pacman -S openssl
[INFO] [stderr]       # On Fedora
[INFO] [stderr]       sudo dnf install openssl-devel
[INFO] [stderr] 
[INFO] [stderr]   See rust-openssl README for more information:
[INFO] [stderr] 
[INFO] [stderr]       https://github.com/sfackler/rust-openssl#linux
[INFO] [stderr] 
[INFO] [stderr]   stack backtrace:
[INFO] [stderr]      0:     0x55847b977506 - std::backtrace_rs::backtrace::libunwind::trace::h261606ad26a499c1
[INFO] [stderr]                                  at /rustc/0e09125c6c3c2fd70d7de961bcf0e51575235fad/library/std/src/../../backtrace/src/backtrace/libunwind.rs:104:5
[INFO] [stderr]      1:     0x55847b977506 - std::backtrace_rs::backtrace::trace_unsynchronized::hd183f0625477fb28
[INFO] [stderr]                                  at /rustc/0e09125c6c3c2fd70d7de961bcf0e51575235fad/library/std/src/../../backtrace/src/backtrace/mod.rs:66:5
[INFO] [stderr]      2:     0x55847b977506 - std::sys_common::backtrace::_print_fmt::hd7f8fef21b4eda67
[INFO] [stderr]                                  at /rustc/0e09125c6c3c2fd70d7de961bcf0e51575235fad/library/std/src/sys_common/backtrace.rs:68:5
[INFO] [stderr]      3:     0x55847b977506 - <std::sys_common::backtrace::_print::DisplayBacktrace as core::fmt::Display>::fmt::h623d9b51f2f453f1
[INFO] [stderr]                                  at /rustc/0e09125c6c3c2fd70d7de961bcf0e51575235fad/library/std/src/sys_common/backtrace.rs:44:22
[INFO] [stderr]      4:     0x55847b99ca20 - core::fmt::rt::Argument::fmt::h9f417ac76a86f368
[INFO] [stderr]                                  at /rustc/0e09125c6c3c2fd70d7de961bcf0e51575235fad/library/core/src/fmt/rt.rs:142:9
[INFO] [stderr]      5:     0x55847b99ca20 - core::fmt::write::hc9b6faf4ac2aeff7
[INFO] [stderr]                                  at /rustc/0e09125c6c3c2fd70d7de961bcf0e51575235fad/library/core/src/fmt/mod.rs:1120:17
[INFO] [stderr]      6:     0x55847b974f6f - std::io::Write::write_fmt::hfead1eee52c2e65e
[INFO] [stderr]                                  at /rustc/0e09125c6c3c2fd70d7de961bcf0e51575235fad/library/std/src/io/mod.rs:1810:15
[INFO] [stderr]      7:     0x55847b9772e4 - std::sys_common::backtrace::_print::hd5d66399c7df88a2
[INFO] [stderr]                                  at /rustc/0e09125c6c3c2fd70d7de961bcf0e51575235fad/library/std/src/sys_common/backtrace.rs:47:5
[INFO] [stderr]      8:     0x55847b9772e4 - std::sys_common::backtrace::print::he81ed2da642d37e5
[INFO] [stderr]                                  at /rustc/0e09125c6c3c2fd70d7de961bcf0e51575235fad/library/std/src/sys_common/backtrace.rs:34:9
[INFO] [stderr]      9:     0x55847b978bc7 - std::panicking::default_hook::{{closure}}::h85773f4fa117163d
[INFO] [stderr]     10:     0x55847b978929 - std::panicking::default_hook::h6a1694a91d09b278
[INFO] [stderr]                                  at /rustc/0e09125c6c3c2fd70d7de961bcf0e51575235fad/library/std/src/panicking.rs:292:9
[INFO] [stderr]     11:     0x55847b979058 - std::panicking::rust_panic_with_hook::h0a7ad96e90f7145b
[INFO] [stderr]                                  at /rustc/0e09125c6c3c2fd70d7de961bcf0e51575235fad/library/std/src/panicking.rs:779:13
[INFO] [stderr]     12:     0x55847b978f32 - std::panicking::begin_panic_handler::{{closure}}::h7919090525c6485e
[INFO] [stderr]                                  at /rustc/0e09125c6c3c2fd70d7de961bcf0e51575235fad/library/std/src/panicking.rs:657:13
[INFO] [stderr]     13:     0x55847b977a06 - std::sys_common::backtrace::__rust_end_short_backtrace::hf3289479464f7dfe
[INFO] [stderr]                                  at /rustc/0e09125c6c3c2fd70d7de961bcf0e51575235fad/library/std/src/sys_common/backtrace.rs:171:18
[INFO] [stderr]     14:     0x55847b978c90 - rust_begin_unwind
[INFO] [stderr]                                  at /rustc/0e09125c6c3c2fd70d7de961bcf0e51575235fad/library/std/src/panicking.rs:645:5
[INFO] [stderr]     15:     0x55847b8f6685 - core::panicking::panic_fmt::hcc9f77c5c132af55
[INFO] [stderr]                                  at /rustc/0e09125c6c3c2fd70d7de961bcf0e51575235fad/library/core/src/panicking.rs:72:14
[INFO] [stderr]     16:     0x55847b8fd5ae - build_script_main::validate_headers::hb3b00d0345e0d1ef
[INFO] [stderr]     17:     0x55847b903a95 - build_script_main::imp::try_pkg_config::h0953835049642721
[INFO] [stderr]     18:     0x55847b902944 - build_script_main::imp::find_openssl_dir::hd44b40375893368f
[INFO] [stderr]     19:     0x55847b9027e2 - build_script_main::imp::get_openssl::{{closure}}::h6e460b4904e1babf
[INFO] [stderr]     20:     0x55847b8f827f - core::option::Option<T>::unwrap_or_else::hd9c2ab55122e0760
[INFO] [stderr]     21:     0x55847b9025df - build_script_main::imp::get_openssl::h9a5bb619b4738b51
[INFO] [stderr]     22:     0x55847b8fb080 - build_script_main::main::hc85bcc912d84e6ed
[INFO] [stderr]     23:     0x55847b8ff9c3 - core::ops::function::FnOnce::call_once::h9ec3d297d5c969fc
[INFO] [stderr]     24:     0x55847b8f7476 - std::sys_common::backtrace::__rust_begin_short_backtrace::h459a23c69956267f
[INFO] [stderr]     25:     0x55847b8f7589 - std::rt::lang_start::{{closure}}::h5a2e2a8ceb043e75
[INFO] [stderr]     26:     0x55847b971261 - core::ops::function::impls::<impl core::ops::function::FnOnce<A> for &F>::call_once::h4eb4c5e1620f29b0
[INFO] [stderr]                                  at /rustc/0e09125c6c3c2fd70d7de961bcf0e51575235fad/library/core/src/ops/function.rs:284:13
[INFO] [stderr]     27:     0x55847b971261 - std::panicking::try::do_call::h73fd26535faffcdf
[INFO] [stderr]                                  at /rustc/0e09125c6c3c2fd70d7de961bcf0e51575235fad/library/std/src/panicking.rs:552:40
[INFO] [stderr]     28:     0x55847b971261 - std::panicking::try::h77ff1d98f0fb9f39
[INFO] [stderr]                                  at /rustc/0e09125c6c3c2fd70d7de961bcf0e51575235fad/library/std/src/panicking.rs:516:19
[INFO] [stderr]     29:     0x55847b971261 - std::panic::catch_unwind::hab3caf2448b95e37
[INFO] [stderr]                                  at /rustc/0e09125c6c3c2fd70d7de961bcf0e51575235fad/library/std/src/panic.rs:142:14
[INFO] [stderr]     30:     0x55847b971261 - std::rt::lang_start_internal::{{closure}}::h8086711f9c783f78
[INFO] [stderr]                                  at /rustc/0e09125c6c3c2fd70d7de961bcf0e51575235fad/library/std/src/rt.rs:148:48
[INFO] [stderr]     31:     0x55847b971261 - std::panicking::try::do_call::hf920d4dc291cd6ca
[INFO] [stderr]                                  at /rustc/0e09125c6c3c2fd70d7de961bcf0e51575235fad/library/std/src/panicking.rs:552:40
[INFO] [stderr]     32:     0x55847b971261 - std::panicking::try::h2b806ccc0a85db74
[INFO] [stderr]                                  at /rustc/0e09125c6c3c2fd70d7de961bcf0e51575235fad/library/std/src/panicking.rs:516:19
[INFO] [stderr]     33:     0x55847b971261 - std::panic::catch_unwind::h038489539c507df2
[INFO] [stderr]                                  at /rustc/0e09125c6c3c2fd70d7de961bcf0e51575235fad/library/std/src/panic.rs:142:14
[INFO] [stderr]     34:     0x55847b971261 - std::rt::lang_start_internal::h28503b88912e8a5c
[INFO] [stderr]                                  at /rustc/0e09125c6c3c2fd70d7de961bcf0e51575235fad/library/std/src/rt.rs:148:20
[INFO] [stderr]     35:     0x55847b8f7567 - std::rt::lang_start::hd71e7f8fd8dffc71
[INFO] [stderr]     36:     0x55847b8fe4d5 - main
[INFO] [stderr]     37:     0x7f42f415fd90 - <unknown>
[INFO] [stderr]     38:     0x7f42f415fe40 - __libc_start_main
[INFO] [stderr]     39:     0x55847b8f6ea5 - _start
[INFO] [stderr]     40:                0x0 - <unknown>
[INFO] [stderr] warning: build failed, waiting for other jobs to finish...
[INFO] [stdout] error[E0512]: cannot transmute between types of different sizes, or dependently-sized types
[INFO] [stdout]    --> /opt/rustwide/cargo-home/registry/src/index.crates.io-6f17d22bba15001f/socket2-0.3.8/src/sockaddr.rs:153:9
[INFO] [stdout]     |
[INFO] [stdout] 153 |         mem::transmute::<SocketAddrV4, sockaddr_in>(v4);
[INFO] [stdout]     |         ^^^^^^^^^^^^^^^^^^^^^^^^^^^^^^^^^^^^^^^^^^^
[INFO] [stdout]     |
[INFO] [stdout]     = note: source type: `SocketAddrV4` (48 bits)
[INFO] [stdout]     = note: target type: `sockaddr_in` (128 bits)
[INFO] [stdout] 
[INFO] [stdout] 
[INFO] [stdout] error: aborting due to 1 previous error
[INFO] [stdout] 
[INFO] [stdout] 
[INFO] [stdout] For more information about this error, try `rustc --explain E0512`.
[INFO] [stdout] 
[INFO] [stderr] error: could not compile `socket2` (lib) due to 2 previous errors
[INFO] running `Command { std: "docker" "inspect" "25e810f0dddc39ef7534222ef1f12f390eccab499ef33af932dfb941016239d1", kill_on_drop: false }`
[INFO] running `Command { std: "docker" "rm" "-f" "25e810f0dddc39ef7534222ef1f12f390eccab499ef33af932dfb941016239d1", kill_on_drop: false }`
[INFO] [stdout] 25e810f0dddc39ef7534222ef1f12f390eccab499ef33af932dfb941016239d1
