[INFO] cloning repository https://github.com/Byron/git-commits-by-blob
[INFO] running `Command { std: "git" "-c" "credential.helper=" "-c" "credential.helper=/workspace/cargo-home/bin/git-credential-null" "clone" "--bare" "https://github.com/Byron/git-commits-by-blob" "/workspace/cache/git-repos/https%3A%2F%2Fgithub.com%2FByron%2Fgit-commits-by-blob", kill_on_drop: false }`
[INFO] [stderr] Cloning into bare repository '/workspace/cache/git-repos/https%3A%2F%2Fgithub.com%2FByron%2Fgit-commits-by-blob'...
[INFO] running `Command { std: "git" "rev-parse" "HEAD", kill_on_drop: false }`
[INFO] [stdout] 55d988680a66e1252f144e0a2e76dccace242cf4
[INFO] documenting Byron/git-commits-by-blob against 1.75.0 for beta-1.76-rustdoc-1
[INFO] running `Command { std: "git" "clone" "/workspace/cache/git-repos/https%3A%2F%2Fgithub.com%2FByron%2Fgit-commits-by-blob" "/workspace/builds/worker-7-tc1/source", kill_on_drop: false }`
[INFO] [stderr] Cloning into '/workspace/builds/worker-7-tc1/source'...
[INFO] [stderr] done.
[INFO] validating manifest of git repo https://github.com/Byron/git-commits-by-blob on toolchain 1.75.0
[INFO] running `Command { std: CARGO_HOME="/workspace/cargo-home" RUSTUP_HOME="/workspace/rustup-home" "/workspace/cargo-home/bin/cargo" "+1.75.0" "metadata" "--manifest-path" "Cargo.toml" "--no-deps", kill_on_drop: false }`
[INFO] started tweaking git repo https://github.com/Byron/git-commits-by-blob
[INFO] finished tweaking git repo https://github.com/Byron/git-commits-by-blob
[INFO] tweaked toml for git repo https://github.com/Byron/git-commits-by-blob written to /workspace/builds/worker-7-tc1/source/Cargo.toml
[INFO] crate git repo https://github.com/Byron/git-commits-by-blob already has a lockfile, it will not be regenerated
[INFO] running `Command { std: CARGO_HOME="/workspace/cargo-home" RUSTUP_HOME="/workspace/rustup-home" "/workspace/cargo-home/bin/cargo" "+1.75.0" "fetch" "--manifest-path" "Cargo.toml", kill_on_drop: false }`
[INFO] [stderr]     Updating crates.io index
[INFO] [stderr]  Downloading crates ...
[INFO] [stderr]   Downloaded proc-macro2 v0.4.6
[INFO] [stderr]   Downloaded walkdir v2.1.4
[INFO] [stderr]   Downloaded failure_derive v0.1.1
[INFO] [stderr]   Downloaded smallvec v0.6.1
[INFO] [stderr]   Downloaded clicolors-control v0.2.0
[INFO] [stderr]   Downloaded failure v0.1.1
[INFO] [stderr]   Downloaded atty v0.2.10
[INFO] [stderr]   Downloaded matches v0.1.6
[INFO] [stderr]   Downloaded stable_deref_trait v1.0.0
[INFO] [stderr]   Downloaded pkg-config v0.3.11
[INFO] [stderr]   Downloaded cmake v0.1.31
[INFO] [stderr]   Downloaded synstructure v0.6.1
[INFO] [stderr]   Downloaded log v0.4.2
[INFO] [stderr]   Downloaded structopt-derive v0.2.10
[INFO] [stderr]   Downloaded cc v1.0.17
[INFO] [stderr]   Downloaded idna v0.1.4
[INFO] [stderr]   Downloaded indicatif v0.9.0
[INFO] [stderr]   Downloaded curl-sys v0.4.5
[INFO] [stderr]   Downloaded libssh2-sys v0.2.7
[INFO] [stderr]   Downloaded openssl-sys v0.9.32
[INFO] [stderr]   Downloaded failure-tools v4.0.2
[INFO] [stderr]   Downloaded libgit2-sys v0.7.3
[INFO] [stderr]   Downloaded backtrace-sys v0.1.23
[INFO] [stderr]   Downloaded winapi v0.3.5
[INFO] [stderr]   Downloaded libc v0.2.42
[INFO] [stderr]   Downloaded url v1.7.0
[INFO] [stderr]   Downloaded git2 v0.7.1
[INFO] [stderr]   Downloaded syn v0.14.2
[INFO] [stderr]   Downloaded structopt v0.2.10
[INFO] [stderr]   Downloaded console v0.6.1
[INFO] [stderr]   Downloaded lazy_static v1.0.1
[INFO] [stderr]   Downloaded same-file v1.0.2
[INFO] [stderr]   Downloaded cfg-if v0.1.3
[INFO] [stderr]   Downloaded quote v0.6.3
[INFO] running `Command { std: "docker" "create" "-v" "/var/lib/crater-agent-workspace/builds/worker-7-tc1/target:/opt/rustwide/target:rw,Z" "-v" "/var/lib/crater-agent-workspace/builds/worker-7-tc1/source:/opt/rustwide/workdir:ro,Z" "-v" "/var/lib/crater-agent-workspace/cargo-home:/opt/rustwide/cargo-home:ro,Z" "-v" "/var/lib/crater-agent-workspace/rustup-home:/opt/rustwide/rustup-home:ro,Z" "-e" "SOURCE_DIR=/opt/rustwide/workdir" "-e" "CARGO_TARGET_DIR=/opt/rustwide/target" "-e" "CARGO_HOME=/opt/rustwide/cargo-home" "-e" "RUSTUP_HOME=/opt/rustwide/rustup-home" "-w" "/opt/rustwide/workdir" "-m" "1610612736" "--user" "0:0" "--network" "none" "ghcr.io/rust-lang/crates-build-env/linux@sha256:2788e3201cd34a07e3172128adcd8b3090168a8e3bcc40d7c032b9dda1df7d1c" "/opt/rustwide/cargo-home/bin/cargo" "+1.75.0" "metadata" "--no-deps" "--format-version=1", kill_on_drop: false }`
[INFO] [stdout] 37cfdc751b7b506a09786c86a169745a5eef2c459498256b230c706f3d2e6733
[INFO] running `Command { std: "docker" "start" "-a" "37cfdc751b7b506a09786c86a169745a5eef2c459498256b230c706f3d2e6733", kill_on_drop: false }`
[INFO] running `Command { std: "docker" "inspect" "37cfdc751b7b506a09786c86a169745a5eef2c459498256b230c706f3d2e6733", kill_on_drop: false }`
[INFO] running `Command { std: "docker" "rm" "-f" "37cfdc751b7b506a09786c86a169745a5eef2c459498256b230c706f3d2e6733", kill_on_drop: false }`
[INFO] [stdout] 37cfdc751b7b506a09786c86a169745a5eef2c459498256b230c706f3d2e6733
[INFO] running `Command { std: "docker" "create" "-v" "/var/lib/crater-agent-workspace/builds/worker-7-tc1/target:/opt/rustwide/target:rw,Z" "-v" "/var/lib/crater-agent-workspace/builds/worker-7-tc1/source:/opt/rustwide/workdir:ro,Z" "-v" "/var/lib/crater-agent-workspace/cargo-home:/opt/rustwide/cargo-home:ro,Z" "-v" "/var/lib/crater-agent-workspace/rustup-home:/opt/rustwide/rustup-home:ro,Z" "-e" "SOURCE_DIR=/opt/rustwide/workdir" "-e" "CARGO_TARGET_DIR=/opt/rustwide/target" "-e" "CARGO_INCREMENTAL=0" "-e" "RUST_BACKTRACE=full" "-e" "RUSTFLAGS=--cap-lints=warn" "-e" "RUSTDOCFLAGS=--cap-lints=warn" "-e" "CARGO_HOME=/opt/rustwide/cargo-home" "-e" "RUSTUP_HOME=/opt/rustwide/rustup-home" "-w" "/opt/rustwide/workdir" "-m" "1610612736" "--user" "0:0" "--network" "none" "ghcr.io/rust-lang/crates-build-env/linux@sha256:2788e3201cd34a07e3172128adcd8b3090168a8e3bcc40d7c032b9dda1df7d1c" "/opt/rustwide/cargo-home/bin/cargo" "+1.75.0" "doc" "--frozen" "--no-deps" "--document-private-items" "--message-format=json", kill_on_drop: false }`
[INFO] [stdout] 2c3539c96fe4699787ba6fc9dc260de8a313ae01a2743e1745cd1ce40492ba73
[INFO] running `Command { std: "docker" "start" "-a" "2c3539c96fe4699787ba6fc9dc260de8a313ae01a2743e1745cd1ce40492ba73", kill_on_drop: false }`
[INFO] [stderr]     Checking libc v0.2.42
[INFO] [stderr]    Compiling cc v1.0.17
[INFO] [stderr]    Compiling pkg-config v0.3.11
[INFO] [stderr]    Compiling unicode-xid v0.0.4
[INFO] [stderr]     Checking unicode-width v0.1.5
[INFO] [stderr]     Checking cfg-if v0.1.3
[INFO] [stderr]     Checking void v1.0.2
[INFO] [stderr]    Compiling quote v0.3.15
[INFO] [stderr]    Compiling unicode-xid v0.1.0
[INFO] [stderr]     Checking stable_deref_trait v1.0.0
[INFO] [stderr]    Compiling regex v0.2.11
[INFO] [stderr]     Checking lazy_static v1.0.1
[INFO] [stderr]     Checking smallvec v0.6.1
[INFO] [stderr]     Checking ucd-util v0.1.1
[INFO] [stderr]     Checking matches v0.1.6
[INFO] [stderr]     Checking unicode-normalization v0.1.7
[INFO] [stderr]    Compiling synom v0.11.3
[INFO] [stderr]     Checking owning_ref v0.3.3
[INFO] [stderr]     Checking unicode-bidi v0.3.4
[INFO] [stderr]     Checking rustc-demangle v0.1.8
[INFO] [stderr]     Checking regex-syntax v0.5.6
[INFO] [stderr]     Checking bitflags v1.0.3
[INFO] [stderr]     Checking utf8-ranges v1.0.0
[INFO] [stderr]     Checking lazy_static v0.2.11
[INFO] [stderr]    Compiling syn v0.11.11
[INFO] [stderr]     Checking unreachable v1.0.0
[INFO] [stderr]     Checking textwrap v0.9.0
[INFO] [stderr]     Checking ansi_term v0.11.0
[INFO] [stderr]    Compiling proc-macro2 v0.4.6
[INFO] [stderr]     Checking strsim v0.7.0
[INFO] [stderr]     Checking percent-encoding v1.0.1
[INFO] [stderr]     Checking vec_map v0.8.1
[INFO] [stderr]     Checking log v0.4.2
[INFO] [stderr]    Compiling cmake v0.1.31
[INFO] [stderr]     Checking thread_local v0.3.5
[INFO] [stderr]     Checking openssl-probe v0.1.2
[INFO] [stderr]     Checking same-file v1.0.2
[INFO] [stderr]     Checking fixedbitset v0.1.9
[INFO] [stderr]     Checking crossbeam v0.3.2
[INFO] [stderr]     Checking walkdir v2.1.4
[INFO] [stderr]    Compiling quote v0.6.3
[INFO] [stderr]     Checking memchr v2.0.1
[INFO] [stderr]     Checking rand v0.4.2
[INFO] [stderr]     Checking termios v0.2.2
[INFO] [stderr]     Checking atty v0.2.10
[INFO] [stderr]     Checking clicolors-control v0.2.0
[INFO] [stderr]     Checking aho-corasick v0.6.4
[INFO] [stderr]     Checking num_cpus v1.8.0
[INFO] [stderr]    Compiling syn v0.14.2
[INFO] [stderr]     Checking clap v2.31.2
[INFO] [stderr]    Compiling libz-sys v1.0.18
[INFO] [stderr]    Compiling openssl-sys v0.9.32
[INFO] [stderr]    Compiling backtrace-sys v0.1.23
[INFO] [stderr]    Compiling curl-sys v0.4.5
[INFO] [stderr]    Compiling libssh2-sys v0.2.7
[INFO] [stderr]    Compiling libgit2-sys v0.7.3
[INFO] [stderr]     Checking parking_lot_core v0.2.14
[INFO] [stderr]     Checking idna v0.1.4
[INFO] [stderr] The following warnings were emitted during compilation:
[INFO] [stderr] 
[INFO] [stderr] warning: openssl-sys@0.9.32: /opt/rustwide/target/debug/build/openssl-sys-d056224c7575962c/out/expando.c:4:24: error: pasting "RUST_VERSION_OPENSSL_" and "(" does not give a valid preprocessing token
[INFO] [stderr] warning: openssl-sys@0.9.32:     4 | #define VERSION2(n, v) RUST_VERSION_ ## n ## _ ## v
[INFO] [stderr] warning: openssl-sys@0.9.32:       |                        ^~~~~~~~~~~~~
[INFO] [stderr] warning: openssl-sys@0.9.32: /opt/rustwide/target/debug/build/openssl-sys-d056224c7575962c/out/expando.c:5:23: note: in expansion of macro 'VERSION2'
[INFO] [stderr] warning: openssl-sys@0.9.32:     5 | #define VERSION(n, v) VERSION2(n, v)
[INFO] [stderr] warning: openssl-sys@0.9.32:       |                       ^~~~~~~~
[INFO] [stderr] warning: openssl-sys@0.9.32: /opt/rustwide/target/debug/build/openssl-sys-d056224c7575962c/out/expando.c:7:1: note: in expansion of macro 'VERSION'
[INFO] [stderr] warning: openssl-sys@0.9.32:     7 | VERSION(OPENSSL, OPENSSL_VERSION_NUMBER)
[INFO] [stderr] warning: openssl-sys@0.9.32:       | ^~~~~~~
[INFO] [stderr] 
[INFO] [stderr] error: failed to run custom build command for `openssl-sys v0.9.32`
[INFO] [stderr] note: To improve backtraces for build dependencies, set the CARGO_PROFILE_DEV_BUILD_OVERRIDE_DEBUG=true environment variable to enable debug information generation.
[INFO] [stderr] 
[INFO] [stderr] Caused by:
[INFO] [stderr]   process didn't exit successfully: `/opt/rustwide/target/debug/build/openssl-sys-1e5e4f0fbc0df735/build-script-main` (exit status: 101)
[INFO] [stderr]   --- stdout
[INFO] [stderr]   cargo:rerun-if-env-changed=X86_64_UNKNOWN_LINUX_GNU_OPENSSL_LIB_DIR
[INFO] [stderr]   cargo:rerun-if-env-changed=OPENSSL_LIB_DIR
[INFO] [stderr]   cargo:rerun-if-env-changed=X86_64_UNKNOWN_LINUX_GNU_OPENSSL_INCLUDE_DIR
[INFO] [stderr]   cargo:rerun-if-env-changed=OPENSSL_INCLUDE_DIR
[INFO] [stderr]   cargo:rerun-if-env-changed=X86_64_UNKNOWN_LINUX_GNU_OPENSSL_DIR
[INFO] [stderr]   cargo:rerun-if-env-changed=OPENSSL_DIR
[INFO] [stderr]   cargo:rustc-link-lib=ssl
[INFO] [stderr]   cargo:rustc-link-lib=crypto
[INFO] [stderr]   OPT_LEVEL = Some("0")
[INFO] [stderr]   TARGET = Some("x86_64-unknown-linux-gnu")
[INFO] [stderr]   HOST = Some("x86_64-unknown-linux-gnu")
[INFO] [stderr]   TARGET = Some("x86_64-unknown-linux-gnu")
[INFO] [stderr]   TARGET = Some("x86_64-unknown-linux-gnu")
[INFO] [stderr]   HOST = Some("x86_64-unknown-linux-gnu")
[INFO] [stderr]   CC_x86_64-unknown-linux-gnu = None
[INFO] [stderr]   CC_x86_64_unknown_linux_gnu = None
[INFO] [stderr]   HOST_CC = None
[INFO] [stderr]   CC = None
[INFO] [stderr]   HOST = Some("x86_64-unknown-linux-gnu")
[INFO] [stderr]   TARGET = Some("x86_64-unknown-linux-gnu")
[INFO] [stderr]   HOST = Some("x86_64-unknown-linux-gnu")
[INFO] [stderr]   CFLAGS_x86_64-unknown-linux-gnu = None
[INFO] [stderr]   CFLAGS_x86_64_unknown_linux_gnu = None
[INFO] [stderr]   HOST_CFLAGS = None
[INFO] [stderr]   CFLAGS = None
[INFO] [stderr]   DEBUG = Some("true")
[INFO] [stderr]   running: "cc" "-O0" "-ffunction-sections" "-fdata-sections" "-fPIC" "-g" "-m64" "-Wall" "-Wextra" "-E" "/opt/rustwide/target/debug/build/openssl-sys-d056224c7575962c/out/expando.c"
[INFO] [stderr]   cargo:warning=/opt/rustwide/target/debug/build/openssl-sys-d056224c7575962c/out/expando.c:4:24: error: pasting "RUST_VERSION_OPENSSL_" and "(" does not give a valid preprocessing token
[INFO] [stderr]   cargo:warning=    4 | #define VERSION2(n, v) RUST_VERSION_ ## n ## _ ## v
[INFO] [stderr]   cargo:warning=      |                        ^~~~~~~~~~~~~
[INFO] [stderr]   cargo:warning=/opt/rustwide/target/debug/build/openssl-sys-d056224c7575962c/out/expando.c:5:23: note: in expansion of macro 'VERSION2'
[INFO] [stderr]   cargo:warning=    5 | #define VERSION(n, v) VERSION2(n, v)
[INFO] [stderr]   cargo:warning=      |                       ^~~~~~~~
[INFO] [stderr]   cargo:warning=/opt/rustwide/target/debug/build/openssl-sys-d056224c7575962c/out/expando.c:7:1: note: in expansion of macro 'VERSION'
[INFO] [stderr]   cargo:warning=    7 | VERSION(OPENSSL, OPENSSL_VERSION_NUMBER)
[INFO] [stderr]   cargo:warning=      | ^~~~~~~
[INFO] [stderr]   exit status: 1
[INFO] [stderr] 
[INFO] [stderr]   --- stderr
[INFO] [stderr]   thread 'main' panicked at /opt/rustwide/cargo-home/registry/src/index.crates.io-6f17d22bba15001f/openssl-sys-0.9.32/build/main.rs:379:13:
[INFO] [stderr] 
[INFO] [stderr]   Header expansion error:
[INFO] [stderr]   Error { kind: ToolExecError, message: "Command \"cc\" \"-O0\" \"-ffunction-sections\" \"-fdata-sections\" \"-fPIC\" \"-g\" \"-m64\" \"-Wall\" \"-Wextra\" \"-E\" \"/opt/rustwide/target/debug/build/openssl-sys-d056224c7575962c/out/expando.c\" with args \"cc\" did not execute successfully (status code exit status: 1)." }
[INFO] [stderr] 
[INFO] [stderr]   Failed to find OpenSSL development headers.
[INFO] [stderr] 
[INFO] [stderr]   You can try fixing this setting the `OPENSSL_DIR` environment variable
[INFO] [stderr]   pointing to your OpenSSL installation or installing OpenSSL headers package
[INFO] [stderr]   specific to your distribution:
[INFO] [stderr] 
[INFO] [stderr]       # On Ubuntu
[INFO] [stderr]       sudo apt-get install libssl-dev
[INFO] [stderr]       # On Arch Linux
[INFO] [stderr]       sudo pacman -S openssl
[INFO] [stderr]       # On Fedora
[INFO] [stderr]       sudo dnf install openssl-devel
[INFO] [stderr] 
[INFO] [stderr]   See rust-openssl README for more information:
[INFO] [stderr] 
[INFO] [stderr]       https://github.com/sfackler/rust-openssl#linux
[INFO] [stderr] 
[INFO] [stderr]   stack backtrace:
[INFO] [stderr]      0:     0x560f7cb0e0ec - std::backtrace_rs::backtrace::libunwind::trace::ha637c64ce894333a
[INFO] [stderr]                                  at /rustc/82e1608dfa6e0b5569232559e3d385fea5a93112/library/std/src/../../backtrace/src/backtrace/libunwind.rs:104:5
[INFO] [stderr]      1:     0x560f7cb0e0ec - std::backtrace_rs::backtrace::trace_unsynchronized::h47f62dea28e0c88d
[INFO] [stderr]                                  at /rustc/82e1608dfa6e0b5569232559e3d385fea5a93112/library/std/src/../../backtrace/src/backtrace/mod.rs:66:5
[INFO] [stderr]      2:     0x560f7cb0e0ec - std::sys_common::backtrace::_print_fmt::h9eef0abe20ede486
[INFO] [stderr]                                  at /rustc/82e1608dfa6e0b5569232559e3d385fea5a93112/library/std/src/sys_common/backtrace.rs:67:5
[INFO] [stderr]      3:     0x560f7cb0e0ec - <std::sys_common::backtrace::_print::DisplayBacktrace as core::fmt::Display>::fmt::hed7f999df88cc644
[INFO] [stderr]                                  at /rustc/82e1608dfa6e0b5569232559e3d385fea5a93112/library/std/src/sys_common/backtrace.rs:44:22
[INFO] [stderr]      4:     0x560f7cb34220 - core::fmt::rt::Argument::fmt::h1539a9308b8d058d
[INFO] [stderr]                                  at /rustc/82e1608dfa6e0b5569232559e3d385fea5a93112/library/core/src/fmt/rt.rs:142:9
[INFO] [stderr]      5:     0x560f7cb34220 - core::fmt::write::h3a39390d8560d9c9
[INFO] [stderr]                                  at /rustc/82e1608dfa6e0b5569232559e3d385fea5a93112/library/core/src/fmt/mod.rs:1120:17
[INFO] [stderr]      6:     0x560f7cb0ba2f - std::io::Write::write_fmt::h5fc9997dfe05f882
[INFO] [stderr]                                  at /rustc/82e1608dfa6e0b5569232559e3d385fea5a93112/library/std/src/io/mod.rs:1762:15
[INFO] [stderr]      7:     0x560f7cb0ded4 - std::sys_common::backtrace::_print::h894006fb5c6f3d45
[INFO] [stderr]                                  at /rustc/82e1608dfa6e0b5569232559e3d385fea5a93112/library/std/src/sys_common/backtrace.rs:47:5
[INFO] [stderr]      8:     0x560f7cb0ded4 - std::sys_common::backtrace::print::h23a2d212c6fff936
[INFO] [stderr]                                  at /rustc/82e1608dfa6e0b5569232559e3d385fea5a93112/library/std/src/sys_common/backtrace.rs:34:9
[INFO] [stderr]      9:     0x560f7cb0f6e7 - std::panicking::default_hook::{{closure}}::h8a1d2ee00185001a
[INFO] [stderr]     10:     0x560f7cb0f44f - std::panicking::default_hook::h6038f2eba384e475
[INFO] [stderr]                                  at /rustc/82e1608dfa6e0b5569232559e3d385fea5a93112/library/std/src/panicking.rs:292:9
[INFO] [stderr]     11:     0x560f7cb0fb68 - std::panicking::rust_panic_with_hook::h2b5517d590cab22e
[INFO] [stderr]                                  at /rustc/82e1608dfa6e0b5569232559e3d385fea5a93112/library/std/src/panicking.rs:779:13
[INFO] [stderr]     12:     0x560f7cb0fa4e - std::panicking::begin_panic_handler::{{closure}}::h233112c06e0ef43e
[INFO] [stderr]                                  at /rustc/82e1608dfa6e0b5569232559e3d385fea5a93112/library/std/src/panicking.rs:657:13
[INFO] [stderr]     13:     0x560f7cb0e5b6 - std::sys_common::backtrace::__rust_end_short_backtrace::h6e893f24d7ebbff8
[INFO] [stderr]                                  at /rustc/82e1608dfa6e0b5569232559e3d385fea5a93112/library/std/src/sys_common/backtrace.rs:170:18
[INFO] [stderr]     14:     0x560f7cb0f7b2 - rust_begin_unwind
[INFO] [stderr]                                  at /rustc/82e1608dfa6e0b5569232559e3d385fea5a93112/library/std/src/panicking.rs:645:5
[INFO] [stderr]     15:     0x560f7ca92685 - core::panicking::panic_fmt::hbf0e066aabfa482c
[INFO] [stderr]                                  at /rustc/82e1608dfa6e0b5569232559e3d385fea5a93112/library/core/src/panicking.rs:72:14
[INFO] [stderr]     16:     0x560f7ca9af8f - build_script_main::validate_headers::hb59d4b0f8519b5bd
[INFO] [stderr]     17:     0x560f7ca9975f - build_script_main::try_pkg_config::hcc2d45dcbd728d0e
[INFO] [stderr]     18:     0x560f7ca98624 - build_script_main::find_openssl_dir::h395e255dffd571e6
[INFO] [stderr]     19:     0x560f7ca98498 - build_script_main::main::{{closure}}::h6364ef275090ae98
[INFO] [stderr]     20:     0x560f7ca94799 - core::option::Option<T>::unwrap_or_else::ha4525212138cd271
[INFO] [stderr]     21:     0x560f7ca97551 - build_script_main::main::h9cacbe386ae2b0b7
[INFO] [stderr]     22:     0x560f7ca93c93 - core::ops::function::FnOnce::call_once::h15b6de8d6b2e890e
[INFO] [stderr]     23:     0x560f7ca9cb26 - std::sys_common::backtrace::__rust_begin_short_backtrace::h6a48facfb1ae9198
[INFO] [stderr]     24:     0x560f7ca93919 - std::rt::lang_start::{{closure}}::hac72c73a24df5868
[INFO] [stderr]     25:     0x560f7cb07f77 - core::ops::function::impls::<impl core::ops::function::FnOnce<A> for &F>::call_once::hd95060ecd5e1ca24
[INFO] [stderr]                                  at /rustc/82e1608dfa6e0b5569232559e3d385fea5a93112/library/core/src/ops/function.rs:284:13
[INFO] [stderr]     26:     0x560f7cb07f77 - std::panicking::try::do_call::h6e8cf51db32a6e4b
[INFO] [stderr]                                  at /rustc/82e1608dfa6e0b5569232559e3d385fea5a93112/library/std/src/panicking.rs:552:40
[INFO] [stderr]     27:     0x560f7cb07f77 - std::panicking::try::h3a52eefe24fe3c29
[INFO] [stderr]                                  at /rustc/82e1608dfa6e0b5569232559e3d385fea5a93112/library/std/src/panicking.rs:516:19
[INFO] [stderr]     28:     0x560f7cb07f77 - std::panic::catch_unwind::h24c28c23c02c3841
[INFO] [stderr]                                  at /rustc/82e1608dfa6e0b5569232559e3d385fea5a93112/library/std/src/panic.rs:142:14
[INFO] [stderr]     29:     0x560f7cb07f77 - std::rt::lang_start_internal::{{closure}}::h705d3c9cbc06ef47
[INFO] [stderr]                                  at /rustc/82e1608dfa6e0b5569232559e3d385fea5a93112/library/std/src/rt.rs:148:48
[INFO] [stderr]     30:     0x560f7cb07f77 - std::panicking::try::do_call::ha21f52ba13158470
[INFO] [stderr]                                  at /rustc/82e1608dfa6e0b5569232559e3d385fea5a93112/library/std/src/panicking.rs:552:40
[INFO] [stderr]     31:     0x560f7cb07f77 - std::panicking::try::h5581346bf6aeb1f8
[INFO] [stderr]                                  at /rustc/82e1608dfa6e0b5569232559e3d385fea5a93112/library/std/src/panicking.rs:516:19
[INFO] [stderr]     32:     0x560f7cb07f77 - std::panic::catch_unwind::h7919645a6b72e25b
[INFO] [stderr]                                  at /rustc/82e1608dfa6e0b5569232559e3d385fea5a93112/library/std/src/panic.rs:142:14
[INFO] [stderr]     33:     0x560f7cb07f77 - std::rt::lang_start_internal::h12de51168669836e
[INFO] [stderr]                                  at /rustc/82e1608dfa6e0b5569232559e3d385fea5a93112/library/std/src/rt.rs:148:20
[INFO] [stderr]     34:     0x560f7ca938f7 - std::rt::lang_start::hd36e9a2cf15759bf
[INFO] [stderr]     35:     0x560f7ca9c195 - main
[INFO] [stderr]     36:     0x7f22714edd90 - <unknown>
[INFO] [stderr]     37:     0x7f22714ede40 - __libc_start_main
[INFO] [stderr]     38:     0x560f7ca92e95 - _start
[INFO] [stderr]     39:                0x0 - <unknown>
[INFO] [stderr] warning: build failed, waiting for other jobs to finish...
[INFO] running `Command { std: "docker" "inspect" "2c3539c96fe4699787ba6fc9dc260de8a313ae01a2743e1745cd1ce40492ba73", kill_on_drop: false }`
[INFO] running `Command { std: "docker" "rm" "-f" "2c3539c96fe4699787ba6fc9dc260de8a313ae01a2743e1745cd1ce40492ba73", kill_on_drop: false }`
[INFO] [stdout] 2c3539c96fe4699787ba6fc9dc260de8a313ae01a2743e1745cd1ce40492ba73
