[INFO] cloning repository https://github.com/BygoneWorlds/telepipe
[INFO] running `Command { std: "git" "-c" "credential.helper=" "-c" "credential.helper=/workspace/cargo-home/bin/git-credential-null" "clone" "--bare" "https://github.com/BygoneWorlds/telepipe" "/workspace/cache/git-repos/https%3A%2F%2Fgithub.com%2FBygoneWorlds%2Ftelepipe", kill_on_drop: false }`
[INFO] [stderr] Cloning into bare repository '/workspace/cache/git-repos/https%3A%2F%2Fgithub.com%2FBygoneWorlds%2Ftelepipe'...
[INFO] running `Command { std: "git" "rev-parse" "HEAD", kill_on_drop: false }`
[INFO] [stdout] de81c3ab964f4e2fdc4f82d7f1fb153cca2241aa
[INFO] documenting BygoneWorlds/telepipe against 1.75.0 for beta-1.76-rustdoc-1
[INFO] running `Command { std: "git" "clone" "/workspace/cache/git-repos/https%3A%2F%2Fgithub.com%2FBygoneWorlds%2Ftelepipe" "/workspace/builds/worker-2-tc1/source", kill_on_drop: false }`
[INFO] [stderr] Cloning into '/workspace/builds/worker-2-tc1/source'...
[INFO] [stderr] done.
[INFO] validating manifest of git repo https://github.com/BygoneWorlds/telepipe on toolchain 1.75.0
[INFO] running `Command { std: CARGO_HOME="/workspace/cargo-home" RUSTUP_HOME="/workspace/rustup-home" "/workspace/cargo-home/bin/cargo" "+1.75.0" "metadata" "--manifest-path" "Cargo.toml" "--no-deps", kill_on_drop: false }`
[INFO] started tweaking git repo https://github.com/BygoneWorlds/telepipe
[INFO] finished tweaking git repo https://github.com/BygoneWorlds/telepipe
[INFO] tweaked toml for git repo https://github.com/BygoneWorlds/telepipe written to /workspace/builds/worker-2-tc1/source/Cargo.toml
[INFO] crate git repo https://github.com/BygoneWorlds/telepipe already has a lockfile, it will not be regenerated
[INFO] running `Command { std: CARGO_HOME="/workspace/cargo-home" RUSTUP_HOME="/workspace/rustup-home" "/workspace/cargo-home/bin/cargo" "+1.75.0" "fetch" "--manifest-path" "Cargo.toml", kill_on_drop: false }`
[INFO] [stderr]     Updating crates.io index
[INFO] [stderr]  Downloading crates ...
[INFO] [stderr]   Downloaded env_logger v0.3.3
[INFO] [stderr]   Downloaded matches v0.1.2
[INFO] [stderr]   Downloaded libc v0.2.13
[INFO] [stderr]   Downloaded unicode-width v0.1.3
[INFO] [stderr]   Downloaded rand v0.3.14
[INFO] [stderr]   Downloaded vec_map v0.6.0
[INFO] [stderr]   Downloaded encoding v0.2.32
[INFO] [stderr]   Downloaded rustc-serialize v0.3.19
[INFO] [stderr]   Downloaded log v0.3.6
[INFO] [stderr]   Downloaded thread_local v0.2.6
[INFO] [stderr]   Downloaded strsim v0.4.1
[INFO] [stderr]   Downloaded idna v0.1.0
[INFO] [stderr]   Downloaded winapi v0.2.7
[INFO] [stderr]   Downloaded unicode-normalization v0.1.2
[INFO] [stderr]   Downloaded aho-corasick v0.5.2
[INFO] [stderr]   Downloaded unicode-bidi v0.2.3
[INFO] [stderr]   Downloaded term_size v0.1.0
[INFO] [stderr]   Downloaded resolve v0.1.2
[INFO] [stderr]   Downloaded clap v2.9.2
[INFO] [stderr]   Downloaded regex v0.1.71
[INFO] [stderr]   Downloaded regex-syntax v0.3.3
[INFO] running `Command { std: "docker" "create" "-v" "/var/lib/crater-agent-workspace/builds/worker-2-tc1/target:/opt/rustwide/target:rw,Z" "-v" "/var/lib/crater-agent-workspace/builds/worker-2-tc1/source:/opt/rustwide/workdir:ro,Z" "-v" "/var/lib/crater-agent-workspace/cargo-home:/opt/rustwide/cargo-home:ro,Z" "-v" "/var/lib/crater-agent-workspace/rustup-home:/opt/rustwide/rustup-home:ro,Z" "-e" "SOURCE_DIR=/opt/rustwide/workdir" "-e" "CARGO_TARGET_DIR=/opt/rustwide/target" "-e" "CARGO_HOME=/opt/rustwide/cargo-home" "-e" "RUSTUP_HOME=/opt/rustwide/rustup-home" "-w" "/opt/rustwide/workdir" "-m" "1610612736" "--user" "0:0" "--network" "none" "ghcr.io/rust-lang/crates-build-env/linux@sha256:2788e3201cd34a07e3172128adcd8b3090168a8e3bcc40d7c032b9dda1df7d1c" "/opt/rustwide/cargo-home/bin/cargo" "+1.75.0" "metadata" "--no-deps" "--format-version=1", kill_on_drop: false }`
[INFO] [stdout] 57454dcda82cd2109a1225de2e39df9ab46628e39a6a26b0b819b466a0900c7a
[INFO] running `Command { std: "docker" "start" "-a" "57454dcda82cd2109a1225de2e39df9ab46628e39a6a26b0b819b466a0900c7a", kill_on_drop: false }`
[INFO] running `Command { std: "docker" "inspect" "57454dcda82cd2109a1225de2e39df9ab46628e39a6a26b0b819b466a0900c7a", kill_on_drop: false }`
[INFO] running `Command { std: "docker" "rm" "-f" "57454dcda82cd2109a1225de2e39df9ab46628e39a6a26b0b819b466a0900c7a", kill_on_drop: false }`
[INFO] [stdout] 57454dcda82cd2109a1225de2e39df9ab46628e39a6a26b0b819b466a0900c7a
[INFO] running `Command { std: "docker" "create" "-v" "/var/lib/crater-agent-workspace/builds/worker-2-tc1/target:/opt/rustwide/target:rw,Z" "-v" "/var/lib/crater-agent-workspace/builds/worker-2-tc1/source:/opt/rustwide/workdir:ro,Z" "-v" "/var/lib/crater-agent-workspace/cargo-home:/opt/rustwide/cargo-home:ro,Z" "-v" "/var/lib/crater-agent-workspace/rustup-home:/opt/rustwide/rustup-home:ro,Z" "-e" "SOURCE_DIR=/opt/rustwide/workdir" "-e" "CARGO_TARGET_DIR=/opt/rustwide/target" "-e" "CARGO_INCREMENTAL=0" "-e" "RUST_BACKTRACE=full" "-e" "RUSTFLAGS=--cap-lints=warn" "-e" "RUSTDOCFLAGS=--cap-lints=warn" "-e" "CARGO_HOME=/opt/rustwide/cargo-home" "-e" "RUSTUP_HOME=/opt/rustwide/rustup-home" "-w" "/opt/rustwide/workdir" "-m" "1610612736" "--user" "0:0" "--network" "none" "ghcr.io/rust-lang/crates-build-env/linux@sha256:2788e3201cd34a07e3172128adcd8b3090168a8e3bcc40d7c032b9dda1df7d1c" "/opt/rustwide/cargo-home/bin/cargo" "+1.75.0" "doc" "--frozen" "--no-deps" "--document-private-items" "--message-format=json", kill_on_drop: false }`
[INFO] [stdout] 3d40dd4dd002d9797abda0ce75e02ac3d79350040ef9de10a600259465fdbbd7
[INFO] running `Command { std: "docker" "start" "-a" "3d40dd4dd002d9797abda0ce75e02ac3d79350040ef9de10a600259465fdbbd7", kill_on_drop: false }`
[INFO] [stderr]     Checking libc v0.2.13
[INFO] [stderr]    Compiling winapi-build v0.1.1
[INFO] [stderr]     Checking encoding_index_tests v0.1.4
[INFO] [stderr]     Checking winapi v0.2.7
[INFO] [stderr]     Checking matches v0.1.2
[INFO] [stderr]     Checking utf8-ranges v0.1.3
[INFO] [stderr]     Checking regex-syntax v0.3.3
[INFO] [stderr]     Checking unicode-normalization v0.1.2
[INFO] [stderr]     Checking unicode-bidi v0.2.3
[INFO] [stderr]     Checking log v0.3.6
[INFO] [stderr]     Checking encoding-index-singlebyte v1.20141219.5
[INFO] [stderr]    Compiling kernel32-sys v0.2.2
[INFO] [stderr]     Checking encoding-index-korean v1.20141219.5
[INFO] [stderr]     Checking encoding-index-tradchinese v1.20141219.5
[INFO] [stderr]     Checking encoding-index-japanese v1.20141219.5
[INFO] [stderr]     Checking encoding-index-simpchinese v1.20141219.5
[INFO] [stderr]     Checking memchr v0.1.11
[INFO] [stderr]     Checking aho-corasick v0.5.2
[INFO] [stderr]     Checking term_size v0.1.0
[INFO] [stderr]     Checking rand v0.3.14
[INFO] [stderr]     Checking ansi_term v0.7.5
[INFO] [stderr]     Checking strsim v0.4.1
[INFO] [stderr]     Checking thread-id v2.0.0
[INFO] [stderr]     Checking vec_map v0.6.0
[INFO] [stderr]     Checking thread_local v0.2.6
[INFO] [stderr]     Checking unicode-width v0.1.3
[INFO] [stderr]     Checking bitflags v0.5.0
[INFO] [stderr]     Checking rustc-serialize v0.3.19
[INFO] [stderr]     Checking encoding v0.2.32
[INFO] [stderr]     Checking byteorder v0.5.3
[INFO] [stderr]     Checking clap v2.9.2
[INFO] [stderr]     Checking idna v0.1.0
[INFO] [stdout] error[E0642]: patterns aren't allowed in functions without bodies
[INFO] [stdout]    --> /opt/rustwide/cargo-home/registry/src/index.crates.io-6f17d22bba15001f/rustc-serialize-0.3.19/src/serialize.rs:147:45
[INFO] [stdout]     |
[INFO] [stdout] 147 | ...                   &f_name: &str,
[INFO] [stdout]     |                       ^^^^^^^ pattern not allowed in function without body
[INFO] [stdout] 
[INFO] [stdout] 
[INFO] [stderr]     Checking regex v0.1.71
[INFO] [stderr]     Checking resolve v0.1.2
[INFO] [stderr]     Checking env_logger v0.3.3
[INFO] [stdout] error: aborting due to previous error
[INFO] [stdout] 
[INFO] [stdout] 
[INFO] [stdout] For more information about this error, try `rustc --explain E0642`.
[INFO] [stdout] 
[INFO] [stderr] error: could not compile `rustc-serialize` (lib) due to 2 previous errors; 1 warning emitted
[INFO] [stderr] warning: build failed, waiting for other jobs to finish...
[INFO] running `Command { std: "docker" "inspect" "3d40dd4dd002d9797abda0ce75e02ac3d79350040ef9de10a600259465fdbbd7", kill_on_drop: false }`
[INFO] running `Command { std: "docker" "rm" "-f" "3d40dd4dd002d9797abda0ce75e02ac3d79350040ef9de10a600259465fdbbd7", kill_on_drop: false }`
[INFO] [stdout] 3d40dd4dd002d9797abda0ce75e02ac3d79350040ef9de10a600259465fdbbd7
[INFO] documenting BygoneWorlds/telepipe against beta-2023-12-22 for beta-1.76-rustdoc-1
[INFO] running `Command { std: "git" "clone" "/workspace/cache/git-repos/https%3A%2F%2Fgithub.com%2FBygoneWorlds%2Ftelepipe" "/workspace/builds/worker-2-tc2/source", kill_on_drop: false }`
[INFO] [stderr] Cloning into '/workspace/builds/worker-2-tc2/source'...
[INFO] [stderr] done.
[INFO] validating manifest of git repo https://github.com/BygoneWorlds/telepipe on toolchain beta-2023-12-22
[INFO] running `Command { std: CARGO_HOME="/workspace/cargo-home" RUSTUP_HOME="/workspace/rustup-home" "/workspace/cargo-home/bin/cargo" "+beta-2023-12-22" "metadata" "--manifest-path" "Cargo.toml" "--no-deps", kill_on_drop: false }`
[INFO] started tweaking git repo https://github.com/BygoneWorlds/telepipe
[INFO] finished tweaking git repo https://github.com/BygoneWorlds/telepipe
[INFO] tweaked toml for git repo https://github.com/BygoneWorlds/telepipe written to /workspace/builds/worker-2-tc2/source/Cargo.toml
[INFO] crate git repo https://github.com/BygoneWorlds/telepipe already has a lockfile, it will not be regenerated
[INFO] running `Command { std: CARGO_HOME="/workspace/cargo-home" RUSTUP_HOME="/workspace/rustup-home" "/workspace/cargo-home/bin/cargo" "+beta-2023-12-22" "fetch" "--manifest-path" "Cargo.toml", kill_on_drop: false }`
[INFO] running `Command { std: "docker" "create" "-v" "/var/lib/crater-agent-workspace/builds/worker-2-tc2/target:/opt/rustwide/target:rw,Z" "-v" "/var/lib/crater-agent-workspace/builds/worker-2-tc2/source:/opt/rustwide/workdir:ro,Z" "-v" "/var/lib/crater-agent-workspace/cargo-home:/opt/rustwide/cargo-home:ro,Z" "-v" "/var/lib/crater-agent-workspace/rustup-home:/opt/rustwide/rustup-home:ro,Z" "-e" "SOURCE_DIR=/opt/rustwide/workdir" "-e" "CARGO_TARGET_DIR=/opt/rustwide/target" "-e" "CARGO_HOME=/opt/rustwide/cargo-home" "-e" "RUSTUP_HOME=/opt/rustwide/rustup-home" "-w" "/opt/rustwide/workdir" "-m" "1610612736" "--user" "0:0" "--network" "none" "ghcr.io/rust-lang/crates-build-env/linux@sha256:2788e3201cd34a07e3172128adcd8b3090168a8e3bcc40d7c032b9dda1df7d1c" "/opt/rustwide/cargo-home/bin/cargo" "+beta-2023-12-22" "metadata" "--no-deps" "--format-version=1", kill_on_drop: false }`
[INFO] [stdout] 6b48529e1fbab030accfc0f0ea68c5bd705fb5763cd68f476e9f871aab09501a
[INFO] running `Command { std: "docker" "start" "-a" "6b48529e1fbab030accfc0f0ea68c5bd705fb5763cd68f476e9f871aab09501a", kill_on_drop: false }`
[INFO] running `Command { std: "docker" "inspect" "6b48529e1fbab030accfc0f0ea68c5bd705fb5763cd68f476e9f871aab09501a", kill_on_drop: false }`
[INFO] running `Command { std: "docker" "rm" "-f" "6b48529e1fbab030accfc0f0ea68c5bd705fb5763cd68f476e9f871aab09501a", kill_on_drop: false }`
[INFO] [stdout] 6b48529e1fbab030accfc0f0ea68c5bd705fb5763cd68f476e9f871aab09501a
[INFO] running `Command { std: "docker" "create" "-v" "/var/lib/crater-agent-workspace/builds/worker-2-tc2/target:/opt/rustwide/target:rw,Z" "-v" "/var/lib/crater-agent-workspace/builds/worker-2-tc2/source:/opt/rustwide/workdir:ro,Z" "-v" "/var/lib/crater-agent-workspace/cargo-home:/opt/rustwide/cargo-home:ro,Z" "-v" "/var/lib/crater-agent-workspace/rustup-home:/opt/rustwide/rustup-home:ro,Z" "-e" "SOURCE_DIR=/opt/rustwide/workdir" "-e" "CARGO_TARGET_DIR=/opt/rustwide/target" "-e" "CARGO_INCREMENTAL=0" "-e" "RUST_BACKTRACE=full" "-e" "RUSTFLAGS=--cap-lints=warn" "-e" "RUSTDOCFLAGS=--cap-lints=warn" "-e" "CARGO_HOME=/opt/rustwide/cargo-home" "-e" "RUSTUP_HOME=/opt/rustwide/rustup-home" "-w" "/opt/rustwide/workdir" "-m" "1610612736" "--user" "0:0" "--network" "none" "ghcr.io/rust-lang/crates-build-env/linux@sha256:2788e3201cd34a07e3172128adcd8b3090168a8e3bcc40d7c032b9dda1df7d1c" "/opt/rustwide/cargo-home/bin/cargo" "+beta-2023-12-22" "doc" "--frozen" "--no-deps" "--document-private-items" "--message-format=json", kill_on_drop: false }`
[INFO] [stdout] 5f8e6924019aa146bab8bde7c4e9af77886d3e51075153fc0d0e4d54da9f24f9
[INFO] running `Command { std: "docker" "start" "-a" "5f8e6924019aa146bab8bde7c4e9af77886d3e51075153fc0d0e4d54da9f24f9", kill_on_drop: false }`
[INFO] [stderr]     Checking libc v0.2.13
[INFO] [stderr]    Compiling winapi-build v0.1.1
[INFO] [stderr]     Checking encoding_index_tests v0.1.4
[INFO] [stderr]     Checking winapi v0.2.7
[INFO] [stderr]     Checking matches v0.1.2
[INFO] [stderr]     Checking log v0.3.6
[INFO] [stderr]     Checking unicode-normalization v0.1.2
[INFO] [stderr]     Checking utf8-ranges v0.1.3
[INFO] [stderr]     Checking regex-syntax v0.3.3
[INFO] [stderr]     Checking encoding-index-tradchinese v1.20141219.5
[INFO] [stderr]     Checking unicode-bidi v0.2.3
[INFO] [stderr]     Checking encoding-index-korean v1.20141219.5
[INFO] [stderr]     Checking encoding-index-japanese v1.20141219.5
[INFO] [stderr]    Compiling kernel32-sys v0.2.2
[INFO] [stderr]     Checking memchr v0.1.11
[INFO] [stderr]     Checking rand v0.3.14
[INFO] [stderr]     Checking aho-corasick v0.5.2
[INFO] [stderr]     Checking term_size v0.1.0
[INFO] [stderr]     Checking encoding-index-singlebyte v1.20141219.5
[INFO] [stderr]     Checking encoding-index-simpchinese v1.20141219.5
[INFO] [stderr]     Checking rustc-serialize v0.3.19
[INFO] [stderr]     Checking thread-id v2.0.0
[INFO] [stderr]     Checking thread_local v0.2.6
[INFO] [stderr]     Checking unicode-width v0.1.3
[INFO] [stderr]     Checking strsim v0.4.1
[INFO] [stdout] error[E0642]: patterns aren't allowed in functions without bodies
[INFO] [stdout]    --> /opt/rustwide/cargo-home/registry/src/index.crates.io-6f17d22bba15001f/rustc-serialize-0.3.19/src/serialize.rs:147:45
[INFO] [stdout]     |
[INFO] [stdout] 147 | ...                   &f_name: &str,
[INFO] [stdout]     |                       ^^^^^^^ pattern not allowed in function without body
[INFO] [stdout] 
[INFO] [stdout] 
[INFO] [stderr]     Checking bitflags v0.5.0
[INFO] [stderr]     Checking ansi_term v0.7.5
[INFO] [stderr]     Checking vec_map v0.6.0
[INFO] [stderr]     Checking byteorder v0.5.3
[INFO] [stderr]     Checking idna v0.1.0
[INFO] [stderr]     Checking encoding v0.2.32
[INFO] [stdout] error[E0310]: the parameter type `T` may not live long enough
[INFO] [stdout]    --> /opt/rustwide/cargo-home/registry/src/index.crates.io-6f17d22bba15001f/rustc-serialize-0.3.19/src/serialize.rs:454:5
[INFO] [stdout]     |
[INFO] [stdout] 454 |     fn decode<D: Decoder>(d: &mut D) -> Result<Cow<'static, T>, D::Error> {
[INFO] [stdout]     |     ^^^^^^^^^^^^^^^^^^^^^^^^^^^^^^^^^^^^^^^^^^^^^^^^^^^^^^^^^^^^^^^^^^^^^
[INFO] [stdout]     |     |
[INFO] [stdout]     |     the parameter type `T` must be valid for the static lifetime...
[INFO] [stdout]     |     ...so that the type `T` will meet its required lifetime bounds...
[INFO] [stdout]     |
[INFO] [stdout] note: ...that is required by this bound
[INFO] [stdout]    --> /rustc/0e09125c6c3c2fd70d7de961bcf0e51575235fad/library/alloc/src/borrow.rs:180:30
[INFO] [stdout] help: consider adding an explicit lifetime bound
[INFO] [stdout]     |
[INFO] [stdout] 450 | impl<'a, T: ?Sized + 'static> Decodable for Cow<'a, T>
[INFO] [stdout]     |                    +++++++++
[INFO] [stdout] 
[INFO] [stdout] 
[INFO] [stderr]     Checking clap v2.9.2
[INFO] [stderr]     Checking regex v0.1.71
[INFO] [stderr]     Checking resolve v0.1.2
[INFO] [stderr]     Checking env_logger v0.3.3
[INFO] [stdout] error: aborting due to 2 previous errors
[INFO] [stdout] 
[INFO] [stdout] 
[INFO] [stdout] Some errors have detailed explanations: E0310, E0642.
[INFO] [stdout] 
[INFO] [stdout] For more information about an error, try `rustc --explain E0310`.
[INFO] [stdout] 
[INFO] [stderr] error: could not compile `rustc-serialize` (lib) due to 3 previous errors
[INFO] [stderr] warning: build failed, waiting for other jobs to finish...
[INFO] running `Command { std: "docker" "inspect" "5f8e6924019aa146bab8bde7c4e9af77886d3e51075153fc0d0e4d54da9f24f9", kill_on_drop: false }`
[INFO] running `Command { std: "docker" "rm" "-f" "5f8e6924019aa146bab8bde7c4e9af77886d3e51075153fc0d0e4d54da9f24f9", kill_on_drop: false }`
[INFO] [stdout] 5f8e6924019aa146bab8bde7c4e9af77886d3e51075153fc0d0e4d54da9f24f9
