[INFO] cloning repository https://github.com/Butanium/yaalp
[INFO] running `Command { std: "git" "-c" "credential.helper=" "-c" "credential.helper=/workspace/cargo-home/bin/git-credential-null" "clone" "--bare" "https://github.com/Butanium/yaalp" "/workspace/cache/git-repos/https%3A%2F%2Fgithub.com%2FButanium%2Fyaalp", kill_on_drop: false }`
[INFO] [stderr] Cloning into bare repository '/workspace/cache/git-repos/https%3A%2F%2Fgithub.com%2FButanium%2Fyaalp'...
[INFO] running `Command { std: "git" "rev-parse" "HEAD", kill_on_drop: false }`
[INFO] [stdout] 337a0cb7125f238e49ab92e3a4a0e1e3754f1cd9
[INFO] documenting Butanium/yaalp against 1.75.0 for beta-1.76-rustdoc-1
[INFO] running `Command { std: "git" "clone" "/workspace/cache/git-repos/https%3A%2F%2Fgithub.com%2FButanium%2Fyaalp" "/workspace/builds/worker-1-tc1/source", kill_on_drop: false }`
[INFO] [stderr] Cloning into '/workspace/builds/worker-1-tc1/source'...
[INFO] [stderr] done.
[INFO] validating manifest of git repo https://github.com/Butanium/yaalp on toolchain 1.75.0
[INFO] running `Command { std: CARGO_HOME="/workspace/cargo-home" RUSTUP_HOME="/workspace/rustup-home" "/workspace/cargo-home/bin/cargo" "+1.75.0" "metadata" "--manifest-path" "Cargo.toml" "--no-deps", kill_on_drop: false }`
[INFO] started tweaking git repo https://github.com/Butanium/yaalp
[INFO] finished tweaking git repo https://github.com/Butanium/yaalp
[INFO] tweaked toml for git repo https://github.com/Butanium/yaalp written to /workspace/builds/worker-1-tc1/source/Cargo.toml
[INFO] crate git repo https://github.com/Butanium/yaalp already has a lockfile, it will not be regenerated
[INFO] running `Command { std: CARGO_HOME="/workspace/cargo-home" RUSTUP_HOME="/workspace/rustup-home" "/workspace/cargo-home/bin/cargo" "+1.75.0" "fetch" "--manifest-path" "Cargo.toml", kill_on_drop: false }`
[INFO] [stderr]  Downloading crates ...
[INFO] [stderr]   Downloaded matrixmultiply v0.3.3
[INFO] [stderr]   Downloaded glutin v0.30.7
[INFO] [stderr]   Downloaded torch-sys v0.11.0
[INFO] [stderr]   Downloaded tch v0.11.0
[INFO] running `Command { std: "docker" "create" "-v" "/var/lib/crater-agent-workspace/builds/worker-1-tc1/target:/opt/rustwide/target:rw,Z" "-v" "/var/lib/crater-agent-workspace/builds/worker-1-tc1/source:/opt/rustwide/workdir:ro,Z" "-v" "/var/lib/crater-agent-workspace/cargo-home:/opt/rustwide/cargo-home:ro,Z" "-v" "/var/lib/crater-agent-workspace/rustup-home:/opt/rustwide/rustup-home:ro,Z" "-e" "SOURCE_DIR=/opt/rustwide/workdir" "-e" "CARGO_TARGET_DIR=/opt/rustwide/target" "-e" "CARGO_HOME=/opt/rustwide/cargo-home" "-e" "RUSTUP_HOME=/opt/rustwide/rustup-home" "-w" "/opt/rustwide/workdir" "-m" "1610612736" "--user" "0:0" "--network" "none" "ghcr.io/rust-lang/crates-build-env/linux@sha256:2788e3201cd34a07e3172128adcd8b3090168a8e3bcc40d7c032b9dda1df7d1c" "/opt/rustwide/cargo-home/bin/cargo" "+1.75.0" "metadata" "--no-deps" "--format-version=1", kill_on_drop: false }`
[INFO] [stdout] ab42c5e97c6bec95e6c2e476324ee6bef140e9f106a3d4e446c29978156cdd0c
[INFO] running `Command { std: "docker" "start" "-a" "ab42c5e97c6bec95e6c2e476324ee6bef140e9f106a3d4e446c29978156cdd0c", kill_on_drop: false }`
[INFO] running `Command { std: "docker" "inspect" "ab42c5e97c6bec95e6c2e476324ee6bef140e9f106a3d4e446c29978156cdd0c", kill_on_drop: false }`
[INFO] running `Command { std: "docker" "rm" "-f" "ab42c5e97c6bec95e6c2e476324ee6bef140e9f106a3d4e446c29978156cdd0c", kill_on_drop: false }`
[INFO] [stdout] ab42c5e97c6bec95e6c2e476324ee6bef140e9f106a3d4e446c29978156cdd0c
[INFO] running `Command { std: "docker" "create" "-v" "/var/lib/crater-agent-workspace/builds/worker-1-tc1/target:/opt/rustwide/target:rw,Z" "-v" "/var/lib/crater-agent-workspace/builds/worker-1-tc1/source:/opt/rustwide/workdir:ro,Z" "-v" "/var/lib/crater-agent-workspace/cargo-home:/opt/rustwide/cargo-home:ro,Z" "-v" "/var/lib/crater-agent-workspace/rustup-home:/opt/rustwide/rustup-home:ro,Z" "-e" "SOURCE_DIR=/opt/rustwide/workdir" "-e" "CARGO_TARGET_DIR=/opt/rustwide/target" "-e" "CARGO_INCREMENTAL=0" "-e" "RUST_BACKTRACE=full" "-e" "RUSTFLAGS=--cap-lints=warn" "-e" "RUSTDOCFLAGS=--cap-lints=warn" "-e" "CARGO_HOME=/opt/rustwide/cargo-home" "-e" "RUSTUP_HOME=/opt/rustwide/rustup-home" "-w" "/opt/rustwide/workdir" "-m" "1610612736" "--user" "0:0" "--network" "none" "ghcr.io/rust-lang/crates-build-env/linux@sha256:2788e3201cd34a07e3172128adcd8b3090168a8e3bcc40d7c032b9dda1df7d1c" "/opt/rustwide/cargo-home/bin/cargo" "+1.75.0" "doc" "--frozen" "--no-deps" "--document-private-items" "--message-format=json", kill_on_drop: false }`
[INFO] [stdout] ab8f1954b7c14e2ce78a49b128f786b41ada1192c71f72edd3db6c1f65da8f68
[INFO] running `Command { std: "docker" "start" "-a" "ab8f1954b7c14e2ce78a49b128f786b41ada1192c71f72edd3db6c1f65da8f68", kill_on_drop: false }`
[INFO] [stderr]    Compiling libc v0.2.142
[INFO] [stderr]    Compiling typenum v1.16.0
[INFO] [stderr]    Compiling quote v1.0.26
[INFO] [stderr]    Compiling libm v0.2.6
[INFO] [stderr]     Checking once_cell v1.17.1
[INFO] [stderr]    Compiling num-traits v0.2.15
[INFO] [stderr]     Checking bytemuck v1.13.1
[INFO] [stderr]     Checking miniz_oxide v0.6.2
[INFO] [stderr]     Checking simd-adler32 v0.3.5
[INFO] [stderr]    Compiling num-integer v0.1.45
[INFO] [stderr]    Compiling io-lifetimes v1.0.10
[INFO] [stderr]    Compiling byte-tools v0.2.0
[INFO] [stderr]    Compiling arrayref v0.3.7
[INFO] [stderr]    Compiling num-bigint v0.4.3
[INFO] [stderr]    Compiling futures-core v0.3.28
[INFO] [stderr]    Compiling parking_lot_core v0.9.7
[INFO] [stderr]    Compiling block-buffer v0.3.3
[INFO] [stderr]     Checking fdeflate v0.3.0
[INFO] [stderr]     Checking miniz_oxide v0.7.1
[INFO] [stderr]    Compiling rustix v0.37.14
[INFO] [stderr]    Compiling fake-simd v0.1.2
[INFO] [stderr]    Compiling syn v1.0.109
[INFO] [stderr]    Compiling slab v0.4.8
[INFO] [stderr]    Compiling num-rational v0.4.1
[INFO] [stderr]    Compiling num-iter v0.1.43
[INFO] [stderr]     Checking flate2 v1.0.25
[INFO] [stderr]    Compiling syn v2.0.15
[INFO] [stderr]    Compiling wayland-scanner v0.29.5
[INFO] [stderr]    Compiling thiserror v1.0.40
[INFO] [stderr]    Compiling futures-channel v0.3.28
[INFO] [stderr]    Compiling bitflags v1.3.2
[INFO] [stderr]    Compiling futures-task v0.3.28
[INFO] [stderr]    Compiling linux-raw-sys v0.3.4
[INFO] [stderr]     Checking glam v0.22.0
[INFO] [stderr]     Checking png v0.17.8
[INFO] [stderr]    Compiling ahash v0.8.3
[INFO] [stderr]    Compiling fastrand v1.9.0
[INFO] [stderr]     Checking futures-sink v0.3.28
[INFO] [stderr]    Compiling crossbeam-utils v0.8.15
[INFO] [stderr]    Compiling futures-util v0.3.28
[INFO] [stderr]    Compiling notan_macro v0.9.5
[INFO] [stderr]    Compiling memoffset v0.8.0
[INFO] [stderr]    Compiling num-complex v0.4.3
[INFO] [stderr]    Compiling zstd-safe v5.0.2+zstd.1.5.2
[INFO] [stderr]     Checking futures-io v0.3.28
[INFO] [stderr]    Compiling subtle v2.4.1
[INFO] [stderr]    Compiling generic-array v0.9.1
[INFO] [stderr]    Compiling generic-array v0.14.7
[INFO] [stderr]     Checking getrandom v0.2.9
[INFO] [stderr]    Compiling digest v0.7.6
[INFO] [stderr]    Compiling jobserver v0.1.26
[INFO] [stderr]    Compiling sha2 v0.7.1
[INFO] [stderr]     Checking rand_core v0.6.4
[INFO] [stderr]     Checking parking_lot v0.12.1
[INFO] [stderr]    Compiling wayland-client v0.29.5
[INFO] [stderr]     Checking nix v0.24.3
[INFO] [stderr]    Compiling crossbeam-epoch v0.9.14
[INFO] [stderr]    Compiling spin v0.5.2
[INFO] [stderr]    Compiling cc v1.0.79
[INFO] [stderr]     Checking jpeg-decoder v0.3.0
[INFO] [stderr]    Compiling untrusted v0.7.1
[INFO] [stderr]    Compiling block-buffer v0.10.4
[INFO] [stderr]    Compiling crypto-common v0.1.6
[INFO] [stderr]     Checking hashbrown v0.13.2
[INFO] [stderr]    Compiling digest v0.10.6
[INFO] [stderr]     Checking notan_utils v0.9.5
[INFO] [stderr]    Compiling indexmap v1.9.3
[INFO] [stderr]    Compiling cpufeatures v0.2.7
[INFO] [stderr]    Compiling tinyvec_macros v0.1.1
[INFO] [stderr]     Checking rand_chacha v0.3.1
[INFO] [stderr]    Compiling tinyvec v1.6.0
[INFO] [stderr]     Checking nom v7.1.3
[INFO] [stderr]    Compiling wayland-protocols v0.29.5
[INFO] [stderr]     Checking notan_math v0.9.5
[INFO] [stderr]    Compiling x11-dl v2.21.0
[INFO] [stderr]    Compiling cmake v0.1.50
[INFO] [stderr]     Checking hashbrown v0.12.3
[INFO] [stderr]     Checking image v0.24.6
[INFO] [stderr]    Compiling adler v1.0.2
[INFO] [stderr]     Checking ttf-parser v0.19.0
[INFO] [stderr]     Checking notan_core v0.9.5
[INFO] [stderr]    Compiling rayon-core v1.11.0
[INFO] [stderr]     Checking notan_input v0.9.5
[INFO] [stderr]     Checking crossbeam-deque v0.8.3
[INFO] [stderr]     Checking rand v0.8.5
[INFO] [stderr]    Compiling unicode-normalization v0.1.22
[INFO] [stderr]     Checking wayland-commons v0.29.5
[INFO] [stderr]    Compiling zstd-sys v2.0.8+zstd.1.5.5
[INFO] [stderr]    Compiling ring v0.16.20
[INFO] [stderr]    Compiling spirv_cross v0.23.1
[INFO] [stderr]    Compiling glsl-to-spirv v0.1.7
[INFO] [stderr]    Compiling freetype-sys v0.13.1
[INFO] [stderr]    Compiling expat-sys v2.1.6
[INFO] [stderr]    Compiling tempfile v3.5.0
[INFO] [stderr]    Compiling bzip2-sys v0.1.11+1.0.8
[INFO] [stderr]    Compiling num v0.4.0
[INFO] [stderr]     Checking crossbeam-channel v0.5.8
[INFO] [stderr]     Checking xcursor v0.3.4
[INFO] [stderr]     Checking nix v0.25.1
[INFO] [stderr]     Checking num_cpus v1.15.0
[INFO] [stderr]    Compiling crc32fast v1.3.2
[INFO] [stderr]    Compiling servo-fontconfig-sys v5.1.0
[INFO] [stderr]    Compiling rustls v0.20.8
[INFO] [stderr]    Compiling base64ct v1.6.0
[INFO] [stderr]    Compiling percent-encoding v2.2.0
[INFO] [stderr]     Checking ab_glyph_rasterizer v0.1.8
[INFO] [stderr]    Compiling unicode-bidi v0.3.13
[INFO] [stderr]    Compiling form_urlencoded v1.1.0
[INFO] [stderr]     Checking servo-fontconfig v0.5.1
[INFO] [stderr]     Checking tiny-skia-path v0.7.0
[INFO] [stderr]     Checking owned_ttf_parser v0.19.0
[INFO] [stderr]    Compiling password-hash v0.4.2
[INFO] [stderr]     Checking freetype-rs v0.26.0
[INFO] [stderr]     Checking ab_glyph v0.2.21
[INFO] [stderr]    Compiling idna v0.3.0
[INFO] [stderr]    Compiling hmac v0.12.1
[INFO] [stderr]    Compiling sha2 v0.10.6
[INFO] [stderr]    Compiling cipher v0.3.0
[INFO] [stderr]     Checking memmap2 v0.5.10
[INFO] [stderr]    Compiling glutin_egl_sys v0.4.0
[INFO] [stderr]    Compiling glutin_glx_sys v0.4.0
[INFO] [stderr]     Checking euclid v0.22.9
[INFO] [stderr]     Checking safe_arch v0.5.2
[INFO] [stderr]     Checking arrayvec v0.7.2
[INFO] [stderr]    Compiling anyhow v1.0.70
[INFO] [stderr]    Compiling thiserror-impl v1.0.40
[INFO] [stderr]    Compiling futures-macro v0.3.28
[INFO] [stderr]    Compiling foreign-types-macros v0.2.3
[INFO] [stderr]    Compiling time-core v0.1.0
[INFO] [stderr]     Checking either v1.8.1
[INFO] [stderr]     Checking wayland-cursor v0.29.5
[INFO] [stderr]    Compiling opaque-debug v0.3.0
[INFO] [stderr]     Checking rayon v1.7.0
[INFO] [stderr]    Compiling aes v0.7.5
[INFO] [stderr]    Compiling time v0.3.20
[INFO] [stderr]     Checking tiny-skia v0.7.0
[INFO] [stderr]     Checking lyon_geom v1.0.4
[INFO] [stderr]    Compiling url v2.3.1
[INFO] [stderr]     Checking foreign-types v0.5.0
[INFO] [stderr]    Compiling pbkdf2 v0.11.0
[INFO] [stderr]    Compiling sha1 v0.10.5
[INFO] [stderr]     Checking crossfont v0.5.1
[INFO] [stderr]     Checking approx v0.5.1
[INFO] [stderr]    Compiling glutin v0.30.7
[INFO] [stderr]    Compiling constant_time_eq v0.1.5
[INFO] [stderr]    Compiling byteorder v1.4.3
[INFO] [stderr]    Compiling serde_derive v1.0.160
[INFO] [stderr]    Compiling base64 v0.13.1
[INFO] [stderr]     Checking raw-window-handle v0.5.2
[INFO] [stderr]    Compiling glsl-layout-derive v0.4.0
[INFO] [stderr]     Checking linked-hash-map v0.5.6
[INFO] [stderr]     Checking glyph_brush_layout v0.2.3
[INFO] [stderr]     Checking twox-hash v1.6.3
[INFO] [stderr]     Checking lyon_path v1.0.3
[INFO] [stderr]     Checking mio v0.8.6
[INFO] [stderr]     Checking ordered-float v3.7.0
[INFO] [stderr]    Compiling glutin-winit v0.2.2
[INFO] [stderr]     Checking num_threads v0.1.6
[INFO] [stderr]    Compiling serde v1.0.160
[INFO] [stderr]     Checking calloop v0.10.5
[INFO] [stderr]     Checking atty v0.2.14
[INFO] [stderr]     Checking float_next_after v0.1.5
[INFO] [stderr]     Checking lyon_algorithms v1.0.3
[INFO] [stderr]     Checking lyon_tessellation v1.0.10
[INFO] [stderr]     Checking colored v1.9.3
[INFO] [stderr]     Checking glsl-layout v0.5.0
[INFO] [stderr]     Checking rawpointer v0.2.1
[INFO] [stderr]     Checking fern v0.6.2
[INFO] [stderr]     Checking matrixmultiply v0.3.3
[INFO] [stderr]     Checking rand_pcg v0.3.1
[INFO] [stderr]     Checking glyph_brush_draw_cache v0.1.5
[INFO] [stderr]    Compiling tch v0.11.0
[INFO] [stderr]     Checking notan_random v0.9.5
[INFO] [stderr]     Checking half v2.2.1
[INFO] [stderr]     Checking lyon v1.0.1
[INFO] [stderr]     Checking glyph_brush v0.7.7
[INFO] [stderr]    Compiling webpki v0.22.0
[INFO] [stderr]    Compiling sct v0.7.0
[INFO] [stderr]    Compiling webpki-roots v0.22.6
[INFO] [stderr]     Checking ndarray v0.15.6
[INFO] [stderr]    Compiling bzip2 v0.4.4
[INFO] [stderr]     Checking futures-executor v0.3.28
[INFO] [stderr]     Checking platter2 v0.1.6
[INFO] [stderr]     Checking futures v0.3.28
[INFO] [stderr] error: could not compile `serde_derive` (lib)
[INFO] [stderr] 
[INFO] [stderr] Caused by:
[INFO] [stderr]   process didn't exit successfully: `/opt/rustwide/rustup-home/toolchains/1.75.0-x86_64-unknown-linux-gnu/bin/rustc --crate-name serde_derive /opt/rustwide/cargo-home/registry/src/index.crates.io-6f17d22bba15001f/serde_derive-1.0.160/src/lib.rs --error-format=json --json=diagnostic-rendered-ansi,artifacts,future-incompat --crate-type proc-macro --emit=dep-info,link -C prefer-dynamic -C embed-bitcode=no --cfg 'feature="default"' -C metadata=a5c23c2061b90a70 -C extra-filename=-a5c23c2061b90a70 --out-dir /opt/rustwide/target/debug/deps -L dependency=/opt/rustwide/target/debug/deps --extern proc_macro2=/opt/rustwide/target/debug/deps/libproc_macro2-e275c0cd3d6bfc34.rlib --extern quote=/opt/rustwide/target/debug/deps/libquote-8d434c2f820b712e.rlib --extern syn=/opt/rustwide/target/debug/deps/libsyn-6c97808f580e9c41.rlib --extern proc_macro --cap-lints allow --cap-lints=warn` (signal: 9, SIGKILL: kill)
[INFO] [stderr] warning: build failed, waiting for other jobs to finish...
[INFO] [stderr] error: failed to run custom build command for `glsl-to-spirv v0.1.7`
[INFO] [stderr] note: To improve backtraces for build dependencies, set the CARGO_PROFILE_DEV_BUILD_OVERRIDE_DEBUG=true environment variable to enable debug information generation.
[INFO] [stderr] 
[INFO] [stderr] Caused by:
[INFO] [stderr]   process didn't exit successfully: `/opt/rustwide/target/debug/build/glsl-to-spirv-fc6b868bec5a6275/build-script-build` (exit status: 101)
[INFO] [stderr]   --- stdout
[INFO] [stderr]   cargo:rerun-if-changed=build/glslangValidator.exe
[INFO] [stderr]   CMAKE_TOOLCHAIN_FILE_x86_64-unknown-linux-gnu = None
[INFO] [stderr]   CMAKE_TOOLCHAIN_FILE_x86_64_unknown_linux_gnu = None
[INFO] [stderr]   HOST_CMAKE_TOOLCHAIN_FILE = None
[INFO] [stderr]   CMAKE_TOOLCHAIN_FILE = None
[INFO] [stderr]   CMAKE_GENERATOR_x86_64-unknown-linux-gnu = None
[INFO] [stderr]   CMAKE_GENERATOR_x86_64_unknown_linux_gnu = None
[INFO] [stderr]   HOST_CMAKE_GENERATOR = None
[INFO] [stderr]   CMAKE_GENERATOR = None
[INFO] [stderr]   CMAKE_PREFIX_PATH_x86_64-unknown-linux-gnu = None
[INFO] [stderr]   CMAKE_PREFIX_PATH_x86_64_unknown_linux_gnu = None
[INFO] [stderr]   HOST_CMAKE_PREFIX_PATH = None
[INFO] [stderr]   CMAKE_PREFIX_PATH = None
[INFO] [stderr]   CMAKE_x86_64-unknown-linux-gnu = None
[INFO] [stderr]   CMAKE_x86_64_unknown_linux_gnu = None
[INFO] [stderr]   HOST_CMAKE = None
[INFO] [stderr]   CMAKE = None
[INFO] [stderr]   running: cd "/opt/rustwide/target/debug/build/glsl-to-spirv-59ae89b87fff9ddb/out/build" && CMAKE_PREFIX_PATH="" "cmake" "/opt/rustwide/cargo-home/registry/src/index.crates.io-6f17d22bba15001f/glsl-to-spirv-0.1.7/glslang" "-DCMAKE_INSTALL_PREFIX=/opt/rustwide/target/debug/build/glsl-to-spirv-59ae89b87fff9ddb/out" "-DCMAKE_C_FLAGS= -ffunction-sections -fdata-sections -fPIC -m64" "-DCMAKE_C_COMPILER=/usr/bin/cc" "-DCMAKE_CXX_FLAGS= -ffunction-sections -fdata-sections -fPIC -m64" "-DCMAKE_CXX_COMPILER=/usr/bin/c++" "-DCMAKE_ASM_FLAGS= -ffunction-sections -fdata-sections -fPIC -m64" "-DCMAKE_ASM_COMPILER=/usr/bin/cc" "-DCMAKE_BUILD_TYPE=Debug"
[INFO] [stderr]   -- The C compiler identification is GNU 11.4.0
[INFO] [stderr]   -- The CXX compiler identification is GNU 11.4.0
[INFO] [stderr]   -- Detecting C compiler ABI info
[INFO] [stderr]   -- Detecting C compiler ABI info - done
[INFO] [stderr]   -- Check for working C compiler: /usr/bin/cc - skipped
[INFO] [stderr]   -- Detecting C compile features
[INFO] [stderr]   -- Detecting C compile features - done
[INFO] [stderr]   -- Detecting CXX compiler ABI info
[INFO] [stderr]   -- Detecting CXX compiler ABI info - done
[INFO] [stderr]   -- Check for working CXX compiler: /usr/bin/c++ - skipped
[INFO] [stderr]   -- Detecting CXX compile features
[INFO] [stderr]   -- Detecting CXX compile features - done
[INFO] [stderr]   -- Google Mock was not found - tests based on that will not build
[INFO] [stderr]   -- Configuring done
[INFO] [stderr]   -- Generating done
[INFO] [stderr]   -- Build files have been written to: /opt/rustwide/target/debug/build/glsl-to-spirv-59ae89b87fff9ddb/out/build
[INFO] [stderr]   running: cd "/opt/rustwide/target/debug/build/glsl-to-spirv-59ae89b87fff9ddb/out/build" && MAKEFLAGS="-j --jobserver-fds=7,8 --jobserver-auth=7,8" "cmake" "--build" "." "--target" "install" "--config" "Debug"
[INFO] [stderr]   [  1%] Building CXX object hlsl/CMakeFiles/HLSL.dir/hlslAttributes.cpp.o
[INFO] [stderr]   [  3%] Building CXX object glslang/OSDependent/Unix/CMakeFiles/OSDependent.dir/ossource.cpp.o
[INFO] [stderr]   [  5%] Building CXX object hlsl/CMakeFiles/HLSL.dir/hlslParseHelper.cpp.o
[INFO] [stderr]   [  7%] Linking CXX static library libOSDependent.a
[INFO] [stderr]   [  7%] Built target OSDependent
[INFO] [stderr]   [  8%] Building CXX object OGLCompilersDLL/CMakeFiles/OGLCompiler.dir/InitializeDll.cpp.o
[INFO] [stderr]   [ 10%] Linking CXX static library libOGLCompiler.a
[INFO] [stderr]   [ 10%] Built target OGLCompiler
[INFO] [stderr]   [ 12%] Building CXX object StandAlone/CMakeFiles/glslang-default-resource-limits.dir/ResourceLimits.cpp.o
[INFO] [stderr]   [ 14%] Building CXX object hlsl/CMakeFiles/HLSL.dir/hlslScanContext.cpp.o
[INFO] [stderr]   [ 15%] Building CXX object hlsl/CMakeFiles/HLSL.dir/hlslOpMap.cpp.o
[INFO] [stderr]   [ 17%] Building CXX object hlsl/CMakeFiles/HLSL.dir/hlslTokenStream.cpp.o
[INFO] [stderr]   [ 19%] Building CXX object hlsl/CMakeFiles/HLSL.dir/hlslGrammar.cpp.o
[INFO] [stderr]   [ 21%] Linking CXX static library libglslang-default-resource-limits.a
[INFO] [stderr]   [ 21%] Built target glslang-default-resource-limits
[INFO] [stderr]   [ 22%] Building CXX object SPIRV/CMakeFiles/SPVRemapper.dir/SPVRemapper.cpp.o
[INFO] [stderr]   [ 24%] Building CXX object SPIRV/CMakeFiles/SPVRemapper.dir/doc.cpp.o
[INFO] [stderr]   [ 26%] Linking CXX static library libSPVRemapper.a
[INFO] [stderr]   [ 26%] Built target SPVRemapper
[INFO] [stderr] 
[INFO] [stderr]   --- stderr
[INFO] [stderr]   fatal: not a git repository (or any parent up to mount point /opt/rustwide)
[INFO] [stderr]   Stopping at filesystem boundary (GIT_DISCOVERY_ACROSS_FILESYSTEM not set).
[INFO] [stderr]   CMake Warning (dev) at /usr/share/cmake-3.22/Modules/GNUInstallDirs.cmake:239 (message):
[INFO] [stderr]     Unable to determine default CMAKE_INSTALL_LIBDIR directory because no
[INFO] [stderr]     target architecture is known.  Please enable at least one language before
[INFO] [stderr]     including GNUInstallDirs.
[INFO] [stderr]   Call Stack (most recent call first):
[INFO] [stderr]     CMakeLists.txt:7 (include)
[INFO] [stderr]   This warning is for project developers.  Use -Wno-dev to suppress it.
[INFO] [stderr] 
[INFO] [stderr]   CMake Warning:
[INFO] [stderr]     Manually-specified variables were not used by the project:
[INFO] [stderr] 
[INFO] [stderr]       CMAKE_ASM_COMPILER
[INFO] [stderr]       CMAKE_ASM_FLAGS
[INFO] [stderr] 
[INFO] [stderr] 
[INFO] [stderr]   c++: fatal error: Killed signal terminated program cc1plus
[INFO] [stderr]   compilation terminated.
[INFO] [stderr]   gmake[2]: *** [hlsl/CMakeFiles/HLSL.dir/build.make:90: hlsl/CMakeFiles/HLSL.dir/hlslParseHelper.cpp.o] Error 1
[INFO] [stderr]   gmake[2]: *** Waiting for unfinished jobs....
[INFO] [stderr]   gmake[1]: *** [CMakeFiles/Makefile2:1210: hlsl/CMakeFiles/HLSL.dir/all] Error 2
[INFO] [stderr]   gmake[1]: *** Waiting for unfinished jobs....
[INFO] [stderr]   gmake: *** [Makefile:146: all] Error 2
[INFO] [stderr]   thread 'main' panicked at /opt/rustwide/cargo-home/registry/src/index.crates.io-6f17d22bba15001f/cmake-0.1.50/src/lib.rs:1098:5:
[INFO] [stderr] 
[INFO] [stderr]   command did not execute successfully, got: exit status: 2
[INFO] [stderr] 
[INFO] [stderr]   build script failed, must exit now
[INFO] [stderr]   stack backtrace:
[INFO] [stderr]      0:     0x55c8447f0f2c - std::backtrace_rs::backtrace::libunwind::trace::ha637c64ce894333a
[INFO] [stderr]                                  at /rustc/82e1608dfa6e0b5569232559e3d385fea5a93112/library/std/src/../../backtrace/src/backtrace/libunwind.rs:104:5
[INFO] [stderr]      1:     0x55c8447f0f2c - std::backtrace_rs::backtrace::trace_unsynchronized::h47f62dea28e0c88d
[INFO] [stderr]                                  at /rustc/82e1608dfa6e0b5569232559e3d385fea5a93112/library/std/src/../../backtrace/src/backtrace/mod.rs:66:5
[INFO] [stderr]      2:     0x55c8447f0f2c - std::sys_common::backtrace::_print_fmt::h9eef0abe20ede486
[INFO] [stderr]                                  at /rustc/82e1608dfa6e0b5569232559e3d385fea5a93112/library/std/src/sys_common/backtrace.rs:67:5
[INFO] [stderr]      3:     0x55c8447f0f2c - <std::sys_common::backtrace::_print::DisplayBacktrace as core::fmt::Display>::fmt::hed7f999df88cc644
[INFO] [stderr]                                  at /rustc/82e1608dfa6e0b5569232559e3d385fea5a93112/library/std/src/sys_common/backtrace.rs:44:22
[INFO] [stderr]      4:     0x55c844817c90 - core::fmt::rt::Argument::fmt::h1539a9308b8d058d
[INFO] [stderr]                                  at /rustc/82e1608dfa6e0b5569232559e3d385fea5a93112/library/core/src/fmt/rt.rs:142:9
[INFO] [stderr]      5:     0x55c844817c90 - core::fmt::write::h3a39390d8560d9c9
[INFO] [stderr]                                  at /rustc/82e1608dfa6e0b5569232559e3d385fea5a93112/library/core/src/fmt/mod.rs:1120:17
[INFO] [stderr]      6:     0x55c8447ee5ef - std::io::Write::write_fmt::h5fc9997dfe05f882
[INFO] [stderr]                                  at /rustc/82e1608dfa6e0b5569232559e3d385fea5a93112/library/std/src/io/mod.rs:1762:15
[INFO] [stderr]      7:     0x55c8447f0d14 - std::sys_common::backtrace::_print::h894006fb5c6f3d45
[INFO] [stderr]                                  at /rustc/82e1608dfa6e0b5569232559e3d385fea5a93112/library/std/src/sys_common/backtrace.rs:47:5
[INFO] [stderr]      8:     0x55c8447f0d14 - std::sys_common::backtrace::print::h23a2d212c6fff936
[INFO] [stderr]                                  at /rustc/82e1608dfa6e0b5569232559e3d385fea5a93112/library/std/src/sys_common/backtrace.rs:34:9
[INFO] [stderr]      9:     0x55c8447f2527 - std::panicking::default_hook::{{closure}}::h8a1d2ee00185001a
[INFO] [stderr]     10:     0x55c8447f228f - std::panicking::default_hook::h6038f2eba384e475
[INFO] [stderr]                                  at /rustc/82e1608dfa6e0b5569232559e3d385fea5a93112/library/std/src/panicking.rs:292:9
[INFO] [stderr]     11:     0x55c8447f29a8 - std::panicking::rust_panic_with_hook::h2b5517d590cab22e
[INFO] [stderr]                                  at /rustc/82e1608dfa6e0b5569232559e3d385fea5a93112/library/std/src/panicking.rs:779:13
[INFO] [stderr]     12:     0x55c8447f288e - std::panicking::begin_panic_handler::{{closure}}::h233112c06e0ef43e
[INFO] [stderr]                                  at /rustc/82e1608dfa6e0b5569232559e3d385fea5a93112/library/std/src/panicking.rs:657:13
[INFO] [stderr]     13:     0x55c8447f13f6 - std::sys_common::backtrace::__rust_end_short_backtrace::h6e893f24d7ebbff8
[INFO] [stderr]                                  at /rustc/82e1608dfa6e0b5569232559e3d385fea5a93112/library/std/src/sys_common/backtrace.rs:170:18
[INFO] [stderr]     14:     0x55c8447f25f2 - rust_begin_unwind
[INFO] [stderr]                                  at /rustc/82e1608dfa6e0b5569232559e3d385fea5a93112/library/std/src/panicking.rs:645:5
[INFO] [stderr]     15:     0x55c84476c625 - core::panicking::panic_fmt::hbf0e066aabfa482c
[INFO] [stderr]                                  at /rustc/82e1608dfa6e0b5569232559e3d385fea5a93112/library/core/src/panicking.rs:72:14
[INFO] [stderr]     16:     0x55c8447883a1 - cmake::fail::hffa3db130045e4f8
[INFO] [stderr]     17:     0x55c844787b27 - cmake::run::h034027d75ecd2eb0
[INFO] [stderr]     18:     0x55c844784401 - cmake::Config::build::he31f53a5caded22a
[INFO] [stderr]     19:     0x55c84476ec91 - cmake::build::ha5b33dd267abc897
[INFO] [stderr]     20:     0x55c84476ff63 - build_script_build::main::h62339bb2e96526ee
[INFO] [stderr]     21:     0x55c84476e083 - core::ops::function::FnOnce::call_once::hb40fe503475e7cb4
[INFO] [stderr]     22:     0x55c84476db86 - std::sys_common::backtrace::__rust_begin_short_backtrace::h809809138c1c6b67
[INFO] [stderr]     23:     0x55c84476dde9 - std::rt::lang_start::{{closure}}::hdd3cc526483e751d
[INFO] [stderr]     24:     0x55c8447e9f47 - core::ops::function::impls::<impl core::ops::function::FnOnce<A> for &F>::call_once::hd95060ecd5e1ca24
[INFO] [stderr]                                  at /rustc/82e1608dfa6e0b5569232559e3d385fea5a93112/library/core/src/ops/function.rs:284:13
[INFO] [stderr]     25:     0x55c8447e9f47 - std::panicking::try::do_call::h6e8cf51db32a6e4b
[INFO] [stderr]                                  at /rustc/82e1608dfa6e0b5569232559e3d385fea5a93112/library/std/src/panicking.rs:552:40
[INFO] [stderr]     26:     0x55c8447e9f47 - std::panicking::try::h3a52eefe24fe3c29
[INFO] [stderr]                                  at /rustc/82e1608dfa6e0b5569232559e3d385fea5a93112/library/std/src/panicking.rs:516:19
[INFO] [stderr]     27:     0x55c8447e9f47 - std::panic::catch_unwind::h24c28c23c02c3841
[INFO] [stderr]                                  at /rustc/82e1608dfa6e0b5569232559e3d385fea5a93112/library/std/src/panic.rs:142:14
[INFO] [stderr]     28:     0x55c8447e9f47 - std::rt::lang_start_internal::{{closure}}::h705d3c9cbc06ef47
[INFO] [stderr]                                  at /rustc/82e1608dfa6e0b5569232559e3d385fea5a93112/library/std/src/rt.rs:148:48
[INFO] [stderr]     29:     0x55c8447e9f47 - std::panicking::try::do_call::ha21f52ba13158470
[INFO] [stderr]                                  at /rustc/82e1608dfa6e0b5569232559e3d385fea5a93112/library/std/src/panicking.rs:552:40
[INFO] [stderr]     30:     0x55c8447e9f47 - std::panicking::try::h5581346bf6aeb1f8
[INFO] [stderr]                                  at /rustc/82e1608dfa6e0b5569232559e3d385fea5a93112/library/std/src/panicking.rs:516:19
[INFO] [stderr]     31:     0x55c8447e9f47 - std::panic::catch_unwind::h7919645a6b72e25b
[INFO] [stderr]                                  at /rustc/82e1608dfa6e0b5569232559e3d385fea5a93112/library/std/src/panic.rs:142:14
[INFO] [stderr]     32:     0x55c8447e9f47 - std::rt::lang_start_internal::h12de51168669836e
[INFO] [stderr]                                  at /rustc/82e1608dfa6e0b5569232559e3d385fea5a93112/library/std/src/rt.rs:148:20
[INFO] [stderr]     33:     0x55c84476ddc7 - std::rt::lang_start::h8bf174d2c031e726
[INFO] [stderr]     34:     0x55c844770545 - main
[INFO] [stderr]     35:     0x7f99d66d4d90 - <unknown>
[INFO] [stderr]     36:     0x7f99d66d4e40 - __libc_start_main
[INFO] [stderr]     37:     0x55c84476cd45 - _start
[INFO] [stderr]     38:                0x0 - <unknown>
[INFO] running `Command { std: "docker" "inspect" "ab8f1954b7c14e2ce78a49b128f786b41ada1192c71f72edd3db6c1f65da8f68", kill_on_drop: false }`
[INFO] running `Command { std: "docker" "rm" "-f" "ab8f1954b7c14e2ce78a49b128f786b41ada1192c71f72edd3db6c1f65da8f68", kill_on_drop: false }`
[INFO] [stdout] ab8f1954b7c14e2ce78a49b128f786b41ada1192c71f72edd3db6c1f65da8f68
