[INFO] cloning repository https://github.com/BurntSushi/rust-docs
[INFO] running `Command { std: "git" "-c" "credential.helper=" "-c" "credential.helper=/workspace/cargo-home/bin/git-credential-null" "clone" "--bare" "https://github.com/BurntSushi/rust-docs" "/workspace/cache/git-repos/https%3A%2F%2Fgithub.com%2FBurntSushi%2Frust-docs", kill_on_drop: false }`
[INFO] [stderr] Cloning into bare repository '/workspace/cache/git-repos/https%3A%2F%2Fgithub.com%2FBurntSushi%2Frust-docs'...
[INFO] running `Command { std: "git" "rev-parse" "HEAD", kill_on_drop: false }`
[INFO] [stdout] 28852fea71fc24a0d53cc2573b255bf677597ac8
[INFO] documenting BurntSushi/rust-docs against 1.75.0 for beta-1.76-rustdoc-1
[INFO] running `Command { std: "git" "clone" "/workspace/cache/git-repos/https%3A%2F%2Fgithub.com%2FBurntSushi%2Frust-docs" "/workspace/builds/worker-1-tc1/source", kill_on_drop: false }`
[INFO] [stderr] Cloning into '/workspace/builds/worker-1-tc1/source'...
[INFO] [stderr] done.
[INFO] validating manifest of git repo https://github.com/BurntSushi/rust-docs on toolchain 1.75.0
[INFO] running `Command { std: CARGO_HOME="/workspace/cargo-home" RUSTUP_HOME="/workspace/rustup-home" "/workspace/cargo-home/bin/cargo" "+1.75.0" "metadata" "--manifest-path" "Cargo.toml" "--no-deps", kill_on_drop: false }`
[INFO] started tweaking git repo https://github.com/BurntSushi/rust-docs
[INFO] finished tweaking git repo https://github.com/BurntSushi/rust-docs
[INFO] tweaked toml for git repo https://github.com/BurntSushi/rust-docs written to /workspace/builds/worker-1-tc1/source/Cargo.toml
[INFO] crate git repo https://github.com/BurntSushi/rust-docs already has a lockfile, it will not be regenerated
[INFO] running `Command { std: CARGO_HOME="/workspace/cargo-home" RUSTUP_HOME="/workspace/rustup-home" "/workspace/cargo-home/bin/cargo" "+1.75.0" "fetch" "--manifest-path" "Cargo.toml", kill_on_drop: false }`
[INFO] [stderr]     Updating crates.io index
[INFO] [stderr]  Downloading crates ...
[INFO] [stderr]   Downloaded num-complex v0.1.33
[INFO] [stderr]   Downloaded num-rational v0.1.32
[INFO] [stderr]   Downloaded tabwriter v0.1.25
[INFO] [stderr]   Downloaded num v0.1.34
[INFO] [stderr]   Downloaded env_logger v0.3.4
[INFO] [stderr]   Downloaded strsim v0.3.0
[INFO] [stderr]   Downloaded num-traits v0.1.34
[INFO] [stderr]   Downloaded unicode-width v0.1.3
[INFO] [stderr]   Downloaded bit-set v0.2.0
[INFO] [stderr]   Downloaded walkdir v0.1.5
[INFO] [stderr]   Downloaded num-bigint v0.1.33
[INFO] [stderr]   Downloaded bit-vec v0.4.3
[INFO] [stderr]   Downloaded thread_local v0.2.6
[INFO] [stderr]   Downloaded rustc-serialize v0.3.19
[INFO] [stderr]   Downloaded libc v0.2.14
[INFO] [stderr]   Downloaded regex-syntax v0.3.4
[INFO] [stderr]   Downloaded regex v0.1.73
[INFO] [stderr]   Downloaded lazy_static v0.2.1
[INFO] [stderr]   Downloaded csv v0.14.7
[INFO] [stderr]   Downloaded regex-syntax v0.2.6
[INFO] [stderr]   Downloaded streaming-stats v0.1.28
[INFO] [stderr]   Downloaded chan v0.1.18
[INFO] [stderr]   Downloaded aho-corasick v0.5.2
[INFO] [stderr]   Downloaded quickcheck v0.3.1
[INFO] [stderr]   Downloaded chan-signal v0.1.6
[INFO] [stderr]   Downloaded cbor v0.4.0
[INFO] [stderr]   Downloaded docopt v0.6.82
[INFO] [stderr]   Downloaded suffix v0.4.1
[INFO] [stderr]   Downloaded fst v0.1.32
[INFO] running `Command { std: "docker" "create" "-v" "/var/lib/crater-agent-workspace/builds/worker-1-tc1/target:/opt/rustwide/target:rw,Z" "-v" "/var/lib/crater-agent-workspace/builds/worker-1-tc1/source:/opt/rustwide/workdir:ro,Z" "-v" "/var/lib/crater-agent-workspace/cargo-home:/opt/rustwide/cargo-home:ro,Z" "-v" "/var/lib/crater-agent-workspace/rustup-home:/opt/rustwide/rustup-home:ro,Z" "-e" "SOURCE_DIR=/opt/rustwide/workdir" "-e" "CARGO_TARGET_DIR=/opt/rustwide/target" "-e" "CARGO_HOME=/opt/rustwide/cargo-home" "-e" "RUSTUP_HOME=/opt/rustwide/rustup-home" "-w" "/opt/rustwide/workdir" "-m" "1610612736" "--user" "0:0" "--network" "none" "ghcr.io/rust-lang/crates-build-env/linux@sha256:2788e3201cd34a07e3172128adcd8b3090168a8e3bcc40d7c032b9dda1df7d1c" "/opt/rustwide/cargo-home/bin/cargo" "+1.75.0" "metadata" "--no-deps" "--format-version=1", kill_on_drop: false }`
[INFO] [stdout] 79073c43293a2161372a042b66ac6da236e098b930b4fd6f72a3bef3a39e552e
[INFO] running `Command { std: "docker" "start" "-a" "79073c43293a2161372a042b66ac6da236e098b930b4fd6f72a3bef3a39e552e", kill_on_drop: false }`
[INFO] running `Command { std: "docker" "inspect" "79073c43293a2161372a042b66ac6da236e098b930b4fd6f72a3bef3a39e552e", kill_on_drop: false }`
[INFO] running `Command { std: "docker" "rm" "-f" "79073c43293a2161372a042b66ac6da236e098b930b4fd6f72a3bef3a39e552e", kill_on_drop: false }`
[INFO] [stdout] 79073c43293a2161372a042b66ac6da236e098b930b4fd6f72a3bef3a39e552e
[INFO] running `Command { std: "docker" "create" "-v" "/var/lib/crater-agent-workspace/builds/worker-1-tc1/target:/opt/rustwide/target:rw,Z" "-v" "/var/lib/crater-agent-workspace/builds/worker-1-tc1/source:/opt/rustwide/workdir:ro,Z" "-v" "/var/lib/crater-agent-workspace/cargo-home:/opt/rustwide/cargo-home:ro,Z" "-v" "/var/lib/crater-agent-workspace/rustup-home:/opt/rustwide/rustup-home:ro,Z" "-e" "SOURCE_DIR=/opt/rustwide/workdir" "-e" "CARGO_TARGET_DIR=/opt/rustwide/target" "-e" "CARGO_INCREMENTAL=0" "-e" "RUST_BACKTRACE=full" "-e" "RUSTFLAGS=--cap-lints=warn" "-e" "RUSTDOCFLAGS=--cap-lints=warn" "-e" "CARGO_HOME=/opt/rustwide/cargo-home" "-e" "RUSTUP_HOME=/opt/rustwide/rustup-home" "-w" "/opt/rustwide/workdir" "-m" "1610612736" "--user" "0:0" "--network" "none" "ghcr.io/rust-lang/crates-build-env/linux@sha256:2788e3201cd34a07e3172128adcd8b3090168a8e3bcc40d7c032b9dda1df7d1c" "/opt/rustwide/cargo-home/bin/cargo" "+1.75.0" "doc" "--frozen" "--no-deps" "--document-private-items" "--message-format=json", kill_on_drop: false }`
[INFO] [stdout] 9810a96d544925df171bbc2629b087fd3f5f351f6ff7450d50777d37508cfcc6
[INFO] running `Command { std: "docker" "start" "-a" "9810a96d544925df171bbc2629b087fd3f5f351f6ff7450d50777d37508cfcc6", kill_on_drop: false }`
[INFO] [stderr]     Checking libc v0.2.14
[INFO] [stderr]    Compiling winapi-build v0.1.1
[INFO] [stderr]     Checking winapi v0.2.8
[INFO] [stderr]     Checking rustc-serialize v0.3.19
[INFO] [stderr]     Checking num-traits v0.1.34
[INFO] [stderr]     Checking utf8-ranges v0.1.3
[INFO] [stderr]     Checking regex-syntax v0.3.4
[INFO] [stderr]     Checking byteorder v0.5.3
[INFO] [stderr]     Checking bit-vec v0.4.3
[INFO] [stderr]     Checking log v0.3.6
[INFO] [stdout] error[E0642]: patterns aren't allowed in functions without bodies
[INFO] [stdout]    --> /opt/rustwide/cargo-home/registry/src/index.crates.io-6f17d22bba15001f/rustc-serialize-0.3.19/src/serialize.rs:147:45
[INFO] [stdout]     |
[INFO] [stdout] 147 | ...                   &f_name: &str,
[INFO] [stdout]     |                       ^^^^^^^ pattern not allowed in function without body
[INFO] [stdout] 
[INFO] [stdout] 
[INFO] [stderr]    Compiling kernel32-sys v0.2.2
[INFO] [stderr]     Checking lazy_static v0.2.1
[INFO] [stderr]     Checking strsim v0.3.0
[INFO] [stderr]     Checking bit-set v0.2.0
[INFO] [stderr]     Checking unicode-width v0.1.3
[INFO] [stderr]     Checking rand v0.3.14
[INFO] [stderr]     Checking memchr v0.1.11
[INFO] [stderr]     Checking regex-syntax v0.2.6
[INFO] [stderr]     Checking lazy_static v0.1.16
[INFO] [stderr]     Checking num-integer v0.1.32
[INFO] [stderr]     Checking aho-corasick v0.5.2
[INFO] [stderr]     Checking tabwriter v0.1.25
[INFO] [stderr]     Checking num-iter v0.1.32
[INFO] [stderr]     Checking suffix v0.4.1
[INFO] [stderr]     Checking thread-id v2.0.0
[INFO] [stderr]     Checking thread_local v0.2.6
[INFO] [stderr]     Checking fs2 v0.2.5
[INFO] [stderr]     Checking walkdir v0.1.5
[INFO] [stderr]     Checking memmap v0.2.3
[INFO] [stderr]     Checking regex v0.1.73
[INFO] [stderr]     Checking chan v0.1.18
[INFO] [stderr]     Checking fst v0.1.32
[INFO] [stderr]     Checking chan-signal v0.1.6
[INFO] [stdout] error: aborting due to previous error
[INFO] [stdout] 
[INFO] [stdout] 
[INFO] [stdout] For more information about this error, try `rustc --explain E0642`.
[INFO] [stdout] 
[INFO] [stderr] error: could not compile `rustc-serialize` (lib) due to 2 previous errors; 1 warning emitted
[INFO] [stderr] warning: build failed, waiting for other jobs to finish...
[INFO] running `Command { std: "docker" "inspect" "9810a96d544925df171bbc2629b087fd3f5f351f6ff7450d50777d37508cfcc6", kill_on_drop: false }`
[INFO] running `Command { std: "docker" "rm" "-f" "9810a96d544925df171bbc2629b087fd3f5f351f6ff7450d50777d37508cfcc6", kill_on_drop: false }`
[INFO] [stdout] 9810a96d544925df171bbc2629b087fd3f5f351f6ff7450d50777d37508cfcc6
[INFO] documenting BurntSushi/rust-docs against beta-2023-12-22 for beta-1.76-rustdoc-1
[INFO] running `Command { std: "git" "clone" "/workspace/cache/git-repos/https%3A%2F%2Fgithub.com%2FBurntSushi%2Frust-docs" "/workspace/builds/worker-1-tc2/source", kill_on_drop: false }`
[INFO] [stderr] Cloning into '/workspace/builds/worker-1-tc2/source'...
[INFO] [stderr] done.
[INFO] validating manifest of git repo https://github.com/BurntSushi/rust-docs on toolchain beta-2023-12-22
[INFO] running `Command { std: CARGO_HOME="/workspace/cargo-home" RUSTUP_HOME="/workspace/rustup-home" "/workspace/cargo-home/bin/cargo" "+beta-2023-12-22" "metadata" "--manifest-path" "Cargo.toml" "--no-deps", kill_on_drop: false }`
[INFO] started tweaking git repo https://github.com/BurntSushi/rust-docs
[INFO] finished tweaking git repo https://github.com/BurntSushi/rust-docs
[INFO] tweaked toml for git repo https://github.com/BurntSushi/rust-docs written to /workspace/builds/worker-1-tc2/source/Cargo.toml
[INFO] crate git repo https://github.com/BurntSushi/rust-docs already has a lockfile, it will not be regenerated
[INFO] running `Command { std: CARGO_HOME="/workspace/cargo-home" RUSTUP_HOME="/workspace/rustup-home" "/workspace/cargo-home/bin/cargo" "+beta-2023-12-22" "fetch" "--manifest-path" "Cargo.toml", kill_on_drop: false }`
[INFO] running `Command { std: "docker" "create" "-v" "/var/lib/crater-agent-workspace/builds/worker-1-tc2/target:/opt/rustwide/target:rw,Z" "-v" "/var/lib/crater-agent-workspace/builds/worker-1-tc2/source:/opt/rustwide/workdir:ro,Z" "-v" "/var/lib/crater-agent-workspace/cargo-home:/opt/rustwide/cargo-home:ro,Z" "-v" "/var/lib/crater-agent-workspace/rustup-home:/opt/rustwide/rustup-home:ro,Z" "-e" "SOURCE_DIR=/opt/rustwide/workdir" "-e" "CARGO_TARGET_DIR=/opt/rustwide/target" "-e" "CARGO_HOME=/opt/rustwide/cargo-home" "-e" "RUSTUP_HOME=/opt/rustwide/rustup-home" "-w" "/opt/rustwide/workdir" "-m" "1610612736" "--user" "0:0" "--network" "none" "ghcr.io/rust-lang/crates-build-env/linux@sha256:2788e3201cd34a07e3172128adcd8b3090168a8e3bcc40d7c032b9dda1df7d1c" "/opt/rustwide/cargo-home/bin/cargo" "+beta-2023-12-22" "metadata" "--no-deps" "--format-version=1", kill_on_drop: false }`
[INFO] [stdout] e70385692b0a5900e11125e803a34774976b932377ab6335ca42fa7e8097a45e
[INFO] running `Command { std: "docker" "start" "-a" "e70385692b0a5900e11125e803a34774976b932377ab6335ca42fa7e8097a45e", kill_on_drop: false }`
[INFO] running `Command { std: "docker" "inspect" "e70385692b0a5900e11125e803a34774976b932377ab6335ca42fa7e8097a45e", kill_on_drop: false }`
[INFO] running `Command { std: "docker" "rm" "-f" "e70385692b0a5900e11125e803a34774976b932377ab6335ca42fa7e8097a45e", kill_on_drop: false }`
[INFO] [stdout] e70385692b0a5900e11125e803a34774976b932377ab6335ca42fa7e8097a45e
[INFO] running `Command { std: "docker" "create" "-v" "/var/lib/crater-agent-workspace/builds/worker-1-tc2/target:/opt/rustwide/target:rw,Z" "-v" "/var/lib/crater-agent-workspace/builds/worker-1-tc2/source:/opt/rustwide/workdir:ro,Z" "-v" "/var/lib/crater-agent-workspace/cargo-home:/opt/rustwide/cargo-home:ro,Z" "-v" "/var/lib/crater-agent-workspace/rustup-home:/opt/rustwide/rustup-home:ro,Z" "-e" "SOURCE_DIR=/opt/rustwide/workdir" "-e" "CARGO_TARGET_DIR=/opt/rustwide/target" "-e" "CARGO_INCREMENTAL=0" "-e" "RUST_BACKTRACE=full" "-e" "RUSTFLAGS=--cap-lints=warn" "-e" "RUSTDOCFLAGS=--cap-lints=warn" "-e" "CARGO_HOME=/opt/rustwide/cargo-home" "-e" "RUSTUP_HOME=/opt/rustwide/rustup-home" "-w" "/opt/rustwide/workdir" "-m" "1610612736" "--user" "0:0" "--network" "none" "ghcr.io/rust-lang/crates-build-env/linux@sha256:2788e3201cd34a07e3172128adcd8b3090168a8e3bcc40d7c032b9dda1df7d1c" "/opt/rustwide/cargo-home/bin/cargo" "+beta-2023-12-22" "doc" "--frozen" "--no-deps" "--document-private-items" "--message-format=json", kill_on_drop: false }`
[INFO] [stdout] 1965ad67bfd3cd49722f76f584173fe2158a1736f1a90ce2be8c51346bd06e6c
[INFO] running `Command { std: "docker" "start" "-a" "1965ad67bfd3cd49722f76f584173fe2158a1736f1a90ce2be8c51346bd06e6c", kill_on_drop: false }`
[INFO] [stderr]     Checking libc v0.2.14
[INFO] [stderr]    Compiling winapi-build v0.1.1
[INFO] [stderr]     Checking winapi v0.2.8
[INFO] [stderr]     Checking rustc-serialize v0.3.19
[INFO] [stderr]     Checking num-traits v0.1.34
[INFO] [stderr]     Checking utf8-ranges v0.1.3
[INFO] [stderr]     Checking regex-syntax v0.3.4
[INFO] [stderr]     Checking byteorder v0.5.3
[INFO] [stderr]     Checking log v0.3.6
[INFO] [stdout] error[E0642]: patterns aren't allowed in functions without bodies
[INFO] [stdout]    --> /opt/rustwide/cargo-home/registry/src/index.crates.io-6f17d22bba15001f/rustc-serialize-0.3.19/src/serialize.rs:147:45
[INFO] [stdout]     |
[INFO] [stdout] 147 | ...                   &f_name: &str,
[INFO] [stdout]     |                       ^^^^^^^ pattern not allowed in function without body
[INFO] [stdout] 
[INFO] [stdout] 
[INFO] [stderr]    Compiling kernel32-sys v0.2.2
[INFO] [stderr]     Checking bit-vec v0.4.3
[INFO] [stderr]     Checking unicode-width v0.1.3
[INFO] [stderr]     Checking strsim v0.3.0
[INFO] [stdout] error[E0310]: the parameter type `T` may not live long enough
[INFO] [stdout]    --> /opt/rustwide/cargo-home/registry/src/index.crates.io-6f17d22bba15001f/rustc-serialize-0.3.19/src/serialize.rs:454:5
[INFO] [stdout]     |
[INFO] [stdout] 454 |     fn decode<D: Decoder>(d: &mut D) -> Result<Cow<'static, T>, D::Error> {
[INFO] [stdout]     |     ^^^^^^^^^^^^^^^^^^^^^^^^^^^^^^^^^^^^^^^^^^^^^^^^^^^^^^^^^^^^^^^^^^^^^
[INFO] [stdout]     |     |
[INFO] [stdout]     |     the parameter type `T` must be valid for the static lifetime...
[INFO] [stdout]     |     ...so that the type `T` will meet its required lifetime bounds...
[INFO] [stdout]     |
[INFO] [stdout] note: ...that is required by this bound
[INFO] [stdout]    --> /rustc/0e09125c6c3c2fd70d7de961bcf0e51575235fad/library/alloc/src/borrow.rs:180:30
[INFO] [stdout] help: consider adding an explicit lifetime bound
[INFO] [stdout]     |
[INFO] [stdout] 450 | impl<'a, T: ?Sized + 'static> Decodable for Cow<'a, T>
[INFO] [stdout]     |                    +++++++++
[INFO] [stdout] 
[INFO] [stdout] 
[INFO] [stderr]     Checking bit-set v0.2.0
[INFO] [stderr]     Checking regex-syntax v0.2.6
[INFO] [stderr]     Checking rand v0.3.14
[INFO] [stderr]     Checking memchr v0.1.11
[INFO] [stderr]     Checking num-integer v0.1.32
[INFO] [stderr]     Checking aho-corasick v0.5.2
[INFO] [stderr]     Checking thread-id v2.0.0
[INFO] [stderr]     Checking fs2 v0.2.5
[INFO] [stderr]     Checking num-iter v0.1.32
[INFO] [stderr]     Checking thread_local v0.2.6
[INFO] [stderr]     Checking memmap v0.2.3
[INFO] [stderr]     Checking lazy_static v0.2.1
[INFO] [stderr]     Checking lazy_static v0.1.16
[INFO] [stderr]     Checking walkdir v0.1.5
[INFO] [stderr]     Checking regex v0.1.73
[INFO] [stderr]     Checking tabwriter v0.1.25
[INFO] [stderr]     Checking suffix v0.4.1
[INFO] [stderr]     Checking fst v0.1.32
[INFO] [stderr]     Checking chan v0.1.18
[INFO] [stdout] error: aborting due to 2 previous errors
[INFO] [stdout] 
[INFO] [stdout] 
[INFO] [stdout] Some errors have detailed explanations: E0310, E0642.
[INFO] [stdout] 
[INFO] [stdout] For more information about an error, try `rustc --explain E0310`.
[INFO] [stdout] 
[INFO] [stderr] error: could not compile `rustc-serialize` (lib) due to 3 previous errors
[INFO] [stderr] warning: build failed, waiting for other jobs to finish...
[INFO] running `Command { std: "docker" "inspect" "1965ad67bfd3cd49722f76f584173fe2158a1736f1a90ce2be8c51346bd06e6c", kill_on_drop: false }`
[INFO] running `Command { std: "docker" "rm" "-f" "1965ad67bfd3cd49722f76f584173fe2158a1736f1a90ce2be8c51346bd06e6c", kill_on_drop: false }`
[INFO] [stdout] 1965ad67bfd3cd49722f76f584173fe2158a1736f1a90ce2be8c51346bd06e6c
