[INFO] cloning repository https://github.com/Bunch-of-cells/zombo
[INFO] running `Command { std: "git" "-c" "credential.helper=" "-c" "credential.helper=/workspace/cargo-home/bin/git-credential-null" "clone" "--bare" "https://github.com/Bunch-of-cells/zombo" "/workspace/cache/git-repos/https%3A%2F%2Fgithub.com%2FBunch-of-cells%2Fzombo", kill_on_drop: false }`
[INFO] [stderr] Cloning into bare repository '/workspace/cache/git-repos/https%3A%2F%2Fgithub.com%2FBunch-of-cells%2Fzombo'...
[INFO] running `Command { std: "git" "rev-parse" "HEAD", kill_on_drop: false }`
[INFO] [stdout] 9c6e417c0d428096778435543e5ce971c8965a98
[INFO] documenting Bunch-of-cells/zombo against 1.75.0 for beta-1.76-rustdoc-1
[INFO] running `Command { std: "git" "clone" "/workspace/cache/git-repos/https%3A%2F%2Fgithub.com%2FBunch-of-cells%2Fzombo" "/workspace/builds/worker-3-tc1/source", kill_on_drop: false }`
[INFO] [stderr] Cloning into '/workspace/builds/worker-3-tc1/source'...
[INFO] [stderr] done.
[INFO] validating manifest of git repo https://github.com/Bunch-of-cells/zombo on toolchain 1.75.0
[INFO] running `Command { std: CARGO_HOME="/workspace/cargo-home" RUSTUP_HOME="/workspace/rustup-home" "/workspace/cargo-home/bin/cargo" "+1.75.0" "metadata" "--manifest-path" "Cargo.toml" "--no-deps", kill_on_drop: false }`
[INFO] started tweaking git repo https://github.com/Bunch-of-cells/zombo
[INFO] finished tweaking git repo https://github.com/Bunch-of-cells/zombo
[INFO] tweaked toml for git repo https://github.com/Bunch-of-cells/zombo written to /workspace/builds/worker-3-tc1/source/Cargo.toml
[INFO] crate git repo https://github.com/Bunch-of-cells/zombo already has a lockfile, it will not be regenerated
[INFO] running `Command { std: CARGO_HOME="/workspace/cargo-home" RUSTUP_HOME="/workspace/rustup-home" "/workspace/cargo-home/bin/cargo" "+1.75.0" "fetch" "--manifest-path" "Cargo.toml", kill_on_drop: false }`
[INFO] [stderr] warning: virtual workspace defaulting to `resolver = "1"` despite one or more workspace members being on edition 2021 which implies `resolver = "2"`
[INFO] [stderr] note: to keep the current resolver, specify `workspace.resolver = "1"` in the workspace root's manifest
[INFO] [stderr] note: to use the edition 2021 resolver, specify `workspace.resolver = "2"` in the workspace root's manifest
[INFO] [stderr] note: for more details see https://doc.rust-lang.org/cargo/reference/resolver.html#resolver-versions
[INFO] [stderr]     Updating git repository `https://github.com/FyroxEngine/Fyrox`
[INFO] [stderr]     Updating crates.io index
[INFO] [stderr]     Blocking waiting for file lock on package cache
[INFO] [stderr]  Downloading crates ...
[INFO] [stderr]   Downloaded x11-clipboard v0.6.1
[INFO] [stderr]   Downloaded proc-macro-crate v1.3.0
[INFO] [stderr]   Downloaded copypasta v0.8.1
[INFO] [stderr]   Downloaded hrtf v0.8.0
[INFO] [stderr]   Downloaded realfft v2.0.1
[INFO] [stderr]   Downloaded num_enum_derive v0.5.9
[INFO] [stderr]   Downloaded notify v5.0.0
[INFO] [stderr]   Downloaded nom8 v0.2.0
[INFO] [stderr]   Downloaded toml_edit v0.18.0
[INFO] [stderr]   Downloaded clap v4.1.4
[INFO] [stderr]   Downloaded xcb v1.2.0
[INFO] [stderr]   Downloaded rapier2d v0.16.1
[INFO] [stderr]   Downloaded parry2d v0.11.1
[INFO] [stderr]   Downloaded parry3d v0.11.1
[INFO] [stderr]   Downloaded rapier3d v0.16.1
[INFO] [stderr]   Downloaded wide v0.7.5
[INFO] [stderr]   Downloaded rubato v0.10.1
[INFO] [stderr]   Downloaded toml_datetime v0.5.1
[INFO] [stderr]   Downloaded ddsfile v0.5.1
[INFO] running `Command { std: "docker" "create" "-v" "/var/lib/crater-agent-workspace/builds/worker-3-tc1/target:/opt/rustwide/target:rw,Z" "-v" "/var/lib/crater-agent-workspace/builds/worker-3-tc1/source:/opt/rustwide/workdir:ro,Z" "-v" "/var/lib/crater-agent-workspace/cargo-home:/opt/rustwide/cargo-home:ro,Z" "-v" "/var/lib/crater-agent-workspace/rustup-home:/opt/rustwide/rustup-home:ro,Z" "-e" "SOURCE_DIR=/opt/rustwide/workdir" "-e" "CARGO_TARGET_DIR=/opt/rustwide/target" "-e" "CARGO_HOME=/opt/rustwide/cargo-home" "-e" "RUSTUP_HOME=/opt/rustwide/rustup-home" "-w" "/opt/rustwide/workdir" "-m" "1610612736" "--user" "0:0" "--network" "none" "ghcr.io/rust-lang/crates-build-env/linux@sha256:2788e3201cd34a07e3172128adcd8b3090168a8e3bcc40d7c032b9dda1df7d1c" "/opt/rustwide/cargo-home/bin/cargo" "+1.75.0" "metadata" "--no-deps" "--format-version=1", kill_on_drop: false }`
[INFO] [stdout] 69c1ea37c79ebfcac2ac842d4670d4c1bbf6ac6ce732309adc32253b359a7bc9
[INFO] running `Command { std: "docker" "start" "-a" "69c1ea37c79ebfcac2ac842d4670d4c1bbf6ac6ce732309adc32253b359a7bc9", kill_on_drop: false }`
[INFO] running `Command { std: "docker" "inspect" "69c1ea37c79ebfcac2ac842d4670d4c1bbf6ac6ce732309adc32253b359a7bc9", kill_on_drop: false }`
[INFO] running `Command { std: "docker" "rm" "-f" "69c1ea37c79ebfcac2ac842d4670d4c1bbf6ac6ce732309adc32253b359a7bc9", kill_on_drop: false }`
[INFO] [stdout] 69c1ea37c79ebfcac2ac842d4670d4c1bbf6ac6ce732309adc32253b359a7bc9
[INFO] running `Command { std: "docker" "create" "-v" "/var/lib/crater-agent-workspace/builds/worker-3-tc1/target:/opt/rustwide/target:rw,Z" "-v" "/var/lib/crater-agent-workspace/builds/worker-3-tc1/source:/opt/rustwide/workdir:ro,Z" "-v" "/var/lib/crater-agent-workspace/cargo-home:/opt/rustwide/cargo-home:ro,Z" "-v" "/var/lib/crater-agent-workspace/rustup-home:/opt/rustwide/rustup-home:ro,Z" "-e" "SOURCE_DIR=/opt/rustwide/workdir" "-e" "CARGO_TARGET_DIR=/opt/rustwide/target" "-e" "CARGO_INCREMENTAL=0" "-e" "RUST_BACKTRACE=full" "-e" "RUSTFLAGS=--cap-lints=warn" "-e" "RUSTDOCFLAGS=--cap-lints=warn" "-e" "CARGO_HOME=/opt/rustwide/cargo-home" "-e" "RUSTUP_HOME=/opt/rustwide/rustup-home" "-w" "/opt/rustwide/workdir" "-m" "1610612736" "--user" "0:0" "--network" "none" "ghcr.io/rust-lang/crates-build-env/linux@sha256:2788e3201cd34a07e3172128adcd8b3090168a8e3bcc40d7c032b9dda1df7d1c" "/opt/rustwide/cargo-home/bin/cargo" "+1.75.0" "doc" "--frozen" "--no-deps" "--document-private-items" "--message-format=json", kill_on_drop: false }`
[INFO] [stdout] 61212038ca9a6e6970759cf0a1400b0ecc30d1911700b5bf583bae6c16e5a544
[INFO] running `Command { std: "docker" "start" "-a" "61212038ca9a6e6970759cf0a1400b0ecc30d1911700b5bf583bae6c16e5a544", kill_on_drop: false }`
[INFO] [stderr] warning: virtual workspace defaulting to `resolver = "1"` despite one or more workspace members being on edition 2021 which implies `resolver = "2"`
[INFO] [stderr] note: to keep the current resolver, specify `workspace.resolver = "1"` in the workspace root's manifest
[INFO] [stderr] note: to use the edition 2021 resolver, specify `workspace.resolver = "2"` in the workspace root's manifest
[INFO] [stderr] note: for more details see https://doc.rust-lang.org/cargo/reference/resolver.html#resolver-versions
[INFO] [stderr]    Compiling autocfg v1.1.0
[INFO] [stderr]    Compiling proc-macro2 v1.0.50
[INFO] [stderr]    Compiling unicode-ident v1.0.6
[INFO] [stderr]    Compiling quote v1.0.23
[INFO] [stderr]    Compiling libc v0.2.139
[INFO] [stderr]     Checking cfg-if v1.0.0
[INFO] [stderr]    Compiling syn v1.0.107
[INFO] [stderr]    Compiling pkg-config v0.3.26
[INFO] [stderr]     Checking bitflags v1.3.2
[INFO] [stderr]    Compiling log v0.4.17
[INFO] [stderr]    Compiling version_check v0.9.4
[INFO] [stderr]    Compiling libm v0.2.6
[INFO] [stderr]    Compiling memchr v2.5.0
[INFO] [stderr]    Compiling xml-rs v0.8.4
[INFO] [stderr]    Compiling serde_derive v1.0.152
[INFO] [stderr]     Checking smallvec v1.10.0
[INFO] [stderr]    Compiling serde v1.0.152
[INFO] [stderr]     Checking bytemuck v1.13.0
[INFO] [stderr]     Checking once_cell v1.17.0
[INFO] [stderr]     Checking lazy_static v1.4.0
[INFO] [stderr]     Checking scopeguard v1.1.0
[INFO] [stderr]     Checking downcast-rs v1.2.0
[INFO] [stderr]    Compiling cc v1.0.78
[INFO] [stderr]     Checking libloading v0.7.4
[INFO] [stderr]    Compiling crossbeam-utils v0.8.14
[INFO] [stderr]    Compiling paste v1.0.11
[INFO] [stderr]     Checking safe_arch v0.6.0
[INFO] [stderr]     Checking scoped-tls v1.0.1
[INFO] [stderr]    Compiling wasm-bindgen-shared v0.2.83
[INFO] [stderr]     Checking dlib v0.5.0
[INFO] [stderr]    Compiling typenum v1.16.0
[INFO] [stderr]     Checking minimal-lexical v0.2.1
[INFO] [stderr]     Checking rawpointer v0.2.1
[INFO] [stderr]     Checking byteorder v1.4.3
[INFO] [stderr]    Compiling cmake v0.1.49
[INFO] [stderr]     Checking wide v0.7.5
[INFO] [stderr]    Compiling futures-core v0.3.25
[INFO] [stderr]    Compiling thiserror v1.0.38
[INFO] [stderr]    Compiling crc32fast v1.3.2
[INFO] [stderr]    Compiling slotmap v1.0.6
[INFO] [stderr]    Compiling num-traits v0.2.15
[INFO] [stderr]    Compiling num-integer v0.1.45
[INFO] [stderr]    Compiling memoffset v0.6.5
[INFO] [stderr]    Compiling wayland-scanner v0.29.5
[INFO] [stderr]    Compiling slab v0.4.7
[INFO] [stderr]    Compiling num-rational v0.4.1
[INFO] [stderr]     Checking getrandom v0.2.8
[INFO] [stderr]     Checking nix v0.24.3
[INFO] [stderr]    Compiling memoffset v0.7.1
[INFO] [stderr]    Compiling crossbeam-epoch v0.9.13
[INFO] [stderr]    Compiling khronos_api v3.1.0
[INFO] [stderr]    Compiling wayland-sys v0.29.5
[INFO] [stderr]     Checking num_cpus v1.15.0
[INFO] [stderr]    Compiling lock_api v0.4.9
[INFO] [stderr]     Checking nom v7.1.3
[INFO] [stderr]     Checking matrixmultiply v0.3.2
[INFO] [stderr]    Compiling futures-task v0.3.25
[INFO] [stderr]    Compiling bumpalo v3.12.0
[INFO] [stderr]    Compiling futures-channel v0.3.25
[INFO] [stderr]     Checking adler v1.0.2
[INFO] [stderr]    Compiling parking_lot_core v0.9.6
[INFO] [stderr]     Checking miniz_oxide v0.6.2
[INFO] [stderr]    Compiling smithay-client-toolkit v0.16.0
[INFO] [stderr]     Checking approx v0.5.1
[INFO] [stderr]     Checking nix v0.25.1
[INFO] [stderr]     Checking crossbeam-channel v0.5.6
[INFO] [stderr]     Checking vec_map v0.8.2
[INFO] [stderr]    Compiling futures-util v0.3.25
[INFO] [stderr]     Checking arrayvec v0.7.2
[INFO] [stderr]    Compiling strsim v0.10.0
[INFO] [stderr]     Checking futures-sink v0.3.25
[INFO] [stderr]    Compiling fnv v1.0.7
[INFO] [stderr]    Compiling ident_case v1.0.1
[INFO] [stderr]     Checking flate2 v1.0.25
[INFO] [stderr]     Checking crossbeam-deque v0.8.2
[INFO] [stderr]    Compiling gl_generator v0.14.0
[INFO] [stderr]     Checking wayland-commons v0.29.5
[INFO] [stderr]    Compiling servo-fontconfig-sys v5.1.0
[INFO] [stderr]     Checking memmap2 v0.5.8
[INFO] [stderr]     Checking pin-utils v0.1.0
[INFO] [stderr]    Compiling wasm-bindgen v0.2.83
[INFO] [stderr]     Checking pin-project-lite v0.2.9
[INFO] [stderr]     Checking futures-io v0.3.25
[INFO] [stderr]     Checking either v1.8.0
[INFO] [stderr]     Checking parking_lot v0.12.1
[INFO] [stderr]     Checking rand_core v0.6.4
[INFO] [stderr]    Compiling memoffset v0.8.0
[INFO] [stderr]    Compiling rustfft v6.1.0
[INFO] [stderr]     Checking instant v0.1.12
[INFO] [stderr]    Compiling unicode-segmentation v1.10.0
[INFO] [stderr]     Checking ppv-lite86 v0.2.17
[INFO] [stderr]     Checking strength_reduce v0.2.4
[INFO] [stderr]     Checking png v0.17.7
[INFO] [stderr]    Compiling quick-xml v0.22.0
[INFO] [stderr]     Checking transpose v0.2.2
[INFO] [stderr]     Checking primal-check v0.3.3
[INFO] [stderr]    Compiling fxhash v0.2.1
[INFO] [stderr]     Checking xcursor v0.3.4
[INFO] [stderr]     Checking rand_chacha v0.3.1
[INFO] [stderr]    Compiling convert_case v0.6.0
[INFO] [stderr]    Compiling crossfont v0.5.1
[INFO] [stderr]    Compiling x11-dl v2.21.0
[INFO] [stderr]    Compiling proc-macro-error-attr v1.0.4
[INFO] [stderr]    Compiling ahash v0.7.6
[INFO] [stderr]    Compiling crossbeam-queue v0.3.8
[INFO] [stderr]    Compiling rayon-core v1.10.2
[INFO] [stderr]    Compiling rustversion v1.0.11
[INFO] [stderr]    Compiling io-lifetimes v1.0.4
[INFO] [stderr]     Checking foreign-types-shared v0.3.1
[INFO] [stderr]     Checking arrayref v0.3.6
[INFO] [stderr]     Checking optional v0.5.0
[INFO] [stderr]     Checking robust v0.2.3
[INFO] [stderr]    Compiling heck v0.4.0
[INFO] [stderr]     Checking tiny-skia-path v0.7.0
[INFO] [stderr]     Checking rand v0.8.5
[INFO] [stderr]     Checking spade v2.1.0
[INFO] [stderr]     Checking mio v0.8.5
[INFO] [stderr]    Compiling proc-macro-error v1.0.4
[INFO] [stderr]     Checking safe_arch v0.5.2
[INFO] [stderr]     Checking arrayvec v0.5.2
[INFO] [stderr]     Checking rustc-hash v1.1.0
[INFO] [stderr]     Checking cty v0.2.2
[INFO] [stderr]    Compiling freetype-sys v0.13.1
[INFO] [stderr]    Compiling expat-sys v2.1.6
[INFO] [stderr]    Compiling rustix v0.36.7
[INFO] [stderr]     Checking base64 v0.20.0
[INFO] [stderr]     Checking tiny-skia v0.7.0
[INFO] [stderr]    Compiling xcb v1.2.0
[INFO] [stderr]    Compiling alsa-sys v0.3.1
[INFO] [stderr]     Checking inotify-sys v0.1.5
[INFO] [stderr]     Checking same-file v1.0.6
[INFO] [stderr]     Checking linux-raw-sys v0.1.4
[INFO] [stderr]     Checking weezl v0.1.7
[INFO] [stderr]    Compiling glutin_egl_sys v0.1.6
[INFO] [stderr]    Compiling glutin_glx_sys v0.1.8
[INFO] [stderr]     Checking tinyvec_macros v0.1.0
[INFO] [stderr]     Checking tinyvec v1.6.0
[INFO] [stderr]     Checking rayon v1.6.1
[INFO] [stderr]    Compiling wayland-client v0.29.5
[INFO] [stderr]    Compiling wayland-protocols v0.29.5
[INFO] [stderr]     Checking walkdir v2.3.2
[INFO] [stderr]    Compiling wasm-bindgen-backend v0.2.83
[INFO] [stderr]    Compiling darling_core v0.14.2
[INFO] [stderr]     Checking servo-fontconfig v0.5.1
[INFO] [stderr]     Checking freetype-rs v0.26.0
[INFO] [stderr]     Checking hashbrown v0.11.2
[INFO] [stderr]     Checking inotify v0.9.6
[INFO] [stderr]     Checking crossbeam v0.8.2
[INFO] [stderr]    Compiling wasm-bindgen-macro-support v0.2.83
[INFO] [stderr]     Checking raw-window-handle v0.5.0
[INFO] [stderr]     Checking raw-window-handle v0.4.3
[INFO] [stderr]     Checking num-traits v0.1.43
[INFO] [stderr]     Checking filetime v0.2.19
[INFO] [stderr]     Checking shared_library v0.1.9
[INFO] [stderr]     Checking ogg v0.8.0
[INFO] [stderr]     Checking strum v0.24.1
[INFO] [stderr]     Checking os_str_bytes v6.4.1
[INFO] [stderr]     Checking jpeg-decoder v0.3.0
[INFO] [stderr]     Checking percent-encoding v2.2.0
[INFO] [stderr]     Checking color_quant v1.1.0
[INFO] [stderr]     Checking ttf-parser v0.15.2
[INFO] [stderr]     Checking bit-vec v0.6.3
[INFO] [stderr]     Checking gif v0.11.4
[INFO] [stderr]     Checking clap_lex v0.3.1
[INFO] [stderr]     Checking sysinfo v0.26.9
[INFO] [stderr]     Checking lewton v0.10.2
[INFO] [stderr]     Checking is-terminal v0.4.2
[INFO] [stderr]     Checking tiff v0.8.1
[INFO] [stderr]     Checking notify v5.0.0
[INFO] [stderr]     Checking osmesa-sys v0.1.2
[INFO] [stderr]     Checking enum_primitive v0.1.1
[INFO] [stderr]     Checking base64 v0.13.1
[INFO] [stderr]     Checking fontdue v0.7.2
[INFO] [stderr]     Checking termcolor v1.2.0
[INFO] [stderr]     Checking adler32 v1.2.0
[INFO] [stderr]     Checking hound v3.5.0
[INFO] [stderr]     Checking ddsfile v0.5.1
[INFO] [stderr]     Checking glow v0.11.2
[INFO] [stderr]     Checking inflate v0.4.5
[INFO] [stderr]     Checking tbc v0.3.0
[INFO] [stderr]     Checking image v0.24.5
[INFO] [stderr]     Checking wayland-cursor v0.29.5
[INFO] [stderr]     Checking wayland-egl v0.29.5
[INFO] [stderr]    Compiling nalgebra-macros v0.1.0
[INFO] [stderr]    Compiling thiserror-impl v1.0.38
[INFO] [stderr]    Compiling futures-macro v0.3.25
[INFO] [stderr]    Compiling wasm-bindgen-macro v0.2.83
[INFO] [stderr]    Compiling darling_macro v0.14.2
[INFO] [stderr]    Compiling foreign-types-macros v0.2.2
[INFO] [stderr]    Compiling num-derive v0.3.3
[INFO] [stderr]    Compiling strum_macros v0.24.3
[INFO] [stderr]    Compiling clap_derive v4.1.0
[INFO] [stderr]     Checking uuid v1.2.2
[INFO] [stderr]    Compiling darling v0.14.2
[INFO] [stderr]    Compiling fyrox-core-derive v0.18.0 (https://github.com/FyroxEngine/Fyrox#6f51acc2)
[INFO] [stderr]     Checking foreign-types v0.5.0
[INFO] [stderr]     Checking x11-clipboard v0.6.1
[INFO] [stderr]     Checking calloop v0.10.5
[INFO] [stderr]     Checking clap v4.1.4
[INFO] [stderr]     Checking futures-executor v0.3.25
[INFO] [stderr]     Checking futures v0.3.25
[INFO] [stderr]     Checking num-complex v0.4.3
[INFO] [stderr]     Checking ron v0.8.0
[INFO] [stderr]     Checking toml v0.5.11
[INFO] [stderr]     Checking simba v0.7.3
[INFO] [stderr]     Checking realfft v2.0.1
[INFO] [stderr]     Checking rubato v0.10.1
[INFO] [stderr]     Checking hrtf v0.8.0
[INFO] [stderr]     Checking nalgebra v0.31.4
[INFO] [stderr]     Checking fyrox-core v0.23.0 (https://github.com/FyroxEngine/Fyrox#6f51acc2)
[INFO] [stderr]     Checking parry3d v0.11.1
[INFO] [stderr]     Checking parry2d v0.11.1
[INFO] [stderr]     Checking fyrox-resource v0.7.0 (https://github.com/FyroxEngine/Fyrox#6f51acc2)
[INFO] [stderr]     Checking fyrox-sound v0.30.0 (https://github.com/FyroxEngine/Fyrox#6f51acc2)
[INFO] [stderr]     Checking rapier2d v0.16.1
[INFO] [stderr]     Checking rapier3d v0.16.1
[INFO] [stderr]     Checking sctk-adwaita v0.4.3
[INFO] [stderr]     Checking smithay-clipboard v0.6.6
[INFO] [stderr]     Checking copypasta v0.8.1
[INFO] [stderr]     Checking fyrox-ui v0.20.0 (https://github.com/FyroxEngine/Fyrox#6f51acc2)
[INFO] [stderr]     Checking winit v0.27.5
[INFO] [stderr]     Checking glutin v0.29.1
[INFO] [stderr]     Checking fyrox v0.29.0 (https://github.com/FyroxEngine/Fyrox#6f51acc2)
[INFO] [stderr]     Checking zombo v0.1.0 (/opt/rustwide/workdir/game)
[INFO] [stderr]     Checking fyroxed_base v0.16.0 (https://github.com/FyroxEngine/Fyrox#6f51acc2)
[INFO] [stderr]  Documenting zombo v0.1.0 (/opt/rustwide/workdir/game)
[INFO] [stderr]  Documenting executor-wasm v0.1.0 (/opt/rustwide/workdir/executor-wasm)
[INFO] [stderr]  Documenting executor v0.1.0 (/opt/rustwide/workdir/executor)
[INFO] [stdout] error[E0433]: failed to resolve: could not find `wasm_bindgen` in `core`
[INFO] [stdout]  --> executor-wasm/src/lib.rs:4:18
[INFO] [stdout]   |
[INFO] [stdout] 4 | use fyrox::core::wasm_bindgen::{self, prelude::*};
[INFO] [stdout]   |                  ^^^^^^^^^^^^ could not find `wasm_bindgen` in `core`
[INFO] [stdout] 
[INFO] [stdout] 
[INFO] [stdout] error[E0432]: unresolved import `fyrox::core::wasm_bindgen`
[INFO] [stdout]   --> executor-wasm/src/lib.rs:4:33
[INFO] [stdout]    |
[INFO] [stdout] 4  | use fyrox::core::wasm_bindgen::{self, prelude::*};
[INFO] [stdout]    |                                 ^^^^ no `wasm_bindgen` in the root
[INFO] [stdout]    |
[INFO] [stdout] note: found an item that was configured out
[INFO] [stdout]   --> /opt/rustwide/cargo-home/git/checkouts/fyrox-3b28ccbadb9683b5/6f51acc/fyrox-core/src/lib.rs:54:9
[INFO] [stdout]    |
[INFO] [stdout] 54 | pub use wasm_bindgen;
[INFO] [stdout]    |         ^^^^^^^^^^^^
[INFO] [stdout]    = note: the item is gated behind the `wasm32` feature
[INFO] [stdout] 
[INFO] [stdout] 
[INFO] [stdout] error: cannot determine resolution for the attribute macro `wasm_bindgen`
[INFO] [stdout]   --> executor-wasm/src/lib.rs:39:3
[INFO] [stdout]    |
[INFO] [stdout] 39 | #[wasm_bindgen]
[INFO] [stdout]    |   ^^^^^^^^^^^^
[INFO] [stdout]    |
[INFO] [stdout]    = note: import resolution is stuck, try simplifying macro imports
[INFO] [stdout] 
[INFO] [stdout] 
[INFO] [stdout] error: cannot determine resolution for the attribute macro `wasm_bindgen`
[INFO] [stdout]  --> executor-wasm/src/lib.rs:6:3
[INFO] [stdout]   |
[INFO] [stdout] 6 | #[wasm_bindgen]
[INFO] [stdout]   |   ^^^^^^^^^^^^
[INFO] [stdout]   |
[INFO] [stdout]   = note: import resolution is stuck, try simplifying macro imports
[INFO] [stdout] 
[INFO] [stdout] 
[INFO] [stdout] error: cannot determine resolution for the attribute macro `wasm_bindgen`
[INFO] [stdout]  --> executor-wasm/src/lib.rs:8:7
[INFO] [stdout]   |
[INFO] [stdout] 8 |     #[wasm_bindgen(js_namespace = console)]
[INFO] [stdout]   |       ^^^^^^^^^^^^
[INFO] [stdout]   |
[INFO] [stdout]   = note: import resolution is stuck, try simplifying macro imports
[INFO] [stdout] 
[INFO] [stdout] 
[INFO] [stdout] error: cannot determine resolution for the attribute macro `wasm_bindgen`
[INFO] [stdout]   --> executor-wasm/src/lib.rs:13:7
[INFO] [stdout]    |
[INFO] [stdout] 13 |     #[wasm_bindgen(constructor)]
[INFO] [stdout]    |       ^^^^^^^^^^^^
[INFO] [stdout]    |
[INFO] [stdout]    = note: import resolution is stuck, try simplifying macro imports
[INFO] [stdout] 
[INFO] [stdout] 
[INFO] [stdout] error: cannot determine resolution for the attribute macro `wasm_bindgen`
[INFO] [stdout]   --> executor-wasm/src/lib.rs:16:7
[INFO] [stdout]    |
[INFO] [stdout] 16 |     #[wasm_bindgen(structural, method, getter)]
[INFO] [stdout]    |       ^^^^^^^^^^^^
[INFO] [stdout]    |
[INFO] [stdout]    = note: import resolution is stuck, try simplifying macro imports
[INFO] [stdout] 
[INFO] [stdout] 
[INFO] [stdout] error[E0658]: extern types are experimental
[INFO] [stdout]   --> executor-wasm/src/lib.rs:11:5
[INFO] [stdout]    |
[INFO] [stdout] 11 |     type Error;
[INFO] [stdout]    |     ^^^^^^^^^^^
[INFO] [stdout]    |
[INFO] [stdout]    = note: see issue #43467 <https://github.com/rust-lang/rust/issues/43467> for more information
[INFO] [stdout] 
[INFO] [stdout] 
[INFO] [stdout] error: aborting due to 8 previous errors
[INFO] [stdout] 
[INFO] [stdout] 
[INFO] [stdout] Some errors have detailed explanations: E0432, E0433, E0658.
[INFO] [stdout] 
[INFO] [stdout] For more information about an error, try `rustc --explain E0432`.
[INFO] [stdout] 
[INFO] [stderr] error: could not document `executor-wasm`
[INFO] [stderr] 
[INFO] [stderr] Caused by:
[INFO] [stderr]   process didn't exit successfully: `/opt/rustwide/rustup-home/toolchains/1.75.0-x86_64-unknown-linux-gnu/bin/rustdoc --edition=2021 --crate-type cdylib --crate-type rlib --crate-name executor_wasm executor-wasm/src/lib.rs -o /opt/rustwide/target/doc --error-format=json --json=diagnostic-rendered-ansi,artifacts,future-incompat --document-private-items -C metadata=6e7902a69fa050c8 -L dependency=/opt/rustwide/target/debug/deps --extern fyrox=/opt/rustwide/target/debug/deps/libfyrox-2249c34be3a1f2da.rmeta --extern zombo=/opt/rustwide/target/debug/deps/libzombo-d244e2aebe7116b7.rmeta --cap-lints=warn --crate-version 0.1.0` (exit status: 1)
[INFO] [stderr] warning: build failed, waiting for other jobs to finish...
[INFO] running `Command { std: "docker" "inspect" "61212038ca9a6e6970759cf0a1400b0ecc30d1911700b5bf583bae6c16e5a544", kill_on_drop: false }`
[INFO] running `Command { std: "docker" "rm" "-f" "61212038ca9a6e6970759cf0a1400b0ecc30d1911700b5bf583bae6c16e5a544", kill_on_drop: false }`
[INFO] [stdout] 61212038ca9a6e6970759cf0a1400b0ecc30d1911700b5bf583bae6c16e5a544
[INFO] documenting Bunch-of-cells/zombo against beta-2023-12-22 for beta-1.76-rustdoc-1
[INFO] running `Command { std: "git" "clone" "/workspace/cache/git-repos/https%3A%2F%2Fgithub.com%2FBunch-of-cells%2Fzombo" "/workspace/builds/worker-3-tc2/source", kill_on_drop: false }`
[INFO] [stderr] Cloning into '/workspace/builds/worker-3-tc2/source'...
[INFO] [stderr] done.
[INFO] validating manifest of git repo https://github.com/Bunch-of-cells/zombo on toolchain beta-2023-12-22
[INFO] running `Command { std: CARGO_HOME="/workspace/cargo-home" RUSTUP_HOME="/workspace/rustup-home" "/workspace/cargo-home/bin/cargo" "+beta-2023-12-22" "metadata" "--manifest-path" "Cargo.toml" "--no-deps", kill_on_drop: false }`
[INFO] started tweaking git repo https://github.com/Bunch-of-cells/zombo
[INFO] finished tweaking git repo https://github.com/Bunch-of-cells/zombo
[INFO] tweaked toml for git repo https://github.com/Bunch-of-cells/zombo written to /workspace/builds/worker-3-tc2/source/Cargo.toml
[INFO] crate git repo https://github.com/Bunch-of-cells/zombo already has a lockfile, it will not be regenerated
[INFO] running `Command { std: CARGO_HOME="/workspace/cargo-home" RUSTUP_HOME="/workspace/rustup-home" "/workspace/cargo-home/bin/cargo" "+beta-2023-12-22" "fetch" "--manifest-path" "Cargo.toml", kill_on_drop: false }`
[INFO] [stderr] warning: virtual workspace defaulting to `resolver = "1"` despite one or more workspace members being on edition 2021 which implies `resolver = "2"`
[INFO] [stderr] note: to keep the current resolver, specify `workspace.resolver = "1"` in the workspace root's manifest
[INFO] [stderr] note: to use the edition 2021 resolver, specify `workspace.resolver = "2"` in the workspace root's manifest
[INFO] [stderr] note: for more details see https://doc.rust-lang.org/cargo/reference/resolver.html#resolver-versions
[INFO] running `Command { std: "docker" "create" "-v" "/var/lib/crater-agent-workspace/builds/worker-3-tc2/target:/opt/rustwide/target:rw,Z" "-v" "/var/lib/crater-agent-workspace/builds/worker-3-tc2/source:/opt/rustwide/workdir:ro,Z" "-v" "/var/lib/crater-agent-workspace/cargo-home:/opt/rustwide/cargo-home:ro,Z" "-v" "/var/lib/crater-agent-workspace/rustup-home:/opt/rustwide/rustup-home:ro,Z" "-e" "SOURCE_DIR=/opt/rustwide/workdir" "-e" "CARGO_TARGET_DIR=/opt/rustwide/target" "-e" "CARGO_HOME=/opt/rustwide/cargo-home" "-e" "RUSTUP_HOME=/opt/rustwide/rustup-home" "-w" "/opt/rustwide/workdir" "-m" "1610612736" "--user" "0:0" "--network" "none" "ghcr.io/rust-lang/crates-build-env/linux@sha256:2788e3201cd34a07e3172128adcd8b3090168a8e3bcc40d7c032b9dda1df7d1c" "/opt/rustwide/cargo-home/bin/cargo" "+beta-2023-12-22" "metadata" "--no-deps" "--format-version=1", kill_on_drop: false }`
[INFO] [stdout] beaa04e1eab56d7ff85569ba189e6bcfb9215a494a1b1e68204070a0daf4fcd2
[INFO] running `Command { std: "docker" "start" "-a" "beaa04e1eab56d7ff85569ba189e6bcfb9215a494a1b1e68204070a0daf4fcd2", kill_on_drop: false }`
[INFO] running `Command { std: "docker" "inspect" "beaa04e1eab56d7ff85569ba189e6bcfb9215a494a1b1e68204070a0daf4fcd2", kill_on_drop: false }`
[INFO] running `Command { std: "docker" "rm" "-f" "beaa04e1eab56d7ff85569ba189e6bcfb9215a494a1b1e68204070a0daf4fcd2", kill_on_drop: false }`
[INFO] [stdout] beaa04e1eab56d7ff85569ba189e6bcfb9215a494a1b1e68204070a0daf4fcd2
[INFO] running `Command { std: "docker" "create" "-v" "/var/lib/crater-agent-workspace/builds/worker-3-tc2/target:/opt/rustwide/target:rw,Z" "-v" "/var/lib/crater-agent-workspace/builds/worker-3-tc2/source:/opt/rustwide/workdir:ro,Z" "-v" "/var/lib/crater-agent-workspace/cargo-home:/opt/rustwide/cargo-home:ro,Z" "-v" "/var/lib/crater-agent-workspace/rustup-home:/opt/rustwide/rustup-home:ro,Z" "-e" "SOURCE_DIR=/opt/rustwide/workdir" "-e" "CARGO_TARGET_DIR=/opt/rustwide/target" "-e" "CARGO_INCREMENTAL=0" "-e" "RUST_BACKTRACE=full" "-e" "RUSTFLAGS=--cap-lints=warn" "-e" "RUSTDOCFLAGS=--cap-lints=warn" "-e" "CARGO_HOME=/opt/rustwide/cargo-home" "-e" "RUSTUP_HOME=/opt/rustwide/rustup-home" "-w" "/opt/rustwide/workdir" "-m" "1610612736" "--user" "0:0" "--network" "none" "ghcr.io/rust-lang/crates-build-env/linux@sha256:2788e3201cd34a07e3172128adcd8b3090168a8e3bcc40d7c032b9dda1df7d1c" "/opt/rustwide/cargo-home/bin/cargo" "+beta-2023-12-22" "doc" "--frozen" "--no-deps" "--document-private-items" "--message-format=json", kill_on_drop: false }`
[INFO] [stdout] a539f596a85c20ccb3211dd01182f9907be4cce2f57eae2961a3f9c41a6f0e93
[INFO] running `Command { std: "docker" "start" "-a" "a539f596a85c20ccb3211dd01182f9907be4cce2f57eae2961a3f9c41a6f0e93", kill_on_drop: false }`
[INFO] [stderr] warning: virtual workspace defaulting to `resolver = "1"` despite one or more workspace members being on edition 2021 which implies `resolver = "2"`
[INFO] [stderr] note: to keep the current resolver, specify `workspace.resolver = "1"` in the workspace root's manifest
[INFO] [stderr] note: to use the edition 2021 resolver, specify `workspace.resolver = "2"` in the workspace root's manifest
[INFO] [stderr] note: for more details see https://doc.rust-lang.org/cargo/reference/resolver.html#resolver-versions
[INFO] [stderr]    Compiling autocfg v1.1.0
[INFO] [stderr]    Compiling proc-macro2 v1.0.50
[INFO] [stderr]    Compiling unicode-ident v1.0.6
[INFO] [stderr]    Compiling quote v1.0.23
[INFO] [stderr]    Compiling libc v0.2.139
[INFO] [stderr]     Checking cfg-if v1.0.0
[INFO] [stderr]    Compiling syn v1.0.107
[INFO] [stderr]    Compiling pkg-config v0.3.26
[INFO] [stderr]     Checking bitflags v1.3.2
[INFO] [stderr]    Compiling log v0.4.17
[INFO] [stderr]    Compiling version_check v0.9.4
[INFO] [stderr]    Compiling libm v0.2.6
[INFO] [stderr]    Compiling memchr v2.5.0
[INFO] [stderr]    Compiling xml-rs v0.8.4
[INFO] [stderr]    Compiling serde_derive v1.0.152
[INFO] [stderr]     Checking smallvec v1.10.0
[INFO] [stderr]    Compiling serde v1.0.152
[INFO] [stderr]     Checking once_cell v1.17.0
[INFO] [stderr]     Checking bytemuck v1.13.0
[INFO] [stderr]     Checking lazy_static v1.4.0
[INFO] [stderr]     Checking scopeguard v1.1.0
[INFO] [stderr]    Compiling cc v1.0.78
[INFO] [stderr]     Checking downcast-rs v1.2.0
[INFO] [stderr]     Checking libloading v0.7.4
[INFO] [stderr]    Compiling crossbeam-utils v0.8.14
[INFO] [stderr]    Compiling paste v1.0.11
[INFO] [stderr]     Checking safe_arch v0.6.0
[INFO] [stderr]     Checking scoped-tls v1.0.1
[INFO] [stderr]    Compiling typenum v1.16.0
[INFO] [stderr]     Checking dlib v0.5.0
[INFO] [stderr]    Compiling wasm-bindgen-shared v0.2.83
[INFO] [stderr]    Compiling futures-core v0.3.25
[INFO] [stderr]    Compiling thiserror v1.0.38
[INFO] [stderr]    Compiling cmake v0.1.49
[INFO] [stderr]     Checking wide v0.7.5
[INFO] [stderr]     Checking rawpointer v0.2.1
[INFO] [stderr]    Compiling khronos_api v3.1.0
[INFO] [stderr]     Checking byteorder v1.4.3
[INFO] [stderr]    Compiling crc32fast v1.3.2
[INFO] [stderr]     Checking minimal-lexical v0.2.1
[INFO] [stderr]    Compiling num-traits v0.2.15
[INFO] [stderr]    Compiling num-integer v0.1.45
[INFO] [stderr]    Compiling memoffset v0.6.5
[INFO] [stderr]    Compiling wayland-scanner v0.29.5
[INFO] [stderr]    Compiling slab v0.4.7
[INFO] [stderr]    Compiling num-rational v0.4.1
[INFO] [stderr]     Checking getrandom v0.2.8
[INFO] [stderr]     Checking nix v0.24.3
[INFO] [stderr]    Compiling memoffset v0.7.1
[INFO] [stderr]    Compiling wayland-sys v0.29.5
[INFO] [stderr]    Compiling slotmap v1.0.6
[INFO] [stderr]    Compiling crossbeam-epoch v0.9.13
[INFO] [stderr]     Checking num_cpus v1.15.0
[INFO] [stderr]     Checking nom v7.1.3
[INFO] [stderr]    Compiling lock_api v0.4.9
[INFO] [stderr]     Checking matrixmultiply v0.3.2
[INFO] [stderr]    Compiling bumpalo v3.12.0
[INFO] [stderr]    Compiling futures-task v0.3.25
[INFO] [stderr]     Checking adler v1.0.2
[INFO] [stderr]    Compiling parking_lot_core v0.9.6
[INFO] [stderr]     Checking approx v0.5.1
[INFO] [stderr]    Compiling futures-channel v0.3.25
[INFO] [stderr]     Checking miniz_oxide v0.6.2
[INFO] [stderr]    Compiling smithay-client-toolkit v0.16.0
[INFO] [stderr]     Checking nix v0.25.1
[INFO] [stderr]     Checking crossbeam-channel v0.5.6
[INFO] [stderr]    Compiling fnv v1.0.7
[INFO] [stderr]    Compiling futures-util v0.3.25
[INFO] [stderr]    Compiling ident_case v1.0.1
[INFO] [stderr]     Checking arrayvec v0.7.2
[INFO] [stderr]     Checking futures-sink v0.3.25
[INFO] [stderr]     Checking vec_map v0.8.2
[INFO] [stderr]    Compiling strsim v0.10.0
[INFO] [stderr]     Checking flate2 v1.0.25
[INFO] [stderr]     Checking crossbeam-deque v0.8.2
[INFO] [stderr]     Checking wayland-commons v0.29.5
[INFO] [stderr]    Compiling gl_generator v0.14.0
[INFO] [stderr]    Compiling servo-fontconfig-sys v5.1.0
[INFO] [stderr]     Checking memmap2 v0.5.8
[INFO] [stderr]     Checking futures-io v0.3.25
[INFO] [stderr]     Checking pin-utils v0.1.0
[INFO] [stderr]    Compiling wasm-bindgen v0.2.83
[INFO] [stderr]     Checking pin-project-lite v0.2.9
[INFO] [stderr]     Checking either v1.8.0
[INFO] [stderr]     Checking parking_lot v0.12.1
[INFO] [stderr]     Checking rand_core v0.6.4
[INFO] [stderr]    Compiling rustfft v6.1.0
[INFO] [stderr]    Compiling memoffset v0.8.0
[INFO] [stderr]     Checking instant v0.1.12
[INFO] [stderr]     Checking strength_reduce v0.2.4
[INFO] [stderr]     Checking ppv-lite86 v0.2.17
[INFO] [stderr]    Compiling unicode-segmentation v1.10.0
[INFO] [stderr]     Checking png v0.17.7
[INFO] [stderr]     Checking transpose v0.2.2
[INFO] [stderr]     Checking xcursor v0.3.4
[INFO] [stderr]     Checking primal-check v0.3.3
[INFO] [stderr]    Compiling quick-xml v0.22.0
[INFO] [stderr]    Compiling x11-dl v2.21.0
[INFO] [stderr]    Compiling crossfont v0.5.1
[INFO] [stderr]    Compiling fxhash v0.2.1
[INFO] [stderr]     Checking rand_chacha v0.3.1
[INFO] [stderr]    Compiling ahash v0.7.6
[INFO] [stderr]    Compiling proc-macro-error-attr v1.0.4
[INFO] [stderr]    Compiling convert_case v0.6.0
[INFO] [stderr]    Compiling rayon-core v1.10.2
[INFO] [stderr]     Checking optional v0.5.0
[INFO] [stderr]    Compiling crossbeam-queue v0.3.8
[INFO] [stderr]    Compiling io-lifetimes v1.0.4
[INFO] [stderr]     Checking robust v0.2.3
[INFO] [stderr]     Checking foreign-types-shared v0.3.1
[INFO] [stderr]     Checking arrayref v0.3.6
[INFO] [stderr]    Compiling rustversion v1.0.11
[INFO] [stderr]    Compiling heck v0.4.0
[INFO] [stderr]     Checking tiny-skia-path v0.7.0
[INFO] [stderr]     Checking rand v0.8.5
[INFO] [stderr]     Checking spade v2.1.0
[INFO] [stderr]     Checking mio v0.8.5
[INFO] [stderr]    Compiling proc-macro-error v1.0.4
[INFO] [stderr]     Checking safe_arch v0.5.2
[INFO] [stderr]     Checking base64 v0.20.0
[INFO] [stderr]     Checking cty v0.2.2
[INFO] [stderr]     Checking rustc-hash v1.1.0
[INFO] [stderr]    Compiling rustix v0.36.7
[INFO] [stderr]     Checking arrayvec v0.5.2
[INFO] [stderr]    Compiling xcb v1.2.0
[INFO] [stderr]    Compiling alsa-sys v0.3.1
[INFO] [stderr]     Checking inotify-sys v0.1.5
[INFO] [stderr]     Checking tiny-skia v0.7.0
[INFO] [stderr]    Compiling freetype-sys v0.13.1
[INFO] [stderr]    Compiling expat-sys v2.1.6
[INFO] [stderr]     Checking same-file v1.0.6
[INFO] [stderr]     Checking linux-raw-sys v0.1.4
[INFO] [stderr]     Checking tinyvec_macros v0.1.0
[INFO] [stderr]     Checking weezl v0.1.7
[INFO] [stderr]     Checking tinyvec v1.6.0
[INFO] [stderr]     Checking walkdir v2.3.2
[INFO] [stderr]    Compiling glutin_glx_sys v0.1.8
[INFO] [stderr]    Compiling glutin_egl_sys v0.1.6
[INFO] [stderr]     Checking rayon v1.6.1
[INFO] [stderr]     Checking hashbrown v0.11.2
[INFO] [stderr]    Compiling wayland-client v0.29.5
[INFO] [stderr]    Compiling wayland-protocols v0.29.5
[INFO] [stderr]    Compiling wasm-bindgen-backend v0.2.83
[INFO] [stderr]    Compiling darling_core v0.14.2
[INFO] [stderr]     Checking inotify v0.9.6
[INFO] [stderr]     Checking freetype-rs v0.26.0
[INFO] [stderr]     Checking servo-fontconfig v0.5.1
[INFO] [stderr]     Checking crossbeam v0.8.2
[INFO] [stderr]     Checking raw-window-handle v0.5.0
[INFO] [stderr]     Checking raw-window-handle v0.4.3
[INFO] [stderr]     Checking num-traits v0.1.43
[INFO] [stderr]     Checking filetime v0.2.19
[INFO] [stderr]     Checking shared_library v0.1.9
[INFO] [stderr]     Checking ogg v0.8.0
[INFO] [stderr]     Checking strum v0.24.1
[INFO] [stderr]     Checking ttf-parser v0.15.2
[INFO] [stderr]    Compiling wasm-bindgen-macro-support v0.2.83
[INFO] [stderr]     Checking bit-vec v0.6.3
[INFO] [stderr]     Checking os_str_bytes v6.4.1
[INFO] [stderr]     Checking percent-encoding v2.2.0
[INFO] [stderr]     Checking color_quant v1.1.0
[INFO] [stderr]     Checking jpeg-decoder v0.3.0
[INFO] [stderr]     Checking gif v0.11.4
[INFO] [stderr]     Checking is-terminal v0.4.2
[INFO] [stderr]     Checking sysinfo v0.26.9
[INFO] [stderr]     Checking clap_lex v0.3.1
[INFO] [stderr]     Checking lewton v0.10.2
[INFO] [stderr]     Checking fontdue v0.7.2
[INFO] [stderr]     Checking osmesa-sys v0.1.2
[INFO] [stderr]     Checking notify v5.0.0
[INFO] [stderr]     Checking enum_primitive v0.1.1
[INFO] [stderr]     Checking tiff v0.8.1
[INFO] [stderr]     Checking hound v3.5.0
[INFO] [stderr]     Checking termcolor v1.2.0
[INFO] [stderr]     Checking adler32 v1.2.0
[INFO] [stderr]     Checking base64 v0.13.1
[INFO] [stderr]     Checking ddsfile v0.5.1
[INFO] [stderr]     Checking inflate v0.4.5
[INFO] [stderr]     Checking tbc v0.3.0
[INFO] [stderr]     Checking glow v0.11.2
[INFO] [stderr]     Checking image v0.24.5
[INFO] [stderr]     Checking wayland-cursor v0.29.5
[INFO] [stderr]     Checking wayland-egl v0.29.5
[INFO] [stderr]    Compiling thiserror-impl v1.0.38
[INFO] [stderr]    Compiling nalgebra-macros v0.1.0
[INFO] [stderr]    Compiling futures-macro v0.3.25
[INFO] [stderr]    Compiling darling_macro v0.14.2
[INFO] [stderr]    Compiling wasm-bindgen-macro v0.2.83
[INFO] [stderr]    Compiling foreign-types-macros v0.2.2
[INFO] [stderr]    Compiling num-derive v0.3.3
[INFO] [stderr]    Compiling strum_macros v0.24.3
[INFO] [stderr]    Compiling clap_derive v4.1.0
[INFO] [stderr]     Checking uuid v1.2.2
[INFO] [stderr]    Compiling darling v0.14.2
[INFO] [stderr]    Compiling fyrox-core-derive v0.18.0 (https://github.com/FyroxEngine/Fyrox#6f51acc2)
[INFO] [stderr]     Checking foreign-types v0.5.0
[INFO] [stderr]     Checking x11-clipboard v0.6.1
[INFO] [stderr]     Checking calloop v0.10.5
[INFO] [stderr]     Checking futures-executor v0.3.25
[INFO] [stderr]     Checking clap v4.1.4
[INFO] [stderr]     Checking futures v0.3.25
[INFO] [stderr]     Checking num-complex v0.4.3
[INFO] [stderr]     Checking ron v0.8.0
[INFO] [stderr]     Checking toml v0.5.11
[INFO] [stderr]     Checking simba v0.7.3
[INFO] [stderr]     Checking realfft v2.0.1
[INFO] [stderr]     Checking rubato v0.10.1
[INFO] [stderr]     Checking hrtf v0.8.0
[INFO] [stderr]     Checking nalgebra v0.31.4
[INFO] [stderr]     Checking fyrox-core v0.23.0 (https://github.com/FyroxEngine/Fyrox#6f51acc2)
[INFO] [stderr]     Checking parry3d v0.11.1
[INFO] [stderr]     Checking parry2d v0.11.1
[INFO] [stderr]     Checking fyrox-resource v0.7.0 (https://github.com/FyroxEngine/Fyrox#6f51acc2)
[INFO] [stderr]     Checking fyrox-sound v0.30.0 (https://github.com/FyroxEngine/Fyrox#6f51acc2)
[INFO] [stderr]     Checking rapier2d v0.16.1
[INFO] [stderr]     Checking rapier3d v0.16.1
[INFO] [stderr]     Checking sctk-adwaita v0.4.3
[INFO] [stderr]     Checking smithay-clipboard v0.6.6
[INFO] [stderr]     Checking copypasta v0.8.1
[INFO] [stderr]     Checking fyrox-ui v0.20.0 (https://github.com/FyroxEngine/Fyrox#6f51acc2)
[INFO] [stderr]     Checking winit v0.27.5
[INFO] [stderr]     Checking glutin v0.29.1
[INFO] [stderr]     Checking fyrox v0.29.0 (https://github.com/FyroxEngine/Fyrox#6f51acc2)
[INFO] [stderr]     Checking zombo v0.1.0 (/opt/rustwide/workdir/game)
[INFO] [stderr]     Checking fyroxed_base v0.16.0 (https://github.com/FyroxEngine/Fyrox#6f51acc2)
[INFO] [stderr]  Documenting zombo v0.1.0 (/opt/rustwide/workdir/game)
[INFO] [stderr]  Documenting executor v0.1.0 (/opt/rustwide/workdir/executor)
[INFO] [stderr]  Documenting executor-wasm v0.1.0 (/opt/rustwide/workdir/executor-wasm)
[INFO] [stdout] error[E0433]: failed to resolve: could not find `wasm_bindgen` in `core`
[INFO] [stdout]  --> executor-wasm/src/lib.rs:4:18
[INFO] [stdout]   |
[INFO] [stdout] 4 | use fyrox::core::wasm_bindgen::{self, prelude::*};
[INFO] [stdout]   |                  ^^^^^^^^^^^^ could not find `wasm_bindgen` in `core`
[INFO] [stdout] 
[INFO] [stdout] 
[INFO] [stdout] error[E0432]: unresolved import `fyrox::core::wasm_bindgen`
[INFO] [stdout]   --> executor-wasm/src/lib.rs:4:33
[INFO] [stdout]    |
[INFO] [stdout] 4  | use fyrox::core::wasm_bindgen::{self, prelude::*};
[INFO] [stdout]    |                                 ^^^^ no `wasm_bindgen` in the root
[INFO] [stdout]    |
[INFO] [stdout] note: found an item that was configured out
[INFO] [stdout]   --> /opt/rustwide/cargo-home/git/checkouts/fyrox-3b28ccbadb9683b5/6f51acc/fyrox-core/src/lib.rs:54:9
[INFO] [stdout]    |
[INFO] [stdout] 54 | pub use wasm_bindgen;
[INFO] [stdout]    |         ^^^^^^^^^^^^
[INFO] [stdout]    = note: the item is gated behind the `wasm32` feature
[INFO] [stdout] 
[INFO] [stdout] 
[INFO] [stdout] error: cannot determine resolution for the attribute macro `wasm_bindgen`
[INFO] [stdout]   --> executor-wasm/src/lib.rs:39:3
[INFO] [stdout]    |
[INFO] [stdout] 39 | #[wasm_bindgen]
[INFO] [stdout]    |   ^^^^^^^^^^^^
[INFO] [stdout]    |
[INFO] [stdout]    = note: import resolution is stuck, try simplifying macro imports
[INFO] [stdout] 
[INFO] [stdout] 
[INFO] [stdout] error: cannot determine resolution for the attribute macro `wasm_bindgen`
[INFO] [stdout]  --> executor-wasm/src/lib.rs:6:3
[INFO] [stdout]   |
[INFO] [stdout] 6 | #[wasm_bindgen]
[INFO] [stdout]   |   ^^^^^^^^^^^^
[INFO] [stdout]   |
[INFO] [stdout]   = note: import resolution is stuck, try simplifying macro imports
[INFO] [stdout] 
[INFO] [stdout] 
[INFO] [stdout] error: cannot determine resolution for the attribute macro `wasm_bindgen`
[INFO] [stdout]  --> executor-wasm/src/lib.rs:8:7
[INFO] [stdout]   |
[INFO] [stdout] 8 |     #[wasm_bindgen(js_namespace = console)]
[INFO] [stdout]   |       ^^^^^^^^^^^^
[INFO] [stdout]   |
[INFO] [stdout]   = note: import resolution is stuck, try simplifying macro imports
[INFO] [stdout] 
[INFO] [stdout] 
[INFO] [stdout] error: cannot determine resolution for the attribute macro `wasm_bindgen`
[INFO] [stdout]   --> executor-wasm/src/lib.rs:13:7
[INFO] [stdout]    |
[INFO] [stdout] 13 |     #[wasm_bindgen(constructor)]
[INFO] [stdout]    |       ^^^^^^^^^^^^
[INFO] [stdout]    |
[INFO] [stdout]    = note: import resolution is stuck, try simplifying macro imports
[INFO] [stdout] 
[INFO] [stdout] 
[INFO] [stdout] error: cannot determine resolution for the attribute macro `wasm_bindgen`
[INFO] [stdout]   --> executor-wasm/src/lib.rs:16:7
[INFO] [stdout]    |
[INFO] [stdout] 16 |     #[wasm_bindgen(structural, method, getter)]
[INFO] [stdout]    |       ^^^^^^^^^^^^
[INFO] [stdout]    |
[INFO] [stdout]    = note: import resolution is stuck, try simplifying macro imports
[INFO] [stdout] 
[INFO] [stdout] 
[INFO] [stdout] error[E0658]: extern types are experimental
[INFO] [stdout]   --> executor-wasm/src/lib.rs:11:5
[INFO] [stdout]    |
[INFO] [stdout] 11 |     type Error;
[INFO] [stdout]    |     ^^^^^^^^^^^
[INFO] [stdout]    |
[INFO] [stdout]    = note: see issue #43467 <https://github.com/rust-lang/rust/issues/43467> for more information
[INFO] [stdout] 
[INFO] [stdout] 
[INFO] [stdout] error: aborting due to 8 previous errors
[INFO] [stdout] 
[INFO] [stdout] 
[INFO] [stdout] Some errors have detailed explanations: E0432, E0433, E0658.
[INFO] [stdout] 
[INFO] [stdout] For more information about an error, try `rustc --explain E0432`.
[INFO] [stdout] 
[INFO] [stderr] error: could not document `executor-wasm`
[INFO] [stderr] 
[INFO] [stderr] Caused by:
[INFO] [stderr]   process didn't exit successfully: `/opt/rustwide/rustup-home/toolchains/beta-2023-12-22-x86_64-unknown-linux-gnu/bin/rustdoc --edition=2021 --crate-type cdylib --crate-type rlib --crate-name executor_wasm executor-wasm/src/lib.rs -o /opt/rustwide/target/doc --error-format=json --json=diagnostic-rendered-ansi,artifacts,future-incompat --document-private-items -C metadata=adfc4c382ecc69fa -L dependency=/opt/rustwide/target/debug/deps --extern fyrox=/opt/rustwide/target/debug/deps/libfyrox-fc4aa1d7d07e95c6.rmeta --extern zombo=/opt/rustwide/target/debug/deps/libzombo-49d479f269df7b57.rmeta --cap-lints=warn --crate-version 0.1.0` (exit status: 1)
[INFO] [stderr] warning: build failed, waiting for other jobs to finish...
[INFO] running `Command { std: "docker" "inspect" "a539f596a85c20ccb3211dd01182f9907be4cce2f57eae2961a3f9c41a6f0e93", kill_on_drop: false }`
[INFO] running `Command { std: "docker" "rm" "-f" "a539f596a85c20ccb3211dd01182f9907be4cce2f57eae2961a3f9c41a6f0e93", kill_on_drop: false }`
[INFO] [stdout] a539f596a85c20ccb3211dd01182f9907be4cce2f57eae2961a3f9c41a6f0e93
