[INFO] cloning repository https://github.com/Boskeroni/gameboy-emulator
[INFO] running `Command { std: "git" "-c" "credential.helper=" "-c" "credential.helper=/workspace/cargo-home/bin/git-credential-null" "clone" "--bare" "https://github.com/Boskeroni/gameboy-emulator" "/workspace/cache/git-repos/https%3A%2F%2Fgithub.com%2FBoskeroni%2Fgameboy-emulator", kill_on_drop: false }`
[INFO] [stderr] Cloning into bare repository '/workspace/cache/git-repos/https%3A%2F%2Fgithub.com%2FBoskeroni%2Fgameboy-emulator'...
[INFO] running `Command { std: "git" "rev-parse" "HEAD", kill_on_drop: false }`
[INFO] [stdout] 189972e20fa0144b517c51104e575e073aa59700
[INFO] documenting Boskeroni/gameboy-emulator against 1.75.0 for beta-1.76-rustdoc-1
[INFO] running `Command { std: "git" "clone" "/workspace/cache/git-repos/https%3A%2F%2Fgithub.com%2FBoskeroni%2Fgameboy-emulator" "/workspace/builds/worker-3-tc1/source", kill_on_drop: false }`
[INFO] [stderr] Cloning into '/workspace/builds/worker-3-tc1/source'...
[INFO] [stderr] done.
[INFO] validating manifest of git repo https://github.com/Boskeroni/gameboy-emulator on toolchain 1.75.0
[INFO] running `Command { std: CARGO_HOME="/workspace/cargo-home" RUSTUP_HOME="/workspace/rustup-home" "/workspace/cargo-home/bin/cargo" "+1.75.0" "metadata" "--manifest-path" "Cargo.toml" "--no-deps", kill_on_drop: false }`
[INFO] started tweaking git repo https://github.com/Boskeroni/gameboy-emulator
[INFO] finished tweaking git repo https://github.com/Boskeroni/gameboy-emulator
[INFO] tweaked toml for git repo https://github.com/Boskeroni/gameboy-emulator written to /workspace/builds/worker-3-tc1/source/Cargo.toml
[INFO] running `Command { std: CARGO_HOME="/workspace/cargo-home" RUSTUP_HOME="/workspace/rustup-home" "/workspace/cargo-home/bin/cargo" "+1.75.0" "generate-lockfile" "--manifest-path" "Cargo.toml", kill_on_drop: false }`
[INFO] [stderr]     Updating crates.io index
[INFO] running `Command { std: CARGO_HOME="/workspace/cargo-home" RUSTUP_HOME="/workspace/rustup-home" "/workspace/cargo-home/bin/cargo" "+1.75.0" "fetch" "--manifest-path" "Cargo.toml", kill_on_drop: false }`
[INFO] [stderr]  Downloading crates ...
[INFO] [stderr]   Downloaded gethostname v0.4.3
[INFO] [stderr]   Downloaded objc-sys v0.3.2
[INFO] [stderr]   Downloaded tiny-skia-path v0.11.3
[INFO] [stderr]   Downloaded sctk-adwaita v0.8.1
[INFO] [stderr]   Downloaded x11rb v0.13.0
[INFO] [stderr]   Downloaded winit v0.29.9
[INFO] [stderr]   Downloaded x11rb-protocol v0.13.0
[INFO] [stderr]   Downloaded tiny-skia v0.11.3
[INFO] running `Command { std: "docker" "create" "-v" "/var/lib/crater-agent-workspace/builds/worker-3-tc1/target:/opt/rustwide/target:rw,Z" "-v" "/var/lib/crater-agent-workspace/builds/worker-3-tc1/source:/opt/rustwide/workdir:ro,Z" "-v" "/var/lib/crater-agent-workspace/cargo-home:/opt/rustwide/cargo-home:ro,Z" "-v" "/var/lib/crater-agent-workspace/rustup-home:/opt/rustwide/rustup-home:ro,Z" "-e" "SOURCE_DIR=/opt/rustwide/workdir" "-e" "CARGO_TARGET_DIR=/opt/rustwide/target" "-e" "CARGO_HOME=/opt/rustwide/cargo-home" "-e" "RUSTUP_HOME=/opt/rustwide/rustup-home" "-w" "/opt/rustwide/workdir" "-m" "1610612736" "--user" "0:0" "--network" "none" "ghcr.io/rust-lang/crates-build-env/linux@sha256:2788e3201cd34a07e3172128adcd8b3090168a8e3bcc40d7c032b9dda1df7d1c" "/opt/rustwide/cargo-home/bin/cargo" "+1.75.0" "metadata" "--no-deps" "--format-version=1", kill_on_drop: false }`
[INFO] [stdout] 828a35215bef5ac9de87cfc6a258a0990b497338175249b0e2f94fb616babbe2
[INFO] running `Command { std: "docker" "start" "-a" "828a35215bef5ac9de87cfc6a258a0990b497338175249b0e2f94fb616babbe2", kill_on_drop: false }`
[INFO] running `Command { std: "docker" "inspect" "828a35215bef5ac9de87cfc6a258a0990b497338175249b0e2f94fb616babbe2", kill_on_drop: false }`
[INFO] running `Command { std: "docker" "rm" "-f" "828a35215bef5ac9de87cfc6a258a0990b497338175249b0e2f94fb616babbe2", kill_on_drop: false }`
[INFO] [stdout] 828a35215bef5ac9de87cfc6a258a0990b497338175249b0e2f94fb616babbe2
[INFO] running `Command { std: "docker" "create" "-v" "/var/lib/crater-agent-workspace/builds/worker-3-tc1/target:/opt/rustwide/target:rw,Z" "-v" "/var/lib/crater-agent-workspace/builds/worker-3-tc1/source:/opt/rustwide/workdir:ro,Z" "-v" "/var/lib/crater-agent-workspace/cargo-home:/opt/rustwide/cargo-home:ro,Z" "-v" "/var/lib/crater-agent-workspace/rustup-home:/opt/rustwide/rustup-home:ro,Z" "-e" "SOURCE_DIR=/opt/rustwide/workdir" "-e" "CARGO_TARGET_DIR=/opt/rustwide/target" "-e" "CARGO_INCREMENTAL=0" "-e" "RUST_BACKTRACE=full" "-e" "RUSTFLAGS=--cap-lints=warn" "-e" "RUSTDOCFLAGS=--cap-lints=warn" "-e" "CARGO_HOME=/opt/rustwide/cargo-home" "-e" "RUSTUP_HOME=/opt/rustwide/rustup-home" "-w" "/opt/rustwide/workdir" "-m" "1610612736" "--user" "0:0" "--network" "none" "ghcr.io/rust-lang/crates-build-env/linux@sha256:2788e3201cd34a07e3172128adcd8b3090168a8e3bcc40d7c032b9dda1df7d1c" "/opt/rustwide/cargo-home/bin/cargo" "+1.75.0" "doc" "--frozen" "--no-deps" "--document-private-items" "--message-format=json", kill_on_drop: false }`
[INFO] [stdout] a1803c18b388b0a13e1b03740588db757695951ecbceec111aacb43813ff4762
[INFO] running `Command { std: "docker" "start" "-a" "a1803c18b388b0a13e1b03740588db757695951ecbceec111aacb43813ff4762", kill_on_drop: false }`
[INFO] [stderr]     Checking cfg-if v1.0.0
[INFO] [stderr]    Compiling autocfg v1.1.0
[INFO] [stderr]    Compiling libc v0.2.151
[INFO] [stderr]    Compiling proc-macro2 v1.0.76
[INFO] [stderr]    Compiling unicode-ident v1.0.12
[INFO] [stderr]     Checking once_cell v1.19.0
[INFO] [stderr]     Checking bitflags v1.3.2
[INFO] [stderr]     Checking bitflags v2.4.1
[INFO] [stderr]     Checking log v0.4.20
[INFO] [stderr]    Compiling pkg-config v0.3.28
[INFO] [stderr]     Checking smallvec v1.11.2
[INFO] [stderr]    Compiling thiserror v1.0.56
[INFO] [stderr]     Checking scoped-tls v1.0.1
[INFO] [stderr]     Checking downcast-rs v1.2.0
[INFO] [stderr]    Compiling memchr v2.7.1
[INFO] [stderr]     Checking libloading v0.8.1
[INFO] [stderr]    Compiling version_check v0.9.4
[INFO] [stderr]    Compiling rustix v0.38.28
[INFO] [stderr]     Checking zerocopy v0.7.32
[INFO] [stderr]     Checking bytemuck v1.14.0
[INFO] [stderr]     Checking linux-raw-sys v0.4.12
[INFO] [stderr]     Checking raw-window-handle v0.5.2
[INFO] [stderr]     Checking dlib v0.5.2
[INFO] [stderr]     Checking tracing-core v0.1.32
[INFO] [stderr]     Checking arrayvec v0.7.4
[INFO] [stderr]    Compiling parking_lot_core v0.9.9
[INFO] [stderr]    Compiling cfg_aliases v0.1.1
[INFO] [stderr]     Checking pin-project-lite v0.2.13
[INFO] [stderr]     Checking libloading v0.7.4
[INFO] [stderr]     Checking hashbrown v0.12.3
[INFO] [stderr]    Compiling khronos-egl v4.1.0
[INFO] [stderr]     Checking bit-vec v0.6.3
[INFO] [stderr]     Checking unicode-width v0.1.11
[INFO] [stderr]     Checking tracing v0.1.40
[INFO] [stderr]     Checking allocator-api2 v0.2.16
[INFO] [stderr]    Compiling ash v0.37.3+1.3.251
[INFO] [stderr]     Checking scopeguard v1.2.0
[INFO] [stderr]     Checking termcolor v1.4.0
[INFO] [stderr]    Compiling quick-xml v0.30.0
[INFO] [stderr]     Checking bit-set v0.5.3
[INFO] [stderr]     Checking gpu-descriptor-types v0.1.2
[INFO] [stderr]     Checking gpu-alloc-types v0.2.0
[INFO] [stderr]     Checking rustc-hash v1.1.0
[INFO] [stderr]     Checking hexf-parse v0.2.1
[INFO] [stderr]     Checking codespan-reporting v0.11.1
[INFO] [stderr]     Checking unicode-xid v0.2.4
[INFO] [stderr]    Compiling xml-rs v0.8.19
[INFO] [stderr]     Checking wgpu-types v0.16.1
[INFO] [stderr]     Checking gpu-alloc v0.5.4
[INFO] [stderr]     Checking strict-num v0.1.1
[INFO] [stderr]     Checking ttf-parser v0.20.0
[INFO] [stderr]     Checking renderdoc-sys v1.0.0
[INFO] [stderr]    Compiling quote v1.0.35
[INFO] [stderr]     Checking xkeysym v0.2.0
[INFO] [stderr]    Compiling ahash v0.8.7
[INFO] [stderr]     Checking cursor-icon v1.1.0
[INFO] [stderr]    Compiling syn v2.0.48
[INFO] [stderr]    Compiling memoffset v0.7.1
[INFO] [stderr]    Compiling num-traits v0.2.17
[INFO] [stderr]    Compiling cc v1.0.83
[INFO] [stderr]    Compiling lock_api v0.4.11
[INFO] [stderr]    Compiling indexmap v1.9.3
[INFO] [stderr]    Compiling slab v0.4.9
[INFO] [stderr]     Checking nix v0.26.4
[INFO] [stderr]     Checking getrandom v0.2.11
[INFO] [stderr]    Compiling wayland-scanner v0.29.5
[INFO] [stderr]     Checking parking_lot v0.12.1
[INFO] [stderr]    Compiling wayland-sys v0.31.1
[INFO] [stderr]     Checking xcursor v0.3.5
[INFO] [stderr]     Checking hashbrown v0.14.3
[INFO] [stderr]     Checking profiling v1.0.13
[INFO] [stderr]    Compiling smithay-client-toolkit v0.18.0
[INFO] [stderr]     Checking arrayref v0.3.7
[INFO] [stderr]     Checking glow v0.12.3
[INFO] [stderr]     Checking tiny-skia-path v0.11.3
[INFO] [stderr]    Compiling x11-dl v2.21.0
[INFO] [stderr]     Checking spirv v0.2.0+1.5.4
[INFO] [stderr]     Checking memmap2 v0.9.3
[INFO] [stderr]     Checking safe_arch v0.7.1
[INFO] [stderr]     Checking ab_glyph_rasterizer v0.1.8
[INFO] [stderr]     Checking gpu-descriptor v0.2.4
[INFO] [stderr]     Checking owned_ttf_parser v0.20.0
[INFO] [stderr]    Compiling winit v0.29.9
[INFO] [stderr]     Checking tiny-skia v0.11.3
[INFO] [stderr]     Checking ab_glyph v0.2.23
[INFO] [stderr]     Checking instant v0.1.12
[INFO] [stderr]     Checking wide v0.7.13
[INFO] [stderr]     Checking static_assertions v1.1.0
[INFO] [stderr]     Checking as-raw-xcb-connection v1.0.1
[INFO] [stderr]     Checking x11rb-protocol v0.13.0
[INFO] [stderr]     Checking xkbcommon-dl v0.4.1
[INFO] [stderr]    Compiling wayland-scanner v0.31.0
[INFO] [stderr]     Checking smol_str v0.2.0
[INFO] [stderr]     Checking percent-encoding v2.3.1
[INFO] [stderr]     Checking pollster v0.3.0
[INFO] [stderr]     Checking raw-window-handle v0.6.0
[INFO] [stderr]     Checking ultraviolet v0.9.2
[INFO] [stderr]    Compiling winit v0.28.7
[INFO] [stderr]     Checking polling v3.3.1
[INFO] [stderr]    Compiling wayland-backend v0.3.2
[INFO] [stdout] error: The platform you're compiling for is not supported by winit
[INFO] [stdout]   --> /opt/rustwide/cargo-home/registry/src/index.crates.io-6f17d22bba15001f/winit-0.28.7/src/platform_impl/mod.rs:67:1
[INFO] [stdout]    |
[INFO] [stdout] 67 | compile_error!("The platform you're compiling for is not supported by winit");
[INFO] [stdout]    | ^^^^^^^^^^^^^^^^^^^^^^^^^^^^^^^^^^^^^^^^^^^^^^^^^^^^^^^^^^^^^^^^^^^^^^^^^^^^^
[INFO] [stdout] 
[INFO] [stdout] 
[INFO] [stdout] error[E0432]: unresolved import `self::platform`
[INFO] [stdout]   --> /opt/rustwide/cargo-home/registry/src/index.crates.io-6f17d22bba15001f/winit-0.28.7/src/platform_impl/mod.rs:26:15
[INFO] [stdout]    |
[INFO] [stdout] 26 | pub use self::platform::*;
[INFO] [stdout]    |               ^^^^^^^^ could not find `platform` in `self`
[INFO] [stdout] 
[INFO] [stdout] 
[INFO] [stdout] error[E0432]: unresolved import `crate::platform_impl::PlatformIcon`
[INFO] [stdout]  --> /opt/rustwide/cargo-home/registry/src/index.crates.io-6f17d22bba15001f/winit-0.28.7/src/icon.rs:1:5
[INFO] [stdout]   |
[INFO] [stdout] 1 | use crate::platform_impl::PlatformIcon;
[INFO] [stdout]   |     ^^^^^^^^^^^^^^^^^^^^^^^^^^^^^^^^^^ no `PlatformIcon` in `platform_impl`
[INFO] [stdout] 
[INFO] [stdout] 
[INFO] [stdout] error[E0433]: failed to resolve: could not find `DeviceId` in `platform_impl`
[INFO] [stdout]    --> /opt/rustwide/cargo-home/registry/src/index.crates.io-6f17d22bba15001f/winit-0.28.7/src/event.rs:789:33
[INFO] [stdout]     |
[INFO] [stdout] 789 |         DeviceId(platform_impl::DeviceId::dummy())
[INFO] [stdout]     |                                 ^^^^^^^^ could not find `DeviceId` in `platform_impl`
[INFO] [stdout] 
[INFO] [stdout] 
[INFO] [stdout] error[E0433]: failed to resolve: could not find `WindowId` in `platform_impl`
[INFO] [stdout]   --> /opt/rustwide/cargo-home/registry/src/index.crates.io-6f17d22bba15001f/winit-0.28.7/src/window.rs:86:33
[INFO] [stdout]    |
[INFO] [stdout] 86 |         WindowId(platform_impl::WindowId::dummy())
[INFO] [stdout]    |                                 ^^^^^^^^ could not find `WindowId` in `platform_impl`
[INFO] [stdout] 
[INFO] [stdout] 
[INFO] [stdout] error[E0433]: failed to resolve: could not find `Window` in `platform_impl`
[INFO] [stdout]    --> /opt/rustwide/cargo-home/registry/src/index.crates.io-6f17d22bba15001f/winit-0.28.7/src/window.rs:465:24
[INFO] [stdout]     |
[INFO] [stdout] 465 |         platform_impl::Window::new(&window_target.p, self.window, self.platform_specific).map(
[INFO] [stdout]     |                        ^^^^^^ could not find `Window` in `platform_impl`
[INFO] [stdout] 
[INFO] [stdout] 
[INFO] [stdout] error[E0412]: cannot find type `OsError` in module `platform_impl`
[INFO] [stdout]   --> /opt/rustwide/cargo-home/registry/src/index.crates.io-6f17d22bba15001f/winit-0.28.7/src/error.rs:25:27
[INFO] [stdout]    |
[INFO] [stdout] 25 |     error: platform_impl::OsError,
[INFO] [stdout]    |                           ^^^^^^^ not found in `platform_impl`
[INFO] [stdout]    |
[INFO] [stdout] help: there is an enum variant `crate::window::BadIcon::OsError`; try using the variant's enum
[INFO] [stdout]    |
[INFO] [stdout] 25 |     error: crate::window::BadIcon,
[INFO] [stdout]    |            ~~~~~~~~~~~~~~~~~~~~~~
[INFO] [stdout] 
[INFO] [stdout] 
[INFO] [stdout] error[E0412]: cannot find type `OsError` in module `platform_impl`
[INFO] [stdout]   --> /opt/rustwide/cargo-home/registry/src/index.crates.io-6f17d22bba15001f/winit-0.28.7/src/error.rs:38:76
[INFO] [stdout]    |
[INFO] [stdout] 38 |     pub(crate) fn new(line: u32, file: &'static str, error: platform_impl::OsError) -> OsError {
[INFO] [stdout]    |                                                                            ^^^^^^^ not found in `platform_impl`
[INFO] [stdout]    |
[INFO] [stdout] help: there is an enum variant `crate::window::BadIcon::OsError`; try using the variant's enum
[INFO] [stdout]    |
[INFO] [stdout] 38 |     pub(crate) fn new(line: u32, file: &'static str, error: crate::window::BadIcon) -> OsError {
[INFO] [stdout]    |                                                             ~~~~~~~~~~~~~~~~~~~~~~
[INFO] [stdout] 
[INFO] [stdout] 
[INFO] [stdout] error[E0412]: cannot find type `DeviceId` in module `platform_impl`
[INFO] [stdout]    --> /opt/rustwide/cargo-home/registry/src/index.crates.io-6f17d22bba15001f/winit-0.28.7/src/event.rs:776:47
[INFO] [stdout]     |
[INFO] [stdout] 776 | pub struct DeviceId(pub(crate) platform_impl::DeviceId);
[INFO] [stdout]     |                                               ^^^^^^^^ not found in `platform_impl`
[INFO] [stdout] 
[INFO] [stdout] 
[INFO] [stdout] error[E0412]: cannot find type `EventLoop` in module `platform_impl`
[INFO] [stdout]   --> /opt/rustwide/cargo-home/registry/src/index.crates.io-6f17d22bba15001f/winit-0.28.7/src/event_loop.rs:36:43
[INFO] [stdout]    |
[INFO] [stdout] 36 |     pub(crate) event_loop: platform_impl::EventLoop<T>,
[INFO] [stdout]    |                                           ^^^^^^^^^ not found in `platform_impl`
[INFO] [stdout] 
[INFO] [stdout] 
[INFO] [stdout] error[E0412]: cannot find type `EventLoopWindowTarget` in module `platform_impl`
[INFO] [stdout]   --> /opt/rustwide/cargo-home/registry/src/index.crates.io-6f17d22bba15001f/winit-0.28.7/src/event_loop.rs:47:34
[INFO] [stdout]    |
[INFO] [stdout] 47 |     pub(crate) p: platform_impl::EventLoopWindowTarget<T>,
[INFO] [stdout]    |                                  ^^^^^^^^^^^^^^^^^^^^^ not found in `platform_impl`
[INFO] [stdout] 
[INFO] [stdout] 
[INFO] [stdout] error[E0412]: cannot find type `PlatformSpecificEventLoopAttributes` in module `platform_impl`
[INFO] [stdout]   --> /opt/rustwide/cargo-home/registry/src/index.crates.io-6f17d22bba15001f/winit-0.28.7/src/event_loop.rs:57:50
[INFO] [stdout]    |
[INFO] [stdout] 57 |     pub(crate) platform_specific: platform_impl::PlatformSpecificEventLoopAttributes,
[INFO] [stdout]    |                                                  ^^^^^^^^^^^^^^^^^^^^^^^^^^^^^^^^^^^ not found in `platform_impl`
[INFO] [stdout] 
[INFO] [stdout] 
[INFO] [stdout] error[E0433]: failed to resolve: could not find `EventLoop` in `platform_impl`
[INFO] [stdout]    --> /opt/rustwide/cargo-home/registry/src/index.crates.io-6f17d22bba15001f/winit-0.28.7/src/event_loop.rs:121:40
[INFO] [stdout]     |
[INFO] [stdout] 121 |             event_loop: platform_impl::EventLoop::new(&mut self.platform_specific),
[INFO] [stdout]     |                                        ^^^^^^^^^ could not find `EventLoop` in `platform_impl`
[INFO] [stdout]     |
[INFO] [stdout] help: consider importing this struct
[INFO] [stdout]     |
[INFO] [stdout] 10  + use crate::event_loop::EventLoop;
[INFO] [stdout]     |
[INFO] [stdout] help: if you import `EventLoop`, refer to it directly
[INFO] [stdout]     |
[INFO] [stdout] 121 -             event_loop: platform_impl::EventLoop::new(&mut self.platform_specific),
[INFO] [stdout] 121 +             event_loop: EventLoop::new(&mut self.platform_specific),
[INFO] [stdout]     |
[INFO] [stdout] 
[INFO] [stdout] 
[INFO] [stdout] error[E0412]: cannot find type `EventLoopProxy` in module `platform_impl`
[INFO] [stdout]    --> /opt/rustwide/cargo-home/registry/src/index.crates.io-6f17d22bba15001f/winit-0.28.7/src/event_loop.rs:380:38
[INFO] [stdout]     |
[INFO] [stdout] 380 |     event_loop_proxy: platform_impl::EventLoopProxy<T>,
[INFO] [stdout]     |                                      ^^^^^^^^^^^^^^ not found in `platform_impl`
[INFO] [stdout] 
[INFO] [stdout] 
[INFO] [stdout] error[E0412]: cannot find type `VideoMode` in module `platform_impl`
[INFO] [stdout]   --> /opt/rustwide/cargo-home/registry/src/index.crates.io-6f17d22bba15001f/winit-0.28.7/src/monitor.rs:18:43
[INFO] [stdout]    |
[INFO] [stdout] 18 |     pub(crate) video_mode: platform_impl::VideoMode,
[INFO] [stdout]    |                                           ^^^^^^^^^ not found in `platform_impl`
[INFO] [stdout] 
[INFO] [stdout] 
[INFO] [stdout] error[E0412]: cannot find type `MonitorHandle` in module `platform_impl`
[INFO] [stdout]    --> /opt/rustwide/cargo-home/registry/src/index.crates.io-6f17d22bba15001f/winit-0.28.7/src/monitor.rs:107:38
[INFO] [stdout]     |
[INFO] [stdout] 107 |     pub(crate) inner: platform_impl::MonitorHandle,
[INFO] [stdout]     |                                      ^^^^^^^^^^^^^ not found in `platform_impl`
[INFO] [stdout] 
[INFO] [stdout] 
[INFO] [stdout] error[E0412]: cannot find type `VideoMode` in this scope
[INFO] [stdout]   --> /opt/rustwide/cargo-home/registry/src/index.crates.io-6f17d22bba15001f/winit-0.28.7/src/platform_impl/mod.rs:31:15
[INFO] [stdout]    |
[INFO] [stdout] 31 |     Exclusive(VideoMode),
[INFO] [stdout]    |               ^^^^^^^^^ not found in this scope
[INFO] [stdout]    |
[INFO] [stdout] help: consider importing this struct
[INFO] [stdout]    |
[INFO] [stdout] 1  + use crate::monitor::VideoMode;
[INFO] [stdout]    |
[INFO] [stdout] 
[INFO] [stdout] 
[INFO] [stdout] error[E0412]: cannot find type `MonitorHandle` in this scope
[INFO] [stdout]    --> /opt/rustwide/cargo-home/registry/src/index.crates.io-6f17d22bba15001f/winit-0.28.7/src/platform_impl/mod.rs:32:23
[INFO] [stdout]     |
[INFO] [stdout] 32  |     Borderless(Option<MonitorHandle>),
[INFO] [stdout]     |                       ^^^^^^^^^^^^^
[INFO] [stdout]     |
[INFO] [stdout]    ::: /opt/rustwide/cargo-home/registry/src/index.crates.io-6f17d22bba15001f/winit-0.28.7/src/monitor.rs:106:1
[INFO] [stdout]     |
[INFO] [stdout] 106 | pub struct MonitorHandle {
[INFO] [stdout]     | ------------------------ similarly named struct `RootMonitorHandle` defined here
[INFO] [stdout]     |
[INFO] [stdout] help: a struct with a similar name exists
[INFO] [stdout]     |
[INFO] [stdout] 32  |     Borderless(Option<RootMonitorHandle>),
[INFO] [stdout]     |                       ~~~~~~~~~~~~~~~~~
[INFO] [stdout] help: consider importing this struct
[INFO] [stdout]     |
[INFO] [stdout] 1   + use crate::monitor::MonitorHandle;
[INFO] [stdout]     |
[INFO] [stdout] 
[INFO] [stdout] 
[INFO] [stdout] error[E0412]: cannot find type `Window` in module `platform_impl`
[INFO] [stdout]   --> /opt/rustwide/cargo-home/registry/src/index.crates.io-6f17d22bba15001f/winit-0.28.7/src/window.rs:45:39
[INFO] [stdout]    |
[INFO] [stdout] 45 |     pub(crate) window: platform_impl::Window,
[INFO] [stdout]    |                                       ^^^^^^ not found in `platform_impl`
[INFO] [stdout] 
[INFO] [stdout] 
[INFO] [stdout] error[E0412]: cannot find type `WindowId` in module `platform_impl`
[INFO] [stdout]   --> /opt/rustwide/cargo-home/registry/src/index.crates.io-6f17d22bba15001f/winit-0.28.7/src/window.rs:73:47
[INFO] [stdout]    |
[INFO] [stdout] 73 | pub struct WindowId(pub(crate) platform_impl::WindowId);
[INFO] [stdout]    |                                               ^^^^^^^^ not found in `platform_impl`
[INFO] [stdout] 
[INFO] [stdout] 
[INFO] [stdout] error[E0412]: cannot find type `PlatformSpecificWindowBuilderAttributes` in module `platform_impl`
[INFO] [stdout]    --> /opt/rustwide/cargo-home/registry/src/index.crates.io-6f17d22bba15001f/winit-0.28.7/src/window.rs:110:50
[INFO] [stdout]     |
[INFO] [stdout] 110 |     pub(crate) platform_specific: platform_impl::PlatformSpecificWindowBuilderAttributes,
[INFO] [stdout]     |                                                  ^^^^^^^^^^^^^^^^^^^^^^^^^^^^^^^^^^^^^^^ not found in `platform_impl`
[INFO] [stdout] 
[INFO] [stdout] 
[INFO] [stdout] error[E0282]: type annotations needed
[INFO] [stdout]    --> /opt/rustwide/cargo-home/registry/src/index.crates.io-6f17d22bba15001f/winit-0.28.7/src/window.rs:492:17
[INFO] [stdout]     |
[INFO] [stdout] 492 |         builder.build(event_loop)
[INFO] [stdout]     |                 ^^^^^ cannot infer type of the type parameter `T` declared on the method `build`
[INFO] [stdout]     |
[INFO] [stdout] help: consider specifying the generic argument
[INFO] [stdout]     |
[INFO] [stdout] 492 |         builder.build::<T>(event_loop)
[INFO] [stdout]     |                      +++++
[INFO] [stdout] 
[INFO] [stdout] 
[INFO] [stdout] error: aborting due to 22 previous errors
[INFO] [stdout] 
[INFO] [stdout] 
[INFO] [stdout] Some errors have detailed explanations: E0282, E0412, E0432, E0433.
[INFO] [stdout] 
[INFO] [stdout] For more information about an error, try `rustc --explain E0282`.
[INFO] [stdout] 
[INFO] [stderr] error: could not compile `winit` (lib) due to 23 previous errors
[INFO] [stderr] warning: build failed, waiting for other jobs to finish...
[INFO] running `Command { std: "docker" "inspect" "a1803c18b388b0a13e1b03740588db757695951ecbceec111aacb43813ff4762", kill_on_drop: false }`
[INFO] running `Command { std: "docker" "rm" "-f" "a1803c18b388b0a13e1b03740588db757695951ecbceec111aacb43813ff4762", kill_on_drop: false }`
[INFO] [stdout] a1803c18b388b0a13e1b03740588db757695951ecbceec111aacb43813ff4762
