[INFO] cloning repository https://github.com/BlossomiShymae/llux
[INFO] running `Command { std: "git" "-c" "credential.helper=" "-c" "credential.helper=/workspace/cargo-home/bin/git-credential-null" "clone" "--bare" "https://github.com/BlossomiShymae/llux" "/workspace/cache/git-repos/https%3A%2F%2Fgithub.com%2FBlossomiShymae%2Fllux", kill_on_drop: false }`
[INFO] [stderr] Cloning into bare repository '/workspace/cache/git-repos/https%3A%2F%2Fgithub.com%2FBlossomiShymae%2Fllux'...
[INFO] running `Command { std: "git" "rev-parse" "HEAD", kill_on_drop: false }`
[INFO] [stdout] 9a1ffd7c5cbc1160c7241a05569ecf78af6ae3f0
[INFO] documenting BlossomiShymae/llux against 1.75.0 for beta-1.76-rustdoc-1
[INFO] running `Command { std: "git" "clone" "/workspace/cache/git-repos/https%3A%2F%2Fgithub.com%2FBlossomiShymae%2Fllux" "/workspace/builds/worker-6-tc1/source", kill_on_drop: false }`
[INFO] [stderr] Cloning into '/workspace/builds/worker-6-tc1/source'...
[INFO] [stderr] done.
[INFO] validating manifest of git repo https://github.com/BlossomiShymae/llux on toolchain 1.75.0
[INFO] running `Command { std: CARGO_HOME="/workspace/cargo-home" RUSTUP_HOME="/workspace/rustup-home" "/workspace/cargo-home/bin/cargo" "+1.75.0" "metadata" "--manifest-path" "Cargo.toml" "--no-deps", kill_on_drop: false }`
[INFO] removed /workspace/builds/worker-6-tc1/source/.cargo/config.toml
[INFO] removed /workspace/builds/worker-6-tc1/source/rust-toolchain.toml
[INFO] started tweaking git repo https://github.com/BlossomiShymae/llux
[INFO] finished tweaking git repo https://github.com/BlossomiShymae/llux
[INFO] tweaked toml for git repo https://github.com/BlossomiShymae/llux written to /workspace/builds/worker-6-tc1/source/Cargo.toml
[INFO] crate git repo https://github.com/BlossomiShymae/llux already has a lockfile, it will not be regenerated
[INFO] running `Command { std: CARGO_HOME="/workspace/cargo-home" RUSTUP_HOME="/workspace/rustup-home" "/workspace/cargo-home/bin/cargo" "+1.75.0" "fetch" "--manifest-path" "Cargo.toml", kill_on_drop: false }`
[INFO] [stderr]     Updating crates.io index
[INFO] [stderr]  Downloading crates ...
[INFO] [stderr]   Downloaded colored_json v3.2.0
[INFO] [stderr]   Downloaded miette v5.9.0
[INFO] [stderr]   Downloaded miette-derive v5.9.0
[INFO] [stderr]   Downloaded sysinfo v0.28.4
[INFO] [stderr]   Downloaded irelia v0.3.1
[INFO] [stderr]   Downloaded irelia_encoder v0.1.1
[INFO] running `Command { std: "docker" "create" "-v" "/var/lib/crater-agent-workspace/builds/worker-6-tc1/target:/opt/rustwide/target:rw,Z" "-v" "/var/lib/crater-agent-workspace/builds/worker-6-tc1/source:/opt/rustwide/workdir:ro,Z" "-v" "/var/lib/crater-agent-workspace/cargo-home:/opt/rustwide/cargo-home:ro,Z" "-v" "/var/lib/crater-agent-workspace/rustup-home:/opt/rustwide/rustup-home:ro,Z" "-e" "SOURCE_DIR=/opt/rustwide/workdir" "-e" "CARGO_TARGET_DIR=/opt/rustwide/target" "-e" "CARGO_HOME=/opt/rustwide/cargo-home" "-e" "RUSTUP_HOME=/opt/rustwide/rustup-home" "-w" "/opt/rustwide/workdir" "-m" "1610612736" "--user" "0:0" "--network" "none" "ghcr.io/rust-lang/crates-build-env/linux@sha256:2788e3201cd34a07e3172128adcd8b3090168a8e3bcc40d7c032b9dda1df7d1c" "/opt/rustwide/cargo-home/bin/cargo" "+1.75.0" "metadata" "--no-deps" "--format-version=1", kill_on_drop: false }`
[INFO] [stdout] f98d47d45ba90d3c00effa253b6141316b952dcf21c88d04446758248380512f
[INFO] running `Command { std: "docker" "start" "-a" "f98d47d45ba90d3c00effa253b6141316b952dcf21c88d04446758248380512f", kill_on_drop: false }`
[INFO] running `Command { std: "docker" "inspect" "f98d47d45ba90d3c00effa253b6141316b952dcf21c88d04446758248380512f", kill_on_drop: false }`
[INFO] running `Command { std: "docker" "rm" "-f" "f98d47d45ba90d3c00effa253b6141316b952dcf21c88d04446758248380512f", kill_on_drop: false }`
[INFO] [stdout] f98d47d45ba90d3c00effa253b6141316b952dcf21c88d04446758248380512f
[INFO] running `Command { std: "docker" "create" "-v" "/var/lib/crater-agent-workspace/builds/worker-6-tc1/target:/opt/rustwide/target:rw,Z" "-v" "/var/lib/crater-agent-workspace/builds/worker-6-tc1/source:/opt/rustwide/workdir:ro,Z" "-v" "/var/lib/crater-agent-workspace/cargo-home:/opt/rustwide/cargo-home:ro,Z" "-v" "/var/lib/crater-agent-workspace/rustup-home:/opt/rustwide/rustup-home:ro,Z" "-e" "SOURCE_DIR=/opt/rustwide/workdir" "-e" "CARGO_TARGET_DIR=/opt/rustwide/target" "-e" "CARGO_INCREMENTAL=0" "-e" "RUST_BACKTRACE=full" "-e" "RUSTFLAGS=--cap-lints=warn" "-e" "RUSTDOCFLAGS=--cap-lints=warn" "-e" "CARGO_HOME=/opt/rustwide/cargo-home" "-e" "RUSTUP_HOME=/opt/rustwide/rustup-home" "-w" "/opt/rustwide/workdir" "-m" "1610612736" "--user" "0:0" "--network" "none" "ghcr.io/rust-lang/crates-build-env/linux@sha256:2788e3201cd34a07e3172128adcd8b3090168a8e3bcc40d7c032b9dda1df7d1c" "/opt/rustwide/cargo-home/bin/cargo" "+1.75.0" "doc" "--frozen" "--no-deps" "--document-private-items" "--message-format=json", kill_on_drop: false }`
[INFO] [stdout] f935381507f17a0ef561a3f40a82d64a37dde88069b635df80bc790512faecb6
[INFO] running `Command { std: "docker" "start" "-a" "f935381507f17a0ef561a3f40a82d64a37dde88069b635df80bc790512faecb6", kill_on_drop: false }`
[INFO] [stderr]    Compiling proc-macro2 v1.0.63
[INFO] [stderr]    Compiling unicode-ident v1.0.9
[INFO] [stderr]     Checking once_cell v1.18.0
[INFO] [stderr]    Compiling ring v0.16.20
[INFO] [stderr]    Compiling rustix v0.38.1
[INFO] [stderr]    Compiling libc v0.2.147
[INFO] [stderr]     Checking untrusted v0.7.1
[INFO] [stderr]     Checking linux-raw-sys v0.4.3
[INFO] [stderr]     Checking bitflags v2.3.3
[INFO] [stderr]     Checking num_cpus v1.16.0
[INFO] [stderr]     Checking bytes v1.4.0
[INFO] [stderr]     Checking itoa v1.0.6
[INFO] [stderr]    Compiling memchr v2.5.0
[INFO] [stderr]    Compiling crossbeam-utils v0.8.16
[INFO] [stderr]     Checking smallvec v1.10.0
[INFO] [stderr]    Compiling futures-core v0.3.28
[INFO] [stderr]     Checking parking_lot_core v0.9.8
[INFO] [stderr]     Checking lock_api v0.4.10
[INFO] [stderr]    Compiling tokio v1.29.1
[INFO] [stderr]    Compiling httparse v1.8.0
[INFO] [stderr]    Compiling rustls v0.21.2
[INFO] [stderr]     Checking http v0.2.9
[INFO] [stderr]    Compiling crossbeam-epoch v0.9.15
[INFO] [stderr]    Compiling quote v1.0.29
[INFO] [stderr]    Compiling getrandom v0.2.10
[INFO] [stderr]    Compiling aho-corasick v1.0.2
[INFO] [stderr]     Checking is-terminal v0.4.8
[INFO] [stderr]    Compiling ahash v0.7.6
[INFO] [stderr]    Compiling syn v2.0.22
[INFO] [stderr]     Checking parking_lot v0.12.1
[INFO] [stderr]     Checking mio v0.8.8
[INFO] [stderr]     Checking socket2 v0.4.9
[INFO] [stderr]    Compiling regex-syntax v0.7.2
[INFO] [stderr]    Compiling futures-util v0.3.28
[INFO] [stderr]    Compiling thiserror v1.0.40
[INFO] [stderr]     Checking rand_core v0.6.4
[INFO] [stderr]    Compiling hashbrown v0.12.3
[INFO] [stderr]     Checking unicode-normalization v0.1.22
[INFO] [stderr]    Compiling futures-channel v0.3.28
[INFO] [stderr]     Checking unicode-bidi v0.3.13
[INFO] [stderr]     Checking futures-sink v0.3.28
[INFO] [stderr]    Compiling serde v1.0.164
[INFO] [stderr]     Checking rand_chacha v0.3.1
[INFO] [stderr]     Checking idna v0.4.0
[INFO] [stderr]    Compiling rayon-core v1.11.0
[INFO] [stderr]     Checking form_urlencoded v1.2.0
[INFO] [stderr]     Checking crossbeam-deque v0.8.3
[INFO] [stderr]     Checking crossbeam-channel v0.5.8
[INFO] [stderr]     Checking tracing-core v0.1.31
[INFO] [stderr]    Compiling backtrace v0.3.68
[INFO] [stderr]     Checking cpufeatures v0.2.8
[INFO] [stderr]    Compiling serde_json v1.0.99
[INFO] [stderr]    Compiling regex v1.8.4
[INFO] [stderr]     Checking try-lock v0.2.4
[INFO] [stderr]     Checking gimli v0.27.3
[INFO] [stderr]     Checking rustls-pemfile v1.0.3
[INFO] [stderr]     Checking anstyle-parse v0.2.1
[INFO] [stderr]     Checking want v0.3.1
[INFO] [stderr]     Checking tracing v0.1.37
[INFO] [stderr]     Checking miniz_oxide v0.7.1
[INFO] [stderr]     Checking sha1 v0.10.5
[INFO] [stderr]     Checking object v0.31.1
[INFO] [stderr]     Checking url v2.4.0
[INFO] [stderr]     Checking sct v0.7.0
[INFO] [stderr]     Checking rustls-webpki v0.100.1
[INFO] [stderr]     Checking webpki v0.22.0
[INFO] [stderr]     Checking rand v0.8.5
[INFO] [stderr]     Checking http-body v0.4.5
[INFO] [stderr]    Compiling num-traits v0.2.15
[INFO] [stderr]     Checking ryu v1.0.13
[INFO] [stderr]     Checking tower-service v0.3.2
[INFO] [stderr]     Checking either v1.8.1
[INFO] [stderr]     Checking openssl-probe v0.1.5
[INFO] [stderr]     Checking anstyle v1.0.1
[INFO] [stderr]     Checking rustc-demangle v0.1.23
[INFO] [stderr]     Checking data-encoding v2.4.0
[INFO] [stderr]     Checking utf-8 v0.7.6
[INFO] [stderr]     Checking httpdate v1.0.2
[INFO] [stderr]     Checking anstream v0.3.2
[INFO] [stderr]     Checking rustls-native-certs v0.6.3
[INFO] [stderr]     Checking rayon v1.7.0
[INFO] [stderr]     Checking addr2line v0.20.0
[INFO] [stderr]     Checking clap_lex v0.5.0
[INFO] [stderr]     Checking unicode-width v0.1.10
[INFO] [stderr]     Checking smawk v0.3.1
[INFO] [stderr]     Checking is_ci v1.1.1
[INFO] [stderr]     Checking clap_builder v4.3.10
[INFO] [stderr]     Checking supports-hyperlinks v2.1.0
[INFO] [stderr]    Compiling tokio-macros v2.1.0
[INFO] [stderr]    Compiling futures-macro v0.3.28
[INFO] [stderr]    Compiling thiserror-impl v1.0.40
[INFO] [stderr]    Compiling serde_derive v1.0.164
[INFO] [stderr]    Compiling unicode-linebreak v0.1.4
[INFO] [stderr]     Checking backtrace-ext v0.2.1
[INFO] [stderr]     Checking sysinfo v0.28.4
[INFO] [stderr]     Checking supports-color v2.0.0
[INFO] [stderr]    Compiling clap_derive v4.3.2
[INFO] [stderr]    Compiling miette-derive v5.9.0
[INFO] [stderr]     Checking supports-unicode v2.0.0
[INFO] [stderr]     Checking terminal_size v0.1.17
[INFO] [stderr]     Checking time v0.1.45
[INFO] [stderr]     Checking tungstenite v0.19.0
[INFO] [stderr]     Checking owo-colors v3.5.0
[INFO] [stderr]     Checking yansi v0.5.1
[INFO] [stderr]     Checking irelia_encoder v0.1.1
[INFO] [stdout] error[E0554]: `#![feature]` may not be used on the stable release channel
[INFO] [stdout]  --> /opt/rustwide/cargo-home/registry/src/index.crates.io-6f17d22bba15001f/irelia_encoder-0.1.1/src/lib.rs:1:12
[INFO] [stdout]   |
[INFO] [stdout] 1 | #![feature(array_chunks, core_intrinsics, int_roundings, test, portable_simd)]
[INFO] [stdout]   |            ^^^^^^^^^^^^
[INFO] [stdout] 
[INFO] [stdout] 
[INFO] [stdout] error[E0554]: `#![feature]` may not be used on the stable release channel
[INFO] [stdout]  --> /opt/rustwide/cargo-home/registry/src/index.crates.io-6f17d22bba15001f/irelia_encoder-0.1.1/src/lib.rs:1:26
[INFO] [stdout]   |
[INFO] [stdout] 1 | #![feature(array_chunks, core_intrinsics, int_roundings, test, portable_simd)]
[INFO] [stdout]   |                          ^^^^^^^^^^^^^^^
[INFO] [stdout] 
[INFO] [stdout] 
[INFO] [stdout] error[E0554]: `#![feature]` may not be used on the stable release channel
[INFO] [stdout]  --> /opt/rustwide/cargo-home/registry/src/index.crates.io-6f17d22bba15001f/irelia_encoder-0.1.1/src/lib.rs:1:43
[INFO] [stdout]   |
[INFO] [stdout] 1 | #![feature(array_chunks, core_intrinsics, int_roundings, test, portable_simd)]
[INFO] [stdout]   |                                           ^^^^^^^^^^^^^
[INFO] [stdout] 
[INFO] [stdout] 
[INFO] [stdout] error[E0554]: `#![feature]` may not be used on the stable release channel
[INFO] [stdout]  --> /opt/rustwide/cargo-home/registry/src/index.crates.io-6f17d22bba15001f/irelia_encoder-0.1.1/src/lib.rs:1:58
[INFO] [stdout]   |
[INFO] [stdout] 1 | #![feature(array_chunks, core_intrinsics, int_roundings, test, portable_simd)]
[INFO] [stdout]   |                                                          ^^^^
[INFO] [stdout] 
[INFO] [stdout] 
[INFO] [stdout] error[E0554]: `#![feature]` may not be used on the stable release channel
[INFO] [stdout]  --> /opt/rustwide/cargo-home/registry/src/index.crates.io-6f17d22bba15001f/irelia_encoder-0.1.1/src/lib.rs:1:64
[INFO] [stdout]   |
[INFO] [stdout] 1 | #![feature(array_chunks, core_intrinsics, int_roundings, test, portable_simd)]
[INFO] [stdout]   |                                                                ^^^^^^^^^^^^^
[INFO] [stdout] 
[INFO] [stdout] 
[INFO] [stdout] error[E0308]: mismatched types
[INFO] [stdout]    --> /opt/rustwide/cargo-home/registry/src/index.crates.io-6f17d22bba15001f/irelia_encoder-0.1.1/src/lib.rs:310:5
[INFO] [stdout]     |
[INFO] [stdout] 310 | /     unsafe {
[INFO] [stdout] 311 | |         #[cfg(target_feature = "ssse3")]
[INFO] [stdout] 312 | |         return transize(x86::_mm_shuffle_epi8, val, idxs);
[INFO] [stdout] 313 | |         #[cfg(target_feature = "simd128")]
[INFO] [stdout] ...   |
[INFO] [stdout] 320 | |         return transize(vqtbl1q_u8, val, idxs);
[INFO] [stdout] 321 | |     }
[INFO] [stdout]     | |_____^ expected `Simd<u8, N>`, found `()`
[INFO] [stdout]     |
[INFO] [stdout]     = note: expected struct `core::simd::Simd<u8, N>`
[INFO] [stdout]             found unit type `()`
[INFO] [stdout] 
[INFO] [stdout] 
[INFO] [stdout] error: aborting due to 6 previous errors
[INFO] [stdout] 
[INFO] [stdout] 
[INFO] [stdout] Some errors have detailed explanations: E0308, E0554.
[INFO] [stdout] 
[INFO] [stdout] For more information about an error, try `rustc --explain E0308`.
[INFO] [stdout] 
[INFO] [stderr] error: could not compile `irelia_encoder` (lib) due to 7 previous errors
[INFO] [stderr] warning: build failed, waiting for other jobs to finish...
[INFO] running `Command { std: "docker" "inspect" "f935381507f17a0ef561a3f40a82d64a37dde88069b635df80bc790512faecb6", kill_on_drop: false }`
[INFO] running `Command { std: "docker" "rm" "-f" "f935381507f17a0ef561a3f40a82d64a37dde88069b635df80bc790512faecb6", kill_on_drop: false }`
[INFO] [stdout] f935381507f17a0ef561a3f40a82d64a37dde88069b635df80bc790512faecb6
[INFO] documenting BlossomiShymae/llux against beta-2023-12-22 for beta-1.76-rustdoc-1
[INFO] running `Command { std: "git" "clone" "/workspace/cache/git-repos/https%3A%2F%2Fgithub.com%2FBlossomiShymae%2Fllux" "/workspace/builds/worker-6-tc2/source", kill_on_drop: false }`
[INFO] [stderr] Cloning into '/workspace/builds/worker-6-tc2/source'...
[INFO] [stderr] done.
[INFO] validating manifest of git repo https://github.com/BlossomiShymae/llux on toolchain beta-2023-12-22
[INFO] running `Command { std: CARGO_HOME="/workspace/cargo-home" RUSTUP_HOME="/workspace/rustup-home" "/workspace/cargo-home/bin/cargo" "+beta-2023-12-22" "metadata" "--manifest-path" "Cargo.toml" "--no-deps", kill_on_drop: false }`
[INFO] removed /workspace/builds/worker-6-tc2/source/.cargo/config.toml
[INFO] removed /workspace/builds/worker-6-tc2/source/rust-toolchain.toml
[INFO] started tweaking git repo https://github.com/BlossomiShymae/llux
[INFO] finished tweaking git repo https://github.com/BlossomiShymae/llux
[INFO] tweaked toml for git repo https://github.com/BlossomiShymae/llux written to /workspace/builds/worker-6-tc2/source/Cargo.toml
[INFO] crate git repo https://github.com/BlossomiShymae/llux already has a lockfile, it will not be regenerated
[INFO] running `Command { std: CARGO_HOME="/workspace/cargo-home" RUSTUP_HOME="/workspace/rustup-home" "/workspace/cargo-home/bin/cargo" "+beta-2023-12-22" "fetch" "--manifest-path" "Cargo.toml", kill_on_drop: false }`
[INFO] running `Command { std: "docker" "create" "-v" "/var/lib/crater-agent-workspace/builds/worker-6-tc2/target:/opt/rustwide/target:rw,Z" "-v" "/var/lib/crater-agent-workspace/builds/worker-6-tc2/source:/opt/rustwide/workdir:ro,Z" "-v" "/var/lib/crater-agent-workspace/cargo-home:/opt/rustwide/cargo-home:ro,Z" "-v" "/var/lib/crater-agent-workspace/rustup-home:/opt/rustwide/rustup-home:ro,Z" "-e" "SOURCE_DIR=/opt/rustwide/workdir" "-e" "CARGO_TARGET_DIR=/opt/rustwide/target" "-e" "CARGO_HOME=/opt/rustwide/cargo-home" "-e" "RUSTUP_HOME=/opt/rustwide/rustup-home" "-w" "/opt/rustwide/workdir" "-m" "1610612736" "--user" "0:0" "--network" "none" "ghcr.io/rust-lang/crates-build-env/linux@sha256:2788e3201cd34a07e3172128adcd8b3090168a8e3bcc40d7c032b9dda1df7d1c" "/opt/rustwide/cargo-home/bin/cargo" "+beta-2023-12-22" "metadata" "--no-deps" "--format-version=1", kill_on_drop: false }`
[INFO] [stdout] d6f92111b6c034c7c43a03bef879c6386de7fbb11ce527ae162ad19218697413
[INFO] running `Command { std: "docker" "start" "-a" "d6f92111b6c034c7c43a03bef879c6386de7fbb11ce527ae162ad19218697413", kill_on_drop: false }`
[INFO] running `Command { std: "docker" "inspect" "d6f92111b6c034c7c43a03bef879c6386de7fbb11ce527ae162ad19218697413", kill_on_drop: false }`
[INFO] running `Command { std: "docker" "rm" "-f" "d6f92111b6c034c7c43a03bef879c6386de7fbb11ce527ae162ad19218697413", kill_on_drop: false }`
[INFO] [stdout] d6f92111b6c034c7c43a03bef879c6386de7fbb11ce527ae162ad19218697413
[INFO] running `Command { std: "docker" "create" "-v" "/var/lib/crater-agent-workspace/builds/worker-6-tc2/target:/opt/rustwide/target:rw,Z" "-v" "/var/lib/crater-agent-workspace/builds/worker-6-tc2/source:/opt/rustwide/workdir:ro,Z" "-v" "/var/lib/crater-agent-workspace/cargo-home:/opt/rustwide/cargo-home:ro,Z" "-v" "/var/lib/crater-agent-workspace/rustup-home:/opt/rustwide/rustup-home:ro,Z" "-e" "SOURCE_DIR=/opt/rustwide/workdir" "-e" "CARGO_TARGET_DIR=/opt/rustwide/target" "-e" "CARGO_INCREMENTAL=0" "-e" "RUST_BACKTRACE=full" "-e" "RUSTFLAGS=--cap-lints=warn" "-e" "RUSTDOCFLAGS=--cap-lints=warn" "-e" "CARGO_HOME=/opt/rustwide/cargo-home" "-e" "RUSTUP_HOME=/opt/rustwide/rustup-home" "-w" "/opt/rustwide/workdir" "-m" "1610612736" "--user" "0:0" "--network" "none" "ghcr.io/rust-lang/crates-build-env/linux@sha256:2788e3201cd34a07e3172128adcd8b3090168a8e3bcc40d7c032b9dda1df7d1c" "/opt/rustwide/cargo-home/bin/cargo" "+beta-2023-12-22" "doc" "--frozen" "--no-deps" "--document-private-items" "--message-format=json", kill_on_drop: false }`
[INFO] [stdout] a527f72cb33ab23e1ccaf038fc1ac3a3bd7f94e7b2ee7cef9df7d75b04cb03a8
[INFO] running `Command { std: "docker" "start" "-a" "a527f72cb33ab23e1ccaf038fc1ac3a3bd7f94e7b2ee7cef9df7d75b04cb03a8", kill_on_drop: false }`
[INFO] [stderr]    Compiling proc-macro2 v1.0.63
[INFO] [stderr]    Compiling unicode-ident v1.0.9
[INFO] [stderr]     Checking once_cell v1.18.0
[INFO] [stderr]    Compiling ring v0.16.20
[INFO] [stderr]    Compiling rustix v0.38.1
[INFO] [stderr]     Checking linux-raw-sys v0.4.3
[INFO] [stderr]    Compiling libc v0.2.147
[INFO] [stderr]     Checking bitflags v2.3.3
[INFO] [stderr]     Checking untrusted v0.7.1
[INFO] [stderr]     Checking num_cpus v1.16.0
[INFO] [stderr]     Checking itoa v1.0.6
[INFO] [stderr]     Checking bytes v1.4.0
[INFO] [stderr]    Compiling memchr v2.5.0
[INFO] [stderr]    Compiling crossbeam-utils v0.8.16
[INFO] [stderr]     Checking smallvec v1.10.0
[INFO] [stderr]    Compiling futures-core v0.3.28
[INFO] [stderr]     Checking lock_api v0.4.10
[INFO] [stderr]     Checking parking_lot_core v0.9.8
[INFO] [stderr]    Compiling tokio v1.29.1
[INFO] [stderr]    Compiling quote v1.0.29
[INFO] [stderr]    Compiling rustls v0.21.2
[INFO] [stderr]    Compiling httparse v1.8.0
[INFO] [stderr]    Compiling syn v2.0.22
[INFO] [stderr]    Compiling getrandom v0.2.10
[INFO] [stderr]    Compiling aho-corasick v1.0.2
[INFO] [stderr]     Checking is-terminal v0.4.8
[INFO] [stderr]     Checking http v0.2.9
[INFO] [stderr]     Checking parking_lot v0.12.1
[INFO] [stderr]    Compiling ahash v0.7.6
[INFO] [stderr]    Compiling crossbeam-epoch v0.9.15
[INFO] [stderr]     Checking socket2 v0.4.9
[INFO] [stderr]     Checking mio v0.8.8
[INFO] [stderr]    Compiling regex-syntax v0.7.2
[INFO] [stderr]    Compiling futures-util v0.3.28
[INFO] [stderr]    Compiling thiserror v1.0.40
[INFO] [stderr]     Checking rand_core v0.6.4
[INFO] [stderr]    Compiling hashbrown v0.12.3
[INFO] [stderr]     Checking unicode-normalization v0.1.22
[INFO] [stderr]     Checking futures-sink v0.3.28
[INFO] [stderr]    Compiling serde v1.0.164
[INFO] [stderr]    Compiling futures-channel v0.3.28
[INFO] [stderr]     Checking unicode-bidi v0.3.13
[INFO] [stderr]    Compiling rayon-core v1.11.0
[INFO] [stderr]     Checking rand_chacha v0.3.1
[INFO] [stderr]     Checking form_urlencoded v1.2.0
[INFO] [stderr]     Checking crossbeam-deque v0.8.3
[INFO] [stderr]     Checking crossbeam-channel v0.5.8
[INFO] [stderr]     Checking idna v0.4.0
[INFO] [stderr]     Checking tracing-core v0.1.31
[INFO] [stderr]    Compiling backtrace v0.3.68
[INFO] [stderr]     Checking gimli v0.27.3
[INFO] [stderr]     Checking cpufeatures v0.2.8
[INFO] [stderr]     Checking try-lock v0.2.4
[INFO] [stderr]    Compiling serde_json v1.0.99
[INFO] [stderr]     Checking anstyle-parse v0.2.1
[INFO] [stderr]     Checking rustls-pemfile v1.0.3
[INFO] [stderr]    Compiling regex v1.8.4
[INFO] [stderr]     Checking url v2.4.0
[INFO] [stderr]     Checking want v0.3.1
[INFO] [stderr]     Checking sha1 v0.10.5
[INFO] [stderr]     Checking tracing v0.1.37
[INFO] [stderr]     Checking miniz_oxide v0.7.1
[INFO] [stderr]     Checking object v0.31.1
[INFO] [stderr]     Checking sct v0.7.0
[INFO] [stderr]     Checking rustls-webpki v0.100.1
[INFO] [stderr]     Checking webpki v0.22.0
[INFO] [stderr]     Checking rand v0.8.5
[INFO] [stderr]     Checking http-body v0.4.5
[INFO] [stderr]    Compiling num-traits v0.2.15
[INFO] [stderr]     Checking httpdate v1.0.2
[INFO] [stderr]     Checking openssl-probe v0.1.5
[INFO] [stderr]     Checking data-encoding v2.4.0
[INFO] [stderr]     Checking ryu v1.0.13
[INFO] [stderr]     Checking tower-service v0.3.2
[INFO] [stderr]     Checking utf-8 v0.7.6
[INFO] [stderr]     Checking anstyle v1.0.1
[INFO] [stderr]     Checking rustc-demangle v0.1.23
[INFO] [stderr]     Checking either v1.8.1
[INFO] [stderr]     Checking anstream v0.3.2
[INFO] [stderr]     Checking rustls-native-certs v0.6.3
[INFO] [stderr]     Checking addr2line v0.20.0
[INFO] [stderr]     Checking rayon v1.7.0
[INFO] [stderr]     Checking is_ci v1.1.1
[INFO] [stderr]     Checking smawk v0.3.1
[INFO] [stderr]     Checking clap_lex v0.5.0
[INFO] [stderr]     Checking unicode-width v0.1.10
[INFO] [stderr]     Checking clap_builder v4.3.10
[INFO] [stderr]     Checking supports-color v2.0.0
[INFO] [stderr]     Checking supports-hyperlinks v2.1.0
[INFO] [stderr]     Checking supports-unicode v2.0.0
[INFO] [stderr]    Compiling unicode-linebreak v0.1.4
[INFO] [stderr]     Checking time v0.1.45
[INFO] [stderr]     Checking terminal_size v0.1.17
[INFO] [stderr]     Checking yansi v0.5.1
[INFO] [stderr]     Checking owo-colors v3.5.0
[INFO] [stderr]     Checking iana-time-zone v0.1.57
[INFO] [stderr]     Checking irelia_encoder v0.1.1
[INFO] [stdout] error[E0432]: unresolved import `core::simd::Which`
[INFO] [stdout]   --> /opt/rustwide/cargo-home/registry/src/index.crates.io-6f17d22bba15001f/irelia_encoder-0.1.1/src/lib.rs:14:11
[INFO] [stdout]    |
[INFO] [stdout] 14 |     simd::Which::*,
[INFO] [stdout]    |           ^^^^^ could not find `Which` in `simd`
[INFO] [stdout] 
[INFO] [stdout] 
[INFO] [stdout] error[E0554]: `#![feature]` may not be used on the beta release channel
[INFO] [stdout]  --> /opt/rustwide/cargo-home/registry/src/index.crates.io-6f17d22bba15001f/irelia_encoder-0.1.1/src/lib.rs:1:12
[INFO] [stdout]   |
[INFO] [stdout] 1 | #![feature(array_chunks, core_intrinsics, int_roundings, test, portable_simd)]
[INFO] [stdout]   |            ^^^^^^^^^^^^
[INFO] [stdout] 
[INFO] [stdout] 
[INFO] [stdout] error[E0554]: `#![feature]` may not be used on the beta release channel
[INFO] [stdout]  --> /opt/rustwide/cargo-home/registry/src/index.crates.io-6f17d22bba15001f/irelia_encoder-0.1.1/src/lib.rs:1:26
[INFO] [stdout]   |
[INFO] [stdout] 1 | #![feature(array_chunks, core_intrinsics, int_roundings, test, portable_simd)]
[INFO] [stdout]   |                          ^^^^^^^^^^^^^^^
[INFO] [stdout] 
[INFO] [stdout] 
[INFO] [stdout] error[E0554]: `#![feature]` may not be used on the beta release channel
[INFO] [stdout]  --> /opt/rustwide/cargo-home/registry/src/index.crates.io-6f17d22bba15001f/irelia_encoder-0.1.1/src/lib.rs:1:43
[INFO] [stdout]   |
[INFO] [stdout] 1 | #![feature(array_chunks, core_intrinsics, int_roundings, test, portable_simd)]
[INFO] [stdout]   |                                           ^^^^^^^^^^^^^
[INFO] [stdout] 
[INFO] [stdout] 
[INFO] [stdout] error[E0554]: `#![feature]` may not be used on the beta release channel
[INFO] [stdout]  --> /opt/rustwide/cargo-home/registry/src/index.crates.io-6f17d22bba15001f/irelia_encoder-0.1.1/src/lib.rs:1:58
[INFO] [stdout]   |
[INFO] [stdout] 1 | #![feature(array_chunks, core_intrinsics, int_roundings, test, portable_simd)]
[INFO] [stdout]   |                                                          ^^^^
[INFO] [stdout] 
[INFO] [stdout] 
[INFO] [stdout] error[E0554]: `#![feature]` may not be used on the beta release channel
[INFO] [stdout]  --> /opt/rustwide/cargo-home/registry/src/index.crates.io-6f17d22bba15001f/irelia_encoder-0.1.1/src/lib.rs:1:64
[INFO] [stdout]   |
[INFO] [stdout] 1 | #![feature(array_chunks, core_intrinsics, int_roundings, test, portable_simd)]
[INFO] [stdout]   |                                                                ^^^^^^^^^^^^^
[INFO] [stdout] 
[INFO] [stdout] 
[INFO] [stdout] error[E0425]: cannot find function, tuple struct or tuple variant `First` in this scope
[INFO] [stdout]    --> /opt/rustwide/cargo-home/registry/src/index.crates.io-6f17d22bba15001f/irelia_encoder-0.1.1/src/lib.rs:105:29
[INFO] [stdout]     |
[INFO] [stdout] 105 | ...                   First(0),
[INFO] [stdout]     |                       ^^^^^ not found in this scope
[INFO] [stdout] 
[INFO] [stdout] 
[INFO] [stdout] error[E0425]: cannot find function, tuple struct or tuple variant `Second` in this scope
[INFO] [stdout]    --> /opt/rustwide/cargo-home/registry/src/index.crates.io-6f17d22bba15001f/irelia_encoder-0.1.1/src/lib.rs:106:29
[INFO] [stdout]     |
[INFO] [stdout] 106 | ...                   Second(1),
[INFO] [stdout]     |                       ^^^^^^ not found in this scope
[INFO] [stdout] 
[INFO] [stdout] 
[INFO] [stdout] error[E0425]: cannot find function, tuple struct or tuple variant `First` in this scope
[INFO] [stdout]    --> /opt/rustwide/cargo-home/registry/src/index.crates.io-6f17d22bba15001f/irelia_encoder-0.1.1/src/lib.rs:107:29
[INFO] [stdout]     |
[INFO] [stdout] 107 | ...                   First(2),
[INFO] [stdout]     |                       ^^^^^ not found in this scope
[INFO] [stdout] 
[INFO] [stdout] 
[INFO] [stdout] error[E0425]: cannot find function, tuple struct or tuple variant `Second` in this scope
[INFO] [stdout]    --> /opt/rustwide/cargo-home/registry/src/index.crates.io-6f17d22bba15001f/irelia_encoder-0.1.1/src/lib.rs:108:29
[INFO] [stdout]     |
[INFO] [stdout] 108 | ...                   Second(3),
[INFO] [stdout]     |                       ^^^^^^ not found in this scope
[INFO] [stdout] 
[INFO] [stdout] 
[INFO] [stdout] error[E0425]: cannot find function, tuple struct or tuple variant `First` in this scope
[INFO] [stdout]    --> /opt/rustwide/cargo-home/registry/src/index.crates.io-6f17d22bba15001f/irelia_encoder-0.1.1/src/lib.rs:109:29
[INFO] [stdout]     |
[INFO] [stdout] 109 | ...                   First(4),
[INFO] [stdout]     |                       ^^^^^ not found in this scope
[INFO] [stdout] 
[INFO] [stdout] 
[INFO] [stdout] error[E0425]: cannot find function, tuple struct or tuple variant `Second` in this scope
[INFO] [stdout]    --> /opt/rustwide/cargo-home/registry/src/index.crates.io-6f17d22bba15001f/irelia_encoder-0.1.1/src/lib.rs:110:29
[INFO] [stdout]     |
[INFO] [stdout] 110 | ...                   Second(5),
[INFO] [stdout]     |                       ^^^^^^ not found in this scope
[INFO] [stdout] 
[INFO] [stdout] 
[INFO] [stdout] error[E0425]: cannot find function, tuple struct or tuple variant `First` in this scope
[INFO] [stdout]    --> /opt/rustwide/cargo-home/registry/src/index.crates.io-6f17d22bba15001f/irelia_encoder-0.1.1/src/lib.rs:111:29
[INFO] [stdout]     |
[INFO] [stdout] 111 | ...                   First(6),
[INFO] [stdout]     |                       ^^^^^ not found in this scope
[INFO] [stdout] 
[INFO] [stdout] 
[INFO] [stdout] error[E0425]: cannot find function, tuple struct or tuple variant `Second` in this scope
[INFO] [stdout]    --> /opt/rustwide/cargo-home/registry/src/index.crates.io-6f17d22bba15001f/irelia_encoder-0.1.1/src/lib.rs:112:29
[INFO] [stdout]     |
[INFO] [stdout] 112 | ...                   Second(7),
[INFO] [stdout]     |                       ^^^^^^ not found in this scope
[INFO] [stdout] 
[INFO] [stdout] 
[INFO] [stdout] error: aborting due to 14 previous errors
[INFO] [stdout] 
[INFO] [stdout] 
[INFO] [stdout] Some errors have detailed explanations: E0425, E0432, E0554.
[INFO] [stdout] 
[INFO] [stdout] For more information about an error, try `rustc --explain E0425`.
[INFO] [stdout] 
[INFO] [stderr] error: could not compile `irelia_encoder` (lib) due to 15 previous errors
[INFO] [stderr] warning: build failed, waiting for other jobs to finish...
[INFO] running `Command { std: "docker" "inspect" "a527f72cb33ab23e1ccaf038fc1ac3a3bd7f94e7b2ee7cef9df7d75b04cb03a8", kill_on_drop: false }`
[INFO] running `Command { std: "docker" "rm" "-f" "a527f72cb33ab23e1ccaf038fc1ac3a3bd7f94e7b2ee7cef9df7d75b04cb03a8", kill_on_drop: false }`
[INFO] [stdout] a527f72cb33ab23e1ccaf038fc1ac3a3bd7f94e7b2ee7cef9df7d75b04cb03a8
