[INFO] cloning repository https://github.com/BlockCat/bevy_highway_node_network
[INFO] running `Command { std: "git" "-c" "credential.helper=" "-c" "credential.helper=/workspace/cargo-home/bin/git-credential-null" "clone" "--bare" "https://github.com/BlockCat/bevy_highway_node_network" "/workspace/cache/git-repos/https%3A%2F%2Fgithub.com%2FBlockCat%2Fbevy_highway_node_network", kill_on_drop: false }`
[INFO] [stderr] Cloning into bare repository '/workspace/cache/git-repos/https%3A%2F%2Fgithub.com%2FBlockCat%2Fbevy_highway_node_network'...
[INFO] running `Command { std: "git" "rev-parse" "HEAD", kill_on_drop: false }`
[INFO] [stdout] 0f4f770f1cf042141bd509db53c80b4c7c37d386
[INFO] documenting BlockCat/bevy_highway_node_network against 1.75.0 for beta-1.76-rustdoc-1
[INFO] running `Command { std: "git" "clone" "/workspace/cache/git-repos/https%3A%2F%2Fgithub.com%2FBlockCat%2Fbevy_highway_node_network" "/workspace/builds/worker-1-tc1/source", kill_on_drop: false }`
[INFO] [stderr] Cloning into '/workspace/builds/worker-1-tc1/source'...
[INFO] [stderr] done.
[INFO] validating manifest of git repo https://github.com/BlockCat/bevy_highway_node_network on toolchain 1.75.0
[INFO] running `Command { std: CARGO_HOME="/workspace/cargo-home" RUSTUP_HOME="/workspace/rustup-home" "/workspace/cargo-home/bin/cargo" "+1.75.0" "metadata" "--manifest-path" "Cargo.toml" "--no-deps", kill_on_drop: false }`
[INFO] removed /workspace/builds/worker-1-tc1/source/.cargo/config.toml
[INFO] started tweaking git repo https://github.com/BlockCat/bevy_highway_node_network
[INFO] finished tweaking git repo https://github.com/BlockCat/bevy_highway_node_network
[INFO] tweaked toml for git repo https://github.com/BlockCat/bevy_highway_node_network written to /workspace/builds/worker-1-tc1/source/Cargo.toml
[INFO] crate git repo https://github.com/BlockCat/bevy_highway_node_network already has a lockfile, it will not be regenerated
[INFO] running `Command { std: CARGO_HOME="/workspace/cargo-home" RUSTUP_HOME="/workspace/rustup-home" "/workspace/cargo-home/bin/cargo" "+1.75.0" "fetch" "--manifest-path" "Cargo.toml", kill_on_drop: false }`
[INFO] [stderr]     Updating crates.io index
[INFO] [stderr]  Downloading crates ...
[INFO] [stderr]   Downloaded bevy_encase_derive v0.9.1
[INFO] [stderr]   Downloaded bevy_dylib v0.9.1
[INFO] [stderr]   Downloaded emath v0.20.0
[INFO] [stderr]   Downloaded webbrowser v0.8.2
[INFO] [stderr]   Downloaded bevy_gilrs v0.9.1
[INFO] [stderr]   Downloaded bevy_animation v0.9.1
[INFO] [stderr]   Downloaded bevy_scene v0.9.1
[INFO] [stderr]   Downloaded zstd-safe v6.0.2+zstd.1.5.2
[INFO] [stderr]   Downloaded bevy_tasks v0.9.1
[INFO] [stderr]   Downloaded bevy_macro_utils v0.9.1
[INFO] [stderr]   Downloaded bevy_gltf v0.9.1
[INFO] [stderr]   Downloaded bevy_diagnostic v0.9.1
[INFO] [stderr]   Downloaded bevy_mikktspace v0.9.1
[INFO] [stderr]   Downloaded bevy_render_macros v0.9.1
[INFO] [stderr]   Downloaded encase_derive_impl v0.4.1
[INFO] [stderr]   Downloaded bevy_asset v0.9.1
[INFO] [stderr]   Downloaded bevy_core_pipeline v0.9.1
[INFO] [stderr]   Downloaded bevy_pbr v0.9.1
[INFO] [stderr]   Downloaded bevy_render v0.9.1
[INFO] [stderr]   Downloaded profiling v1.0.5
[INFO] [stderr]   Downloaded epaint v0.20.0
[INFO] [stderr]   Downloaded ttf-parser v0.15.0
[INFO] [stderr]   Downloaded glam v0.22.0
[INFO] [stderr]   Downloaded bevy v0.9.1
[INFO] [stderr]   Downloaded bevy_ecs v0.9.1
[INFO] [stderr]   Downloaded bevy_egui v0.18.0
[INFO] [stderr]   Downloaded encase v0.4.1
[INFO] [stderr]   Downloaded bevy_reflect v0.9.1
[INFO] [stderr]   Downloaded shapefile v0.3.0
[INFO] [stderr]   Downloaded egui v0.20.1
[INFO] [stderr]   Downloaded anyhow v1.0.56
[INFO] [stderr]   Downloaded bevy_ui v0.9.1
[INFO] [stderr]   Downloaded bytemuck v1.8.0
[INFO] [stderr]   Downloaded dbase v0.2.3
[INFO] [stderr]   Downloaded rodio v0.16.0
[INFO] [stderr]   Downloaded rstar v0.9.2
[INFO] [stderr]   Downloaded bevy_polyline v0.4.0
[INFO] [stderr]   Downloaded bevy_time v0.9.1
[INFO] [stderr]   Downloaded bevy_sprite v0.9.1
[INFO] [stderr]   Downloaded bevy_input v0.9.1
[INFO] [stderr]   Downloaded bevy_reflect_derive v0.9.1
[INFO] [stderr]   Downloaded zstd v0.12.1+zstd.1.5.2
[INFO] [stderr]   Downloaded arboard v2.1.0
[INFO] [stderr]   Downloaded ecolor v0.20.0
[INFO] [stderr]   Downloaded encase_derive v0.4.1
[INFO] [stderr]   Downloaded hexasphere v8.0.0
[INFO] [stderr]   Downloaded bevy_core v0.9.1
[INFO] [stderr]   Downloaded bevy_hierarchy v0.9.1
[INFO] [stderr]   Downloaded bevy_transform v0.9.1
[INFO] [stderr]   Downloaded bevy_derive v0.9.1
[INFO] [stderr]   Downloaded bevy_app v0.9.1
[INFO] [stderr]   Downloaded bevy_ecs_macros v0.9.1
[INFO] [stderr]   Downloaded bevy_math v0.9.1
[INFO] [stderr]   Downloaded bevy_ptr v0.9.1
[INFO] [stderr]   Downloaded bevy_utils v0.9.1
[INFO] [stderr]   Downloaded android_logger v0.11.3
[INFO] [stderr]   Downloaded bevy_log v0.9.1
[INFO] [stderr]   Downloaded bevy_window v0.9.1
[INFO] [stderr]   Downloaded bevy_winit v0.9.1
[INFO] [stderr]   Downloaded bevy_internal v0.9.1
[INFO] [stderr]   Downloaded bevy_audio v0.9.1
[INFO] [stderr]   Downloaded bevy_text v0.9.1
[INFO] running `Command { std: "docker" "create" "-v" "/var/lib/crater-agent-workspace/builds/worker-1-tc1/target:/opt/rustwide/target:rw,Z" "-v" "/var/lib/crater-agent-workspace/builds/worker-1-tc1/source:/opt/rustwide/workdir:ro,Z" "-v" "/var/lib/crater-agent-workspace/cargo-home:/opt/rustwide/cargo-home:ro,Z" "-v" "/var/lib/crater-agent-workspace/rustup-home:/opt/rustwide/rustup-home:ro,Z" "-e" "SOURCE_DIR=/opt/rustwide/workdir" "-e" "CARGO_TARGET_DIR=/opt/rustwide/target" "-e" "CARGO_HOME=/opt/rustwide/cargo-home" "-e" "RUSTUP_HOME=/opt/rustwide/rustup-home" "-w" "/opt/rustwide/workdir" "-m" "1610612736" "--user" "0:0" "--network" "none" "ghcr.io/rust-lang/crates-build-env/linux@sha256:2788e3201cd34a07e3172128adcd8b3090168a8e3bcc40d7c032b9dda1df7d1c" "/opt/rustwide/cargo-home/bin/cargo" "+1.75.0" "metadata" "--no-deps" "--format-version=1", kill_on_drop: false }`
[INFO] [stdout] 9f37ff7440d935d14e2e54d24e1fcf1ca5c0eeed828b2dd6430d0c08bfd23845
[INFO] running `Command { std: "docker" "start" "-a" "9f37ff7440d935d14e2e54d24e1fcf1ca5c0eeed828b2dd6430d0c08bfd23845", kill_on_drop: false }`
[INFO] running `Command { std: "docker" "inspect" "9f37ff7440d935d14e2e54d24e1fcf1ca5c0eeed828b2dd6430d0c08bfd23845", kill_on_drop: false }`
[INFO] running `Command { std: "docker" "rm" "-f" "9f37ff7440d935d14e2e54d24e1fcf1ca5c0eeed828b2dd6430d0c08bfd23845", kill_on_drop: false }`
[INFO] [stdout] 9f37ff7440d935d14e2e54d24e1fcf1ca5c0eeed828b2dd6430d0c08bfd23845
[INFO] running `Command { std: "docker" "create" "-v" "/var/lib/crater-agent-workspace/builds/worker-1-tc1/target:/opt/rustwide/target:rw,Z" "-v" "/var/lib/crater-agent-workspace/builds/worker-1-tc1/source:/opt/rustwide/workdir:ro,Z" "-v" "/var/lib/crater-agent-workspace/cargo-home:/opt/rustwide/cargo-home:ro,Z" "-v" "/var/lib/crater-agent-workspace/rustup-home:/opt/rustwide/rustup-home:ro,Z" "-e" "SOURCE_DIR=/opt/rustwide/workdir" "-e" "CARGO_TARGET_DIR=/opt/rustwide/target" "-e" "CARGO_INCREMENTAL=0" "-e" "RUST_BACKTRACE=full" "-e" "RUSTFLAGS=--cap-lints=warn" "-e" "RUSTDOCFLAGS=--cap-lints=warn" "-e" "CARGO_HOME=/opt/rustwide/cargo-home" "-e" "RUSTUP_HOME=/opt/rustwide/rustup-home" "-w" "/opt/rustwide/workdir" "-m" "1610612736" "--user" "0:0" "--network" "none" "ghcr.io/rust-lang/crates-build-env/linux@sha256:2788e3201cd34a07e3172128adcd8b3090168a8e3bcc40d7c032b9dda1df7d1c" "/opt/rustwide/cargo-home/bin/cargo" "+1.75.0" "doc" "--frozen" "--no-deps" "--document-private-items" "--message-format=json", kill_on_drop: false }`
[INFO] [stdout] 901cee3b1e189582b5fc4cf3cd6b74f7cc2da389f2e5988915206ced31338822
[INFO] running `Command { std: "docker" "start" "-a" "901cee3b1e189582b5fc4cf3cd6b74f7cc2da389f2e5988915206ced31338822", kill_on_drop: false }`
[INFO] [stderr]    Compiling proc-macro2 v1.0.36
[INFO] [stderr]    Compiling unicode-xid v0.2.4
[INFO] [stderr]    Compiling syn v1.0.89
[INFO] [stderr]    Compiling libc v0.2.139
[INFO] [stderr]    Compiling serde_derive v1.0.136
[INFO] [stderr]    Compiling serde v1.0.136
[INFO] [stderr]     Checking once_cell v1.16.0
[INFO] [stderr]    Compiling parking_lot_core v0.9.2
[INFO] [stderr]     Checking lock_api v0.4.6
[INFO] [stderr]    Compiling num-traits v0.2.14
[INFO] [stderr]    Compiling log v0.4.14
[INFO] [stderr]     Checking pin-project-lite v0.2.8
[INFO] [stderr]     Checking tracing-core v0.1.23
[INFO] [stderr]     Checking instant v0.1.12
[INFO] [stderr]    Compiling bit-vec v0.6.3
[INFO] [stderr]     Checking tracing v0.1.32
[INFO] [stderr]    Compiling erased-serde v0.3.20
[INFO] [stderr]    Compiling getrandom v0.2.5
[INFO] [stderr]     Checking futures-lite v1.12.0
[INFO] [stderr]    Compiling uuid v1.2.2
[INFO] [stderr]    Compiling quote v1.0.16
[INFO] [stderr]    Compiling bit-set v0.5.2
[INFO] [stderr]     Checking slab v0.4.5
[INFO] [stderr]     Checking thread_local v1.1.4
[INFO] [stderr]     Checking bevy_ptr v0.9.1
[INFO] [stderr]    Compiling crossbeam-utils v0.8.8
[INFO] [stderr]    Compiling pkg-config v0.3.24
[INFO] [stderr]    Compiling num-integer v0.1.44
[INFO] [stderr]     Checking async-executor v1.4.1
[INFO] [stderr]     Checking regex-automata v0.1.10
[INFO] [stderr]     Checking bevy_tasks v0.9.1
[INFO] [stderr]     Checking regex v1.5.5
[INFO] [stderr]     Checking tracing-log v0.1.2
[INFO] [stderr]    Compiling indexmap v1.8.0
[INFO] [stderr]     Checking mio v0.8.2
[INFO] [stderr]     Checking crossbeam-channel v0.5.4
[INFO] [stderr]     Checking ahash v0.7.6
[INFO] [stderr]     Checking hashbrown v0.11.2
[INFO] [stderr]     Checking raw-window-handle v0.5.0
[INFO] [stderr]     Checking inotify-sys v0.1.5
[INFO] [stderr]     Checking matchers v0.1.0
[INFO] [stderr]    Compiling ash v0.37.1+1.3.235
[INFO] [stderr]    Compiling anyhow v1.0.56
[INFO] [stderr]     Checking pp-rs v0.2.1
[INFO] [stderr]     Checking inotify v0.9.6
[INFO] [stderr]     Checking filetime v0.2.15
[INFO] [stderr]     Checking spirv v0.2.0+1.5.4
[INFO] [stderr]    Compiling wgpu-core v0.14.2
[INFO] [stderr]     Checking notify v5.0.0
[INFO] [stderr]     Checking miniz_oxide v0.6.2
[INFO] [stderr]     Checking gpu-descriptor v0.2.2
[INFO] [stderr]     Checking khronos-egl v4.1.0
[INFO] [stderr]     Checking petgraph v0.6.0
[INFO] [stderr]     Checking wgpu-types v0.14.1
[INFO] [stderr]    Compiling num-rational v0.4.1
[INFO] [stderr]    Compiling encase_derive_impl v0.4.1
[INFO] [stderr]     Checking profiling v1.0.5
[INFO] [stderr]     Checking flate2 v1.0.25
[INFO] [stderr]     Checking const_panic v0.2.7
[INFO] [stderr]     Checking png v0.17.7
[INFO] [stderr]     Checking tinyvec v1.5.1
[INFO] [stderr]     Checking ttf-parser v0.15.0
[INFO] [stderr]    Compiling toml v0.5.8
[INFO] [stderr]    Compiling alsa-sys v0.3.1
[INFO] [stderr]     Checking radsort v0.1.0
[INFO] [stderr]    Compiling libudev-sys v0.1.4
[INFO] [stderr]    Compiling jobserver v0.1.24
[INFO] [stderr]    Compiling serde_json v1.0.79
[INFO] [stderr]    Compiling cc v1.0.73
[INFO] [stderr]     Checking nix v0.23.1
[INFO] [stderr]    Compiling bevy_macro_utils v0.9.1
[INFO] [stderr]    Compiling x11-dl v2.19.1
[INFO] [stderr]     Checking approx v0.5.1
[INFO] [stderr]     Checking euclid v0.22.6
[INFO] [stderr]     Checking ryu v1.0.9
[INFO] [stderr]     Checking owned_ttf_parser v0.15.0
[INFO] [stderr]     Checking ab_glyph v0.2.15
[INFO] [stderr]     Checking itoa v1.0.1
[INFO] [stderr]    Compiling cpal v0.14.2
[INFO] [stderr]     Checking nix v0.25.1
[INFO] [stderr]    Compiling gilrs v0.10.1
[INFO] [stderr]     Checking glyph_brush_layout v0.2.3
[INFO] [stderr]    Compiling bytemuck_derive v1.0.1
[INFO] [stderr]    Compiling thiserror-impl v1.0.30
[INFO] [stderr]    Compiling bevy_reflect_derive v0.9.1
[INFO] [stderr]    Compiling bevy_ecs_macros v0.9.1
[INFO] [stderr]     Checking bytemuck v1.8.0
[INFO] [stderr]    Compiling bevy_derive v0.9.1
[INFO] [stderr]    Compiling encase_derive v0.4.1
[INFO] [stderr]     Checking image v0.24.5
[INFO] [stderr]    Compiling bevy_render_macros v0.9.1
[INFO] [stderr]    Compiling bevy_encase_derive v0.9.1
[INFO] [stderr]     Checking alsa v0.6.0
[INFO] [stderr]     Checking thiserror v1.0.30
[INFO] [stderr]     Checking naga v0.10.0
[INFO] [stderr]     Checking guillotiere v0.6.2
[INFO] [stderr]    Compiling gltf-derive v1.0.0
[INFO] [stderr]    Compiling hash32-derive v0.1.1
[INFO] [stderr]     Checking lewton v0.10.2
[INFO] [stderr]     Checking hash32 v0.2.1
[INFO] [stderr]    Compiling crossbeam-epoch v0.9.8
[INFO] [stderr]    Compiling rayon-core v1.9.1
[INFO] [stderr]    Compiling generic-array v0.14.5
[INFO] [stderr]     Checking taffy v0.1.0
[INFO] [stderr]    Compiling zstd-sys v2.0.1+zstd.1.5.2
[INFO] [stderr]     Checking num_cpus v1.13.1
[INFO] [stderr]    Compiling ahash v0.8.2
[INFO] [stderr]    Compiling num-iter v0.1.42
[INFO] [stderr]    Compiling rayon v1.5.1
[INFO] [stderr]     Checking crossbeam-deque v0.8.1
[INFO] [stderr]     Checking either v1.6.1
[INFO] [stderr]     Checking unicode-normalization v0.1.19
[INFO] [stderr]     Checking generic-array v0.13.3
[INFO] [stderr]     Checking generic-array v0.12.4
[INFO] [stderr]     Checking time v0.1.43
[INFO] [stderr]    Compiling heapless v0.6.1
[INFO] [stderr]     Checking unicode-bidi v0.3.7
[INFO] [stderr]     Checking stable_deref_trait v1.2.0
[INFO] [stderr]    Compiling libsqlite3-sys v0.25.2
[INFO] [stderr]     Checking as-slice v0.1.5
[INFO] [stderr]     Checking chrono v0.4.19
[INFO] [stderr]     Checking idna v0.2.3
[INFO] [stderr]     Checking num-rational v0.3.2
[INFO] [stderr]     Checking emath v0.20.0
[INFO] [stderr]     Checking ecolor v0.20.0
[INFO] [stderr]     Checking nix v0.22.3
[INFO] [stderr]     Checking gethostname v0.2.3
[INFO] [stderr]     Checking hash32 v0.1.1
[INFO] [stderr]    Compiling zstd-safe v6.0.2+zstd.1.5.2
[INFO] [stderr]     Checking dbase v0.2.3
[INFO] [stderr]     Checking url v2.2.2
[INFO] [stderr]     Checking image v0.23.14
[INFO] [stderr]     Checking itertools v0.10.3
[INFO] [stderr]     Checking pdqselect v0.1.0
[INFO] [stderr]     Checking webbrowser v0.8.2
[INFO] [stderr]     Checking shapefile v0.3.0
[INFO] [stderr]     Checking fallible-iterator v0.2.0
[INFO] [stderr]     Checking fallible-streaming-iterator v0.1.9
[INFO] [stderr]     Checking smallvec v1.8.0
[INFO] [stderr]     Checking glam v0.22.0
[INFO] [stderr]     Checking parking_lot v0.12.1
[INFO] [stderr]     Checking hashbrown v0.12.3
[INFO] [stderr]     Checking tracing-subscriber v0.3.9
[INFO] [stderr]     Checking bevy_utils v0.9.1
[INFO] [stderr]     Checking wgpu-hal v0.14.1
[INFO] [stderr]     Checking gilrs-core v0.5.2
[INFO] [stderr]     Checking bevy_math v0.9.1
[INFO] [stderr]     Checking bevy_mikktspace v0.9.1
[INFO] [stderr]     Checking bevy_reflect v0.9.1
[INFO] [stderr]     Checking hexasphere v8.0.0
[INFO] [stderr]     Checking encase v0.4.1
[INFO] [stderr]     Checking gltf-json v1.0.0
[INFO] [stderr]     Checking ron v0.8.0
[INFO] [stderr]     Checking rodio v0.16.0
[INFO] [stderr]     Checking winit v0.27.5
[INFO] [stderr]     Checking bincode v1.3.3
[INFO] [stderr]     Checking x11rb v0.9.0
[INFO] [stderr]     Checking epaint v0.20.0
[INFO] [stderr]     Checking bevy_ecs v0.9.1
[INFO] [stderr]     Checking gltf v1.0.0
[INFO] [stderr]     Checking network v0.1.0 (/opt/rustwide/workdir/network)
[INFO] [stdout] error[E0554]: `#![feature]` may not be used on the stable release channel
[INFO] [stdout]  --> network/src/lib.rs:1:12
[INFO] [stdout]   |
[INFO] [stdout] 1 | #![feature(map_try_insert)]
[INFO] [stdout]   |            ^^^^^^^^^^^^^^
[INFO] [stdout] 
[INFO] [stdout] 
[INFO] [stderr]     Checking egui v0.20.1
[INFO] [stdout] error[E0554]: `#![feature]` may not be used on the stable release channel
[INFO] [stdout]  --> network/src/lib.rs:2:12
[INFO] [stdout]   |
[INFO] [stdout] 2 | #![feature(is_sorted)]
[INFO] [stdout]   |            ^^^^^^^^^
[INFO] [stdout] 
[INFO] [stdout] 
[INFO] [stdout] error: aborting due to 2 previous errors
[INFO] [stdout] 
[INFO] [stdout] 
[INFO] [stdout] For more information about this error, try `rustc --explain E0554`.
[INFO] [stdout] 
[INFO] [stderr] error: could not compile `network` (lib) due to 3 previous errors
[INFO] [stderr] warning: build failed, waiting for other jobs to finish...
[INFO] running `Command { std: "docker" "inspect" "901cee3b1e189582b5fc4cf3cd6b74f7cc2da389f2e5988915206ced31338822", kill_on_drop: false }`
[INFO] running `Command { std: "docker" "rm" "-f" "901cee3b1e189582b5fc4cf3cd6b74f7cc2da389f2e5988915206ced31338822", kill_on_drop: false }`
[INFO] [stdout] 901cee3b1e189582b5fc4cf3cd6b74f7cc2da389f2e5988915206ced31338822
[INFO] documenting BlockCat/bevy_highway_node_network against beta-2023-12-22 for beta-1.76-rustdoc-1
[INFO] running `Command { std: "git" "clone" "/workspace/cache/git-repos/https%3A%2F%2Fgithub.com%2FBlockCat%2Fbevy_highway_node_network" "/workspace/builds/worker-1-tc2/source", kill_on_drop: false }`
[INFO] [stderr] Cloning into '/workspace/builds/worker-1-tc2/source'...
[INFO] [stderr] done.
[INFO] validating manifest of git repo https://github.com/BlockCat/bevy_highway_node_network on toolchain beta-2023-12-22
[INFO] running `Command { std: CARGO_HOME="/workspace/cargo-home" RUSTUP_HOME="/workspace/rustup-home" "/workspace/cargo-home/bin/cargo" "+beta-2023-12-22" "metadata" "--manifest-path" "Cargo.toml" "--no-deps", kill_on_drop: false }`
[INFO] removed /workspace/builds/worker-1-tc2/source/.cargo/config.toml
[INFO] started tweaking git repo https://github.com/BlockCat/bevy_highway_node_network
[INFO] finished tweaking git repo https://github.com/BlockCat/bevy_highway_node_network
[INFO] tweaked toml for git repo https://github.com/BlockCat/bevy_highway_node_network written to /workspace/builds/worker-1-tc2/source/Cargo.toml
[INFO] crate git repo https://github.com/BlockCat/bevy_highway_node_network already has a lockfile, it will not be regenerated
[INFO] running `Command { std: CARGO_HOME="/workspace/cargo-home" RUSTUP_HOME="/workspace/rustup-home" "/workspace/cargo-home/bin/cargo" "+beta-2023-12-22" "fetch" "--manifest-path" "Cargo.toml", kill_on_drop: false }`
[INFO] running `Command { std: "docker" "create" "-v" "/var/lib/crater-agent-workspace/builds/worker-1-tc2/target:/opt/rustwide/target:rw,Z" "-v" "/var/lib/crater-agent-workspace/builds/worker-1-tc2/source:/opt/rustwide/workdir:ro,Z" "-v" "/var/lib/crater-agent-workspace/cargo-home:/opt/rustwide/cargo-home:ro,Z" "-v" "/var/lib/crater-agent-workspace/rustup-home:/opt/rustwide/rustup-home:ro,Z" "-e" "SOURCE_DIR=/opt/rustwide/workdir" "-e" "CARGO_TARGET_DIR=/opt/rustwide/target" "-e" "CARGO_HOME=/opt/rustwide/cargo-home" "-e" "RUSTUP_HOME=/opt/rustwide/rustup-home" "-w" "/opt/rustwide/workdir" "-m" "1610612736" "--user" "0:0" "--network" "none" "ghcr.io/rust-lang/crates-build-env/linux@sha256:2788e3201cd34a07e3172128adcd8b3090168a8e3bcc40d7c032b9dda1df7d1c" "/opt/rustwide/cargo-home/bin/cargo" "+beta-2023-12-22" "metadata" "--no-deps" "--format-version=1", kill_on_drop: false }`
[INFO] [stdout] e0aecdefc0d4055b42d476b3d7741bf395d5b764c716f48d0c272f896035de17
[INFO] running `Command { std: "docker" "start" "-a" "e0aecdefc0d4055b42d476b3d7741bf395d5b764c716f48d0c272f896035de17", kill_on_drop: false }`
[INFO] running `Command { std: "docker" "inspect" "e0aecdefc0d4055b42d476b3d7741bf395d5b764c716f48d0c272f896035de17", kill_on_drop: false }`
[INFO] running `Command { std: "docker" "rm" "-f" "e0aecdefc0d4055b42d476b3d7741bf395d5b764c716f48d0c272f896035de17", kill_on_drop: false }`
[INFO] [stdout] e0aecdefc0d4055b42d476b3d7741bf395d5b764c716f48d0c272f896035de17
[INFO] running `Command { std: "docker" "create" "-v" "/var/lib/crater-agent-workspace/builds/worker-1-tc2/target:/opt/rustwide/target:rw,Z" "-v" "/var/lib/crater-agent-workspace/builds/worker-1-tc2/source:/opt/rustwide/workdir:ro,Z" "-v" "/var/lib/crater-agent-workspace/cargo-home:/opt/rustwide/cargo-home:ro,Z" "-v" "/var/lib/crater-agent-workspace/rustup-home:/opt/rustwide/rustup-home:ro,Z" "-e" "SOURCE_DIR=/opt/rustwide/workdir" "-e" "CARGO_TARGET_DIR=/opt/rustwide/target" "-e" "CARGO_INCREMENTAL=0" "-e" "RUST_BACKTRACE=full" "-e" "RUSTFLAGS=--cap-lints=warn" "-e" "RUSTDOCFLAGS=--cap-lints=warn" "-e" "CARGO_HOME=/opt/rustwide/cargo-home" "-e" "RUSTUP_HOME=/opt/rustwide/rustup-home" "-w" "/opt/rustwide/workdir" "-m" "1610612736" "--user" "0:0" "--network" "none" "ghcr.io/rust-lang/crates-build-env/linux@sha256:2788e3201cd34a07e3172128adcd8b3090168a8e3bcc40d7c032b9dda1df7d1c" "/opt/rustwide/cargo-home/bin/cargo" "+beta-2023-12-22" "doc" "--frozen" "--no-deps" "--document-private-items" "--message-format=json", kill_on_drop: false }`
[INFO] [stdout] f2ec275a6a5037c920c985c6a5e85d65ff20c51da948ac45c13cd98b54bd7854
[INFO] running `Command { std: "docker" "start" "-a" "f2ec275a6a5037c920c985c6a5e85d65ff20c51da948ac45c13cd98b54bd7854", kill_on_drop: false }`
[INFO] [stderr]    Compiling proc-macro2 v1.0.36
[INFO] [stderr]    Compiling unicode-xid v0.2.4
[INFO] [stderr]    Compiling syn v1.0.89
[INFO] [stderr]    Compiling libc v0.2.139
[INFO] [stderr]    Compiling serde_derive v1.0.136
[INFO] [stderr]    Compiling serde v1.0.136
[INFO] [stderr]     Checking once_cell v1.16.0
[INFO] [stderr]    Compiling parking_lot_core v0.9.2
[INFO] [stderr]     Checking lock_api v0.4.6
[INFO] [stderr]    Compiling num-traits v0.2.14
[INFO] [stderr]    Compiling log v0.4.14
[INFO] [stderr]     Checking pin-project-lite v0.2.8
[INFO] [stderr]     Checking tracing-core v0.1.23
[INFO] [stderr]     Checking instant v0.1.12
[INFO] [stderr]    Compiling bit-vec v0.6.3
[INFO] [stderr]     Checking tracing v0.1.32
[INFO] [stderr]    Compiling erased-serde v0.3.20
[INFO] [stderr]     Checking futures-lite v1.12.0
[INFO] [stderr]    Compiling bit-set v0.5.2
[INFO] [stderr]    Compiling quote v1.0.16
[INFO] [stderr]    Compiling getrandom v0.2.5
[INFO] [stderr]    Compiling uuid v1.2.2
[INFO] [stderr]     Checking slab v0.4.5
[INFO] [stderr]     Checking thread_local v1.1.4
[INFO] [stderr]     Checking bevy_ptr v0.9.1
[INFO] [stderr]    Compiling crossbeam-utils v0.8.8
[INFO] [stderr]    Compiling pkg-config v0.3.24
[INFO] [stderr]    Compiling num-integer v0.1.44
[INFO] [stderr]     Checking async-executor v1.4.1
[INFO] [stderr]     Checking regex-automata v0.1.10
[INFO] [stderr]     Checking bevy_tasks v0.9.1
[INFO] [stderr]     Checking regex v1.5.5
[INFO] [stderr]     Checking ahash v0.7.6
[INFO] [stderr]     Checking tracing-log v0.1.2
[INFO] [stderr]     Checking crossbeam-channel v0.5.4
[INFO] [stderr]    Compiling indexmap v1.8.0
[INFO] [stderr]     Checking raw-window-handle v0.5.0
[INFO] [stderr]     Checking hashbrown v0.11.2
[INFO] [stderr]     Checking mio v0.8.2
[INFO] [stderr]     Checking matchers v0.1.0
[INFO] [stderr]     Checking inotify-sys v0.1.5
[INFO] [stderr]    Compiling ash v0.37.1+1.3.235
[INFO] [stderr]    Compiling anyhow v1.0.56
[INFO] [stderr]     Checking inotify v0.9.6
[INFO] [stderr]     Checking pp-rs v0.2.1
[INFO] [stderr]     Checking filetime v0.2.15
[INFO] [stderr]     Checking spirv v0.2.0+1.5.4
[INFO] [stderr]     Checking miniz_oxide v0.6.2
[INFO] [stderr]     Checking notify v5.0.0
[INFO] [stderr]     Checking gpu-descriptor v0.2.2
[INFO] [stderr]    Compiling wgpu-core v0.14.2
[INFO] [stderr]     Checking khronos-egl v4.1.0
[INFO] [stderr]     Checking wgpu-types v0.14.1
[INFO] [stderr]     Checking petgraph v0.6.0
[INFO] [stderr]    Compiling num-rational v0.4.1
[INFO] [stderr]     Checking profiling v1.0.5
[INFO] [stderr]     Checking flate2 v1.0.25
[INFO] [stderr]    Compiling encase_derive_impl v0.4.1
[INFO] [stderr]     Checking png v0.17.7
[INFO] [stderr]    Compiling toml v0.5.8
[INFO] [stderr]     Checking const_panic v0.2.7
[INFO] [stderr]     Checking tinyvec v1.5.1
[INFO] [stderr]     Checking ttf-parser v0.15.0
[INFO] [stderr]    Compiling alsa-sys v0.3.1
[INFO] [stderr]     Checking radsort v0.1.0
[INFO] [stderr]    Compiling libudev-sys v0.1.4
[INFO] [stderr]    Compiling jobserver v0.1.24
[INFO] [stderr]    Compiling serde_json v1.0.79
[INFO] [stderr]    Compiling bevy_macro_utils v0.9.1
[INFO] [stderr]    Compiling cc v1.0.73
[INFO] [stderr]     Checking nix v0.23.1
[INFO] [stderr]    Compiling x11-dl v2.19.1
[INFO] [stderr]     Checking approx v0.5.1
[INFO] [stderr]     Checking euclid v0.22.6
[INFO] [stderr]     Checking owned_ttf_parser v0.15.0
[INFO] [stderr]     Checking ryu v1.0.9
[INFO] [stderr]     Checking ab_glyph v0.2.15
[INFO] [stderr]    Compiling cpal v0.14.2
[INFO] [stderr]     Checking itoa v1.0.1
[INFO] [stderr]     Checking nix v0.25.1
[INFO] [stderr]    Compiling gilrs v0.10.1
[INFO] [stderr]     Checking glyph_brush_layout v0.2.3
[INFO] [stderr]     Checking lewton v0.10.2
[INFO] [stderr]     Checking guillotiere v0.6.2
[INFO] [stderr]     Checking hash32 v0.2.1
[INFO] [stderr]    Compiling crossbeam-epoch v0.9.8
[INFO] [stderr]    Compiling rayon-core v1.9.1
[INFO] [stderr]    Compiling generic-array v0.14.5
[INFO] [stderr]    Compiling zstd-sys v2.0.1+zstd.1.5.2
[INFO] [stderr]    Compiling bytemuck_derive v1.0.1
[INFO] [stderr]    Compiling thiserror-impl v1.0.30
[INFO] [stderr]    Compiling bevy_reflect_derive v0.9.1
[INFO] [stderr]    Compiling bevy_ecs_macros v0.9.1
[INFO] [stderr]     Checking bytemuck v1.8.0
[INFO] [stderr]    Compiling bevy_derive v0.9.1
[INFO] [stderr]    Compiling encase_derive v0.4.1
[INFO] [stderr]     Checking image v0.24.5
[INFO] [stderr]    Compiling bevy_encase_derive v0.9.1
[INFO] [stderr]    Compiling bevy_render_macros v0.9.1
[INFO] [stderr]     Checking thiserror v1.0.30
[INFO] [stderr]     Checking naga v0.10.0
[INFO] [stderr]     Checking alsa v0.6.0
[INFO] [stderr]    Compiling gltf-derive v1.0.0
[INFO] [stderr]    Compiling hash32-derive v0.1.1
[INFO] [stderr]     Checking taffy v0.1.0
[INFO] [stderr]     Checking crossbeam-deque v0.8.1
[INFO] [stderr]     Checking num_cpus v1.13.1
[INFO] [stderr]    Compiling ahash v0.8.2
[INFO] [stderr]    Compiling num-iter v0.1.42
[INFO] [stderr]    Compiling rayon v1.5.1
[INFO] [stderr]     Checking either v1.6.1
[INFO] [stderr]     Checking unicode-normalization v0.1.19
[INFO] [stderr]     Checking generic-array v0.13.3
[INFO] [stderr]     Checking generic-array v0.12.4
[INFO] [stderr]     Checking time v0.1.43
[INFO] [stderr]     Checking unicode-bidi v0.3.7
[INFO] [stderr]     Checking stable_deref_trait v1.2.0
[INFO] [stderr]    Compiling heapless v0.6.1
[INFO] [stderr]     Checking as-slice v0.1.5
[INFO] [stderr]     Checking chrono v0.4.19
[INFO] [stderr]    Compiling libsqlite3-sys v0.25.2
[INFO] [stderr]     Checking idna v0.2.3
[INFO] [stderr]     Checking num-rational v0.3.2
[INFO] [stderr]     Checking emath v0.20.0
[INFO] [stderr]     Checking ecolor v0.20.0
[INFO] [stderr]     Checking nix v0.22.3
[INFO] [stderr]     Checking gethostname v0.2.3
[INFO] [stderr]     Checking hash32 v0.1.1
[INFO] [stderr]    Compiling zstd-safe v6.0.2+zstd.1.5.2
[INFO] [stderr]     Checking image v0.23.14
[INFO] [stderr]     Checking url v2.2.2
[INFO] [stderr]     Checking dbase v0.2.3
[INFO] [stderr]     Checking itertools v0.10.3
[INFO] [stderr]     Checking pdqselect v0.1.0
[INFO] [stderr]     Checking shapefile v0.3.0
[INFO] [stderr]     Checking webbrowser v0.8.2
[INFO] [stderr]     Checking fallible-streaming-iterator v0.1.9
[INFO] [stderr]     Checking fallible-iterator v0.2.0
[INFO] [stderr]     Checking smallvec v1.8.0
[INFO] [stderr]     Checking glam v0.22.0
[INFO] [stderr]     Checking parking_lot v0.12.1
[INFO] [stderr]     Checking hashbrown v0.12.3
[INFO] [stderr]     Checking tracing-subscriber v0.3.9
[INFO] [stderr]     Checking bevy_utils v0.9.1
[INFO] [stderr]     Checking gilrs-core v0.5.2
[INFO] [stderr]     Checking wgpu-hal v0.14.1
[INFO] [stderr]     Checking ron v0.8.0
[INFO] [stderr]     Checking rodio v0.16.0
[INFO] [stderr]     Checking gltf-json v1.0.0
[INFO] [stderr]     Checking winit v0.27.5
[INFO] [stderr]     Checking bincode v1.3.3
[INFO] [stderr]     Checking bevy_math v0.9.1
[INFO] [stderr]     Checking hexasphere v8.0.0
[INFO] [stderr]     Checking bevy_reflect v0.9.1
[INFO] [stderr]     Checking encase v0.4.1
[INFO] [stderr]     Checking bevy_mikktspace v0.9.1
[INFO] [stderr]     Checking x11rb v0.9.0
[INFO] [stderr]     Checking epaint v0.20.0
[INFO] [stderr]     Checking network v0.1.0 (/opt/rustwide/workdir/network)
[INFO] [stdout] error[E0554]: `#![feature]` may not be used on the beta release channel
[INFO] [stdout]  --> network/src/lib.rs:1:12
[INFO] [stdout]   |
[INFO] [stdout] 1 | #![feature(map_try_insert)]
[INFO] [stdout]   |            ^^^^^^^^^^^^^^
[INFO] [stdout] 
[INFO] [stdout] 
[INFO] [stdout] error[E0554]: `#![feature]` may not be used on the beta release channel
[INFO] [stdout]  --> network/src/lib.rs:2:12
[INFO] [stdout]   |
[INFO] [stdout] 2 | #![feature(is_sorted)]
[INFO] [stdout]   |            ^^^^^^^^^
[INFO] [stdout] 
[INFO] [stdout] 
[INFO] [stdout] error: aborting due to 2 previous errors
[INFO] [stdout] 
[INFO] [stdout] 
[INFO] [stdout] For more information about this error, try `rustc --explain E0554`.
[INFO] [stdout] 
[INFO] [stderr] error: could not compile `network` (lib) due to 3 previous errors
[INFO] [stderr] warning: build failed, waiting for other jobs to finish...
[INFO] running `Command { std: "docker" "inspect" "f2ec275a6a5037c920c985c6a5e85d65ff20c51da948ac45c13cd98b54bd7854", kill_on_drop: false }`
[INFO] running `Command { std: "docker" "rm" "-f" "f2ec275a6a5037c920c985c6a5e85d65ff20c51da948ac45c13cd98b54bd7854", kill_on_drop: false }`
[INFO] [stdout] f2ec275a6a5037c920c985c6a5e85d65ff20c51da948ac45c13cd98b54bd7854
