[INFO] cloning repository https://github.com/Blacklake-Roleplay/wrench
[INFO] running `Command { std: "git" "-c" "credential.helper=" "-c" "credential.helper=/workspace/cargo-home/bin/git-credential-null" "clone" "--bare" "https://github.com/Blacklake-Roleplay/wrench" "/workspace/cache/git-repos/https%3A%2F%2Fgithub.com%2FBlacklake-Roleplay%2Fwrench", kill_on_drop: false }`
[INFO] [stderr] Cloning into bare repository '/workspace/cache/git-repos/https%3A%2F%2Fgithub.com%2FBlacklake-Roleplay%2Fwrench'...
[INFO] running `Command { std: "git" "rev-parse" "HEAD", kill_on_drop: false }`
[INFO] [stdout] aeb4149adc1e8b064f75760fe4a85236e0b6e064
[INFO] documenting Blacklake-Roleplay/wrench against 1.75.0 for beta-1.76-rustdoc-1
[INFO] running `Command { std: "git" "clone" "/workspace/cache/git-repos/https%3A%2F%2Fgithub.com%2FBlacklake-Roleplay%2Fwrench" "/workspace/builds/worker-4-tc1/source", kill_on_drop: false }`
[INFO] [stderr] Cloning into '/workspace/builds/worker-4-tc1/source'...
[INFO] [stderr] done.
[INFO] validating manifest of git repo https://github.com/Blacklake-Roleplay/wrench on toolchain 1.75.0
[INFO] running `Command { std: CARGO_HOME="/workspace/cargo-home" RUSTUP_HOME="/workspace/rustup-home" "/workspace/cargo-home/bin/cargo" "+1.75.0" "metadata" "--manifest-path" "Cargo.toml" "--no-deps", kill_on_drop: false }`
[INFO] removed /workspace/builds/worker-4-tc1/source/rust-toolchain.toml
[INFO] started tweaking git repo https://github.com/Blacklake-Roleplay/wrench
[INFO] finished tweaking git repo https://github.com/Blacklake-Roleplay/wrench
[INFO] tweaked toml for git repo https://github.com/Blacklake-Roleplay/wrench written to /workspace/builds/worker-4-tc1/source/Cargo.toml
[INFO] crate git repo https://github.com/Blacklake-Roleplay/wrench already has a lockfile, it will not be regenerated
[INFO] running `Command { std: CARGO_HOME="/workspace/cargo-home" RUSTUP_HOME="/workspace/rustup-home" "/workspace/cargo-home/bin/cargo" "+1.75.0" "fetch" "--manifest-path" "Cargo.toml", kill_on_drop: false }`
[INFO] [stderr]     Updating crates.io index
[INFO] [stderr]  Downloading crates ...
[INFO] [stderr]   Downloaded tl v0.7.7
[INFO] [stderr]   Downloaded iter-chunks v0.1.3
[INFO] running `Command { std: "docker" "create" "-v" "/var/lib/crater-agent-workspace/builds/worker-4-tc1/target:/opt/rustwide/target:rw,Z" "-v" "/var/lib/crater-agent-workspace/builds/worker-4-tc1/source:/opt/rustwide/workdir:ro,Z" "-v" "/var/lib/crater-agent-workspace/cargo-home:/opt/rustwide/cargo-home:ro,Z" "-v" "/var/lib/crater-agent-workspace/rustup-home:/opt/rustwide/rustup-home:ro,Z" "-e" "SOURCE_DIR=/opt/rustwide/workdir" "-e" "CARGO_TARGET_DIR=/opt/rustwide/target" "-e" "CARGO_HOME=/opt/rustwide/cargo-home" "-e" "RUSTUP_HOME=/opt/rustwide/rustup-home" "-w" "/opt/rustwide/workdir" "-m" "1610612736" "--user" "0:0" "--network" "none" "ghcr.io/rust-lang/crates-build-env/linux@sha256:2788e3201cd34a07e3172128adcd8b3090168a8e3bcc40d7c032b9dda1df7d1c" "/opt/rustwide/cargo-home/bin/cargo" "+1.75.0" "metadata" "--no-deps" "--format-version=1", kill_on_drop: false }`
[INFO] [stdout] 2ab1131418536986a58b7d7d572efe47615934c4cba3046284109775df53e1a8
[INFO] running `Command { std: "docker" "start" "-a" "2ab1131418536986a58b7d7d572efe47615934c4cba3046284109775df53e1a8", kill_on_drop: false }`
[INFO] running `Command { std: "docker" "inspect" "2ab1131418536986a58b7d7d572efe47615934c4cba3046284109775df53e1a8", kill_on_drop: false }`
[INFO] running `Command { std: "docker" "rm" "-f" "2ab1131418536986a58b7d7d572efe47615934c4cba3046284109775df53e1a8", kill_on_drop: false }`
[INFO] [stdout] 2ab1131418536986a58b7d7d572efe47615934c4cba3046284109775df53e1a8
[INFO] running `Command { std: "docker" "create" "-v" "/var/lib/crater-agent-workspace/builds/worker-4-tc1/target:/opt/rustwide/target:rw,Z" "-v" "/var/lib/crater-agent-workspace/builds/worker-4-tc1/source:/opt/rustwide/workdir:ro,Z" "-v" "/var/lib/crater-agent-workspace/cargo-home:/opt/rustwide/cargo-home:ro,Z" "-v" "/var/lib/crater-agent-workspace/rustup-home:/opt/rustwide/rustup-home:ro,Z" "-e" "SOURCE_DIR=/opt/rustwide/workdir" "-e" "CARGO_TARGET_DIR=/opt/rustwide/target" "-e" "CARGO_INCREMENTAL=0" "-e" "RUST_BACKTRACE=full" "-e" "RUSTFLAGS=--cap-lints=warn" "-e" "RUSTDOCFLAGS=--cap-lints=warn" "-e" "CARGO_HOME=/opt/rustwide/cargo-home" "-e" "RUSTUP_HOME=/opt/rustwide/rustup-home" "-w" "/opt/rustwide/workdir" "-m" "1610612736" "--user" "0:0" "--network" "none" "ghcr.io/rust-lang/crates-build-env/linux@sha256:2788e3201cd34a07e3172128adcd8b3090168a8e3bcc40d7c032b9dda1df7d1c" "/opt/rustwide/cargo-home/bin/cargo" "+1.75.0" "doc" "--frozen" "--no-deps" "--document-private-items" "--message-format=json", kill_on_drop: false }`
[INFO] [stdout] c952441d9084fa72704ad9505e8aa7eb993ac3b35e0bd309d5c84d868834f814
[INFO] running `Command { std: "docker" "start" "-a" "c952441d9084fa72704ad9505e8aa7eb993ac3b35e0bd309d5c84d868834f814", kill_on_drop: false }`
[INFO] [stderr]    Compiling libc v0.2.142
[INFO] [stderr]    Compiling proc-macro2 v1.0.56
[INFO] [stderr]    Compiling quote v1.0.26
[INFO] [stderr]    Compiling unicode-ident v1.0.0
[INFO] [stderr]    Compiling autocfg v1.1.0
[INFO] [stderr]     Checking once_cell v1.17.1
[INFO] [stderr]    Compiling log v0.4.17
[INFO] [stderr]     Checking scopeguard v1.1.0
[INFO] [stderr]    Compiling syn v1.0.95
[INFO] [stderr]     Checking pin-project-lite v0.2.9
[INFO] [stderr]     Checking smallvec v1.10.0
[INFO] [stderr]    Compiling parking_lot_core v0.9.3
[INFO] [stderr]    Compiling cc v1.0.73
[INFO] [stderr]     Checking bytes v1.1.0
[INFO] [stderr]    Compiling futures-core v0.3.21
[INFO] [stderr]    Compiling lock_api v0.4.7
[INFO] [stderr]    Compiling tokio v1.28.0
[INFO] [stderr]     Checking tracing-core v0.1.30
[INFO] [stderr]    Compiling thiserror v1.0.38
[INFO] [stderr]     Checking untrusted v0.7.1
[INFO] [stderr]     Checking itoa v1.0.2
[INFO] [stderr]    Compiling crossbeam-utils v0.8.14
[INFO] [stderr]    Compiling io-lifetimes v1.0.10
[INFO] [stderr]    Compiling futures-task v0.3.21
[INFO] [stderr]    Compiling memoffset v0.7.1
[INFO] [stderr]    Compiling syn v2.0.15
[INFO] [stderr]    Compiling indexmap v1.8.1
[INFO] [stderr]    Compiling futures-util v0.3.21
[INFO] [stderr]    Compiling serde_derive v1.0.137
[INFO] [stderr]    Compiling ring v0.16.20
[INFO] [stderr]     Checking fnv v1.0.7
[INFO] [stderr]     Checking futures-sink v0.3.21
[INFO] [stderr]    Compiling rustix v0.37.19
[INFO] [stderr]     Checking http v0.2.7
[INFO] [stderr]    Compiling crossbeam-epoch v0.9.13
[INFO] [stderr]    Compiling serde v1.0.137
[INFO] [stderr]     Checking num_cpus v1.13.1
[INFO] [stderr]     Checking mio v0.8.6
[INFO] [stderr]     Checking signal-hook-registry v1.4.0
[INFO] [stderr]     Checking socket2 v0.4.9
[INFO] [stderr]     Checking parking_lot v0.12.0
[INFO] [stderr]     Checking matches v0.1.9
[INFO] [stderr]     Checking bitflags v1.3.2
[INFO] [stderr]     Checking tinyvec_macros v0.1.0
[INFO] [stderr]    Compiling crc32fast v1.3.2
[INFO] [stderr]     Checking hashbrown v0.11.2
[INFO] [stderr]     Checking linux-raw-sys v0.3.7
[INFO] [stderr]    Compiling httparse v1.7.1
[INFO] [stderr]    Compiling rustls v0.20.6
[INFO] [stderr]     Checking pin-utils v0.1.0
[INFO] [stderr]    Compiling futures-channel v0.3.21
[INFO] [stderr]     Checking tinyvec v1.6.0
[INFO] [stderr]    Compiling memchr v2.5.0
[INFO] [stderr]     Checking lazy_static v1.4.0
[INFO] [stderr]     Checking slab v0.4.6
[INFO] [stderr]     Checking utf8parse v0.2.1
[INFO] [stderr]     Checking percent-encoding v2.1.0
[INFO] [stderr]     Checking adler v1.0.2
[INFO] [stderr]     Checking try-lock v0.2.3
[INFO] [stderr]    Compiling ucd-trie v0.1.5
[INFO] [stderr]     Checking want v0.3.0
[INFO] [stderr]     Checking miniz_oxide v0.6.2
[INFO] [stderr]     Checking form_urlencoded v1.0.1
[INFO] [stderr]     Checking anstyle-parse v0.2.0
[INFO] [stderr]     Checking unicode-normalization v0.1.19
[INFO] [stderr]     Checking http-body v0.4.5
[INFO] [stderr]     Checking getrandom v0.2.6
[INFO] [stderr]    Compiling thiserror-impl v1.0.38
[INFO] [stderr]     Checking is-terminal v0.4.7
[INFO] [stderr]     Checking httpdate v1.0.2
[INFO] [stderr]     Checking unicode-bidi v0.3.8
[INFO] [stderr]     Checking anstyle-query v1.0.0
[INFO] [stderr]     Checking colorchoice v1.0.0
[INFO] [stderr]     Checking regex-syntax v0.6.29
[INFO] [stderr]     Checking ryu v1.0.10
[INFO] [stderr]    Compiling encoding_rs v0.8.31
[INFO] [stderr]     Checking anstyle v1.0.0
[INFO] [stderr]    Compiling rayon-core v1.11.0
[INFO] [stderr]     Checking tower-service v0.3.1
[INFO] [stderr]    Compiling serde_json v1.0.81
[INFO] [stderr]     Checking anstream v0.3.2
[INFO] [stderr]     Checking idna v0.2.3
[INFO] [stderr]     Checking webpki v0.22.0
[INFO] [stderr]     Checking sct v0.7.0
[INFO] [stderr]     Checking rand_core v0.6.3
[INFO] [stderr]     Checking crossbeam-deque v0.8.2
[INFO] [stderr]     Checking flate2 v1.0.25
[INFO] [stderr]     Checking crossbeam-channel v0.5.6
[INFO] [stderr]     Checking base64 v0.13.0
[INFO] [stderr]     Checking overload v0.1.1
[INFO] [stderr]     Checking regex-syntax v0.7.1
[INFO] [stderr]    Compiling heck v0.4.0
[INFO] [stderr]     Checking clap_lex v0.4.1
[INFO] [stderr]     Checking strsim v0.10.0
[INFO] [stderr]     Checking ppv-lite86 v0.2.16
[INFO] [stderr]     Checking clap_builder v4.2.7
[INFO] [stderr]    Compiling pest v2.6.0
[INFO] [stderr]     Checking regex-automata v0.1.10
[INFO] [stderr]     Checking rand_chacha v0.3.1
[INFO] [stderr]     Checking matchers v0.1.0
[INFO] [stderr]     Checking rustls-pemfile v0.3.0
[INFO] [stderr]     Checking nu-ansi-term v0.46.0
[INFO] [stderr]     Checking url v2.2.2
[INFO] [stderr]     Checking regex v1.8.1
[INFO] [stderr]     Checking webpki-roots v0.22.3
[INFO] [stderr]     Checking tracing-log v0.1.3
[INFO] [stderr]     Checking sharded-slab v0.1.4
[INFO] [stderr]    Compiling tokio-macros v2.1.0
[INFO] [stderr]    Compiling tracing-attributes v0.1.24
[INFO] [stderr]    Compiling pest_meta v2.6.0
[INFO] [stderr]    Compiling clap_derive v4.2.0
[INFO] [stderr]     Checking thread_local v1.1.7
[INFO] [stderr]     Checking ipnet v2.5.0
[INFO] [stderr]     Checking mime v0.3.16
[INFO] [stderr]     Checking either v1.8.0
[INFO] [stderr]     Checking rayon v1.7.0
[INFO] [stderr]    Compiling pest_generator v2.6.0
[INFO] [stderr]     Checking tracing v0.1.37
[INFO] [stderr]     Checking rand v0.8.5
[INFO] [stderr]     Checking tracing-subscriber v0.3.17
[INFO] [stderr]     Checking tl v0.7.7
[INFO] [stdout] error[E0554]: `#![feature]` may not be used on the stable release channel
[INFO] [stdout]  --> /opt/rustwide/cargo-home/registry/src/index.crates.io-6f17d22bba15001f/tl-0.7.7/src/lib.rs:1:39
[INFO] [stdout]   |
[INFO] [stdout] 1 | #![cfg_attr(feature = "simd", feature(portable_simd))]
[INFO] [stdout]   |                                       ^^^^^^^^^^^^^
[INFO] [stdout] 
[INFO] [stdout] 
[INFO] [stdout] error: aborting due to previous error
[INFO] [stdout] 
[INFO] [stdout] 
[INFO] [stdout] For more information about this error, try `rustc --explain E0554`.
[INFO] [stdout] 
[INFO] [stderr] error: could not compile `tl` (lib) due to 2 previous errors
[INFO] [stderr] warning: build failed, waiting for other jobs to finish...
[INFO] running `Command { std: "docker" "inspect" "c952441d9084fa72704ad9505e8aa7eb993ac3b35e0bd309d5c84d868834f814", kill_on_drop: false }`
[INFO] running `Command { std: "docker" "rm" "-f" "c952441d9084fa72704ad9505e8aa7eb993ac3b35e0bd309d5c84d868834f814", kill_on_drop: false }`
[INFO] [stdout] c952441d9084fa72704ad9505e8aa7eb993ac3b35e0bd309d5c84d868834f814
[INFO] documenting Blacklake-Roleplay/wrench against beta-2023-12-22 for beta-1.76-rustdoc-1
[INFO] running `Command { std: "git" "clone" "/workspace/cache/git-repos/https%3A%2F%2Fgithub.com%2FBlacklake-Roleplay%2Fwrench" "/workspace/builds/worker-4-tc2/source", kill_on_drop: false }`
[INFO] [stderr] Cloning into '/workspace/builds/worker-4-tc2/source'...
[INFO] [stderr] done.
[INFO] validating manifest of git repo https://github.com/Blacklake-Roleplay/wrench on toolchain beta-2023-12-22
[INFO] running `Command { std: CARGO_HOME="/workspace/cargo-home" RUSTUP_HOME="/workspace/rustup-home" "/workspace/cargo-home/bin/cargo" "+beta-2023-12-22" "metadata" "--manifest-path" "Cargo.toml" "--no-deps", kill_on_drop: false }`
[INFO] removed /workspace/builds/worker-4-tc2/source/rust-toolchain.toml
[INFO] started tweaking git repo https://github.com/Blacklake-Roleplay/wrench
[INFO] finished tweaking git repo https://github.com/Blacklake-Roleplay/wrench
[INFO] tweaked toml for git repo https://github.com/Blacklake-Roleplay/wrench written to /workspace/builds/worker-4-tc2/source/Cargo.toml
[INFO] crate git repo https://github.com/Blacklake-Roleplay/wrench already has a lockfile, it will not be regenerated
[INFO] running `Command { std: CARGO_HOME="/workspace/cargo-home" RUSTUP_HOME="/workspace/rustup-home" "/workspace/cargo-home/bin/cargo" "+beta-2023-12-22" "fetch" "--manifest-path" "Cargo.toml", kill_on_drop: false }`
[INFO] running `Command { std: "docker" "create" "-v" "/var/lib/crater-agent-workspace/builds/worker-4-tc2/target:/opt/rustwide/target:rw,Z" "-v" "/var/lib/crater-agent-workspace/builds/worker-4-tc2/source:/opt/rustwide/workdir:ro,Z" "-v" "/var/lib/crater-agent-workspace/cargo-home:/opt/rustwide/cargo-home:ro,Z" "-v" "/var/lib/crater-agent-workspace/rustup-home:/opt/rustwide/rustup-home:ro,Z" "-e" "SOURCE_DIR=/opt/rustwide/workdir" "-e" "CARGO_TARGET_DIR=/opt/rustwide/target" "-e" "CARGO_HOME=/opt/rustwide/cargo-home" "-e" "RUSTUP_HOME=/opt/rustwide/rustup-home" "-w" "/opt/rustwide/workdir" "-m" "1610612736" "--user" "0:0" "--network" "none" "ghcr.io/rust-lang/crates-build-env/linux@sha256:2788e3201cd34a07e3172128adcd8b3090168a8e3bcc40d7c032b9dda1df7d1c" "/opt/rustwide/cargo-home/bin/cargo" "+beta-2023-12-22" "metadata" "--no-deps" "--format-version=1", kill_on_drop: false }`
[INFO] [stdout] 5c4b7fc4dbe89feff9b4329c1946da584fbfa805077d97bd239554bace61b84c
[INFO] running `Command { std: "docker" "start" "-a" "5c4b7fc4dbe89feff9b4329c1946da584fbfa805077d97bd239554bace61b84c", kill_on_drop: false }`
[INFO] running `Command { std: "docker" "inspect" "5c4b7fc4dbe89feff9b4329c1946da584fbfa805077d97bd239554bace61b84c", kill_on_drop: false }`
[INFO] running `Command { std: "docker" "rm" "-f" "5c4b7fc4dbe89feff9b4329c1946da584fbfa805077d97bd239554bace61b84c", kill_on_drop: false }`
[INFO] [stdout] 5c4b7fc4dbe89feff9b4329c1946da584fbfa805077d97bd239554bace61b84c
[INFO] running `Command { std: "docker" "create" "-v" "/var/lib/crater-agent-workspace/builds/worker-4-tc2/target:/opt/rustwide/target:rw,Z" "-v" "/var/lib/crater-agent-workspace/builds/worker-4-tc2/source:/opt/rustwide/workdir:ro,Z" "-v" "/var/lib/crater-agent-workspace/cargo-home:/opt/rustwide/cargo-home:ro,Z" "-v" "/var/lib/crater-agent-workspace/rustup-home:/opt/rustwide/rustup-home:ro,Z" "-e" "SOURCE_DIR=/opt/rustwide/workdir" "-e" "CARGO_TARGET_DIR=/opt/rustwide/target" "-e" "CARGO_INCREMENTAL=0" "-e" "RUST_BACKTRACE=full" "-e" "RUSTFLAGS=--cap-lints=warn" "-e" "RUSTDOCFLAGS=--cap-lints=warn" "-e" "CARGO_HOME=/opt/rustwide/cargo-home" "-e" "RUSTUP_HOME=/opt/rustwide/rustup-home" "-w" "/opt/rustwide/workdir" "-m" "1610612736" "--user" "0:0" "--network" "none" "ghcr.io/rust-lang/crates-build-env/linux@sha256:2788e3201cd34a07e3172128adcd8b3090168a8e3bcc40d7c032b9dda1df7d1c" "/opt/rustwide/cargo-home/bin/cargo" "+beta-2023-12-22" "doc" "--frozen" "--no-deps" "--document-private-items" "--message-format=json", kill_on_drop: false }`
[INFO] [stdout] 7724c7dda4eba0ef8ff8e8b90278e35f59818690c882cdb4f2c0f39f0814039b
[INFO] running `Command { std: "docker" "start" "-a" "7724c7dda4eba0ef8ff8e8b90278e35f59818690c882cdb4f2c0f39f0814039b", kill_on_drop: false }`
[INFO] [stderr]    Compiling libc v0.2.142
[INFO] [stderr]    Compiling proc-macro2 v1.0.56
[INFO] [stderr]    Compiling unicode-ident v1.0.0
[INFO] [stderr]    Compiling quote v1.0.26
[INFO] [stderr]    Compiling autocfg v1.1.0
[INFO] [stderr]     Checking once_cell v1.17.1
[INFO] [stderr]    Compiling log v0.4.17
[INFO] [stderr]    Compiling syn v1.0.95
[INFO] [stderr]     Checking scopeguard v1.1.0
[INFO] [stderr]     Checking pin-project-lite v0.2.9
[INFO] [stderr]     Checking smallvec v1.10.0
[INFO] [stderr]    Compiling parking_lot_core v0.9.3
[INFO] [stderr]    Compiling cc v1.0.73
[INFO] [stderr]    Compiling futures-core v0.3.21
[INFO] [stderr]     Checking bytes v1.1.0
[INFO] [stderr]     Checking tracing-core v0.1.30
[INFO] [stderr]     Checking itoa v1.0.2
[INFO] [stderr]    Compiling lock_api v0.4.7
[INFO] [stderr]    Compiling tokio v1.28.0
[INFO] [stderr]     Checking untrusted v0.7.1
[INFO] [stderr]    Compiling thiserror v1.0.38
[INFO] [stderr]    Compiling io-lifetimes v1.0.10
[INFO] [stderr]    Compiling crossbeam-utils v0.8.14
[INFO] [stderr]    Compiling futures-task v0.3.21
[INFO] [stderr]    Compiling indexmap v1.8.1
[INFO] [stderr]    Compiling syn v2.0.15
[INFO] [stderr]    Compiling memoffset v0.7.1
[INFO] [stderr]    Compiling futures-util v0.3.21
[INFO] [stderr]    Compiling rustix v0.37.19
[INFO] [stderr]     Checking fnv v1.0.7
[INFO] [stderr]    Compiling serde_derive v1.0.137
[INFO] [stderr]     Checking futures-sink v0.3.21
[INFO] [stderr]     Checking http v0.2.7
[INFO] [stderr]    Compiling ring v0.16.20
[INFO] [stderr]    Compiling crossbeam-epoch v0.9.13
[INFO] [stderr]     Checking num_cpus v1.13.1
[INFO] [stderr]     Checking signal-hook-registry v1.4.0
[INFO] [stderr]     Checking parking_lot v0.12.0
[INFO] [stderr]     Checking socket2 v0.4.9
[INFO] [stderr]     Checking mio v0.8.6
[INFO] [stderr]    Compiling httparse v1.7.1
[INFO] [stderr]    Compiling rustls v0.20.6
[INFO] [stderr]     Checking linux-raw-sys v0.3.7
[INFO] [stderr]    Compiling futures-channel v0.3.21
[INFO] [stderr]    Compiling crc32fast v1.3.2
[INFO] [stderr]     Checking hashbrown v0.11.2
[INFO] [stderr]    Compiling serde v1.0.137
[INFO] [stderr]     Checking bitflags v1.3.2
[INFO] [stderr]     Checking tinyvec_macros v0.1.0
[INFO] [stderr]     Checking pin-utils v0.1.0
[INFO] [stderr]     Checking matches v0.1.9
[INFO] [stderr]     Checking tinyvec v1.6.0
[INFO] [stderr]     Checking lazy_static v1.4.0
[INFO] [stderr]    Compiling ucd-trie v0.1.5
[INFO] [stderr]     Checking percent-encoding v2.1.0
[INFO] [stderr]     Checking utf8parse v0.2.1
[INFO] [stderr]    Compiling memchr v2.5.0
[INFO] [stderr]     Checking adler v1.0.2
[INFO] [stderr]     Checking try-lock v0.2.3
[INFO] [stderr]     Checking slab v0.4.6
[INFO] [stderr]     Checking want v0.3.0
[INFO] [stderr]     Checking unicode-normalization v0.1.19
[INFO] [stderr]     Checking miniz_oxide v0.6.2
[INFO] [stderr]     Checking form_urlencoded v1.0.1
[INFO] [stderr]     Checking anstyle-parse v0.2.0
[INFO] [stderr]     Checking http-body v0.4.5
[INFO] [stderr]     Checking getrandom v0.2.6
[INFO] [stderr]    Compiling serde_json v1.0.81
[INFO] [stderr]     Checking is-terminal v0.4.7
[INFO] [stderr]     Checking colorchoice v1.0.0
[INFO] [stderr]    Compiling encoding_rs v0.8.31
[INFO] [stderr]     Checking httpdate v1.0.2
[INFO] [stderr]     Checking anstyle-query v1.0.0
[INFO] [stderr]     Checking unicode-bidi v0.3.8
[INFO] [stderr]     Checking anstyle v1.0.0
[INFO] [stderr]    Compiling thiserror-impl v1.0.38
[INFO] [stderr]     Checking ryu v1.0.10
[INFO] [stderr]    Compiling rayon-core v1.11.0
[INFO] [stderr]     Checking tower-service v0.3.1
[INFO] [stderr]     Checking regex-syntax v0.6.29
[INFO] [stderr]     Checking idna v0.2.3
[INFO] [stderr]     Checking anstream v0.3.2
[INFO] [stderr]     Checking rand_core v0.6.3
[INFO] [stderr]     Checking flate2 v1.0.25
[INFO] [stderr]     Checking crossbeam-deque v0.8.2
[INFO] [stderr]     Checking crossbeam-channel v0.5.6
[INFO] [stderr]     Checking overload v0.1.1
[INFO] [stderr]     Checking webpki v0.22.0
[INFO] [stderr]     Checking sct v0.7.0
[INFO] [stderr]     Checking clap_lex v0.4.1
[INFO] [stderr]     Checking regex-syntax v0.7.1
[INFO] [stderr]     Checking ppv-lite86 v0.2.16
[INFO] [stderr]     Checking base64 v0.13.0
[INFO] [stderr]    Compiling heck v0.4.0
[INFO] [stderr]     Checking strsim v0.10.0
[INFO] [stderr]     Checking clap_builder v4.2.7
[INFO] [stderr]     Checking rand_chacha v0.3.1
[INFO] [stderr]     Checking rustls-pemfile v0.3.0
[INFO] [stderr]    Compiling pest v2.6.0
[INFO] [stderr]     Checking regex-automata v0.1.10
[INFO] [stderr]     Checking regex v1.8.1
[INFO] [stderr]     Checking webpki-roots v0.22.3
[INFO] [stderr]     Checking nu-ansi-term v0.46.0
[INFO] [stderr]     Checking url v2.2.2
[INFO] [stderr]     Checking matchers v0.1.0
[INFO] [stderr]     Checking tracing-log v0.1.3
[INFO] [stderr]     Checking sharded-slab v0.1.4
[INFO] [stderr]     Checking thread_local v1.1.7
[INFO] [stderr]     Checking ipnet v2.5.0
[INFO] [stderr]     Checking either v1.8.0
[INFO] [stderr]    Compiling pest_meta v2.6.0
[INFO] [stderr]     Checking mime v0.3.16
[INFO] [stderr]     Checking rayon v1.7.0
[INFO] [stderr]    Compiling tokio-macros v2.1.0
[INFO] [stderr]    Compiling tracing-attributes v0.1.24
[INFO] [stderr]    Compiling clap_derive v4.2.0
[INFO] [stderr]     Checking rand v0.8.5
[INFO] [stderr]    Compiling pest_generator v2.6.0
[INFO] [stderr]     Checking tl v0.7.7
[INFO] [stdout] error[E0554]: `#![feature]` may not be used on the beta release channel
[INFO] [stdout]  --> /opt/rustwide/cargo-home/registry/src/index.crates.io-6f17d22bba15001f/tl-0.7.7/src/lib.rs:1:39
[INFO] [stdout]   |
[INFO] [stdout] 1 | #![cfg_attr(feature = "simd", feature(portable_simd))]
[INFO] [stdout]   |                                       ^^^^^^^^^^^^^
[INFO] [stdout] 
[INFO] [stdout] 
[INFO] [stdout] error[E0599]: no method named `simd_eq` found for struct `std::simd::Simd` in the current scope
[INFO] [stdout]   --> /opt/rustwide/cargo-home/registry/src/index.crates.io-6f17d22bba15001f/tl-0.7.7/src/simd/nightly.rs:27:24
[INFO] [stdout]    |
[INFO] [stdout] 27 |         let eq = bytes.simd_eq(needle16).to_int();
[INFO] [stdout]    |                        ^^^^^^^ method not found in `Simd<u8, 16>`
[INFO] [stdout]   --> /rustc/0e09125c6c3c2fd70d7de961bcf0e51575235fad/library/core/src/../../portable-simd/crates/core_simd/src/simd/cmp/eq.rs:14:8
[INFO] [stdout]    |
[INFO] [stdout]    = note: the method is available for `std::simd::Simd<u8, 16>` here
[INFO] [stdout]    |
[INFO] [stdout]    = help: items from traits can only be used if the trait is in scope
[INFO] [stdout] help: the following trait is implemented but not in scope; perhaps add a `use` for it:
[INFO] [stdout]    |
[INFO] [stdout] 1  + use std::simd::cmp::SimdPartialEq;
[INFO] [stdout]    |
[INFO] [stdout] 
[INFO] [stdout] 
[INFO] [stdout] error[E0599]: no method named `simd_eq` found for struct `std::simd::Simd` in the current scope
[INFO] [stdout]   --> /opt/rustwide/cargo-home/registry/src/index.crates.io-6f17d22bba15001f/tl-0.7.7/src/simd/nightly.rs:65:25
[INFO] [stdout]    |
[INFO] [stdout] 65 |         let eq1 = bytes.simd_eq(needle16a);
[INFO] [stdout]    |                         ^^^^^^^ method not found in `Simd<u8, 16>`
[INFO] [stdout]   --> /rustc/0e09125c6c3c2fd70d7de961bcf0e51575235fad/library/core/src/../../portable-simd/crates/core_simd/src/simd/cmp/eq.rs:14:8
[INFO] [stdout]    |
[INFO] [stdout]    = note: the method is available for `std::simd::Simd<u8, 16>` here
[INFO] [stdout]    |
[INFO] [stdout]    = help: items from traits can only be used if the trait is in scope
[INFO] [stdout] help: the following trait is implemented but not in scope; perhaps add a `use` for it:
[INFO] [stdout]    |
[INFO] [stdout] 1  + use std::simd::cmp::SimdPartialEq;
[INFO] [stdout]    |
[INFO] [stdout] 
[INFO] [stdout] 
[INFO] [stdout] error[E0599]: no method named `simd_eq` found for struct `std::simd::Simd` in the current scope
[INFO] [stdout]   --> /opt/rustwide/cargo-home/registry/src/index.crates.io-6f17d22bba15001f/tl-0.7.7/src/simd/nightly.rs:66:25
[INFO] [stdout]    |
[INFO] [stdout] 66 |         let eq2 = bytes.simd_eq(needle16b);
[INFO] [stdout]    |                         ^^^^^^^ method not found in `Simd<u8, 16>`
[INFO] [stdout]   --> /rustc/0e09125c6c3c2fd70d7de961bcf0e51575235fad/library/core/src/../../portable-simd/crates/core_simd/src/simd/cmp/eq.rs:14:8
[INFO] [stdout]    |
[INFO] [stdout]    = note: the method is available for `std::simd::Simd<u8, 16>` here
[INFO] [stdout]    |
[INFO] [stdout]    = help: items from traits can only be used if the trait is in scope
[INFO] [stdout] help: the following trait is implemented but not in scope; perhaps add a `use` for it:
[INFO] [stdout]    |
[INFO] [stdout] 1  + use std::simd::cmp::SimdPartialEq;
[INFO] [stdout]    |
[INFO] [stdout] 
[INFO] [stdout] 
[INFO] [stdout] error[E0599]: no method named `simd_eq` found for struct `std::simd::Simd` in the current scope
[INFO] [stdout]   --> /opt/rustwide/cargo-home/registry/src/index.crates.io-6f17d22bba15001f/tl-0.7.7/src/simd/nightly.rs:67:25
[INFO] [stdout]    |
[INFO] [stdout] 67 |         let eq3 = bytes.simd_eq(needle16c);
[INFO] [stdout]    |                         ^^^^^^^ method not found in `Simd<u8, 16>`
[INFO] [stdout]   --> /rustc/0e09125c6c3c2fd70d7de961bcf0e51575235fad/library/core/src/../../portable-simd/crates/core_simd/src/simd/cmp/eq.rs:14:8
[INFO] [stdout]    |
[INFO] [stdout]    = note: the method is available for `std::simd::Simd<u8, 16>` here
[INFO] [stdout]    |
[INFO] [stdout]    = help: items from traits can only be used if the trait is in scope
[INFO] [stdout] help: the following trait is implemented but not in scope; perhaps add a `use` for it:
[INFO] [stdout]    |
[INFO] [stdout] 1  + use std::simd::cmp::SimdPartialEq;
[INFO] [stdout]    |
[INFO] [stdout] 
[INFO] [stdout] 
[INFO] [stdout] error[E0599]: no method named `simd_eq` found for struct `std::simd::Simd` in the current scope
[INFO] [stdout]   --> /opt/rustwide/cargo-home/registry/src/index.crates.io-6f17d22bba15001f/tl-0.7.7/src/simd/nightly.rs:68:25
[INFO] [stdout]    |
[INFO] [stdout] 68 |         let eq4 = bytes.simd_eq(needle16d);
[INFO] [stdout]    |                         ^^^^^^^ method not found in `Simd<u8, 16>`
[INFO] [stdout]   --> /rustc/0e09125c6c3c2fd70d7de961bcf0e51575235fad/library/core/src/../../portable-simd/crates/core_simd/src/simd/cmp/eq.rs:14:8
[INFO] [stdout]    |
[INFO] [stdout]    = note: the method is available for `std::simd::Simd<u8, 16>` here
[INFO] [stdout]    |
[INFO] [stdout]    = help: items from traits can only be used if the trait is in scope
[INFO] [stdout] help: the following trait is implemented but not in scope; perhaps add a `use` for it:
[INFO] [stdout]    |
[INFO] [stdout] 1  + use std::simd::cmp::SimdPartialEq;
[INFO] [stdout]    |
[INFO] [stdout] 
[INFO] [stdout] 
[INFO] [stdout] error[E0599]: no method named `simd_ge` found for struct `std::simd::Simd` in the current scope
[INFO] [stdout]    --> /opt/rustwide/cargo-home/registry/src/index.crates.io-6f17d22bba15001f/tl-0.7.7/src/simd/nightly.rs:111:29
[INFO] [stdout]     |
[INFO] [stdout] 111 |         let ge_zero = bytes.simd_ge(needle_zero);
[INFO] [stdout]     |                             ^^^^^^^ method not found in `Simd<u8, 16>`
[INFO] [stdout]    --> /rustc/0e09125c6c3c2fd70d7de961bcf0e51575235fad/library/core/src/../../portable-simd/crates/core_simd/src/simd/cmp/ord.rs:24:8
[INFO] [stdout]     |
[INFO] [stdout]     = note: the method is available for `std::simd::Simd<u8, 16>` here
[INFO] [stdout]     |
[INFO] [stdout]     = help: items from traits can only be used if the trait is in scope
[INFO] [stdout] help: the following trait is implemented but not in scope; perhaps add a `use` for it:
[INFO] [stdout]     |
[INFO] [stdout] 1   + use std::simd::cmp::SimdPartialOrd;
[INFO] [stdout]     |
[INFO] [stdout] 
[INFO] [stdout] 
[INFO] [stdout] error[E0599]: no method named `simd_le` found for struct `std::simd::Simd` in the current scope
[INFO] [stdout]    --> /opt/rustwide/cargo-home/registry/src/index.crates.io-6f17d22bba15001f/tl-0.7.7/src/simd/nightly.rs:112:29
[INFO] [stdout]     |
[INFO] [stdout] 112 |         let le_nine = bytes.simd_le(needle_nine);
[INFO] [stdout]     |                             ^^^^^^^ method not found in `Simd<u8, 16>`
[INFO] [stdout]    --> /rustc/0e09125c6c3c2fd70d7de961bcf0e51575235fad/library/core/src/../../portable-simd/crates/core_simd/src/simd/cmp/ord.rs:16:8
[INFO] [stdout]     |
[INFO] [stdout]     = note: the method is available for `std::simd::Simd<u8, 16>` here
[INFO] [stdout]     |
[INFO] [stdout]     = help: items from traits can only be used if the trait is in scope
[INFO] [stdout] help: the following trait is implemented but not in scope; perhaps add a `use` for it:
[INFO] [stdout]     |
[INFO] [stdout] 1   + use std::simd::cmp::SimdPartialOrd;
[INFO] [stdout]     |
[INFO] [stdout] 
[INFO] [stdout] 
[INFO] [stdout] error[E0599]: no method named `simd_ge` found for struct `std::simd::Simd` in the current scope
[INFO] [stdout]    --> /opt/rustwide/cargo-home/registry/src/index.crates.io-6f17d22bba15001f/tl-0.7.7/src/simd/nightly.rs:115:29
[INFO] [stdout]     |
[INFO] [stdout] 115 |         let ge_lc_a = bytes.simd_ge(needle_lc_a);
[INFO] [stdout]     |                             ^^^^^^^ method not found in `Simd<u8, 16>`
[INFO] [stdout]    --> /rustc/0e09125c6c3c2fd70d7de961bcf0e51575235fad/library/core/src/../../portable-simd/crates/core_simd/src/simd/cmp/ord.rs:24:8
[INFO] [stdout]     |
[INFO] [stdout]     = note: the method is available for `std::simd::Simd<u8, 16>` here
[INFO] [stdout]     |
[INFO] [stdout]     = help: items from traits can only be used if the trait is in scope
[INFO] [stdout] help: the following trait is implemented but not in scope; perhaps add a `use` for it:
[INFO] [stdout]     |
[INFO] [stdout] 1   + use std::simd::cmp::SimdPartialOrd;
[INFO] [stdout]     |
[INFO] [stdout] 
[INFO] [stdout] 
[INFO] [stdout] error[E0599]: no method named `simd_le` found for struct `std::simd::Simd` in the current scope
[INFO] [stdout]    --> /opt/rustwide/cargo-home/registry/src/index.crates.io-6f17d22bba15001f/tl-0.7.7/src/simd/nightly.rs:116:29
[INFO] [stdout]     |
[INFO] [stdout] 116 |         let le_lc_z = bytes.simd_le(needle_lc_z);
[INFO] [stdout]     |                             ^^^^^^^ method not found in `Simd<u8, 16>`
[INFO] [stdout]    --> /rustc/0e09125c6c3c2fd70d7de961bcf0e51575235fad/library/core/src/../../portable-simd/crates/core_simd/src/simd/cmp/ord.rs:16:8
[INFO] [stdout]     |
[INFO] [stdout]     = note: the method is available for `std::simd::Simd<u8, 16>` here
[INFO] [stdout]     |
[INFO] [stdout]     = help: items from traits can only be used if the trait is in scope
[INFO] [stdout] help: the following trait is implemented but not in scope; perhaps add a `use` for it:
[INFO] [stdout]     |
[INFO] [stdout] 1   + use std::simd::cmp::SimdPartialOrd;
[INFO] [stdout]     |
[INFO] [stdout] 
[INFO] [stdout] 
[INFO] [stdout] error[E0599]: no method named `simd_ge` found for struct `std::simd::Simd` in the current scope
[INFO] [stdout]    --> /opt/rustwide/cargo-home/registry/src/index.crates.io-6f17d22bba15001f/tl-0.7.7/src/simd/nightly.rs:119:29
[INFO] [stdout]     |
[INFO] [stdout] 119 |         let ge_uc_a = bytes.simd_ge(needle_uc_a);
[INFO] [stdout]     |                             ^^^^^^^ method not found in `Simd<u8, 16>`
[INFO] [stdout]    --> /rustc/0e09125c6c3c2fd70d7de961bcf0e51575235fad/library/core/src/../../portable-simd/crates/core_simd/src/simd/cmp/ord.rs:24:8
[INFO] [stdout]     |
[INFO] [stdout]     = note: the method is available for `std::simd::Simd<u8, 16>` here
[INFO] [stdout]     |
[INFO] [stdout]     = help: items from traits can only be used if the trait is in scope
[INFO] [stdout] help: the following trait is implemented but not in scope; perhaps add a `use` for it:
[INFO] [stdout]     |
[INFO] [stdout] 1   + use std::simd::cmp::SimdPartialOrd;
[INFO] [stdout]     |
[INFO] [stdout] 
[INFO] [stdout] 
[INFO] [stdout] error[E0599]: no method named `simd_le` found for struct `std::simd::Simd` in the current scope
[INFO] [stdout]    --> /opt/rustwide/cargo-home/registry/src/index.crates.io-6f17d22bba15001f/tl-0.7.7/src/simd/nightly.rs:120:29
[INFO] [stdout]     |
[INFO] [stdout] 120 |         let le_uc_z = bytes.simd_le(needle_uc_z);
[INFO] [stdout]     |                             ^^^^^^^ method not found in `Simd<u8, 16>`
[INFO] [stdout]    --> /rustc/0e09125c6c3c2fd70d7de961bcf0e51575235fad/library/core/src/../../portable-simd/crates/core_simd/src/simd/cmp/ord.rs:16:8
[INFO] [stdout]     |
[INFO] [stdout]     = note: the method is available for `std::simd::Simd<u8, 16>` here
[INFO] [stdout]     |
[INFO] [stdout]     = help: items from traits can only be used if the trait is in scope
[INFO] [stdout] help: the following trait is implemented but not in scope; perhaps add a `use` for it:
[INFO] [stdout]     |
[INFO] [stdout] 1   + use std::simd::cmp::SimdPartialOrd;
[INFO] [stdout]     |
[INFO] [stdout] 
[INFO] [stdout] 
[INFO] [stdout] error[E0599]: no method named `simd_eq` found for struct `std::simd::Simd` in the current scope
[INFO] [stdout]    --> /opt/rustwide/cargo-home/registry/src/index.crates.io-6f17d22bba15001f/tl-0.7.7/src/simd/nightly.rs:123:30
[INFO] [stdout]     |
[INFO] [stdout] 123 |         let eq_minus = bytes.simd_eq(needle_minus);
[INFO] [stdout]     |                              ^^^^^^^ method not found in `Simd<u8, 16>`
[INFO] [stdout]    --> /rustc/0e09125c6c3c2fd70d7de961bcf0e51575235fad/library/core/src/../../portable-simd/crates/core_simd/src/simd/cmp/eq.rs:14:8
[INFO] [stdout]     |
[INFO] [stdout]     = note: the method is available for `std::simd::Simd<u8, 16>` here
[INFO] [stdout]     |
[INFO] [stdout]     = help: items from traits can only be used if the trait is in scope
[INFO] [stdout] help: the following trait is implemented but not in scope; perhaps add a `use` for it:
[INFO] [stdout]     |
[INFO] [stdout] 1   + use std::simd::cmp::SimdPartialEq;
[INFO] [stdout]     |
[INFO] [stdout] 
[INFO] [stdout] 
[INFO] [stdout] error[E0599]: no method named `simd_eq` found for struct `std::simd::Simd` in the current scope
[INFO] [stdout]    --> /opt/rustwide/cargo-home/registry/src/index.crates.io-6f17d22bba15001f/tl-0.7.7/src/simd/nightly.rs:124:35
[INFO] [stdout]     |
[INFO] [stdout] 124 |         let eq_underscore = bytes.simd_eq(needle_underscore);
[INFO] [stdout]     |                                   ^^^^^^^ method not found in `Simd<u8, 16>`
[INFO] [stdout]    --> /rustc/0e09125c6c3c2fd70d7de961bcf0e51575235fad/library/core/src/../../portable-simd/crates/core_simd/src/simd/cmp/eq.rs:14:8
[INFO] [stdout]     |
[INFO] [stdout]     = note: the method is available for `std::simd::Simd<u8, 16>` here
[INFO] [stdout]     |
[INFO] [stdout]     = help: items from traits can only be used if the trait is in scope
[INFO] [stdout] help: the following trait is implemented but not in scope; perhaps add a `use` for it:
[INFO] [stdout]     |
[INFO] [stdout] 1   + use std::simd::cmp::SimdPartialEq;
[INFO] [stdout]     |
[INFO] [stdout] 
[INFO] [stdout] 
[INFO] [stdout] error: aborting due to 14 previous errors
[INFO] [stdout] 
[INFO] [stdout] 
[INFO] [stdout] Some errors have detailed explanations: E0554, E0599.
[INFO] [stdout] 
[INFO] [stdout] For more information about an error, try `rustc --explain E0554`.
[INFO] [stdout] 
[INFO] [stderr] error: could not compile `tl` (lib) due to 15 previous errors
[INFO] [stderr] warning: build failed, waiting for other jobs to finish...
[INFO] running `Command { std: "docker" "inspect" "7724c7dda4eba0ef8ff8e8b90278e35f59818690c882cdb4f2c0f39f0814039b", kill_on_drop: false }`
[INFO] running `Command { std: "docker" "rm" "-f" "7724c7dda4eba0ef8ff8e8b90278e35f59818690c882cdb4f2c0f39f0814039b", kill_on_drop: false }`
[INFO] [stdout] 7724c7dda4eba0ef8ff8e8b90278e35f59818690c882cdb4f2c0f39f0814039b
