[INFO] cloning repository https://github.com/BiscuitBobby/ruskos-problem-repo
[INFO] running `Command { std: "git" "-c" "credential.helper=" "-c" "credential.helper=/workspace/cargo-home/bin/git-credential-null" "clone" "--bare" "https://github.com/BiscuitBobby/ruskos-problem-repo" "/workspace/cache/git-repos/https%3A%2F%2Fgithub.com%2FBiscuitBobby%2Fruskos-problem-repo", kill_on_drop: false }`
[INFO] [stderr] Cloning into bare repository '/workspace/cache/git-repos/https%3A%2F%2Fgithub.com%2FBiscuitBobby%2Fruskos-problem-repo'...
[INFO] running `Command { std: "git" "rev-parse" "HEAD", kill_on_drop: false }`
[INFO] [stdout] 9ad2b79b966dcb956ce3269a83e419d1ca6dbfbf
[INFO] documenting BiscuitBobby/ruskos-problem-repo against 1.75.0 for beta-1.76-rustdoc-1
[INFO] running `Command { std: "git" "clone" "/workspace/cache/git-repos/https%3A%2F%2Fgithub.com%2FBiscuitBobby%2Fruskos-problem-repo" "/workspace/builds/worker-3-tc1/source", kill_on_drop: false }`
[INFO] [stderr] Cloning into '/workspace/builds/worker-3-tc1/source'...
[INFO] [stderr] done.
[INFO] [stderr] Updating files:  32% (200/625)
Updating files:  33% (207/625)
Updating files:  34% (213/625)
Updating files:  35% (219/625)
Updating files:  36% (225/625)
Updating files:  37% (232/625)
Updating files:  38% (238/625)
Updating files:  39% (244/625)
Updating files:  40% (250/625)
Updating files:  41% (257/625)
Updating files:  42% (263/625)
Updating files:  43% (269/625)
Updating files:  44% (275/625)
Updating files:  45% (282/625)
Updating files:  46% (288/625)
Updating files:  47% (294/625)
Updating files:  48% (300/625)
Updating files:  49% (307/625)
Updating files:  50% (313/625)
Updating files:  51% (319/625)
Updating files:  52% (325/625)
Updating files:  53% (332/625)
Updating files:  54% (338/625)
Updating files:  55% (344/625)
Updating files:  56% (350/625)
Updating files:  57% (357/625)
Updating files:  58% (363/625)
Updating files:  59% (369/625)
Updating files:  60% (375/625)
Updating files:  61% (382/625)
Updating files:  62% (388/625)
Updating files:  63% (394/625)
Updating files:  64% (400/625)
Updating files:  65% (407/625)
Updating files:  66% (413/625)
Updating files:  67% (419/625)
Updating files:  68% (425/625)
Updating files:  69% (432/625)
Updating files:  70% (438/625)
Updating files:  70% (441/625)
Updating files:  71% (444/625)
Updating files:  72% (450/625)
Updating files:  73% (457/625)
Updating files:  74% (463/625)
Updating files:  75% (469/625)
Updating files:  76% (475/625)
Updating files:  77% (482/625)
Updating files:  78% (488/625)
Updating files:  79% (494/625)
Updating files:  80% (500/625)
Updating files:  81% (507/625)
Updating files:  82% (513/625)
Updating files:  83% (519/625)
Updating files:  84% (525/625)
Updating files:  85% (532/625)
Updating files:  86% (538/625)
Updating files:  87% (544/625)
Updating files:  88% (550/625)
Updating files:  89% (557/625)
Updating files:  90% (563/625)
Updating files:  91% (569/625)
Updating files:  92% (575/625)
Updating files:  93% (582/625)
Updating files:  94% (588/625)
Updating files:  95% (594/625)
Updating files:  96% (600/625)
Updating files:  97% (607/625)
Updating files:  98% (613/625)
Updating files:  99% (619/625)
Updating files: 100% (625/625)
Updating files: 100% (625/625), done.
[INFO] validating manifest of git repo https://github.com/BiscuitBobby/ruskos-problem-repo on toolchain 1.75.0
[INFO] running `Command { std: CARGO_HOME="/workspace/cargo-home" RUSTUP_HOME="/workspace/rustup-home" "/workspace/cargo-home/bin/cargo" "+1.75.0" "metadata" "--manifest-path" "Cargo.toml" "--no-deps", kill_on_drop: false }`
[INFO] removed /workspace/builds/worker-3-tc1/source/.cargo/config.toml
[INFO] removed /workspace/builds/worker-3-tc1/source/rust-toolchain
[INFO] started tweaking git repo https://github.com/BiscuitBobby/ruskos-problem-repo
[INFO] removed 0 missing tests
[INFO] finished tweaking git repo https://github.com/BiscuitBobby/ruskos-problem-repo
[INFO] tweaked toml for git repo https://github.com/BiscuitBobby/ruskos-problem-repo written to /workspace/builds/worker-3-tc1/source/Cargo.toml
[INFO] crate git repo https://github.com/BiscuitBobby/ruskos-problem-repo already has a lockfile, it will not be regenerated
[INFO] running `Command { std: CARGO_HOME="/workspace/cargo-home" RUSTUP_HOME="/workspace/rustup-home" "/workspace/cargo-home/bin/cargo" "+1.75.0" "fetch" "--manifest-path" "Cargo.toml", kill_on_drop: false }`
[INFO] [stderr]     Updating crates.io index
[INFO] [stderr]  Downloading crates ...
[INFO] [stderr]   Downloaded volatile v0.2.7
[INFO] [stderr]   Downloaded pc-keyboard v0.5.1
[INFO] [stderr]   Downloaded uart_16550 v0.2.19
[INFO] [stderr]   Downloaded bootloader v0.9.23
[INFO] [stderr]   Downloaded pic8259 v0.10.4
[INFO] [stderr]   Downloaded x86_64 v0.14.10
[INFO] running `Command { std: "docker" "create" "-v" "/var/lib/crater-agent-workspace/builds/worker-3-tc1/target:/opt/rustwide/target:rw,Z" "-v" "/var/lib/crater-agent-workspace/builds/worker-3-tc1/source:/opt/rustwide/workdir:ro,Z" "-v" "/var/lib/crater-agent-workspace/cargo-home:/opt/rustwide/cargo-home:ro,Z" "-v" "/var/lib/crater-agent-workspace/rustup-home:/opt/rustwide/rustup-home:ro,Z" "-e" "SOURCE_DIR=/opt/rustwide/workdir" "-e" "CARGO_TARGET_DIR=/opt/rustwide/target" "-e" "CARGO_HOME=/opt/rustwide/cargo-home" "-e" "RUSTUP_HOME=/opt/rustwide/rustup-home" "-w" "/opt/rustwide/workdir" "-m" "1610612736" "--user" "0:0" "--network" "none" "ghcr.io/rust-lang/crates-build-env/linux@sha256:2788e3201cd34a07e3172128adcd8b3090168a8e3bcc40d7c032b9dda1df7d1c" "/opt/rustwide/cargo-home/bin/cargo" "+1.75.0" "metadata" "--no-deps" "--format-version=1", kill_on_drop: false }`
[INFO] [stdout] 9db741333916619374529f5a699bc176efdf36779b35496d229985b106939cfd
[INFO] running `Command { std: "docker" "start" "-a" "9db741333916619374529f5a699bc176efdf36779b35496d229985b106939cfd", kill_on_drop: false }`
[INFO] running `Command { std: "docker" "inspect" "9db741333916619374529f5a699bc176efdf36779b35496d229985b106939cfd", kill_on_drop: false }`
[INFO] running `Command { std: "docker" "rm" "-f" "9db741333916619374529f5a699bc176efdf36779b35496d229985b106939cfd", kill_on_drop: false }`
[INFO] [stdout] 9db741333916619374529f5a699bc176efdf36779b35496d229985b106939cfd
[INFO] running `Command { std: "docker" "create" "-v" "/var/lib/crater-agent-workspace/builds/worker-3-tc1/target:/opt/rustwide/target:rw,Z" "-v" "/var/lib/crater-agent-workspace/builds/worker-3-tc1/source:/opt/rustwide/workdir:ro,Z" "-v" "/var/lib/crater-agent-workspace/cargo-home:/opt/rustwide/cargo-home:ro,Z" "-v" "/var/lib/crater-agent-workspace/rustup-home:/opt/rustwide/rustup-home:ro,Z" "-e" "SOURCE_DIR=/opt/rustwide/workdir" "-e" "CARGO_TARGET_DIR=/opt/rustwide/target" "-e" "CARGO_INCREMENTAL=0" "-e" "RUST_BACKTRACE=full" "-e" "RUSTFLAGS=--cap-lints=warn" "-e" "RUSTDOCFLAGS=--cap-lints=warn" "-e" "CARGO_HOME=/opt/rustwide/cargo-home" "-e" "RUSTUP_HOME=/opt/rustwide/rustup-home" "-w" "/opt/rustwide/workdir" "-m" "1610612736" "--user" "0:0" "--network" "none" "ghcr.io/rust-lang/crates-build-env/linux@sha256:2788e3201cd34a07e3172128adcd8b3090168a8e3bcc40d7c032b9dda1df7d1c" "/opt/rustwide/cargo-home/bin/cargo" "+1.75.0" "doc" "--frozen" "--no-deps" "--document-private-items" "--message-format=json", kill_on_drop: false }`
[INFO] [stdout] 527fb0f580621bbe8099c43f05de2522478ce8b6b4418c94cc85951c4dd6fcba
[INFO] running `Command { std: "docker" "start" "-a" "527fb0f580621bbe8099c43f05de2522478ce8b6b4418c94cc85951c4dd6fcba", kill_on_drop: false }`
[INFO] [stderr]    Compiling rustversion v1.0.14
[INFO] [stderr]     Checking bit_field v0.10.2
[INFO] [stderr]     Checking volatile v0.4.6
[INFO] [stderr]    Compiling bootloader v0.9.23
[INFO] [stderr]     Checking pc-keyboard v0.5.1
[INFO] [stderr]     Checking volatile v0.2.7
[INFO] [stderr]     Checking lazy_static v1.4.0
[INFO] [stderr]     Checking x86_64 v0.14.10
[INFO] [stdout] error[E0554]: `#![feature]` may not be used on the stable release channel
[INFO] [stdout]  --> /opt/rustwide/cargo-home/registry/src/index.crates.io-6f17d22bba15001f/x86_64-0.14.10/src/lib.rs:5:35
[INFO] [stdout]   |
[INFO] [stdout] 5 | #![cfg_attr(feature = "const_fn", feature(const_mut_refs))] // GDT add_entry()
[INFO] [stdout]   |                                   ^^^^^^^^^^^^^^^^^^^^^^^
[INFO] [stdout] 
[INFO] [stdout] 
[INFO] [stdout] error[E0554]: `#![feature]` may not be used on the stable release channel
[INFO] [stdout]  --> /opt/rustwide/cargo-home/registry/src/index.crates.io-6f17d22bba15001f/x86_64-0.14.10/src/lib.rs:6:44
[INFO] [stdout]   |
[INFO] [stdout] 6 | #![cfg_attr(feature = "abi_x86_interrupt", feature(abi_x86_interrupt))]
[INFO] [stdout]   |                                            ^^^^^^^^^^^^^^^^^^^^^^^^^^
[INFO] [stdout] 
[INFO] [stdout] 
[INFO] [stdout] error[E0554]: `#![feature]` may not be used on the stable release channel
[INFO] [stdout]  --> /opt/rustwide/cargo-home/registry/src/index.crates.io-6f17d22bba15001f/x86_64-0.14.10/src/lib.rs:7:37
[INFO] [stdout]   |
[INFO] [stdout] 7 | #![cfg_attr(feature = "step_trait", feature(step_trait))]
[INFO] [stdout]   |                                     ^^^^^^^^^^^^^^^^^^^
[INFO] [stdout] 
[INFO] [stdout] 
[INFO] [stdout] error[E0554]: `#![feature]` may not be used on the stable release channel
[INFO] [stdout]  --> /opt/rustwide/cargo-home/registry/src/index.crates.io-6f17d22bba15001f/x86_64-0.14.10/src/lib.rs:8:34
[INFO] [stdout]   |
[INFO] [stdout] 8 | #![cfg_attr(feature = "doc_cfg", feature(doc_cfg))]
[INFO] [stdout]   |                                  ^^^^^^^^^^^^^^^^
[INFO] [stdout] 
[INFO] [stdout] 
[INFO] [stdout] error[E0554]: `#![feature]` may not be used on the stable release channel
[INFO] [stdout]  --> /opt/rustwide/cargo-home/registry/src/index.crates.io-6f17d22bba15001f/x86_64-0.14.10/src/lib.rs:7:45
[INFO] [stdout]   |
[INFO] [stdout] 7 | #![cfg_attr(feature = "step_trait", feature(step_trait))]
[INFO] [stdout]   |                                             ^^^^^^^^^^
[INFO] [stdout] 
[INFO] [stdout] 
[INFO] [stdout] error: aborting due to 5 previous errors
[INFO] [stdout] 
[INFO] [stdout] 
[INFO] [stdout] For more information about this error, try `rustc --explain E0554`.
[INFO] [stdout] 
[INFO] [stderr] error: could not compile `x86_64` (lib) due to 6 previous errors
[INFO] running `Command { std: "docker" "inspect" "527fb0f580621bbe8099c43f05de2522478ce8b6b4418c94cc85951c4dd6fcba", kill_on_drop: false }`
[INFO] running `Command { std: "docker" "rm" "-f" "527fb0f580621bbe8099c43f05de2522478ce8b6b4418c94cc85951c4dd6fcba", kill_on_drop: false }`
[INFO] [stdout] 527fb0f580621bbe8099c43f05de2522478ce8b6b4418c94cc85951c4dd6fcba
