[INFO] cloning repository https://github.com/Biacode/healthy
[INFO] running `Command { std: "git" "-c" "credential.helper=" "-c" "credential.helper=/workspace/cargo-home/bin/git-credential-null" "clone" "--bare" "https://github.com/Biacode/healthy" "/workspace/cache/git-repos/https%3A%2F%2Fgithub.com%2FBiacode%2Fhealthy", kill_on_drop: false }`
[INFO] [stderr] Cloning into bare repository '/workspace/cache/git-repos/https%3A%2F%2Fgithub.com%2FBiacode%2Fhealthy'...
[INFO] running `Command { std: "git" "rev-parse" "HEAD", kill_on_drop: false }`
[INFO] [stdout] 7fbc001977859f489800b7b6bc9158a1376e999d
[INFO] documenting Biacode/healthy against 1.75.0 for beta-1.76-rustdoc-1
[INFO] running `Command { std: "git" "clone" "/workspace/cache/git-repos/https%3A%2F%2Fgithub.com%2FBiacode%2Fhealthy" "/workspace/builds/worker-1-tc1/source", kill_on_drop: false }`
[INFO] [stderr] Cloning into '/workspace/builds/worker-1-tc1/source'...
[INFO] [stderr] done.
[INFO] validating manifest of git repo https://github.com/Biacode/healthy on toolchain 1.75.0
[INFO] running `Command { std: CARGO_HOME="/workspace/cargo-home" RUSTUP_HOME="/workspace/rustup-home" "/workspace/cargo-home/bin/cargo" "+1.75.0" "metadata" "--manifest-path" "Cargo.toml" "--no-deps", kill_on_drop: false }`
[INFO] started tweaking git repo https://github.com/Biacode/healthy
[INFO] finished tweaking git repo https://github.com/Biacode/healthy
[INFO] tweaked toml for git repo https://github.com/Biacode/healthy written to /workspace/builds/worker-1-tc1/source/Cargo.toml
[INFO] crate git repo https://github.com/Biacode/healthy already has a lockfile, it will not be regenerated
[INFO] running `Command { std: CARGO_HOME="/workspace/cargo-home" RUSTUP_HOME="/workspace/rustup-home" "/workspace/cargo-home/bin/cargo" "+1.75.0" "fetch" "--manifest-path" "Cargo.toml", kill_on_drop: false }`
[INFO] [stderr]     Updating crates.io index
[INFO] [stderr]  Downloading crates ...
[INFO] [stderr]   Downloaded app_dirs v1.1.1
[INFO] [stderr]   Downloaded fuchsia-zircon-sys v0.2.0
[INFO] [stderr]   Downloaded num-iter v0.1.34
[INFO] [stderr]   Downloaded linked-hash-map v0.4.2
[INFO] [stderr]   Downloaded lazy_static v0.2.9
[INFO] [stderr]   Downloaded bufstream v0.1.3
[INFO] [stderr]   Downloaded openssl-sys v0.9.20
[INFO] [stderr]   Downloaded num-integer v0.1.35
[INFO] [stderr]   Downloaded num v0.1.40
[INFO] [stderr]   Downloaded chrono v0.4.0
[INFO] [stderr]   Downloaded rand v0.3.17
[INFO] [stderr]   Downloaded openssl v0.9.20
[INFO] [stderr]   Downloaded libc v0.2.32
[INFO] [stderr]   Downloaded time v0.1.38
[INFO] [stderr]   Downloaded uuid v0.4.0
[INFO] [stderr]   Downloaded serde_derive_internals v0.16.0
[INFO] [stderr]   Downloaded redox_syscall v0.1.31
[INFO] [stderr]   Downloaded fuchsia-zircon v0.2.1
[INFO] [stderr]   Downloaded serde_yaml v0.7.1
[INFO] [stderr]   Downloaded xdg v2.1.0
[INFO] [stderr]   Downloaded serde_derive v1.0.16
[INFO] [stderr]   Downloaded email v0.0.18
[INFO] [stderr]   Downloaded lettre v0.6.2
[INFO] [stderr]   Downloaded cc v1.0.2
[INFO] [stderr]   Downloaded serde v1.0.16
[INFO] running `Command { std: "docker" "create" "-v" "/var/lib/crater-agent-workspace/builds/worker-1-tc1/target:/opt/rustwide/target:rw,Z" "-v" "/var/lib/crater-agent-workspace/builds/worker-1-tc1/source:/opt/rustwide/workdir:ro,Z" "-v" "/var/lib/crater-agent-workspace/cargo-home:/opt/rustwide/cargo-home:ro,Z" "-v" "/var/lib/crater-agent-workspace/rustup-home:/opt/rustwide/rustup-home:ro,Z" "-e" "SOURCE_DIR=/opt/rustwide/workdir" "-e" "CARGO_TARGET_DIR=/opt/rustwide/target" "-e" "CARGO_HOME=/opt/rustwide/cargo-home" "-e" "RUSTUP_HOME=/opt/rustwide/rustup-home" "-w" "/opt/rustwide/workdir" "-m" "1610612736" "--user" "0:0" "--network" "none" "ghcr.io/rust-lang/crates-build-env/linux@sha256:2788e3201cd34a07e3172128adcd8b3090168a8e3bcc40d7c032b9dda1df7d1c" "/opt/rustwide/cargo-home/bin/cargo" "+1.75.0" "metadata" "--no-deps" "--format-version=1", kill_on_drop: false }`
[INFO] [stdout] a3b664da2ae089aeb2363490fbd41aa658b7a8700143a335d23010acb986e501
[INFO] running `Command { std: "docker" "start" "-a" "a3b664da2ae089aeb2363490fbd41aa658b7a8700143a335d23010acb986e501", kill_on_drop: false }`
[INFO] running `Command { std: "docker" "inspect" "a3b664da2ae089aeb2363490fbd41aa658b7a8700143a335d23010acb986e501", kill_on_drop: false }`
[INFO] running `Command { std: "docker" "rm" "-f" "a3b664da2ae089aeb2363490fbd41aa658b7a8700143a335d23010acb986e501", kill_on_drop: false }`
[INFO] [stdout] a3b664da2ae089aeb2363490fbd41aa658b7a8700143a335d23010acb986e501
[INFO] running `Command { std: "docker" "create" "-v" "/var/lib/crater-agent-workspace/builds/worker-1-tc1/target:/opt/rustwide/target:rw,Z" "-v" "/var/lib/crater-agent-workspace/builds/worker-1-tc1/source:/opt/rustwide/workdir:ro,Z" "-v" "/var/lib/crater-agent-workspace/cargo-home:/opt/rustwide/cargo-home:ro,Z" "-v" "/var/lib/crater-agent-workspace/rustup-home:/opt/rustwide/rustup-home:ro,Z" "-e" "SOURCE_DIR=/opt/rustwide/workdir" "-e" "CARGO_TARGET_DIR=/opt/rustwide/target" "-e" "CARGO_INCREMENTAL=0" "-e" "RUST_BACKTRACE=full" "-e" "RUSTFLAGS=--cap-lints=warn" "-e" "RUSTDOCFLAGS=--cap-lints=warn" "-e" "CARGO_HOME=/opt/rustwide/cargo-home" "-e" "RUSTUP_HOME=/opt/rustwide/rustup-home" "-w" "/opt/rustwide/workdir" "-m" "1610612736" "--user" "0:0" "--network" "none" "ghcr.io/rust-lang/crates-build-env/linux@sha256:2788e3201cd34a07e3172128adcd8b3090168a8e3bcc40d7c032b9dda1df7d1c" "/opt/rustwide/cargo-home/bin/cargo" "+1.75.0" "doc" "--frozen" "--no-deps" "--document-private-items" "--message-format=json", kill_on_drop: false }`
[INFO] [stdout] a727882a8c689d46544e429facda066acbfe0a8ebdae9b0b739032cf19be9614
[INFO] running `Command { std: "docker" "start" "-a" "a727882a8c689d46544e429facda066acbfe0a8ebdae9b0b739032cf19be9614", kill_on_drop: false }`
[INFO] [stderr]     Checking libc v0.2.32
[INFO] [stderr]     Checking encoding_index_tests v0.1.4
[INFO] [stderr]     Checking lazy_static v0.2.9
[INFO] [stderr]    Compiling pkg-config v0.3.9
[INFO] [stderr]     Checking num-traits v0.1.40
[INFO] [stderr]    Compiling cc v1.0.2
[INFO] [stderr]    Compiling semver v0.1.20
[INFO] [stderr]     Checking void v1.0.2
[INFO] [stderr]    Compiling gcc v0.3.54
[INFO] [stderr]     Checking unreachable v1.0.0
[INFO] [stderr]     Checking encoding-index-tradchinese v1.20141219.5
[INFO] [stderr]     Checking encoding-index-korean v1.20141219.5
[INFO] [stderr]     Checking rand v0.3.17
[INFO] [stderr]     Checking time v0.1.38
[INFO] [stderr]    Compiling rustc_version v0.1.7
[INFO] [stderr]     Checking memchr v1.0.2
[INFO] [stderr]     Checking encoding-index-japanese v1.20141219.5
[INFO] [stderr]     Checking num-integer v0.1.35
[INFO] [stderr]    Compiling email v0.0.18
[INFO] [stderr]     Checking encoding-index-simpchinese v1.20141219.5
[INFO] [stderr]     Checking encoding-index-singlebyte v1.20141219.5
[INFO] [stderr]     Checking num-iter v0.1.34
[INFO] [stderr]     Checking safemem v0.2.0
[INFO] [stderr]     Checking num v0.1.40
[INFO] [stderr]    Compiling openssl v0.9.20
[INFO] [stderr]     Checking log v0.3.8
[INFO] [stderr]     Checking byteorder v1.1.0
[INFO] [stderr]    Compiling openssl-sys v0.9.20
[INFO] [stderr]     Checking encoding v0.2.33
[INFO] [stderr]     Checking chrono v0.4.0
[INFO] [stderr]     Checking aho-corasick v0.6.3
[INFO] [stderr]     Checking thread_local v0.3.4
[INFO] [stderr]     Checking foreign-types v0.2.0
[INFO] [stderr]     Checking base64 v0.6.0
[INFO] [stderr]     Checking rustc-serialize v0.3.24
[INFO] [stderr]     Checking utf8-ranges v1.0.0
[INFO] [stderr]     Checking regex-syntax v0.4.1
[INFO] [stderr]    Compiling rust-crypto v0.2.36
[INFO] [stderr]     Checking bitflags v0.9.1
[INFO] [stderr]     Checking mime v0.2.6
[INFO] [stderr]     Checking uuid v0.4.0
[INFO] [stderr]     Checking xdg v2.1.0
[INFO] [stderr]     Checking bufstream v0.1.3
[INFO] [stderr]     Checking app_dirs v1.1.1
[INFO] [stderr] error: failed to run custom build command for `openssl-sys v0.9.20`
[INFO] [stderr] note: To improve backtraces for build dependencies, set the CARGO_PROFILE_DEV_BUILD_OVERRIDE_DEBUG=true environment variable to enable debug information generation.
[INFO] [stderr] 
[INFO] [stderr] Caused by:
[INFO] [stderr]   process didn't exit successfully: `/opt/rustwide/target/debug/build/openssl-sys-b49fe02bee563c37/build-script-build` (exit status: 101)
[INFO] [stderr]   --- stdout
[INFO] [stderr]   cargo:rerun-if-env-changed=X86_64_UNKNOWN_LINUX_GNU_OPENSSL_LIB_DIR
[INFO] [stderr]   cargo:rerun-if-env-changed=OPENSSL_LIB_DIR
[INFO] [stderr]   cargo:rerun-if-env-changed=X86_64_UNKNOWN_LINUX_GNU_OPENSSL_INCLUDE_DIR
[INFO] [stderr]   cargo:rerun-if-env-changed=OPENSSL_INCLUDE_DIR
[INFO] [stderr]   cargo:rerun-if-env-changed=X86_64_UNKNOWN_LINUX_GNU_OPENSSL_DIR
[INFO] [stderr]   cargo:rerun-if-env-changed=OPENSSL_DIR
[INFO] [stderr]   cargo:rustc-link-lib=ssl
[INFO] [stderr]   cargo:rustc-link-lib=crypto
[INFO] [stderr]   OPT_LEVEL = Some("0")
[INFO] [stderr]   TARGET = Some("x86_64-unknown-linux-gnu")
[INFO] [stderr]   HOST = Some("x86_64-unknown-linux-gnu")
[INFO] [stderr]   TARGET = Some("x86_64-unknown-linux-gnu")
[INFO] [stderr]   TARGET = Some("x86_64-unknown-linux-gnu")
[INFO] [stderr]   HOST = Some("x86_64-unknown-linux-gnu")
[INFO] [stderr]   CC_x86_64-unknown-linux-gnu = None
[INFO] [stderr]   CC_x86_64_unknown_linux_gnu = None
[INFO] [stderr]   HOST_CC = None
[INFO] [stderr]   CC = None
[INFO] [stderr]   HOST = Some("x86_64-unknown-linux-gnu")
[INFO] [stderr]   TARGET = Some("x86_64-unknown-linux-gnu")
[INFO] [stderr]   HOST = Some("x86_64-unknown-linux-gnu")
[INFO] [stderr]   CFLAGS_x86_64-unknown-linux-gnu = None
[INFO] [stderr]   CFLAGS_x86_64_unknown_linux_gnu = None
[INFO] [stderr]   HOST_CFLAGS = None
[INFO] [stderr]   CFLAGS = None
[INFO] [stderr]   DEBUG = Some("true")
[INFO] [stderr]   running: "cc" "-O0" "-ffunction-sections" "-fdata-sections" "-fPIC" "-g" "-m64" "-Wall" "-Wextra" "-E" "/opt/rustwide/target/debug/build/openssl-sys-4d00ec4b6df6ab5b/out/expando.c"
[INFO] [stderr]   exit status: 0
[INFO] [stderr]   cargo:rustc-cfg=osslconf="OPENSSL_NO_SSL3_METHOD"
[INFO] [stderr]   cargo:conf=OPENSSL_NO_SSL3_METHOD
[INFO] [stderr] 
[INFO] [stderr]   --- stderr
[INFO] [stderr]   thread 'main' panicked at /opt/rustwide/cargo-home/registry/src/index.crates.io-6f17d22bba15001f/openssl-sys-0.9.20/build.rs:497:9:
[INFO] [stderr] 
[INFO] [stderr] 
[INFO] [stderr]   This crate is only compatible with OpenSSL 1.0.1, 1.0.2, and 1.1.0, or LibreSSL
[INFO] [stderr]   2.5 and 2.6.0, but a different version of OpenSSL was found. The build is now
[INFO] [stderr]   aborting due to this version mismatch.
[INFO] [stderr] 
[INFO] [stderr] 
[INFO] [stderr]   stack backtrace:
[INFO] [stderr]      0:     0x556baa93431c - std::backtrace_rs::backtrace::libunwind::trace::ha637c64ce894333a
[INFO] [stderr]                                  at /rustc/82e1608dfa6e0b5569232559e3d385fea5a93112/library/std/src/../../backtrace/src/backtrace/libunwind.rs:104:5
[INFO] [stderr]      1:     0x556baa93431c - std::backtrace_rs::backtrace::trace_unsynchronized::h47f62dea28e0c88d
[INFO] [stderr]                                  at /rustc/82e1608dfa6e0b5569232559e3d385fea5a93112/library/std/src/../../backtrace/src/backtrace/mod.rs:66:5
[INFO] [stderr]      2:     0x556baa93431c - std::sys_common::backtrace::_print_fmt::h9eef0abe20ede486
[INFO] [stderr]                                  at /rustc/82e1608dfa6e0b5569232559e3d385fea5a93112/library/std/src/sys_common/backtrace.rs:67:5
[INFO] [stderr]      3:     0x556baa93431c - <std::sys_common::backtrace::_print::DisplayBacktrace as core::fmt::Display>::fmt::hed7f999df88cc644
[INFO] [stderr]                                  at /rustc/82e1608dfa6e0b5569232559e3d385fea5a93112/library/std/src/sys_common/backtrace.rs:44:22
[INFO] [stderr]      4:     0x556baa95a3a0 - core::fmt::rt::Argument::fmt::h1539a9308b8d058d
[INFO] [stderr]                                  at /rustc/82e1608dfa6e0b5569232559e3d385fea5a93112/library/core/src/fmt/rt.rs:142:9
[INFO] [stderr]      5:     0x556baa95a3a0 - core::fmt::write::h3a39390d8560d9c9
[INFO] [stderr]                                  at /rustc/82e1608dfa6e0b5569232559e3d385fea5a93112/library/core/src/fmt/mod.rs:1120:17
[INFO] [stderr]      6:     0x556baa931c5f - std::io::Write::write_fmt::h5fc9997dfe05f882
[INFO] [stderr]                                  at /rustc/82e1608dfa6e0b5569232559e3d385fea5a93112/library/std/src/io/mod.rs:1762:15
[INFO] [stderr]      7:     0x556baa934104 - std::sys_common::backtrace::_print::h894006fb5c6f3d45
[INFO] [stderr]                                  at /rustc/82e1608dfa6e0b5569232559e3d385fea5a93112/library/std/src/sys_common/backtrace.rs:47:5
[INFO] [stderr]      8:     0x556baa934104 - std::sys_common::backtrace::print::h23a2d212c6fff936
[INFO] [stderr]                                  at /rustc/82e1608dfa6e0b5569232559e3d385fea5a93112/library/std/src/sys_common/backtrace.rs:34:9
[INFO] [stderr]      9:     0x556baa935917 - std::panicking::default_hook::{{closure}}::h8a1d2ee00185001a
[INFO] [stderr]     10:     0x556baa93567f - std::panicking::default_hook::h6038f2eba384e475
[INFO] [stderr]                                  at /rustc/82e1608dfa6e0b5569232559e3d385fea5a93112/library/std/src/panicking.rs:292:9
[INFO] [stderr]     11:     0x556baa935d98 - std::panicking::rust_panic_with_hook::h2b5517d590cab22e
[INFO] [stderr]                                  at /rustc/82e1608dfa6e0b5569232559e3d385fea5a93112/library/std/src/panicking.rs:779:13
[INFO] [stderr]     12:     0x556baa8f120e - std::panicking::begin_panic::{{closure}}::hd0fb5ad8eb57d6b2
[INFO] [stderr]     13:     0x556baa8f33aa - std::sys_common::backtrace::__rust_end_short_backtrace::h55c8c2a655fe7ab5
[INFO] [stderr]     14:     0x556baa8f118b - std::panicking::begin_panic::hac3b6caadbf3591d
[INFO] [stderr]     15:     0x556baa8d30f4 - build_script_build::validate_headers::he59b46b64ef1bc39
[INFO] [stderr]     16:     0x556baa8d205f - build_script_build::try_pkg_config::h847df60ed9592902
[INFO] [stderr]     17:     0x556baa8d1253 - build_script_build::find_openssl_dir::hf162292785db7aa7
[INFO] [stderr]     18:     0x556baa8d1098 - build_script_build::main::{{closure}}::hd7766964d2d9b3e3
[INFO] [stderr]     19:     0x556baa8d9129 - core::option::Option<T>::unwrap_or_else::h4de932f2fd5fb610
[INFO] [stderr]     20:     0x556baa8d0101 - build_script_build::main::h222ca18e98817979
[INFO] [stderr]     21:     0x556baa8d5593 - core::ops::function::FnOnce::call_once::hb94e62535cd28ab2
[INFO] [stderr]     22:     0x556baa8d8166 - std::sys_common::backtrace::__rust_begin_short_backtrace::h5603015b6d0029c1
[INFO] [stderr]     23:     0x556baa8d8769 - std::rt::lang_start::{{closure}}::hd80e446039238238
[INFO] [stderr]     24:     0x556baa92e1a7 - core::ops::function::impls::<impl core::ops::function::FnOnce<A> for &F>::call_once::hd95060ecd5e1ca24
[INFO] [stderr]                                  at /rustc/82e1608dfa6e0b5569232559e3d385fea5a93112/library/core/src/ops/function.rs:284:13
[INFO] [stderr]     25:     0x556baa92e1a7 - std::panicking::try::do_call::h6e8cf51db32a6e4b
[INFO] [stderr]                                  at /rustc/82e1608dfa6e0b5569232559e3d385fea5a93112/library/std/src/panicking.rs:552:40
[INFO] [stderr]     26:     0x556baa92e1a7 - std::panicking::try::h3a52eefe24fe3c29
[INFO] [stderr]                                  at /rustc/82e1608dfa6e0b5569232559e3d385fea5a93112/library/std/src/panicking.rs:516:19
[INFO] [stderr]     27:     0x556baa92e1a7 - std::panic::catch_unwind::h24c28c23c02c3841
[INFO] [stderr]                                  at /rustc/82e1608dfa6e0b5569232559e3d385fea5a93112/library/std/src/panic.rs:142:14
[INFO] [stderr]     28:     0x556baa92e1a7 - std::rt::lang_start_internal::{{closure}}::h705d3c9cbc06ef47
[INFO] [stderr]                                  at /rustc/82e1608dfa6e0b5569232559e3d385fea5a93112/library/std/src/rt.rs:148:48
[INFO] [stderr]     29:     0x556baa92e1a7 - std::panicking::try::do_call::ha21f52ba13158470
[INFO] [stderr]                                  at /rustc/82e1608dfa6e0b5569232559e3d385fea5a93112/library/std/src/panicking.rs:552:40
[INFO] [stderr]     30:     0x556baa92e1a7 - std::panicking::try::h5581346bf6aeb1f8
[INFO] [stderr]                                  at /rustc/82e1608dfa6e0b5569232559e3d385fea5a93112/library/std/src/panicking.rs:516:19
[INFO] [stderr]     31:     0x556baa92e1a7 - std::panic::catch_unwind::h7919645a6b72e25b
[INFO] [stderr]                                  at /rustc/82e1608dfa6e0b5569232559e3d385fea5a93112/library/std/src/panic.rs:142:14
[INFO] [stderr]     32:     0x556baa92e1a7 - std::rt::lang_start_internal::h12de51168669836e
[INFO] [stderr]                                  at /rustc/82e1608dfa6e0b5569232559e3d385fea5a93112/library/std/src/rt.rs:148:20
[INFO] [stderr]     33:     0x556baa8d8747 - std::rt::lang_start::hd3a4657dab092c67
[INFO] [stderr]     34:     0x556baa8d4b45 - main
[INFO] [stderr]     35:     0x7fb700da5d90 - <unknown>
[INFO] [stderr]     36:     0x7fb700da5e40 - __libc_start_main
[INFO] [stderr]     37:     0x556baa8cae75 - _start
[INFO] [stderr]     38:                0x0 - <unknown>
[INFO] [stderr] warning: build failed, waiting for other jobs to finish...
[INFO] running `Command { std: "docker" "inspect" "a727882a8c689d46544e429facda066acbfe0a8ebdae9b0b739032cf19be9614", kill_on_drop: false }`
[INFO] running `Command { std: "docker" "rm" "-f" "a727882a8c689d46544e429facda066acbfe0a8ebdae9b0b739032cf19be9614", kill_on_drop: false }`
[INFO] [stdout] a727882a8c689d46544e429facda066acbfe0a8ebdae9b0b739032cf19be9614
[INFO] documenting Biacode/healthy against beta-2023-12-22 for beta-1.76-rustdoc-1
[INFO] running `Command { std: "git" "clone" "/workspace/cache/git-repos/https%3A%2F%2Fgithub.com%2FBiacode%2Fhealthy" "/workspace/builds/worker-1-tc2/source", kill_on_drop: false }`
[INFO] [stderr] Cloning into '/workspace/builds/worker-1-tc2/source'...
[INFO] [stderr] done.
[INFO] validating manifest of git repo https://github.com/Biacode/healthy on toolchain beta-2023-12-22
[INFO] running `Command { std: CARGO_HOME="/workspace/cargo-home" RUSTUP_HOME="/workspace/rustup-home" "/workspace/cargo-home/bin/cargo" "+beta-2023-12-22" "metadata" "--manifest-path" "Cargo.toml" "--no-deps", kill_on_drop: false }`
[INFO] started tweaking git repo https://github.com/Biacode/healthy
[INFO] finished tweaking git repo https://github.com/Biacode/healthy
[INFO] tweaked toml for git repo https://github.com/Biacode/healthy written to /workspace/builds/worker-1-tc2/source/Cargo.toml
[INFO] crate git repo https://github.com/Biacode/healthy already has a lockfile, it will not be regenerated
[INFO] running `Command { std: CARGO_HOME="/workspace/cargo-home" RUSTUP_HOME="/workspace/rustup-home" "/workspace/cargo-home/bin/cargo" "+beta-2023-12-22" "fetch" "--manifest-path" "Cargo.toml", kill_on_drop: false }`
[INFO] running `Command { std: "docker" "create" "-v" "/var/lib/crater-agent-workspace/builds/worker-1-tc2/target:/opt/rustwide/target:rw,Z" "-v" "/var/lib/crater-agent-workspace/builds/worker-1-tc2/source:/opt/rustwide/workdir:ro,Z" "-v" "/var/lib/crater-agent-workspace/cargo-home:/opt/rustwide/cargo-home:ro,Z" "-v" "/var/lib/crater-agent-workspace/rustup-home:/opt/rustwide/rustup-home:ro,Z" "-e" "SOURCE_DIR=/opt/rustwide/workdir" "-e" "CARGO_TARGET_DIR=/opt/rustwide/target" "-e" "CARGO_HOME=/opt/rustwide/cargo-home" "-e" "RUSTUP_HOME=/opt/rustwide/rustup-home" "-w" "/opt/rustwide/workdir" "-m" "1610612736" "--user" "0:0" "--network" "none" "ghcr.io/rust-lang/crates-build-env/linux@sha256:2788e3201cd34a07e3172128adcd8b3090168a8e3bcc40d7c032b9dda1df7d1c" "/opt/rustwide/cargo-home/bin/cargo" "+beta-2023-12-22" "metadata" "--no-deps" "--format-version=1", kill_on_drop: false }`
[INFO] [stdout] 4fe96a920283ad4f46304885f09f49cd6bf2b6b3d64f4a6c286f71e15b9cff77
[INFO] running `Command { std: "docker" "start" "-a" "4fe96a920283ad4f46304885f09f49cd6bf2b6b3d64f4a6c286f71e15b9cff77", kill_on_drop: false }`
[INFO] running `Command { std: "docker" "inspect" "4fe96a920283ad4f46304885f09f49cd6bf2b6b3d64f4a6c286f71e15b9cff77", kill_on_drop: false }`
[INFO] running `Command { std: "docker" "rm" "-f" "4fe96a920283ad4f46304885f09f49cd6bf2b6b3d64f4a6c286f71e15b9cff77", kill_on_drop: false }`
[INFO] [stdout] 4fe96a920283ad4f46304885f09f49cd6bf2b6b3d64f4a6c286f71e15b9cff77
[INFO] running `Command { std: "docker" "create" "-v" "/var/lib/crater-agent-workspace/builds/worker-1-tc2/target:/opt/rustwide/target:rw,Z" "-v" "/var/lib/crater-agent-workspace/builds/worker-1-tc2/source:/opt/rustwide/workdir:ro,Z" "-v" "/var/lib/crater-agent-workspace/cargo-home:/opt/rustwide/cargo-home:ro,Z" "-v" "/var/lib/crater-agent-workspace/rustup-home:/opt/rustwide/rustup-home:ro,Z" "-e" "SOURCE_DIR=/opt/rustwide/workdir" "-e" "CARGO_TARGET_DIR=/opt/rustwide/target" "-e" "CARGO_INCREMENTAL=0" "-e" "RUST_BACKTRACE=full" "-e" "RUSTFLAGS=--cap-lints=warn" "-e" "RUSTDOCFLAGS=--cap-lints=warn" "-e" "CARGO_HOME=/opt/rustwide/cargo-home" "-e" "RUSTUP_HOME=/opt/rustwide/rustup-home" "-w" "/opt/rustwide/workdir" "-m" "1610612736" "--user" "0:0" "--network" "none" "ghcr.io/rust-lang/crates-build-env/linux@sha256:2788e3201cd34a07e3172128adcd8b3090168a8e3bcc40d7c032b9dda1df7d1c" "/opt/rustwide/cargo-home/bin/cargo" "+beta-2023-12-22" "doc" "--frozen" "--no-deps" "--document-private-items" "--message-format=json", kill_on_drop: false }`
[INFO] [stdout] 7746802cb39481ca374f8a9446bcad1c8a57aacbd391075151587561bb9104a4
[INFO] running `Command { std: "docker" "start" "-a" "7746802cb39481ca374f8a9446bcad1c8a57aacbd391075151587561bb9104a4", kill_on_drop: false }`
[INFO] [stderr]     Checking libc v0.2.32
[INFO] [stderr]     Checking encoding_index_tests v0.1.4
[INFO] [stderr]     Checking lazy_static v0.2.9
[INFO] [stderr]    Compiling cc v1.0.2
[INFO] [stderr]     Checking num-traits v0.1.40
[INFO] [stderr]    Compiling pkg-config v0.3.9
[INFO] [stderr]    Compiling semver v0.1.20
[INFO] [stderr]     Checking void v1.0.2
[INFO] [stderr]    Compiling gcc v0.3.54
[INFO] [stderr]     Checking encoding-index-singlebyte v1.20141219.5
[INFO] [stderr]     Checking unreachable v1.0.0
[INFO] [stderr]    Compiling rustc_version v0.1.7
[INFO] [stderr]     Checking encoding-index-korean v1.20141219.5
[INFO] [stderr]     Checking time v0.1.38
[INFO] [stderr]     Checking rand v0.3.17
[INFO] [stderr]     Checking memchr v1.0.2
[INFO] [stderr]     Checking encoding-index-japanese v1.20141219.5
[INFO] [stderr]    Compiling email v0.0.18
[INFO] [stderr]     Checking encoding-index-simpchinese v1.20141219.5
[INFO] [stderr]     Checking num-integer v0.1.35
[INFO] [stderr]     Checking encoding-index-tradchinese v1.20141219.5
[INFO] [stderr]     Checking log v0.3.8
[INFO] [stderr]     Checking num-iter v0.1.34
[INFO] [stderr]     Checking byteorder v1.1.0
[INFO] [stderr]     Checking num v0.1.40
[INFO] [stderr]     Checking safemem v0.2.0
[INFO] [stderr]    Compiling openssl v0.9.20
[INFO] [stderr]     Checking chrono v0.4.0
[INFO] [stderr]     Checking base64 v0.6.0
[INFO] [stderr]     Checking encoding v0.2.33
[INFO] [stderr]     Checking aho-corasick v0.6.3
[INFO] [stderr]    Compiling openssl-sys v0.9.20
[INFO] [stderr]     Checking thread_local v0.3.4
[INFO] [stderr]     Checking regex-syntax v0.4.1
[INFO] [stderr]     Checking rustc-serialize v0.3.24
[INFO] [stderr]    Compiling rust-crypto v0.2.36
[INFO] [stderr]     Checking bitflags v0.9.1
[INFO] [stderr]     Checking utf8-ranges v1.0.0
[INFO] [stderr]     Checking foreign-types v0.2.0
[INFO] [stderr]     Checking uuid v0.4.0
[INFO] [stderr]     Checking mime v0.2.6
[INFO] [stderr]     Checking bufstream v0.1.3
[INFO] [stdout] error[E0310]: the parameter type `T` may not live long enough
[INFO] [stdout]     --> /opt/rustwide/cargo-home/registry/src/index.crates.io-6f17d22bba15001f/rustc-serialize-0.3.24/src/serialize.rs:1155:5
[INFO] [stdout]      |
[INFO] [stdout] 1155 |     fn decode<D: Decoder>(d: &mut D) -> Result<Cow<'static, T>, D::Error> {
[INFO] [stdout]      |     ^^^^^^^^^^^^^^^^^^^^^^^^^^^^^^^^^^^^^^^^^^^^^^^^^^^^^^^^^^^^^^^^^^^^^
[INFO] [stdout]      |     |
[INFO] [stdout]      |     the parameter type `T` must be valid for the static lifetime...
[INFO] [stdout]      |     ...so that the type `T` will meet its required lifetime bounds...
[INFO] [stdout]      |
[INFO] [stdout] note: ...that is required by this bound
[INFO] [stdout]     --> /rustc/0e09125c6c3c2fd70d7de961bcf0e51575235fad/library/alloc/src/borrow.rs:180:30
[INFO] [stdout] help: consider adding an explicit lifetime bound
[INFO] [stdout]      |
[INFO] [stdout] 1151 | impl<'a, T: ?Sized + 'static> Decodable for Cow<'a, T>
[INFO] [stdout]      |                    +++++++++
[INFO] [stdout] 
[INFO] [stdout] 
[INFO] [stderr]     Checking xdg v2.1.0
[INFO] [stderr]     Checking app_dirs v1.1.1
[INFO] [stderr]     Checking regex v0.2.2
[INFO] [stderr] error: failed to run custom build command for `openssl-sys v0.9.20`
[INFO] [stderr] note: To improve backtraces for build dependencies, set the CARGO_PROFILE_DEV_BUILD_OVERRIDE_DEBUG=true environment variable to enable debug information generation.
[INFO] [stderr] 
[INFO] [stderr] Caused by:
[INFO] [stderr]   process didn't exit successfully: `/opt/rustwide/target/debug/build/openssl-sys-eb376c9cb4720cb7/build-script-build` (exit status: 101)
[INFO] [stderr]   --- stdout
[INFO] [stderr]   cargo:rerun-if-env-changed=X86_64_UNKNOWN_LINUX_GNU_OPENSSL_LIB_DIR
[INFO] [stderr]   cargo:rerun-if-env-changed=OPENSSL_LIB_DIR
[INFO] [stderr]   cargo:rerun-if-env-changed=X86_64_UNKNOWN_LINUX_GNU_OPENSSL_INCLUDE_DIR
[INFO] [stderr]   cargo:rerun-if-env-changed=OPENSSL_INCLUDE_DIR
[INFO] [stderr]   cargo:rerun-if-env-changed=X86_64_UNKNOWN_LINUX_GNU_OPENSSL_DIR
[INFO] [stderr]   cargo:rerun-if-env-changed=OPENSSL_DIR
[INFO] [stderr]   cargo:rustc-link-lib=ssl
[INFO] [stderr]   cargo:rustc-link-lib=crypto
[INFO] [stderr]   OPT_LEVEL = Some("0")
[INFO] [stderr]   TARGET = Some("x86_64-unknown-linux-gnu")
[INFO] [stderr]   HOST = Some("x86_64-unknown-linux-gnu")
[INFO] [stderr]   TARGET = Some("x86_64-unknown-linux-gnu")
[INFO] [stderr]   TARGET = Some("x86_64-unknown-linux-gnu")
[INFO] [stderr]   HOST = Some("x86_64-unknown-linux-gnu")
[INFO] [stderr]   CC_x86_64-unknown-linux-gnu = None
[INFO] [stderr]   CC_x86_64_unknown_linux_gnu = None
[INFO] [stderr]   HOST_CC = None
[INFO] [stderr]   CC = None
[INFO] [stderr]   HOST = Some("x86_64-unknown-linux-gnu")
[INFO] [stderr]   TARGET = Some("x86_64-unknown-linux-gnu")
[INFO] [stderr]   HOST = Some("x86_64-unknown-linux-gnu")
[INFO] [stderr]   CFLAGS_x86_64-unknown-linux-gnu = None
[INFO] [stderr]   CFLAGS_x86_64_unknown_linux_gnu = None
[INFO] [stderr]   HOST_CFLAGS = None
[INFO] [stderr]   CFLAGS = None
[INFO] [stderr]   DEBUG = Some("true")
[INFO] [stderr]   running: "cc" "-O0" "-ffunction-sections" "-fdata-sections" "-fPIC" "-g" "-m64" "-Wall" "-Wextra" "-E" "/opt/rustwide/target/debug/build/openssl-sys-ddc7c9bf28d55029/out/expando.c"
[INFO] [stderr]   exit status: 0
[INFO] [stderr]   cargo:rustc-cfg=osslconf="OPENSSL_NO_SSL3_METHOD"
[INFO] [stderr]   cargo:conf=OPENSSL_NO_SSL3_METHOD
[INFO] [stderr] 
[INFO] [stderr]   --- stderr
[INFO] [stderr]   thread 'main' panicked at /opt/rustwide/cargo-home/registry/src/index.crates.io-6f17d22bba15001f/openssl-sys-0.9.20/build.rs:497:9:
[INFO] [stderr] 
[INFO] [stderr] 
[INFO] [stderr]   This crate is only compatible with OpenSSL 1.0.1, 1.0.2, and 1.1.0, or LibreSSL
[INFO] [stderr]   2.5 and 2.6.0, but a different version of OpenSSL was found. The build is now
[INFO] [stderr]   aborting due to this version mismatch.
[INFO] [stderr] 
[INFO] [stderr] 
[INFO] [stderr]   stack backtrace:
[INFO] [stderr]      0:     0x5647f87e9a06 - std::backtrace_rs::backtrace::libunwind::trace::h261606ad26a499c1
[INFO] [stderr]                                  at /rustc/0e09125c6c3c2fd70d7de961bcf0e51575235fad/library/std/src/../../backtrace/src/backtrace/libunwind.rs:104:5
[INFO] [stderr]      1:     0x5647f87e9a06 - std::backtrace_rs::backtrace::trace_unsynchronized::hd183f0625477fb28
[INFO] [stderr]                                  at /rustc/0e09125c6c3c2fd70d7de961bcf0e51575235fad/library/std/src/../../backtrace/src/backtrace/mod.rs:66:5
[INFO] [stderr]      2:     0x5647f87e9a06 - std::sys_common::backtrace::_print_fmt::hd7f8fef21b4eda67
[INFO] [stderr]                                  at /rustc/0e09125c6c3c2fd70d7de961bcf0e51575235fad/library/std/src/sys_common/backtrace.rs:68:5
[INFO] [stderr]      3:     0x5647f87e9a06 - <std::sys_common::backtrace::_print::DisplayBacktrace as core::fmt::Display>::fmt::h623d9b51f2f453f1
[INFO] [stderr]                                  at /rustc/0e09125c6c3c2fd70d7de961bcf0e51575235fad/library/std/src/sys_common/backtrace.rs:44:22
[INFO] [stderr]      4:     0x5647f880ee70 - core::fmt::rt::Argument::fmt::h9f417ac76a86f368
[INFO] [stderr]                                  at /rustc/0e09125c6c3c2fd70d7de961bcf0e51575235fad/library/core/src/fmt/rt.rs:142:9
[INFO] [stderr]      5:     0x5647f880ee70 - core::fmt::write::hc9b6faf4ac2aeff7
[INFO] [stderr]                                  at /rustc/0e09125c6c3c2fd70d7de961bcf0e51575235fad/library/core/src/fmt/mod.rs:1120:17
[INFO] [stderr]      6:     0x5647f87e746f - std::io::Write::write_fmt::hfead1eee52c2e65e
[INFO] [stderr]                                  at /rustc/0e09125c6c3c2fd70d7de961bcf0e51575235fad/library/std/src/io/mod.rs:1810:15
[INFO] [stderr]      7:     0x5647f87e97e4 - std::sys_common::backtrace::_print::hd5d66399c7df88a2
[INFO] [stderr]                                  at /rustc/0e09125c6c3c2fd70d7de961bcf0e51575235fad/library/std/src/sys_common/backtrace.rs:47:5
[INFO] [stderr]      8:     0x5647f87e97e4 - std::sys_common::backtrace::print::he81ed2da642d37e5
[INFO] [stderr]                                  at /rustc/0e09125c6c3c2fd70d7de961bcf0e51575235fad/library/std/src/sys_common/backtrace.rs:34:9
[INFO] [stderr]      9:     0x5647f87eb0c7 - std::panicking::default_hook::{{closure}}::h85773f4fa117163d
[INFO] [stderr]     10:     0x5647f87eae29 - std::panicking::default_hook::h6a1694a91d09b278
[INFO] [stderr]                                  at /rustc/0e09125c6c3c2fd70d7de961bcf0e51575235fad/library/std/src/panicking.rs:292:9
[INFO] [stderr]     11:     0x5647f87eb558 - std::panicking::rust_panic_with_hook::h0a7ad96e90f7145b
[INFO] [stderr]                                  at /rustc/0e09125c6c3c2fd70d7de961bcf0e51575235fad/library/std/src/panicking.rs:779:13
[INFO] [stderr]     12:     0x5647f87bc6be - std::panicking::begin_panic::{{closure}}::hcb7dbc657146e1bc
[INFO] [stderr]     13:     0x5647f87b91aa - std::sys_common::backtrace::__rust_end_short_backtrace::h698599791721b93b
[INFO] [stderr]     14:     0x5647f87bc63b - std::panicking::begin_panic::hf65bab93d97e043b
[INFO] [stderr]     15:     0x5647f87880f0 - build_script_build::validate_headers::h5f01dfca21da7c34
[INFO] [stderr]     16:     0x5647f8787055 - build_script_build::try_pkg_config::h7a78926feddfb97a
[INFO] [stderr]     17:     0x5647f8786243 - build_script_build::find_openssl_dir::h2785acb38fb09d00
[INFO] [stderr]     18:     0x5647f8786088 - build_script_build::main::{{closure}}::h4ae8db0865781079
[INFO] [stderr]     19:     0x5647f879144f - core::option::Option<T>::unwrap_or_else::h22c87bc162edb6b6
[INFO] [stderr]     20:     0x5647f87850ff - build_script_build::main::hbfb90e41befd250a
[INFO] [stderr]     21:     0x5647f8790693 - core::ops::function::FnOnce::call_once::h87a815e591d58a60
[INFO] [stderr]     22:     0x5647f878c8d6 - std::sys_common::backtrace::__rust_begin_short_backtrace::h984cb142dd67ce4d
[INFO] [stderr]     23:     0x5647f878a119 - std::rt::lang_start::{{closure}}::h7f5f1dbc6fcffd23
[INFO] [stderr]     24:     0x5647f87e3761 - core::ops::function::impls::<impl core::ops::function::FnOnce<A> for &F>::call_once::h4eb4c5e1620f29b0
[INFO] [stderr]                                  at /rustc/0e09125c6c3c2fd70d7de961bcf0e51575235fad/library/core/src/ops/function.rs:284:13
[INFO] [stderr]     25:     0x5647f87e3761 - std::panicking::try::do_call::h73fd26535faffcdf
[INFO] [stderr]                                  at /rustc/0e09125c6c3c2fd70d7de961bcf0e51575235fad/library/std/src/panicking.rs:552:40
[INFO] [stderr]     26:     0x5647f87e3761 - std::panicking::try::h77ff1d98f0fb9f39
[INFO] [stderr]                                  at /rustc/0e09125c6c3c2fd70d7de961bcf0e51575235fad/library/std/src/panicking.rs:516:19
[INFO] [stderr]     27:     0x5647f87e3761 - std::panic::catch_unwind::hab3caf2448b95e37
[INFO] [stderr]                                  at /rustc/0e09125c6c3c2fd70d7de961bcf0e51575235fad/library/std/src/panic.rs:142:14
[INFO] [stderr]     28:     0x5647f87e3761 - std::rt::lang_start_internal::{{closure}}::h8086711f9c783f78
[INFO] [stderr]                                  at /rustc/0e09125c6c3c2fd70d7de961bcf0e51575235fad/library/std/src/rt.rs:148:48
[INFO] [stderr]     29:     0x5647f87e3761 - std::panicking::try::do_call::hf920d4dc291cd6ca
[INFO] [stderr]                                  at /rustc/0e09125c6c3c2fd70d7de961bcf0e51575235fad/library/std/src/panicking.rs:552:40
[INFO] [stderr]     30:     0x5647f87e3761 - std::panicking::try::h2b806ccc0a85db74
[INFO] [stderr]                                  at /rustc/0e09125c6c3c2fd70d7de961bcf0e51575235fad/library/std/src/panicking.rs:516:19
[INFO] [stderr]     31:     0x5647f87e3761 - std::panic::catch_unwind::h038489539c507df2
[INFO] [stderr]                                  at /rustc/0e09125c6c3c2fd70d7de961bcf0e51575235fad/library/std/src/panic.rs:142:14
[INFO] [stderr]     32:     0x5647f87e3761 - std::rt::lang_start_internal::h28503b88912e8a5c
[INFO] [stderr]                                  at /rustc/0e09125c6c3c2fd70d7de961bcf0e51575235fad/library/std/src/rt.rs:148:20
[INFO] [stderr]     33:     0x5647f878a0f7 - std::rt::lang_start::he2e0277cd87c0d48
[INFO] [stderr]     34:     0x5647f8789b35 - main
[INFO] [stderr]     35:     0x7f585a22bd90 - <unknown>
[INFO] [stderr]     36:     0x7f585a22be40 - __libc_start_main
[INFO] [stderr]     37:     0x5647f877fe85 - _start
[INFO] [stderr]     38:                0x0 - <unknown>
[INFO] [stderr] warning: build failed, waiting for other jobs to finish...
[INFO] [stdout] error: aborting due to 1 previous error
[INFO] [stdout] 
[INFO] [stdout] 
[INFO] [stdout] For more information about this error, try `rustc --explain E0310`.
[INFO] [stdout] 
[INFO] [stderr] error: could not compile `rustc-serialize` (lib) due to 2 previous errors
[INFO] running `Command { std: "docker" "inspect" "7746802cb39481ca374f8a9446bcad1c8a57aacbd391075151587561bb9104a4", kill_on_drop: false }`
[INFO] running `Command { std: "docker" "rm" "-f" "7746802cb39481ca374f8a9446bcad1c8a57aacbd391075151587561bb9104a4", kill_on_drop: false }`
[INFO] [stdout] 7746802cb39481ca374f8a9446bcad1c8a57aacbd391075151587561bb9104a4
