[INFO] cloning repository https://github.com/BestClaws/water_flow_alarm
[INFO] running `Command { std: "git" "-c" "credential.helper=" "-c" "credential.helper=/workspace/cargo-home/bin/git-credential-null" "clone" "--bare" "https://github.com/BestClaws/water_flow_alarm" "/workspace/cache/git-repos/https%3A%2F%2Fgithub.com%2FBestClaws%2Fwater_flow_alarm", kill_on_drop: false }`
[INFO] [stderr] Cloning into bare repository '/workspace/cache/git-repos/https%3A%2F%2Fgithub.com%2FBestClaws%2Fwater_flow_alarm'...
[INFO] running `Command { std: "git" "rev-parse" "HEAD", kill_on_drop: false }`
[INFO] [stdout] 3c6d729d71ef186bd0a46ae2531f8184ba41bc7d
[INFO] documenting BestClaws/water_flow_alarm against 1.75.0 for beta-1.76-rustdoc-1
[INFO] running `Command { std: "git" "clone" "/workspace/cache/git-repos/https%3A%2F%2Fgithub.com%2FBestClaws%2Fwater_flow_alarm" "/workspace/builds/worker-3-tc1/source", kill_on_drop: false }`
[INFO] [stderr] Cloning into '/workspace/builds/worker-3-tc1/source'...
[INFO] [stderr] done.
[INFO] validating manifest of git repo https://github.com/BestClaws/water_flow_alarm on toolchain 1.75.0
[INFO] running `Command { std: CARGO_HOME="/workspace/cargo-home" RUSTUP_HOME="/workspace/rustup-home" "/workspace/cargo-home/bin/cargo" "+1.75.0" "metadata" "--manifest-path" "Cargo.toml" "--no-deps", kill_on_drop: false }`
[INFO] removed /workspace/builds/worker-3-tc1/source/.cargo/config.toml
[INFO] started tweaking git repo https://github.com/BestClaws/water_flow_alarm
[INFO] finished tweaking git repo https://github.com/BestClaws/water_flow_alarm
[INFO] tweaked toml for git repo https://github.com/BestClaws/water_flow_alarm written to /workspace/builds/worker-3-tc1/source/Cargo.toml
[INFO] crate git repo https://github.com/BestClaws/water_flow_alarm already has a lockfile, it will not be regenerated
[INFO] running `Command { std: CARGO_HOME="/workspace/cargo-home" RUSTUP_HOME="/workspace/rustup-home" "/workspace/cargo-home/bin/cargo" "+1.75.0" "fetch" "--manifest-path" "Cargo.toml", kill_on_drop: false }`
[INFO] [stderr]     Updating git repository `https://github.com/embassy-rs/embassy.git`
[INFO] [stderr]     Updating crates.io index
[INFO] [stderr]     Updating git repository `https://github.com/esp-rs/esp-wifi`
[INFO] [stderr]     Updating git repository `https://github.com/smoltcp-rs/smoltcp.git`
[INFO] [stderr]  Downloading crates ...
[INFO] [stderr]   Downloaded embedded-io-async v0.6.1
[INFO] [stderr]   Downloaded static_cell v2.0.0
[INFO] [stderr]   Downloaded xtensa-lx v0.8.0
[INFO] [stderr]   Downloaded winnow v0.5.30
[INFO] [stderr]   Downloaded portable_atomic_enum v0.3.0
[INFO] [stderr]   Downloaded riscv-rt-macros v0.2.0
[INFO] [stderr]   Downloaded atomic-pool v1.0.1
[INFO] [stderr]   Downloaded embedded-io v0.6.1
[INFO] [stderr]   Downloaded xtensa-lx-rt v0.16.0
[INFO] [stderr]   Downloaded managed v0.8.0
[INFO] [stderr]   Downloaded esp-hal-procmacros v0.8.0
[INFO] [stderr]   Downloaded embedded-dma v0.2.0
[INFO] [stderr]   Downloaded usb-device v0.3.1
[INFO] [stderr]   Downloaded embedded-svc v0.26.4
[INFO] [stderr]   Downloaded esp32-hal v0.17.0
[INFO] [stderr]   Downloaded esp-hal-common v0.14.1
[INFO] [stderr]   Downloaded smoltcp v0.10.0
[INFO] [stderr]   Downloaded esp32 v0.28.0
[INFO] [stderr]   Downloaded embedded-hal-async v1.0.0-rc.2
[INFO] [stderr]   Downloaded esp32c6 v0.11.0
[INFO] [stderr]   Downloaded embedded-nal-async v0.7.1
[INFO] [stderr]   Downloaded esp32s3 v0.23.0
[INFO] [stderr]   Downloaded esp32c3 v0.20.0
[INFO] [stderr]   Downloaded esp32s2 v0.19.0
[INFO] [stderr]   Downloaded esp32c2 v0.17.0
[INFO] [stderr]   Downloaded esp32h2 v0.7.0
[INFO] [stderr]   Downloaded esp32c6-hal v0.7.0
[INFO] [stderr]   Downloaded esp32c3-hal v0.14.0
[INFO] [stderr]   Downloaded esp-riscv-rt v0.6.0
[INFO] [stderr]   Downloaded portable_atomic_enum_macros v0.2.0
[INFO] [stderr]   Downloaded esp32s3-hal v0.14.0
[INFO] [stderr]   Downloaded esp32c2-hal v0.12.0
[INFO] [stderr]   Downloaded esp32s2-hal v0.14.0
[INFO] [stderr]   Downloaded esp-synopsys-usb-otg v0.4.0
[INFO] [stderr]   Downloaded esp32h2-hal v0.5.0
[INFO] [stderr]   Downloaded esp-backtrace v0.9.0
[INFO] [stderr]   Downloaded basic-toml v0.1.7
[INFO] [stderr]   Downloaded heapless v0.8.0
[INFO] [stderr]   Downloaded embedded-nal v0.8.0
[INFO] [stderr]   Downloaded esp-println v0.7.1
[INFO] [stderr]   Downloaded hash32 v0.3.1
[INFO] [stderr]   Downloaded ral-registers v0.1.3
[INFO] [stderr]   Downloaded embedded-hal v1.0.0-rc.2
[INFO] [stderr]   Downloaded bitfield v0.14.0
[INFO] [stderr]   Downloaded linked_list_allocator v0.10.5
[INFO] [stderr]   Downloaded riscv v0.10.1
[INFO] [stderr]   Downloaded embedded-hal-nb v1.0.0-rc.2
[INFO] running `Command { std: "docker" "create" "-v" "/var/lib/crater-agent-workspace/builds/worker-3-tc1/target:/opt/rustwide/target:rw,Z" "-v" "/var/lib/crater-agent-workspace/builds/worker-3-tc1/source:/opt/rustwide/workdir:ro,Z" "-v" "/var/lib/crater-agent-workspace/cargo-home:/opt/rustwide/cargo-home:ro,Z" "-v" "/var/lib/crater-agent-workspace/rustup-home:/opt/rustwide/rustup-home:ro,Z" "-e" "SOURCE_DIR=/opt/rustwide/workdir" "-e" "CARGO_TARGET_DIR=/opt/rustwide/target" "-e" "CARGO_HOME=/opt/rustwide/cargo-home" "-e" "RUSTUP_HOME=/opt/rustwide/rustup-home" "-w" "/opt/rustwide/workdir" "-m" "1610612736" "--user" "0:0" "--network" "none" "ghcr.io/rust-lang/crates-build-env/linux@sha256:2788e3201cd34a07e3172128adcd8b3090168a8e3bcc40d7c032b9dda1df7d1c" "/opt/rustwide/cargo-home/bin/cargo" "+1.75.0" "metadata" "--no-deps" "--format-version=1", kill_on_drop: false }`
[INFO] [stdout] 3a148b5a1e4c078ccb46b36510d6698f0e3b03f2ae8a5e6ef8de7fae453d4321
[INFO] running `Command { std: "docker" "start" "-a" "3a148b5a1e4c078ccb46b36510d6698f0e3b03f2ae8a5e6ef8de7fae453d4321", kill_on_drop: false }`
[INFO] running `Command { std: "docker" "inspect" "3a148b5a1e4c078ccb46b36510d6698f0e3b03f2ae8a5e6ef8de7fae453d4321", kill_on_drop: false }`
[INFO] running `Command { std: "docker" "rm" "-f" "3a148b5a1e4c078ccb46b36510d6698f0e3b03f2ae8a5e6ef8de7fae453d4321", kill_on_drop: false }`
[INFO] [stdout] 3a148b5a1e4c078ccb46b36510d6698f0e3b03f2ae8a5e6ef8de7fae453d4321
[INFO] running `Command { std: "docker" "create" "-v" "/var/lib/crater-agent-workspace/builds/worker-3-tc1/target:/opt/rustwide/target:rw,Z" "-v" "/var/lib/crater-agent-workspace/builds/worker-3-tc1/source:/opt/rustwide/workdir:ro,Z" "-v" "/var/lib/crater-agent-workspace/cargo-home:/opt/rustwide/cargo-home:ro,Z" "-v" "/var/lib/crater-agent-workspace/rustup-home:/opt/rustwide/rustup-home:ro,Z" "-e" "SOURCE_DIR=/opt/rustwide/workdir" "-e" "CARGO_TARGET_DIR=/opt/rustwide/target" "-e" "CARGO_INCREMENTAL=0" "-e" "RUST_BACKTRACE=full" "-e" "RUSTFLAGS=--cap-lints=warn" "-e" "RUSTDOCFLAGS=--cap-lints=warn" "-e" "CARGO_HOME=/opt/rustwide/cargo-home" "-e" "RUSTUP_HOME=/opt/rustwide/rustup-home" "-w" "/opt/rustwide/workdir" "-m" "1610612736" "--user" "0:0" "--network" "none" "ghcr.io/rust-lang/crates-build-env/linux@sha256:2788e3201cd34a07e3172128adcd8b3090168a8e3bcc40d7c032b9dda1df7d1c" "/opt/rustwide/cargo-home/bin/cargo" "+1.75.0" "doc" "--frozen" "--no-deps" "--document-private-items" "--message-format=json", kill_on_drop: false }`
[INFO] [stdout] 2ad490ef7206277b083e8e376e945d705858d3fd7b7d86f886541cd11715e0bf
[INFO] running `Command { std: "docker" "start" "-a" "2ad490ef7206277b083e8e376e945d705858d3fd7b7d86f886541cd11715e0bf", kill_on_drop: false }`
[INFO] [stderr]    Compiling proc-macro2 v1.0.70
[INFO] [stderr]    Compiling portable-atomic v1.6.0
[INFO] [stderr]     Checking stable_deref_trait v1.2.0
[INFO] [stderr]     Checking critical-section v1.1.2
[INFO] [stderr]     Checking nb v1.1.0
[INFO] [stderr]     Checking byteorder v1.5.0
[INFO] [stderr]    Compiling futures-core v0.3.29
[INFO] [stderr]    Compiling embassy-time v0.2.0 (https://github.com/embassy-rs/embassy.git?rev=14f41a71b6ea9dedb4ee5b9c741fe10575772c7d#14f41a71)
[INFO] [stderr]    Compiling serde v1.0.193
[INFO] [stderr]    Compiling futures-task v0.3.29
[INFO] [stderr]    Compiling futures-util v0.3.29
[INFO] [stderr]     Checking futures-sink v0.3.29
[INFO] [stderr]    Compiling heapless v0.8.0
[INFO] [stderr]    Compiling semver v1.0.20
[INFO] [stderr]     Checking void v1.0.2
[INFO] [stderr]    Compiling embedded-hal-async v1.0.0-rc.2
[INFO] [stderr]     Checking embedded-hal v1.0.0-rc.2
[INFO] [stderr]     Checking embedded-io v0.6.1
[INFO] [stderr]    Compiling embedded-io-async v0.6.1
[INFO] [stderr]    Compiling hashbrown v0.14.3
[INFO] [stderr]    Compiling generic-array v0.14.7
[INFO] [stderr]     Checking nb v0.1.3
[INFO] [stderr]    Compiling toml_datetime v0.6.3
[INFO] [stderr]     Checking embedded-hal v0.2.7
[INFO] [stderr]     Checking hash32 v0.3.1
[INFO] [stderr]    Compiling embassy-sync v0.5.0 (https://github.com/embassy-rs/embassy.git?rev=14f41a71b6ea9dedb4ee5b9c741fe10575772c7d#14f41a71)
[INFO] [stderr]    Compiling riscv v0.10.1
[INFO] [stderr]    Compiling winnow v0.5.30
[INFO] [stderr]    Compiling anyhow v1.0.75
[INFO] [stderr]    Compiling futures-channel v0.3.29
[INFO] [stderr]    Compiling atomic-polyfill v1.0.3
[INFO] [stderr]    Compiling esp32c3 v0.20.0
[INFO] [stderr]    Compiling embassy-executor v0.4.0 (https://github.com/embassy-rs/embassy.git?rev=14f41a71b6ea9dedb4ee5b9c741fe10575772c7d#14f41a71)
[INFO] [stderr]     Checking bit_field v0.10.2
[INFO] [stderr]     Checking spin v0.9.8
[INFO] [stderr]     Checking hash32 v0.2.1
[INFO] [stderr]     Checking generic-array v0.13.3
[INFO] [stderr]     Checking generic-array v0.12.4
[INFO] [stderr]    Compiling rustc_version v0.4.0
[INFO] [stderr]    Compiling embedded-nal-async v0.7.1
[INFO] [stdout] error: cfg(portable_atomic_unsafe_assume_single_core) does not compatible with this target;
[INFO] [stdout]        if you need cfg(portable_atomic_unsafe_assume_single_core) support for this target,
[INFO] [stdout]        please submit an issue at <https://github.com/taiki-e/portable-atomic>
[INFO] [stdout]    --> /opt/rustwide/cargo-home/registry/src/index.crates.io-6f17d22bba15001f/portable-atomic-1.6.0/src/lib.rs:362:1
[INFO] [stdout]     |
[INFO] [stdout] 362 | / compile_error!(
[INFO] [stdout] 363 | |     "cfg(portable_atomic_unsafe_assume_single_core) does not compatible with this target;\n\
[INFO] [stdout] 364 | |      if you need cfg(portable_atomic_unsafe_assume_single_core) support for this target,\n\
[INFO] [stdout] 365 | |      please submit an issue at <https://github.com/taiki-e/portable-atomic>"
[INFO] [stdout] 366 | | );
[INFO] [stdout]     | |_^
[INFO] [stdout] 
[INFO] [stdout] 
[INFO] [stderr]     Checking gcd v2.3.0
[INFO] [stderr]    Compiling smoltcp v0.10.0 (https://github.com/smoltcp-rs/smoltcp.git?rev=b57e2f9e70e82a13f31d5ea17e55232c11cc2b2d#b57e2f9e)
[INFO] [stdout] error[E0432]: unresolved import `super::core_atomic`
[INFO] [stdout]   --> /opt/rustwide/cargo-home/registry/src/index.crates.io-6f17d22bba15001f/portable-atomic-1.6.0/src/imp/x86.rs:19:12
[INFO] [stdout]    |
[INFO] [stdout] 19 | use super::core_atomic::{
[INFO] [stdout]    |            ^^^^^^^^^^^ could not find `core_atomic` in `super`
[INFO] [stdout] 
[INFO] [stdout] 
[INFO] [stderr]     Checking vcell v0.1.3
[INFO] [stderr]     Checking no-std-net v0.6.0
[INFO] [stderr]     Checking bitflags v1.3.2
[INFO] [stdout] error[E0433]: failed to resolve: could not find `AtomicU8` in `imp`
[INFO] [stdout]    --> /opt/rustwide/cargo-home/registry/src/index.crates.io-6f17d22bba15001f/portable-atomic-1.6.0/src/lib.rs:649:14
[INFO] [stdout]     |
[INFO] [stdout] 649 |         imp::AtomicU8::is_lock_free()
[INFO] [stdout]     |              ^^^^^^^^ could not find `AtomicU8` in `imp`
[INFO] [stdout]     |
[INFO] [stdout] help: a struct with a similar name exists
[INFO] [stdout]     |
[INFO] [stdout] 649 |         imp::AtomicU128::is_lock_free()
[INFO] [stdout]     |              ~~~~~~~~~~
[INFO] [stdout] help: consider importing this struct
[INFO] [stdout]     |
[INFO] [stdout] 451 + use core::sync::atomic::AtomicU8;
[INFO] [stdout]     |
[INFO] [stdout] help: if you import `AtomicU8`, refer to it directly
[INFO] [stdout]     |
[INFO] [stdout] 649 -         imp::AtomicU8::is_lock_free()
[INFO] [stdout] 649 +         AtomicU8::is_lock_free()
[INFO] [stdout]     |
[INFO] [stdout] 
[INFO] [stdout] 
[INFO] [stdout] error[E0433]: failed to resolve: could not find `AtomicU8` in `imp`
[INFO] [stdout]    --> /opt/rustwide/cargo-home/registry/src/index.crates.io-6f17d22bba15001f/portable-atomic-1.6.0/src/lib.rs:671:14
[INFO] [stdout]     |
[INFO] [stdout] 671 |         imp::AtomicU8::is_always_lock_free()
[INFO] [stdout]     |              ^^^^^^^^ could not find `AtomicU8` in `imp`
[INFO] [stdout]     |
[INFO] [stdout] help: a struct with a similar name exists
[INFO] [stdout]     |
[INFO] [stdout] 671 |         imp::AtomicU128::is_always_lock_free()
[INFO] [stdout]     |              ~~~~~~~~~~
[INFO] [stdout] help: consider importing this struct
[INFO] [stdout]     |
[INFO] [stdout] 451 + use core::sync::atomic::AtomicU8;
[INFO] [stdout]     |
[INFO] [stdout] help: if you import `AtomicU8`, refer to it directly
[INFO] [stdout]     |
[INFO] [stdout] 671 -         imp::AtomicU8::is_always_lock_free()
[INFO] [stdout] 671 +         AtomicU8::is_always_lock_free()
[INFO] [stdout]     |
[INFO] [stdout] 
[INFO] [stdout] 
[INFO] [stdout] error[E0412]: cannot find type `AtomicU8` in module `imp`
[INFO] [stdout]     --> /opt/rustwide/cargo-home/registry/src/index.crates.io-6f17d22bba15001f/portable-atomic-1.6.0/src/lib.rs:1374:37
[INFO] [stdout]      |
[INFO] [stdout] 1374 |     fn as_atomic_u8(&self) -> &imp::AtomicU8 {
[INFO] [stdout]      |                                     ^^^^^^^^
[INFO] [stdout]      |
[INFO] [stdout]     ::: /opt/rustwide/cargo-home/registry/src/index.crates.io-6f17d22bba15001f/portable-atomic-1.6.0/src/imp/atomic128/macros.rs:6:9
[INFO] [stdout]      |
[INFO] [stdout] 6    |         pub(crate) struct $atomic_type {
[INFO] [stdout]      |         ------------------------------ similarly named struct `AtomicU128` defined here
[INFO] [stdout]      |
[INFO] [stdout] help: a struct with a similar name exists
[INFO] [stdout]      |
[INFO] [stdout] 1374 |     fn as_atomic_u8(&self) -> &imp::AtomicU128 {
[INFO] [stdout]      |                                     ~~~~~~~~~~
[INFO] [stdout] help: consider importing this struct
[INFO] [stdout]      |
[INFO] [stdout] 451  + use core::sync::atomic::AtomicU8;
[INFO] [stdout]      |
[INFO] [stdout] help: if you import `AtomicU8`, refer to it directly
[INFO] [stdout]      |
[INFO] [stdout] 1374 -     fn as_atomic_u8(&self) -> &imp::AtomicU8 {
[INFO] [stdout] 1374 +     fn as_atomic_u8(&self) -> &AtomicU8 {
[INFO] [stdout]      |
[INFO] [stdout] 
[INFO] [stdout] 
[INFO] [stderr]    Compiling indexmap v2.1.0
[INFO] [stderr]     Checking managed v0.8.0
[INFO] [stdout] error[E0412]: cannot find type `AtomicU8` in module `imp`
[INFO] [stdout]     --> /opt/rustwide/cargo-home/registry/src/index.crates.io-6f17d22bba15001f/portable-atomic-1.6.0/src/lib.rs:1377:56
[INFO] [stdout]      |
[INFO] [stdout] 1377 |         unsafe { &*(self as *const Self as *const imp::AtomicU8) }
[INFO] [stdout]      |                                                        ^^^^^^^^
[INFO] [stdout]      |
[INFO] [stdout]     ::: /opt/rustwide/cargo-home/registry/src/index.crates.io-6f17d22bba15001f/portable-atomic-1.6.0/src/imp/atomic128/macros.rs:6:9
[INFO] [stdout]      |
[INFO] [stdout] 6    |         pub(crate) struct $atomic_type {
[INFO] [stdout]      |         ------------------------------ similarly named struct `AtomicU128` defined here
[INFO] [stdout]      |
[INFO] [stdout] help: a struct with a similar name exists
[INFO] [stdout]      |
[INFO] [stdout] 1377 |         unsafe { &*(self as *const Self as *const imp::AtomicU128) }
[INFO] [stdout]      |                                                        ~~~~~~~~~~
[INFO] [stdout] help: consider importing this struct
[INFO] [stdout]      |
[INFO] [stdout] 451  + use core::sync::atomic::AtomicU8;
[INFO] [stdout]      |
[INFO] [stdout] help: if you import `AtomicU8`, refer to it directly
[INFO] [stdout]      |
[INFO] [stdout] 1377 -         unsafe { &*(self as *const Self as *const imp::AtomicU8) }
[INFO] [stdout] 1377 +         unsafe { &*(self as *const Self as *const AtomicU8) }
[INFO] [stdout]      |
[INFO] [stdout] 
[INFO] [stdout] 
[INFO] [stdout] error[E0412]: cannot find type `AtomicPtr` in module `imp`
[INFO] [stdout]     --> /opt/rustwide/cargo-home/registry/src/index.crates.io-6f17d22bba15001f/portable-atomic-1.6.0/src/lib.rs:1399:17
[INFO] [stdout]      |
[INFO] [stdout] 1399 |     inner: imp::AtomicPtr<T>,
[INFO] [stdout]      |                 ^^^^^^^^^ not found in `imp`
[INFO] [stdout]      |
[INFO] [stdout] note: found an item that was configured out
[INFO] [stdout]     --> /opt/rustwide/cargo-home/registry/src/index.crates.io-6f17d22bba15001f/portable-atomic-1.6.0/src/imp/mod.rs:269:60
[INFO] [stdout]      |
[INFO] [stdout] 269  | pub(crate) use self::core_atomic::{AtomicI64, AtomicIsize, AtomicPtr, AtomicU64, AtomicUsize};
[INFO] [stdout]      |                                                            ^^^^^^^^^
[INFO] [stdout] help: consider importing this struct
[INFO] [stdout]      |
[INFO] [stdout] 451  + use core::sync::atomic::AtomicPtr;
[INFO] [stdout]      |
[INFO] [stdout] help: if you import `AtomicPtr`, refer to it directly
[INFO] [stdout]      |
[INFO] [stdout] 1399 -     inner: imp::AtomicPtr<T>,
[INFO] [stdout] 1399 +     inner: AtomicPtr<T>,
[INFO] [stdout]      |
[INFO] [stdout] 
[INFO] [stdout] 
[INFO] [stdout] error[E0433]: failed to resolve: could not find `AtomicPtr` in `imp`
[INFO] [stdout]     --> /opt/rustwide/cargo-home/registry/src/index.crates.io-6f17d22bba15001f/portable-atomic-1.6.0/src/lib.rs:1454:28
[INFO] [stdout]      |
[INFO] [stdout] 1454 |         Self { inner: imp::AtomicPtr::new(p) }
[INFO] [stdout]      |                            ^^^^^^^^^ could not find `AtomicPtr` in `imp`
[INFO] [stdout]      |
[INFO] [stdout] help: consider importing one of these items
[INFO] [stdout]      |
[INFO] [stdout] 451  + use core::sync::atomic::AtomicPtr;
[INFO] [stdout]      |
[INFO] [stdout] 451  + use crate::AtomicPtr;
[INFO] [stdout]      |
[INFO] [stdout] help: if you import `AtomicPtr`, refer to it directly
[INFO] [stdout]      |
[INFO] [stdout] 1454 -         Self { inner: imp::AtomicPtr::new(p) }
[INFO] [stdout] 1454 +         Self { inner: AtomicPtr::new(p) }
[INFO] [stdout]      |
[INFO] [stdout] 
[INFO] [stdout] 
[INFO] [stdout] error[E0412]: cannot find type `AtomicPtr` in module `imp`
[INFO] [stdout]     --> /opt/rustwide/cargo-home/registry/src/index.crates.io-6f17d22bba15001f/portable-atomic-1.6.0/src/lib.rs:1506:15
[INFO] [stdout]      |
[INFO] [stdout] 1506 |         <imp::AtomicPtr<T>>::is_lock_free()
[INFO] [stdout]      |               ^^^^^^^^^ not found in `imp`
[INFO] [stdout]      |
[INFO] [stdout] note: found an item that was configured out
[INFO] [stdout]     --> /opt/rustwide/cargo-home/registry/src/index.crates.io-6f17d22bba15001f/portable-atomic-1.6.0/src/imp/mod.rs:269:60
[INFO] [stdout]      |
[INFO] [stdout] 269  | pub(crate) use self::core_atomic::{AtomicI64, AtomicIsize, AtomicPtr, AtomicU64, AtomicUsize};
[INFO] [stdout]      |                                                            ^^^^^^^^^
[INFO] [stdout] help: consider importing this struct
[INFO] [stdout]      |
[INFO] [stdout] 451  + use core::sync::atomic::AtomicPtr;
[INFO] [stdout]      |
[INFO] [stdout] help: if you import `AtomicPtr`, refer to it directly
[INFO] [stdout]      |
[INFO] [stdout] 1506 -         <imp::AtomicPtr<T>>::is_lock_free()
[INFO] [stdout] 1506 +         <AtomicPtr<T>>::is_lock_free()
[INFO] [stdout]      |
[INFO] [stdout] 
[INFO] [stdout] 
[INFO] [stdout] error[E0412]: cannot find type `AtomicPtr` in module `imp`
[INFO] [stdout]     --> /opt/rustwide/cargo-home/registry/src/index.crates.io-6f17d22bba15001f/portable-atomic-1.6.0/src/lib.rs:1528:15
[INFO] [stdout]      |
[INFO] [stdout] 1528 |         <imp::AtomicPtr<T>>::is_always_lock_free()
[INFO] [stdout]      |               ^^^^^^^^^ not found in `imp`
[INFO] [stdout]      |
[INFO] [stdout] note: found an item that was configured out
[INFO] [stdout]     --> /opt/rustwide/cargo-home/registry/src/index.crates.io-6f17d22bba15001f/portable-atomic-1.6.0/src/imp/mod.rs:269:60
[INFO] [stdout]      |
[INFO] [stdout] 269  | pub(crate) use self::core_atomic::{AtomicI64, AtomicIsize, AtomicPtr, AtomicU64, AtomicUsize};
[INFO] [stdout]      |                                                            ^^^^^^^^^
[INFO] [stdout] help: consider importing this struct
[INFO] [stdout]      |
[INFO] [stdout] 451  + use core::sync::atomic::AtomicPtr;
[INFO] [stdout]      |
[INFO] [stdout] help: if you import `AtomicPtr`, refer to it directly
[INFO] [stdout]      |
[INFO] [stdout] 1528 -         <imp::AtomicPtr<T>>::is_always_lock_free()
[INFO] [stdout] 1528 +         <AtomicPtr<T>>::is_always_lock_free()
[INFO] [stdout]      |
[INFO] [stdout] 
[INFO] [stdout] 
[INFO] [stdout] error[E0412]: cannot find type `AtomicIsize` in module `imp`
[INFO] [stdout]     --> /opt/rustwide/cargo-home/registry/src/index.crates.io-6f17d22bba15001f/portable-atomic-1.6.0/src/lib.rs:3948:17
[INFO] [stdout]      |
[INFO] [stdout] 3948 |     atomic_int!(AtomicIsize, isize, 8);
[INFO] [stdout]      |                 ^^^^^^^^^^^ not found in `imp`
[INFO] [stdout]      |
[INFO] [stdout] note: found an item that was configured out
[INFO] [stdout]     --> /opt/rustwide/cargo-home/registry/src/index.crates.io-6f17d22bba15001f/portable-atomic-1.6.0/src/imp/mod.rs:269:47
[INFO] [stdout]      |
[INFO] [stdout] 269  | pub(crate) use self::core_atomic::{AtomicI64, AtomicIsize, AtomicPtr, AtomicU64, AtomicUsize};
[INFO] [stdout]      |                                               ^^^^^^^^^^^
[INFO] [stdout] help: consider importing this struct
[INFO] [stdout]      |
[INFO] [stdout] 451  + use core::sync::atomic::AtomicIsize;
[INFO] [stdout]      |
[INFO] [stdout] 
[INFO] [stdout] 
[INFO] [stdout] error[E0433]: failed to resolve: could not find `AtomicIsize` in `imp`
[INFO] [stdout]     --> /opt/rustwide/cargo-home/registry/src/index.crates.io-6f17d22bba15001f/portable-atomic-1.6.0/src/lib.rs:3948:17
[INFO] [stdout]      |
[INFO] [stdout] 3948 |     atomic_int!(AtomicIsize, isize, 8);
[INFO] [stdout]      |                 ^^^^^^^^^^^ could not find `AtomicIsize` in `imp`
[INFO] [stdout]      |
[INFO] [stdout] help: consider importing one of these items
[INFO] [stdout]      |
[INFO] [stdout] 451  + use core::sync::atomic::AtomicIsize;
[INFO] [stdout]      |
[INFO] [stdout] 451  + use crate::AtomicIsize;
[INFO] [stdout]      |
[INFO] [stdout] 
[INFO] [stdout] 
[INFO] [stdout] error[E0412]: cannot find type `AtomicUsize` in module `imp`
[INFO] [stdout]     --> /opt/rustwide/cargo-home/registry/src/index.crates.io-6f17d22bba15001f/portable-atomic-1.6.0/src/lib.rs:3950:17
[INFO] [stdout]      |
[INFO] [stdout] 3950 |     atomic_int!(AtomicUsize, usize, 8);
[INFO] [stdout]      |                 ^^^^^^^^^^^ not found in `imp`
[INFO] [stdout]      |
[INFO] [stdout] note: found an item that was configured out
[INFO] [stdout]     --> /opt/rustwide/cargo-home/registry/src/index.crates.io-6f17d22bba15001f/portable-atomic-1.6.0/src/imp/mod.rs:269:82
[INFO] [stdout]      |
[INFO] [stdout] 269  | pub(crate) use self::core_atomic::{AtomicI64, AtomicIsize, AtomicPtr, AtomicU64, AtomicUsize};
[INFO] [stdout]      |                                                                                  ^^^^^^^^^^^
[INFO] [stdout] help: consider importing this struct
[INFO] [stdout]      |
[INFO] [stdout] 451  + use core::sync::atomic::AtomicUsize;
[INFO] [stdout]      |
[INFO] [stdout] 
[INFO] [stdout] 
[INFO] [stdout] error[E0433]: failed to resolve: could not find `AtomicUsize` in `imp`
[INFO] [stdout]     --> /opt/rustwide/cargo-home/registry/src/index.crates.io-6f17d22bba15001f/portable-atomic-1.6.0/src/lib.rs:3950:17
[INFO] [stdout]      |
[INFO] [stdout] 3950 |     atomic_int!(AtomicUsize, usize, 8);
[INFO] [stdout]      |                 ^^^^^^^^^^^ could not find `AtomicUsize` in `imp`
[INFO] [stdout]      |
[INFO] [stdout] help: consider importing one of these items
[INFO] [stdout]      |
[INFO] [stdout] 451  + use core::sync::atomic::AtomicUsize;
[INFO] [stdout]      |
[INFO] [stdout] 451  + use crate::AtomicUsize;
[INFO] [stdout]      |
[INFO] [stdout] 
[INFO] [stdout] 
[INFO] [stdout] error[E0412]: cannot find type `AtomicI8` in module `imp`
[INFO] [stdout]     --> /opt/rustwide/cargo-home/registry/src/index.crates.io-6f17d22bba15001f/portable-atomic-1.6.0/src/lib.rs:3958:17
[INFO] [stdout]      |
[INFO] [stdout] 3958 |     atomic_int!(AtomicI8, i8, 1);
[INFO] [stdout]      |                 ^^^^^^^^
[INFO] [stdout]      |
[INFO] [stdout]     ::: /opt/rustwide/cargo-home/registry/src/index.crates.io-6f17d22bba15001f/portable-atomic-1.6.0/src/imp/atomic128/macros.rs:6:9
[INFO] [stdout]      |
[INFO] [stdout] 6    |         pub(crate) struct $atomic_type {
[INFO] [stdout]      |         ------------------------------ similarly named struct `AtomicI128` defined here
[INFO] [stdout]      |
[INFO] [stdout] help: a struct with a similar name exists
[INFO] [stdout]      |
[INFO] [stdout] 3958 |     atomic_int!(AtomicI128, i8, 1);
[INFO] [stdout]      |                 ~~~~~~~~~~
[INFO] [stdout] help: consider importing this struct
[INFO] [stdout]      |
[INFO] [stdout] 451  + use core::sync::atomic::AtomicI8;
[INFO] [stdout]      |
[INFO] [stdout] 
[INFO] [stdout] 
[INFO] [stdout] error[E0433]: failed to resolve: could not find `AtomicI8` in `imp`
[INFO] [stdout]     --> /opt/rustwide/cargo-home/registry/src/index.crates.io-6f17d22bba15001f/portable-atomic-1.6.0/src/lib.rs:3958:17
[INFO] [stdout]      |
[INFO] [stdout] 3958 |     atomic_int!(AtomicI8, i8, 1);
[INFO] [stdout]      |                 ^^^^^^^^ could not find `AtomicI8` in `imp`
[INFO] [stdout]      |
[INFO] [stdout] help: a struct with a similar name exists
[INFO] [stdout]      |
[INFO] [stdout] 3958 |     atomic_int!(AtomicI128, i8, 1);
[INFO] [stdout]      |                 ~~~~~~~~~~
[INFO] [stdout] help: consider importing one of these items
[INFO] [stdout]      |
[INFO] [stdout] 451  + use core::sync::atomic::AtomicI8;
[INFO] [stdout]      |
[INFO] [stdout] 451  + use crate::AtomicI8;
[INFO] [stdout]      |
[INFO] [stdout] 
[INFO] [stdout] 
[INFO] [stdout] error[E0412]: cannot find type `AtomicU8` in module `imp`
[INFO] [stdout]     --> /opt/rustwide/cargo-home/registry/src/index.crates.io-6f17d22bba15001f/portable-atomic-1.6.0/src/lib.rs:3959:17
[INFO] [stdout]      |
[INFO] [stdout] 3959 |     atomic_int!(AtomicU8, u8, 1);
[INFO] [stdout]      |                 ^^^^^^^^
[INFO] [stdout]      |
[INFO] [stdout]     ::: /opt/rustwide/cargo-home/registry/src/index.crates.io-6f17d22bba15001f/portable-atomic-1.6.0/src/imp/atomic128/macros.rs:6:9
[INFO] [stdout]      |
[INFO] [stdout] 6    |         pub(crate) struct $atomic_type {
[INFO] [stdout]      |         ------------------------------ similarly named struct `AtomicU128` defined here
[INFO] [stdout]      |
[INFO] [stdout] help: a struct with a similar name exists
[INFO] [stdout]      |
[INFO] [stdout] 3959 |     atomic_int!(AtomicU128, u8, 1);
[INFO] [stdout]      |                 ~~~~~~~~~~
[INFO] [stdout] help: consider importing this struct
[INFO] [stdout]      |
[INFO] [stdout] 451  + use core::sync::atomic::AtomicU8;
[INFO] [stdout]      |
[INFO] [stdout] 
[INFO] [stdout] 
[INFO] [stdout] error[E0433]: failed to resolve: could not find `AtomicU8` in `imp`
[INFO] [stdout]     --> /opt/rustwide/cargo-home/registry/src/index.crates.io-6f17d22bba15001f/portable-atomic-1.6.0/src/lib.rs:3959:17
[INFO] [stdout]      |
[INFO] [stdout] 3959 |     atomic_int!(AtomicU8, u8, 1);
[INFO] [stdout]      |                 ^^^^^^^^ could not find `AtomicU8` in `imp`
[INFO] [stdout]      |
[INFO] [stdout] help: a struct with a similar name exists
[INFO] [stdout]      |
[INFO] [stdout] 3959 |     atomic_int!(AtomicU128, u8, 1);
[INFO] [stdout]      |                 ~~~~~~~~~~
[INFO] [stdout] help: consider importing one of these items
[INFO] [stdout]      |
[INFO] [stdout] 451  + use core::sync::atomic::AtomicU8;
[INFO] [stdout]      |
[INFO] [stdout] 451  + use crate::AtomicU8;
[INFO] [stdout]      |
[INFO] [stdout] 
[INFO] [stdout] 
[INFO] [stdout] error[E0412]: cannot find type `AtomicI16` in module `imp`
[INFO] [stdout]     --> /opt/rustwide/cargo-home/registry/src/index.crates.io-6f17d22bba15001f/portable-atomic-1.6.0/src/lib.rs:3962:17
[INFO] [stdout]      |
[INFO] [stdout] 3962 |     atomic_int!(AtomicI16, i16, 2);
[INFO] [stdout]      |                 ^^^^^^^^^
[INFO] [stdout]      |
[INFO] [stdout]     ::: /opt/rustwide/cargo-home/registry/src/index.crates.io-6f17d22bba15001f/portable-atomic-1.6.0/src/imp/atomic128/macros.rs:6:9
[INFO] [stdout]      |
[INFO] [stdout] 6    |         pub(crate) struct $atomic_type {
[INFO] [stdout]      |         ------------------------------ similarly named struct `AtomicI128` defined here
[INFO] [stdout]      |
[INFO] [stdout] help: a struct with a similar name exists
[INFO] [stdout]      |
[INFO] [stdout] 3962 |     atomic_int!(AtomicI128, i16, 2);
[INFO] [stdout]      |                 ~~~~~~~~~~
[INFO] [stdout] help: consider importing this struct
[INFO] [stdout]      |
[INFO] [stdout] 451  + use core::sync::atomic::AtomicI16;
[INFO] [stdout]      |
[INFO] [stdout] 
[INFO] [stdout] 
[INFO] [stdout] error[E0433]: failed to resolve: could not find `AtomicI16` in `imp`
[INFO] [stdout]     --> /opt/rustwide/cargo-home/registry/src/index.crates.io-6f17d22bba15001f/portable-atomic-1.6.0/src/lib.rs:3962:17
[INFO] [stdout]      |
[INFO] [stdout] 3962 |     atomic_int!(AtomicI16, i16, 2);
[INFO] [stdout]      |                 ^^^^^^^^^ could not find `AtomicI16` in `imp`
[INFO] [stdout]      |
[INFO] [stdout] help: a struct with a similar name exists
[INFO] [stdout]      |
[INFO] [stdout] 3962 |     atomic_int!(AtomicI128, i16, 2);
[INFO] [stdout]      |                 ~~~~~~~~~~
[INFO] [stdout] help: consider importing one of these items
[INFO] [stdout]      |
[INFO] [stdout] 451  + use core::sync::atomic::AtomicI16;
[INFO] [stdout]      |
[INFO] [stdout] 451  + use crate::AtomicI16;
[INFO] [stdout]      |
[INFO] [stdout] 
[INFO] [stdout] 
[INFO] [stdout] error[E0412]: cannot find type `AtomicU16` in module `imp`
[INFO] [stdout]     --> /opt/rustwide/cargo-home/registry/src/index.crates.io-6f17d22bba15001f/portable-atomic-1.6.0/src/lib.rs:3963:17
[INFO] [stdout]      |
[INFO] [stdout] 3963 |     atomic_int!(AtomicU16, u16, 2);
[INFO] [stdout]      |                 ^^^^^^^^^
[INFO] [stdout]      |
[INFO] [stdout]     ::: /opt/rustwide/cargo-home/registry/src/index.crates.io-6f17d22bba15001f/portable-atomic-1.6.0/src/imp/atomic128/macros.rs:6:9
[INFO] [stdout]      |
[INFO] [stdout] 6    |         pub(crate) struct $atomic_type {
[INFO] [stdout]      |         ------------------------------ similarly named struct `AtomicU128` defined here
[INFO] [stdout]      |
[INFO] [stdout] help: a struct with a similar name exists
[INFO] [stdout]      |
[INFO] [stdout] 3963 |     atomic_int!(AtomicU128, u16, 2);
[INFO] [stdout]      |                 ~~~~~~~~~~
[INFO] [stdout] help: consider importing this struct
[INFO] [stdout]      |
[INFO] [stdout] 451  + use core::sync::atomic::AtomicU16;
[INFO] [stdout]      |
[INFO] [stdout] 
[INFO] [stdout] 
[INFO] [stdout] error[E0433]: failed to resolve: could not find `AtomicU16` in `imp`
[INFO] [stdout]     --> /opt/rustwide/cargo-home/registry/src/index.crates.io-6f17d22bba15001f/portable-atomic-1.6.0/src/lib.rs:3963:17
[INFO] [stdout]      |
[INFO] [stdout] 3963 |     atomic_int!(AtomicU16, u16, 2);
[INFO] [stdout]      |                 ^^^^^^^^^ could not find `AtomicU16` in `imp`
[INFO] [stdout]      |
[INFO] [stdout] help: a struct with a similar name exists
[INFO] [stdout]      |
[INFO] [stdout] 3963 |     atomic_int!(AtomicU128, u16, 2);
[INFO] [stdout]      |                 ~~~~~~~~~~
[INFO] [stdout] help: consider importing one of these items
[INFO] [stdout]      |
[INFO] [stdout] 451  + use core::sync::atomic::AtomicU16;
[INFO] [stdout]      |
[INFO] [stdout] 451  + use crate::AtomicU16;
[INFO] [stdout]      |
[INFO] [stdout] 
[INFO] [stdout] 
[INFO] [stdout] error[E0412]: cannot find type `AtomicI32` in module `imp`
[INFO] [stdout]     --> /opt/rustwide/cargo-home/registry/src/index.crates.io-6f17d22bba15001f/portable-atomic-1.6.0/src/lib.rs:3966:17
[INFO] [stdout]      |
[INFO] [stdout] 3966 |     atomic_int!(AtomicI32, i32, 4);
[INFO] [stdout]      |                 ^^^^^^^^^
[INFO] [stdout]      |
[INFO] [stdout]     ::: /opt/rustwide/cargo-home/registry/src/index.crates.io-6f17d22bba15001f/portable-atomic-1.6.0/src/imp/atomic128/macros.rs:6:9
[INFO] [stdout]      |
[INFO] [stdout] 6    |         pub(crate) struct $atomic_type {
[INFO] [stdout]      |         ------------------------------ similarly named struct `AtomicI128` defined here
[INFO] [stdout]      |
[INFO] [stdout] help: a struct with a similar name exists
[INFO] [stdout]      |
[INFO] [stdout] 3966 |     atomic_int!(AtomicI128, i32, 4);
[INFO] [stdout]      |                 ~~~~~~~~~~
[INFO] [stdout] help: consider importing this struct
[INFO] [stdout]      |
[INFO] [stdout] 451  + use core::sync::atomic::AtomicI32;
[INFO] [stdout]      |
[INFO] [stdout] 
[INFO] [stdout] 
[INFO] [stdout] error[E0433]: failed to resolve: could not find `AtomicI32` in `imp`
[INFO] [stdout]     --> /opt/rustwide/cargo-home/registry/src/index.crates.io-6f17d22bba15001f/portable-atomic-1.6.0/src/lib.rs:3966:17
[INFO] [stdout]      |
[INFO] [stdout] 3966 |     atomic_int!(AtomicI32, i32, 4);
[INFO] [stdout]      |                 ^^^^^^^^^ could not find `AtomicI32` in `imp`
[INFO] [stdout]      |
[INFO] [stdout] help: a struct with a similar name exists
[INFO] [stdout]      |
[INFO] [stdout] 3966 |     atomic_int!(AtomicI128, i32, 4);
[INFO] [stdout]      |                 ~~~~~~~~~~
[INFO] [stdout] help: consider importing one of these items
[INFO] [stdout]      |
[INFO] [stdout] 451  + use core::sync::atomic::AtomicI32;
[INFO] [stdout]      |
[INFO] [stdout] 451  + use crate::AtomicI32;
[INFO] [stdout]      |
[INFO] [stdout] 
[INFO] [stdout] 
[INFO] [stdout] error[E0412]: cannot find type `AtomicU32` in module `imp`
[INFO] [stdout]     --> /opt/rustwide/cargo-home/registry/src/index.crates.io-6f17d22bba15001f/portable-atomic-1.6.0/src/lib.rs:2364:26
[INFO] [stdout]      |
[INFO] [stdout] 2364 |         atomic_int!(int, AtomicU32, $int_type, $align);
[INFO] [stdout]      |                          ^^^^^^^^^
[INFO] [stdout] ...
[INFO] [stdout] 3967 |     atomic_int!(AtomicU32, u32, 4);
[INFO] [stdout]      |     ------------------------------ in this macro invocation
[INFO] [stdout]      |
[INFO] [stdout]     ::: /opt/rustwide/cargo-home/registry/src/index.crates.io-6f17d22bba15001f/portable-atomic-1.6.0/src/imp/atomic128/macros.rs:6:9
[INFO] [stdout]      |
[INFO] [stdout] 6    |         pub(crate) struct $atomic_type {
[INFO] [stdout]      |         ------------------------------ similarly named struct `AtomicU128` defined here
[INFO] [stdout]      |
[INFO] [stdout]      = note: this error originates in the macro `atomic_int` (in Nightly builds, run with -Z macro-backtrace for more info)
[INFO] [stdout] help: a struct with a similar name exists
[INFO] [stdout]      |
[INFO] [stdout] 2364 |         atomic_int!(int, AtomicU128, $int_type, $align);
[INFO] [stdout]      |                          ~~~~~~~~~~
[INFO] [stdout] help: consider importing this struct
[INFO] [stdout]      |
[INFO] [stdout] 451  + use core::sync::atomic::AtomicU32;
[INFO] [stdout]      |
[INFO] [stdout] 
[INFO] [stdout] 
[INFO] [stderr]    Compiling quote v1.0.33
[INFO] [stdout] error[E0433]: failed to resolve: could not find `AtomicU32` in `imp`
[INFO] [stdout]     --> /opt/rustwide/cargo-home/registry/src/index.crates.io-6f17d22bba15001f/portable-atomic-1.6.0/src/lib.rs:2364:26
[INFO] [stdout]      |
[INFO] [stdout] 2364 |         atomic_int!(int, AtomicU32, $int_type, $align);
[INFO] [stdout]      |                          ^^^^^^^^^ could not find `AtomicU32` in `imp`
[INFO] [stdout] ...
[INFO] [stdout] 3967 |     atomic_int!(AtomicU32, u32, 4);
[INFO] [stdout]      |     ------------------------------ in this macro invocation
[INFO] [stdout]      |
[INFO] [stdout]      = note: this error originates in the macro `atomic_int` (in Nightly builds, run with -Z macro-backtrace for more info)
[INFO] [stdout] help: a struct with a similar name exists
[INFO] [stdout]      |
[INFO] [stdout] 2364 |         atomic_int!(int, AtomicU128, $int_type, $align);
[INFO] [stdout]      |                          ~~~~~~~~~~
[INFO] [stdout] help: consider importing one of these items
[INFO] [stdout]      |
[INFO] [stdout] 451  + use core::sync::atomic::AtomicU32;
[INFO] [stdout]      |
[INFO] [stdout] 451  + use crate::AtomicU32;
[INFO] [stdout]      |
[INFO] [stdout] 
[INFO] [stdout] 
[INFO] [stdout] error[E0412]: cannot find type `AtomicI64` in module `imp`
[INFO] [stdout]     --> /opt/rustwide/cargo-home/registry/src/index.crates.io-6f17d22bba15001f/portable-atomic-1.6.0/src/lib.rs:3970:17
[INFO] [stdout]      |
[INFO] [stdout] 3970 |     atomic_int!(AtomicI64, i64, 8);
[INFO] [stdout]      |                 ^^^^^^^^^
[INFO] [stdout]      |
[INFO] [stdout]     ::: /opt/rustwide/cargo-home/registry/src/index.crates.io-6f17d22bba15001f/portable-atomic-1.6.0/src/imp/atomic128/macros.rs:6:9
[INFO] [stdout]      |
[INFO] [stdout] 6    |         pub(crate) struct $atomic_type {
[INFO] [stdout]      |         ------------------------------ similarly named struct `AtomicI128` defined here
[INFO] [stdout]      |
[INFO] [stdout] note: found an item that was configured out
[INFO] [stdout]     --> /opt/rustwide/cargo-home/registry/src/index.crates.io-6f17d22bba15001f/portable-atomic-1.6.0/src/imp/mod.rs:269:36
[INFO] [stdout]      |
[INFO] [stdout] 269  | pub(crate) use self::core_atomic::{AtomicI64, AtomicIsize, AtomicPtr, AtomicU64, AtomicUsize};
[INFO] [stdout]      |                                    ^^^^^^^^^
[INFO] [stdout] note: found an item that was configured out
[INFO] [stdout]     --> /opt/rustwide/cargo-home/registry/src/index.crates.io-6f17d22bba15001f/portable-atomic-1.6.0/src/imp/mod.rs:391:34
[INFO] [stdout]      |
[INFO] [stdout] 391  | pub(crate) use self::arm_linux::{AtomicI64, AtomicU64};
[INFO] [stdout]      |                                  ^^^^^^^^^
[INFO] [stdout] note: found an item that was configured out
[INFO] [stdout]     --> /opt/rustwide/cargo-home/registry/src/index.crates.io-6f17d22bba15001f/portable-atomic-1.6.0/src/imp/mod.rs:324:37
[INFO] [stdout]      |
[INFO] [stdout] 324  |     pub(crate) use self::fallback::{AtomicI64, AtomicU64};
[INFO] [stdout]      |                                     ^^^^^^^^^
[INFO] [stdout] help: a struct with a similar name exists
[INFO] [stdout]      |
[INFO] [stdout] 3970 |     atomic_int!(AtomicI128, i64, 8);
[INFO] [stdout]      |                 ~~~~~~~~~~
[INFO] [stdout] help: consider importing this struct
[INFO] [stdout]      |
[INFO] [stdout] 451  + use core::sync::atomic::AtomicI64;
[INFO] [stdout]      |
[INFO] [stdout] 
[INFO] [stdout] 
[INFO] [stdout] error[E0433]: failed to resolve: could not find `AtomicI64` in `imp`
[INFO] [stdout]     --> /opt/rustwide/cargo-home/registry/src/index.crates.io-6f17d22bba15001f/portable-atomic-1.6.0/src/lib.rs:3970:17
[INFO] [stdout]      |
[INFO] [stdout] 3970 |     atomic_int!(AtomicI64, i64, 8);
[INFO] [stdout]      |                 ^^^^^^^^^ could not find `AtomicI64` in `imp`
[INFO] [stdout]      |
[INFO] [stdout] help: a struct with a similar name exists
[INFO] [stdout]      |
[INFO] [stdout] 3970 |     atomic_int!(AtomicI128, i64, 8);
[INFO] [stdout]      |                 ~~~~~~~~~~
[INFO] [stdout] help: consider importing one of these items
[INFO] [stdout]      |
[INFO] [stdout] 451  + use core::sync::atomic::AtomicI64;
[INFO] [stdout]      |
[INFO] [stdout] 451  + use crate::AtomicI64;
[INFO] [stdout]      |
[INFO] [stdout] 
[INFO] [stdout] 
[INFO] [stdout] error[E0412]: cannot find type `AtomicU64` in module `imp`
[INFO] [stdout]     --> /opt/rustwide/cargo-home/registry/src/index.crates.io-6f17d22bba15001f/portable-atomic-1.6.0/src/lib.rs:2369:26
[INFO] [stdout]      |
[INFO] [stdout] 2369 |         atomic_int!(int, AtomicU64, $int_type, $align);
[INFO] [stdout]      |                          ^^^^^^^^^
[INFO] [stdout] ...
[INFO] [stdout] 3971 |     atomic_int!(AtomicU64, u64, 8);
[INFO] [stdout]      |     ------------------------------ in this macro invocation
[INFO] [stdout]      |
[INFO] [stdout]     ::: /opt/rustwide/cargo-home/registry/src/index.crates.io-6f17d22bba15001f/portable-atomic-1.6.0/src/imp/atomic128/macros.rs:6:9
[INFO] [stdout]      |
[INFO] [stdout] 6    |         pub(crate) struct $atomic_type {
[INFO] [stdout]      |         ------------------------------ similarly named struct `AtomicU128` defined here
[INFO] [stdout]      |
[INFO] [stdout] note: found an item that was configured out
[INFO] [stdout]     --> /opt/rustwide/cargo-home/registry/src/index.crates.io-6f17d22bba15001f/portable-atomic-1.6.0/src/imp/mod.rs:269:71
[INFO] [stdout]      |
[INFO] [stdout] 269  | pub(crate) use self::core_atomic::{AtomicI64, AtomicIsize, AtomicPtr, AtomicU64, AtomicUsize};
[INFO] [stdout]      |                                                                       ^^^^^^^^^
[INFO] [stdout] note: found an item that was configured out
[INFO] [stdout]     --> /opt/rustwide/cargo-home/registry/src/index.crates.io-6f17d22bba15001f/portable-atomic-1.6.0/src/imp/mod.rs:391:45
[INFO] [stdout]      |
[INFO] [stdout] 391  | pub(crate) use self::arm_linux::{AtomicI64, AtomicU64};
[INFO] [stdout]      |                                             ^^^^^^^^^
[INFO] [stdout] note: found an item that was configured out
[INFO] [stdout]     --> /opt/rustwide/cargo-home/registry/src/index.crates.io-6f17d22bba15001f/portable-atomic-1.6.0/src/imp/mod.rs:324:48
[INFO] [stdout]      |
[INFO] [stdout] 324  |     pub(crate) use self::fallback::{AtomicI64, AtomicU64};
[INFO] [stdout]      |                                                ^^^^^^^^^
[INFO] [stdout]      = note: this error originates in the macro `atomic_int` (in Nightly builds, run with -Z macro-backtrace for more info)
[INFO] [stdout] help: a struct with a similar name exists
[INFO] [stdout]      |
[INFO] [stdout] 2369 |         atomic_int!(int, AtomicU128, $int_type, $align);
[INFO] [stdout]      |                          ~~~~~~~~~~
[INFO] [stdout] help: consider importing this struct
[INFO] [stdout]      |
[INFO] [stdout] 451  + use core::sync::atomic::AtomicU64;
[INFO] [stdout]      |
[INFO] [stdout] 
[INFO] [stdout] 
[INFO] [stdout] error[E0433]: failed to resolve: could not find `AtomicU64` in `imp`
[INFO] [stdout]     --> /opt/rustwide/cargo-home/registry/src/index.crates.io-6f17d22bba15001f/portable-atomic-1.6.0/src/lib.rs:2369:26
[INFO] [stdout]      |
[INFO] [stdout] 2369 |         atomic_int!(int, AtomicU64, $int_type, $align);
[INFO] [stdout]      |                          ^^^^^^^^^ could not find `AtomicU64` in `imp`
[INFO] [stdout] ...
[INFO] [stdout] 3971 |     atomic_int!(AtomicU64, u64, 8);
[INFO] [stdout]      |     ------------------------------ in this macro invocation
[INFO] [stdout]      |
[INFO] [stdout]      = note: this error originates in the macro `atomic_int` (in Nightly builds, run with -Z macro-backtrace for more info)
[INFO] [stdout] help: a struct with a similar name exists
[INFO] [stdout]      |
[INFO] [stdout] 2369 |         atomic_int!(int, AtomicU128, $int_type, $align);
[INFO] [stdout]      |                          ~~~~~~~~~~
[INFO] [stdout] help: consider importing one of these items
[INFO] [stdout]      |
[INFO] [stdout] 451  + use core::sync::atomic::AtomicU64;
[INFO] [stdout]      |
[INFO] [stdout] 451  + use crate::AtomicU64;
[INFO] [stdout]      |
[INFO] [stdout] 
[INFO] [stdout] 
[INFO] [stderr]    Compiling litrs v0.4.1
[INFO] [stderr]     Checking as-slice v0.1.5
[INFO] [stderr]     Checking fugit v0.3.7
[INFO] [stderr]    Compiling esp-wifi-sys v0.1.0 (https://github.com/esp-rs/esp-wifi#a69545dc)
[INFO] [stderr]    Compiling heapless v0.7.17
[INFO] [stdout] error[E0282]: type annotations needed
[INFO] [stdout]     --> /opt/rustwide/cargo-home/registry/src/index.crates.io-6f17d22bba15001f/portable-atomic-1.6.0/src/lib.rs:1421:26
[INFO] [stdout]      |
[INFO] [stdout] 1421 |         fmt::Debug::fmt(&self.load(Ordering::Relaxed), f)
[INFO] [stdout]      |                          ^^^^ cannot infer type for type parameter `T`
[INFO] [stdout] 
[INFO] [stdout] 
[INFO] [stdout] error[E0282]: type annotations needed
[INFO] [stdout]     --> /opt/rustwide/cargo-home/registry/src/index.crates.io-6f17d22bba15001f/portable-atomic-1.6.0/src/lib.rs:1429:28
[INFO] [stdout]      |
[INFO] [stdout] 1429 |         fmt::Pointer::fmt(&self.load(Ordering::Relaxed), f)
[INFO] [stdout]      |                            ^^^^ cannot infer type for type parameter `T`
[INFO] [stdout] 
[INFO] [stdout] 
[INFO] [stdout] error[E0730]: cannot pattern-match on an array without a fixed length
[INFO] [stdout]     --> /opt/rustwide/cargo-home/registry/src/index.crates.io-6f17d22bba15001f/portable-atomic-1.6.0/src/utils.rs:13:13
[INFO] [stdout]      |
[INFO] [stdout] 13   |         let [] = [(); true as usize - $crate::utils::_assert_is_bool($cond) as usize];
[INFO] [stdout]      |             ^^
[INFO] [stdout]      |
[INFO] [stdout]     ::: /opt/rustwide/cargo-home/registry/src/index.crates.io-6f17d22bba15001f/portable-atomic-1.6.0/src/lib.rs:1453:9
[INFO] [stdout]      |
[INFO] [stdout] 1453 |         static_assert_layout!(AtomicPtr<()>, *mut ());
[INFO] [stdout]      |         --------------------------------------------- in this macro invocation
[INFO] [stdout]      |
[INFO] [stdout]      = note: this error originates in the macro `static_assert` which comes from the expansion of the macro `static_assert_layout` (in Nightly builds, run with -Z macro-backtrace for more info)
[INFO] [stdout] 
[INFO] [stdout] 
[INFO] [stdout] error[E0730]: cannot pattern-match on an array without a fixed length
[INFO] [stdout]     --> /opt/rustwide/cargo-home/registry/src/index.crates.io-6f17d22bba15001f/portable-atomic-1.6.0/src/utils.rs:13:13
[INFO] [stdout]      |
[INFO] [stdout] 13   |         let [] = [(); true as usize - $crate::utils::_assert_is_bool($cond) as usize];
[INFO] [stdout]      |             ^^
[INFO] [stdout]      |
[INFO] [stdout]     ::: /opt/rustwide/cargo-home/registry/src/index.crates.io-6f17d22bba15001f/portable-atomic-1.6.0/src/lib.rs:1453:9
[INFO] [stdout]      |
[INFO] [stdout] 1453 |         static_assert_layout!(AtomicPtr<()>, *mut ());
[INFO] [stdout]      |         --------------------------------------------- in this macro invocation
[INFO] [stdout]      |
[INFO] [stdout]      = note: this error originates in the macro `static_assert` which comes from the expansion of the macro `static_assert_layout` (in Nightly builds, run with -Z macro-backtrace for more info)
[INFO] [stdout] 
[INFO] [stdout] 
[INFO] [stdout] error[E0282]: type annotations needed
[INFO] [stdout]     --> /opt/rustwide/cargo-home/registry/src/index.crates.io-6f17d22bba15001f/portable-atomic-1.6.0/src/lib.rs:1964:13
[INFO] [stdout]      |
[INFO] [stdout] 1964 |             self.as_atomic_usize().fetch_add(val, order) as *mut T
[INFO] [stdout]      |             ^^^^ cannot infer type for type parameter `T`
[INFO] [stdout] 
[INFO] [stdout] 
[INFO] [stdout] error[E0282]: type annotations needed
[INFO] [stdout]     --> /opt/rustwide/cargo-home/registry/src/index.crates.io-6f17d22bba15001f/portable-atomic-1.6.0/src/lib.rs:2008:13
[INFO] [stdout]      |
[INFO] [stdout] 2008 |             self.as_atomic_usize().fetch_sub(val, order) as *mut T
[INFO] [stdout]      |             ^^^^ cannot infer type for type parameter `T`
[INFO] [stdout] 
[INFO] [stdout] 
[INFO] [stdout] error[E0282]: type annotations needed
[INFO] [stdout]     --> /opt/rustwide/cargo-home/registry/src/index.crates.io-6f17d22bba15001f/portable-atomic-1.6.0/src/lib.rs:2067:13
[INFO] [stdout]      |
[INFO] [stdout] 2067 |             self.as_atomic_usize().fetch_or(val, order) as *mut T
[INFO] [stdout]      |             ^^^^ cannot infer type for type parameter `T`
[INFO] [stdout] 
[INFO] [stdout] 
[INFO] [stdout] error[E0282]: type annotations needed
[INFO] [stdout]     --> /opt/rustwide/cargo-home/registry/src/index.crates.io-6f17d22bba15001f/portable-atomic-1.6.0/src/lib.rs:2124:13
[INFO] [stdout]      |
[INFO] [stdout] 2124 |             self.as_atomic_usize().fetch_and(val, order) as *mut T
[INFO] [stdout]      |             ^^^^ cannot infer type for type parameter `T`
[INFO] [stdout] 
[INFO] [stdout] 
[INFO] [stdout] error[E0282]: type annotations needed
[INFO] [stdout]     --> /opt/rustwide/cargo-home/registry/src/index.crates.io-6f17d22bba15001f/portable-atomic-1.6.0/src/lib.rs:2180:13
[INFO] [stdout]      |
[INFO] [stdout] 2180 |             self.as_atomic_usize().fetch_xor(val, order) as *mut T
[INFO] [stdout]      |             ^^^^ cannot infer type for type parameter `T`
[INFO] [stdout] 
[INFO] [stdout] 
[INFO] [stdout] error[E0282]: type annotations needed
[INFO] [stdout]     --> /opt/rustwide/cargo-home/registry/src/index.crates.io-6f17d22bba15001f/portable-atomic-1.6.0/src/lib.rs:2228:13
[INFO] [stdout]      |
[INFO] [stdout] 2228 |             self.as_atomic_usize().bit_set(bit, order)
[INFO] [stdout]      |             ^^^^ cannot infer type for type parameter `T`
[INFO] [stdout] 
[INFO] [stdout] 
[INFO] [stdout] error[E0282]: type annotations needed
[INFO] [stdout]     --> /opt/rustwide/cargo-home/registry/src/index.crates.io-6f17d22bba15001f/portable-atomic-1.6.0/src/lib.rs:2273:13
[INFO] [stdout]      |
[INFO] [stdout] 2273 |             self.as_atomic_usize().bit_clear(bit, order)
[INFO] [stdout]      |             ^^^^ cannot infer type for type parameter `T`
[INFO] [stdout] 
[INFO] [stdout] 
[INFO] [stdout] error[E0282]: type annotations needed
[INFO] [stdout]     --> /opt/rustwide/cargo-home/registry/src/index.crates.io-6f17d22bba15001f/portable-atomic-1.6.0/src/lib.rs:2318:13
[INFO] [stdout]      |
[INFO] [stdout] 2318 |             self.as_atomic_usize().bit_toggle(bit, order)
[INFO] [stdout]      |             ^^^^ cannot infer type for type parameter `T`
[INFO] [stdout] 
[INFO] [stdout] 
[INFO] [stdout] error[E0730]: cannot pattern-match on an array without a fixed length
[INFO] [stdout]     --> /opt/rustwide/cargo-home/registry/src/index.crates.io-6f17d22bba15001f/portable-atomic-1.6.0/src/utils.rs:13:13
[INFO] [stdout]      |
[INFO] [stdout] 13   |           let [] = [(); true as usize - $crate::utils::_assert_is_bool($cond) as usize];
[INFO] [stdout]      |               ^^
[INFO] [stdout]      |
[INFO] [stdout]     ::: /opt/rustwide/cargo-home/registry/src/index.crates.io-6f17d22bba15001f/portable-atomic-1.6.0/src/lib.rs:2325:9
[INFO] [stdout]      |
[INFO] [stdout] 2325 | /         static_assert!(
[INFO] [stdout] 2326 | |             core::mem::size_of::<AtomicPtr<()>>() == core::mem::size_of::<AtomicUsize>()
[INFO] [stdout] 2327 | |         );
[INFO] [stdout]      | |_________- in this macro invocation
[INFO] [stdout]      |
[INFO] [stdout]      = note: this error originates in the macro `static_assert` (in Nightly builds, run with -Z macro-backtrace for more info)
[INFO] [stdout] 
[INFO] [stdout] 
[INFO] [stdout] error[E0730]: cannot pattern-match on an array without a fixed length
[INFO] [stdout]     --> /opt/rustwide/cargo-home/registry/src/index.crates.io-6f17d22bba15001f/portable-atomic-1.6.0/src/utils.rs:13:13
[INFO] [stdout]      |
[INFO] [stdout] 13   |           let [] = [(); true as usize - $crate::utils::_assert_is_bool($cond) as usize];
[INFO] [stdout]      |               ^^
[INFO] [stdout]      |
[INFO] [stdout]     ::: /opt/rustwide/cargo-home/registry/src/index.crates.io-6f17d22bba15001f/portable-atomic-1.6.0/src/lib.rs:2328:9
[INFO] [stdout]      |
[INFO] [stdout] 2328 | /         static_assert!(
[INFO] [stdout] 2329 | |             core::mem::align_of::<AtomicPtr<()>>() == core::mem::align_of::<AtomicUsize>()
[INFO] [stdout] 2330 | |         );
[INFO] [stdout]      | |_________- in this macro invocation
[INFO] [stdout]      |
[INFO] [stdout]      = note: this error originates in the macro `static_assert` (in Nightly builds, run with -Z macro-backtrace for more info)
[INFO] [stdout] 
[INFO] [stdout] 
[INFO] [stdout] error[E0730]: cannot pattern-match on an array without a fixed length
[INFO] [stdout]     --> /opt/rustwide/cargo-home/registry/src/index.crates.io-6f17d22bba15001f/portable-atomic-1.6.0/src/utils.rs:13:13
[INFO] [stdout]      |
[INFO] [stdout] 13   |         let [] = [(); true as usize - $crate::utils::_assert_is_bool($cond) as usize];
[INFO] [stdout]      |             ^^
[INFO] [stdout]      |
[INFO] [stdout]     ::: /opt/rustwide/cargo-home/registry/src/index.crates.io-6f17d22bba15001f/portable-atomic-1.6.0/src/lib.rs:3948:5
[INFO] [stdout]      |
[INFO] [stdout] 3948 |     atomic_int!(AtomicIsize, isize, 8);
[INFO] [stdout]      |     ---------------------------------- in this macro invocation
[INFO] [stdout]      |
[INFO] [stdout]      = note: this error originates in the macro `static_assert` which comes from the expansion of the macro `atomic_int` (in Nightly builds, run with -Z macro-backtrace for more info)
[INFO] [stdout] 
[INFO] [stdout] 
[INFO] [stdout] error[E0730]: cannot pattern-match on an array without a fixed length
[INFO] [stdout]     --> /opt/rustwide/cargo-home/registry/src/index.crates.io-6f17d22bba15001f/portable-atomic-1.6.0/src/utils.rs:13:13
[INFO] [stdout]      |
[INFO] [stdout] 13   |         let [] = [(); true as usize - $crate::utils::_assert_is_bool($cond) as usize];
[INFO] [stdout]      |             ^^
[INFO] [stdout]      |
[INFO] [stdout]     ::: /opt/rustwide/cargo-home/registry/src/index.crates.io-6f17d22bba15001f/portable-atomic-1.6.0/src/lib.rs:3948:5
[INFO] [stdout]      |
[INFO] [stdout] 3948 |     atomic_int!(AtomicIsize, isize, 8);
[INFO] [stdout]      |     ---------------------------------- in this macro invocation
[INFO] [stdout]      |
[INFO] [stdout]      = note: this error originates in the macro `static_assert` which comes from the expansion of the macro `atomic_int` (in Nightly builds, run with -Z macro-backtrace for more info)
[INFO] [stdout] 
[INFO] [stdout] 
[INFO] [stderr]     Checking embedded-nal v0.8.0
[INFO] [stdout] error[E0730]: cannot pattern-match on an array without a fixed length
[INFO] [stdout]     --> /opt/rustwide/cargo-home/registry/src/index.crates.io-6f17d22bba15001f/portable-atomic-1.6.0/src/utils.rs:13:13
[INFO] [stdout]      |
[INFO] [stdout] 13   |         let [] = [(); true as usize - $crate::utils::_assert_is_bool($cond) as usize];
[INFO] [stdout]      |             ^^
[INFO] [stdout]      |
[INFO] [stdout]     ::: /opt/rustwide/cargo-home/registry/src/index.crates.io-6f17d22bba15001f/portable-atomic-1.6.0/src/lib.rs:3950:5
[INFO] [stdout]      |
[INFO] [stdout] 3950 |     atomic_int!(AtomicUsize, usize, 8);
[INFO] [stdout]      |     ---------------------------------- in this macro invocation
[INFO] [stdout]      |
[INFO] [stdout]      = note: this error originates in the macro `static_assert` which comes from the expansion of the macro `atomic_int` (in Nightly builds, run with -Z macro-backtrace for more info)
[INFO] [stdout] 
[INFO] [stdout] 
[INFO] [stdout] error[E0730]: cannot pattern-match on an array without a fixed length
[INFO] [stdout]     --> /opt/rustwide/cargo-home/registry/src/index.crates.io-6f17d22bba15001f/portable-atomic-1.6.0/src/utils.rs:13:13
[INFO] [stdout]      |
[INFO] [stdout] 13   |         let [] = [(); true as usize - $crate::utils::_assert_is_bool($cond) as usize];
[INFO] [stdout]      |             ^^
[INFO] [stdout]      |
[INFO] [stdout]     ::: /opt/rustwide/cargo-home/registry/src/index.crates.io-6f17d22bba15001f/portable-atomic-1.6.0/src/lib.rs:3950:5
[INFO] [stdout]      |
[INFO] [stdout] 3950 |     atomic_int!(AtomicUsize, usize, 8);
[INFO] [stdout]      |     ---------------------------------- in this macro invocation
[INFO] [stdout]      |
[INFO] [stdout]      = note: this error originates in the macro `static_assert` which comes from the expansion of the macro `atomic_int` (in Nightly builds, run with -Z macro-backtrace for more info)
[INFO] [stdout] 
[INFO] [stdout] 
[INFO] [stdout] error[E0730]: cannot pattern-match on an array without a fixed length
[INFO] [stdout]     --> /opt/rustwide/cargo-home/registry/src/index.crates.io-6f17d22bba15001f/portable-atomic-1.6.0/src/utils.rs:13:13
[INFO] [stdout]      |
[INFO] [stdout] 13   |         let [] = [(); true as usize - $crate::utils::_assert_is_bool($cond) as usize];
[INFO] [stdout]      |             ^^
[INFO] [stdout]      |
[INFO] [stdout]     ::: /opt/rustwide/cargo-home/registry/src/index.crates.io-6f17d22bba15001f/portable-atomic-1.6.0/src/lib.rs:3958:5
[INFO] [stdout]      |
[INFO] [stdout] 3958 |     atomic_int!(AtomicI8, i8, 1);
[INFO] [stdout]      |     ---------------------------- in this macro invocation
[INFO] [stdout]      |
[INFO] [stdout]      = note: this error originates in the macro `static_assert` which comes from the expansion of the macro `atomic_int` (in Nightly builds, run with -Z macro-backtrace for more info)
[INFO] [stdout] 
[INFO] [stdout] 
[INFO] [stdout] error[E0730]: cannot pattern-match on an array without a fixed length
[INFO] [stdout]     --> /opt/rustwide/cargo-home/registry/src/index.crates.io-6f17d22bba15001f/portable-atomic-1.6.0/src/utils.rs:13:13
[INFO] [stdout]      |
[INFO] [stdout] 13   |         let [] = [(); true as usize - $crate::utils::_assert_is_bool($cond) as usize];
[INFO] [stdout]      |             ^^
[INFO] [stdout]      |
[INFO] [stdout]     ::: /opt/rustwide/cargo-home/registry/src/index.crates.io-6f17d22bba15001f/portable-atomic-1.6.0/src/lib.rs:3958:5
[INFO] [stdout]      |
[INFO] [stdout] 3958 |     atomic_int!(AtomicI8, i8, 1);
[INFO] [stdout]      |     ---------------------------- in this macro invocation
[INFO] [stdout]      |
[INFO] [stdout]      = note: this error originates in the macro `static_assert` which comes from the expansion of the macro `atomic_int` (in Nightly builds, run with -Z macro-backtrace for more info)
[INFO] [stdout] 
[INFO] [stdout] 
[INFO] [stdout] error[E0730]: cannot pattern-match on an array without a fixed length
[INFO] [stdout]     --> /opt/rustwide/cargo-home/registry/src/index.crates.io-6f17d22bba15001f/portable-atomic-1.6.0/src/utils.rs:13:13
[INFO] [stdout]      |
[INFO] [stdout] 13   |         let [] = [(); true as usize - $crate::utils::_assert_is_bool($cond) as usize];
[INFO] [stdout]      |             ^^
[INFO] [stdout]      |
[INFO] [stdout]     ::: /opt/rustwide/cargo-home/registry/src/index.crates.io-6f17d22bba15001f/portable-atomic-1.6.0/src/lib.rs:3959:5
[INFO] [stdout]      |
[INFO] [stdout] 3959 |     atomic_int!(AtomicU8, u8, 1);
[INFO] [stdout]      |     ---------------------------- in this macro invocation
[INFO] [stdout]      |
[INFO] [stdout]      = note: this error originates in the macro `static_assert` which comes from the expansion of the macro `atomic_int` (in Nightly builds, run with -Z macro-backtrace for more info)
[INFO] [stdout] 
[INFO] [stdout] 
[INFO] [stdout] error[E0730]: cannot pattern-match on an array without a fixed length
[INFO] [stdout]     --> /opt/rustwide/cargo-home/registry/src/index.crates.io-6f17d22bba15001f/portable-atomic-1.6.0/src/utils.rs:13:13
[INFO] [stdout]      |
[INFO] [stdout] 13   |         let [] = [(); true as usize - $crate::utils::_assert_is_bool($cond) as usize];
[INFO] [stdout]      |             ^^
[INFO] [stdout]      |
[INFO] [stdout]     ::: /opt/rustwide/cargo-home/registry/src/index.crates.io-6f17d22bba15001f/portable-atomic-1.6.0/src/lib.rs:3959:5
[INFO] [stdout]      |
[INFO] [stdout] 3959 |     atomic_int!(AtomicU8, u8, 1);
[INFO] [stdout]      |     ---------------------------- in this macro invocation
[INFO] [stdout]      |
[INFO] [stdout]      = note: this error originates in the macro `static_assert` which comes from the expansion of the macro `atomic_int` (in Nightly builds, run with -Z macro-backtrace for more info)
[INFO] [stdout] 
[INFO] [stdout] 
[INFO] [stdout] error[E0730]: cannot pattern-match on an array without a fixed length
[INFO] [stdout]     --> /opt/rustwide/cargo-home/registry/src/index.crates.io-6f17d22bba15001f/portable-atomic-1.6.0/src/utils.rs:13:13
[INFO] [stdout]      |
[INFO] [stdout] 13   |         let [] = [(); true as usize - $crate::utils::_assert_is_bool($cond) as usize];
[INFO] [stdout]      |             ^^
[INFO] [stdout]      |
[INFO] [stdout]     ::: /opt/rustwide/cargo-home/registry/src/index.crates.io-6f17d22bba15001f/portable-atomic-1.6.0/src/lib.rs:3962:5
[INFO] [stdout]      |
[INFO] [stdout] 3962 |     atomic_int!(AtomicI16, i16, 2);
[INFO] [stdout]      |     ------------------------------ in this macro invocation
[INFO] [stdout]      |
[INFO] [stdout]      = note: this error originates in the macro `static_assert` which comes from the expansion of the macro `atomic_int` (in Nightly builds, run with -Z macro-backtrace for more info)
[INFO] [stdout] 
[INFO] [stdout] 
[INFO] [stdout] error[E0730]: cannot pattern-match on an array without a fixed length
[INFO] [stdout]     --> /opt/rustwide/cargo-home/registry/src/index.crates.io-6f17d22bba15001f/portable-atomic-1.6.0/src/utils.rs:13:13
[INFO] [stdout]      |
[INFO] [stdout] 13   |         let [] = [(); true as usize - $crate::utils::_assert_is_bool($cond) as usize];
[INFO] [stdout]      |             ^^
[INFO] [stdout]      |
[INFO] [stdout]     ::: /opt/rustwide/cargo-home/registry/src/index.crates.io-6f17d22bba15001f/portable-atomic-1.6.0/src/lib.rs:3962:5
[INFO] [stdout]      |
[INFO] [stdout] 3962 |     atomic_int!(AtomicI16, i16, 2);
[INFO] [stdout]      |     ------------------------------ in this macro invocation
[INFO] [stdout]      |
[INFO] [stdout]      = note: this error originates in the macro `static_assert` which comes from the expansion of the macro `atomic_int` (in Nightly builds, run with -Z macro-backtrace for more info)
[INFO] [stdout] 
[INFO] [stdout] 
[INFO] [stdout] error[E0730]: cannot pattern-match on an array without a fixed length
[INFO] [stdout]     --> /opt/rustwide/cargo-home/registry/src/index.crates.io-6f17d22bba15001f/portable-atomic-1.6.0/src/utils.rs:13:13
[INFO] [stdout]      |
[INFO] [stdout] 13   |         let [] = [(); true as usize - $crate::utils::_assert_is_bool($cond) as usize];
[INFO] [stdout]      |             ^^
[INFO] [stdout]      |
[INFO] [stdout]     ::: /opt/rustwide/cargo-home/registry/src/index.crates.io-6f17d22bba15001f/portable-atomic-1.6.0/src/lib.rs:3963:5
[INFO] [stdout]      |
[INFO] [stdout] 3963 |     atomic_int!(AtomicU16, u16, 2);
[INFO] [stdout]      |     ------------------------------ in this macro invocation
[INFO] [stdout]      |
[INFO] [stdout]      = note: this error originates in the macro `static_assert` which comes from the expansion of the macro `atomic_int` (in Nightly builds, run with -Z macro-backtrace for more info)
[INFO] [stdout] 
[INFO] [stdout] 
[INFO] [stdout] error[E0730]: cannot pattern-match on an array without a fixed length
[INFO] [stdout]     --> /opt/rustwide/cargo-home/registry/src/index.crates.io-6f17d22bba15001f/portable-atomic-1.6.0/src/utils.rs:13:13
[INFO] [stdout]      |
[INFO] [stdout] 13   |         let [] = [(); true as usize - $crate::utils::_assert_is_bool($cond) as usize];
[INFO] [stdout]      |             ^^
[INFO] [stdout]      |
[INFO] [stdout]     ::: /opt/rustwide/cargo-home/registry/src/index.crates.io-6f17d22bba15001f/portable-atomic-1.6.0/src/lib.rs:3963:5
[INFO] [stdout]      |
[INFO] [stdout] 3963 |     atomic_int!(AtomicU16, u16, 2);
[INFO] [stdout]      |     ------------------------------ in this macro invocation
[INFO] [stdout]      |
[INFO] [stdout]      = note: this error originates in the macro `static_assert` which comes from the expansion of the macro `atomic_int` (in Nightly builds, run with -Z macro-backtrace for more info)
[INFO] [stdout] 
[INFO] [stdout] 
[INFO] [stdout] error[E0730]: cannot pattern-match on an array without a fixed length
[INFO] [stdout]     --> /opt/rustwide/cargo-home/registry/src/index.crates.io-6f17d22bba15001f/portable-atomic-1.6.0/src/utils.rs:13:13
[INFO] [stdout]      |
[INFO] [stdout] 13   |         let [] = [(); true as usize - $crate::utils::_assert_is_bool($cond) as usize];
[INFO] [stdout]      |             ^^
[INFO] [stdout]      |
[INFO] [stdout]     ::: /opt/rustwide/cargo-home/registry/src/index.crates.io-6f17d22bba15001f/portable-atomic-1.6.0/src/lib.rs:3966:5
[INFO] [stdout]      |
[INFO] [stdout] 3966 |     atomic_int!(AtomicI32, i32, 4);
[INFO] [stdout]      |     ------------------------------ in this macro invocation
[INFO] [stdout]      |
[INFO] [stdout]      = note: this error originates in the macro `static_assert` which comes from the expansion of the macro `atomic_int` (in Nightly builds, run with -Z macro-backtrace for more info)
[INFO] [stdout] 
[INFO] [stdout] 
[INFO] [stdout] error[E0730]: cannot pattern-match on an array without a fixed length
[INFO] [stdout]     --> /opt/rustwide/cargo-home/registry/src/index.crates.io-6f17d22bba15001f/portable-atomic-1.6.0/src/utils.rs:13:13
[INFO] [stdout]      |
[INFO] [stdout] 13   |         let [] = [(); true as usize - $crate::utils::_assert_is_bool($cond) as usize];
[INFO] [stdout]      |             ^^
[INFO] [stdout]      |
[INFO] [stdout]     ::: /opt/rustwide/cargo-home/registry/src/index.crates.io-6f17d22bba15001f/portable-atomic-1.6.0/src/lib.rs:3966:5
[INFO] [stdout]      |
[INFO] [stdout] 3966 |     atomic_int!(AtomicI32, i32, 4);
[INFO] [stdout]      |     ------------------------------ in this macro invocation
[INFO] [stdout]      |
[INFO] [stdout]      = note: this error originates in the macro `static_assert` which comes from the expansion of the macro `atomic_int` (in Nightly builds, run with -Z macro-backtrace for more info)
[INFO] [stdout] 
[INFO] [stdout] 
[INFO] [stderr]    Compiling syn v2.0.41
[INFO] [stdout] error[E0730]: cannot pattern-match on an array without a fixed length
[INFO] [stdout]     --> /opt/rustwide/cargo-home/registry/src/index.crates.io-6f17d22bba15001f/portable-atomic-1.6.0/src/utils.rs:13:13
[INFO] [stdout]      |
[INFO] [stdout] 13   |         let [] = [(); true as usize - $crate::utils::_assert_is_bool($cond) as usize];
[INFO] [stdout]      |             ^^
[INFO] [stdout]      |
[INFO] [stdout]     ::: /opt/rustwide/cargo-home/registry/src/index.crates.io-6f17d22bba15001f/portable-atomic-1.6.0/src/lib.rs:3967:5
[INFO] [stdout]      |
[INFO] [stdout] 3967 |     atomic_int!(AtomicU32, u32, 4);
[INFO] [stdout]      |     ------------------------------ in this macro invocation
[INFO] [stdout]      |
[INFO] [stdout]      = note: this error originates in the macro `static_assert` which comes from the expansion of the macro `atomic_int` (in Nightly builds, run with -Z macro-backtrace for more info)
[INFO] [stdout] 
[INFO] [stdout] 
[INFO] [stdout] error[E0730]: cannot pattern-match on an array without a fixed length
[INFO] [stdout]     --> /opt/rustwide/cargo-home/registry/src/index.crates.io-6f17d22bba15001f/portable-atomic-1.6.0/src/utils.rs:13:13
[INFO] [stdout]      |
[INFO] [stdout] 13   |         let [] = [(); true as usize - $crate::utils::_assert_is_bool($cond) as usize];
[INFO] [stdout]      |             ^^
[INFO] [stdout]      |
[INFO] [stdout]     ::: /opt/rustwide/cargo-home/registry/src/index.crates.io-6f17d22bba15001f/portable-atomic-1.6.0/src/lib.rs:3967:5
[INFO] [stdout]      |
[INFO] [stdout] 3967 |     atomic_int!(AtomicU32, u32, 4);
[INFO] [stdout]      |     ------------------------------ in this macro invocation
[INFO] [stdout]      |
[INFO] [stdout]      = note: this error originates in the macro `static_assert` which comes from the expansion of the macro `atomic_int` (in Nightly builds, run with -Z macro-backtrace for more info)
[INFO] [stdout] 
[INFO] [stdout] 
[INFO] [stderr]    Compiling syn v1.0.109
[INFO] [stdout] error[E0730]: cannot pattern-match on an array without a fixed length
[INFO] [stdout]     --> /opt/rustwide/cargo-home/registry/src/index.crates.io-6f17d22bba15001f/portable-atomic-1.6.0/src/utils.rs:13:13
[INFO] [stdout]      |
[INFO] [stdout] 13   |         let [] = [(); true as usize - $crate::utils::_assert_is_bool($cond) as usize];
[INFO] [stdout]      |             ^^
[INFO] [stdout]      |
[INFO] [stdout]     ::: /opt/rustwide/cargo-home/registry/src/index.crates.io-6f17d22bba15001f/portable-atomic-1.6.0/src/lib.rs:3970:5
[INFO] [stdout]      |
[INFO] [stdout] 3970 |     atomic_int!(AtomicI64, i64, 8);
[INFO] [stdout]      |     ------------------------------ in this macro invocation
[INFO] [stdout]      |
[INFO] [stdout]      = note: this error originates in the macro `static_assert` which comes from the expansion of the macro `atomic_int` (in Nightly builds, run with -Z macro-backtrace for more info)
[INFO] [stdout] 
[INFO] [stdout] 
[INFO] [stdout] error[E0730]: cannot pattern-match on an array without a fixed length
[INFO] [stdout]     --> /opt/rustwide/cargo-home/registry/src/index.crates.io-6f17d22bba15001f/portable-atomic-1.6.0/src/utils.rs:13:13
[INFO] [stdout]      |
[INFO] [stdout] 13   |         let [] = [(); true as usize - $crate::utils::_assert_is_bool($cond) as usize];
[INFO] [stdout]      |             ^^
[INFO] [stdout]      |
[INFO] [stdout]     ::: /opt/rustwide/cargo-home/registry/src/index.crates.io-6f17d22bba15001f/portable-atomic-1.6.0/src/lib.rs:3970:5
[INFO] [stdout]      |
[INFO] [stdout] 3970 |     atomic_int!(AtomicI64, i64, 8);
[INFO] [stdout]      |     ------------------------------ in this macro invocation
[INFO] [stdout]      |
[INFO] [stdout]      = note: this error originates in the macro `static_assert` which comes from the expansion of the macro `atomic_int` (in Nightly builds, run with -Z macro-backtrace for more info)
[INFO] [stdout] 
[INFO] [stdout] 
[INFO] [stdout] error[E0730]: cannot pattern-match on an array without a fixed length
[INFO] [stdout]     --> /opt/rustwide/cargo-home/registry/src/index.crates.io-6f17d22bba15001f/portable-atomic-1.6.0/src/utils.rs:13:13
[INFO] [stdout]      |
[INFO] [stdout] 13   |         let [] = [(); true as usize - $crate::utils::_assert_is_bool($cond) as usize];
[INFO] [stdout]      |             ^^
[INFO] [stdout]      |
[INFO] [stdout]     ::: /opt/rustwide/cargo-home/registry/src/index.crates.io-6f17d22bba15001f/portable-atomic-1.6.0/src/lib.rs:3971:5
[INFO] [stdout]      |
[INFO] [stdout] 3971 |     atomic_int!(AtomicU64, u64, 8);
[INFO] [stdout]      |     ------------------------------ in this macro invocation
[INFO] [stdout]      |
[INFO] [stdout]      = note: this error originates in the macro `static_assert` which comes from the expansion of the macro `atomic_int` (in Nightly builds, run with -Z macro-backtrace for more info)
[INFO] [stdout] 
[INFO] [stdout] 
[INFO] [stdout] error[E0730]: cannot pattern-match on an array without a fixed length
[INFO] [stdout]     --> /opt/rustwide/cargo-home/registry/src/index.crates.io-6f17d22bba15001f/portable-atomic-1.6.0/src/utils.rs:13:13
[INFO] [stdout]      |
[INFO] [stdout] 13   |         let [] = [(); true as usize - $crate::utils::_assert_is_bool($cond) as usize];
[INFO] [stdout]      |             ^^
[INFO] [stdout]      |
[INFO] [stdout]     ::: /opt/rustwide/cargo-home/registry/src/index.crates.io-6f17d22bba15001f/portable-atomic-1.6.0/src/lib.rs:3971:5
[INFO] [stdout]      |
[INFO] [stdout] 3971 |     atomic_int!(AtomicU64, u64, 8);
[INFO] [stdout]      |     ------------------------------ in this macro invocation
[INFO] [stdout]      |
[INFO] [stdout]      = note: this error originates in the macro `static_assert` which comes from the expansion of the macro `atomic_int` (in Nightly builds, run with -Z macro-backtrace for more info)
[INFO] [stdout] 
[INFO] [stdout] 
[INFO] [stdout] error: aborting due to 64 previous errors
[INFO] [stdout] 
[INFO] [stdout] 
[INFO] [stdout] Some errors have detailed explanations: E0282, E0412, E0432, E0433, E0730.
[INFO] [stdout] 
[INFO] [stdout] For more information about an error, try `rustc --explain E0282`.
[INFO] [stdout] 
[INFO] [stderr] error: could not compile `portable-atomic` (lib) due to 65 previous errors
[INFO] [stderr] warning: build failed, waiting for other jobs to finish...
[INFO] running `Command { std: "docker" "inspect" "2ad490ef7206277b083e8e376e945d705858d3fd7b7d86f886541cd11715e0bf", kill_on_drop: false }`
[INFO] running `Command { std: "docker" "rm" "-f" "2ad490ef7206277b083e8e376e945d705858d3fd7b7d86f886541cd11715e0bf", kill_on_drop: false }`
[INFO] [stdout] 2ad490ef7206277b083e8e376e945d705858d3fd7b7d86f886541cd11715e0bf
