[INFO] cloning repository https://github.com/Bert-Proesmans/MagixUI
[INFO] running `Command { std: "git" "-c" "credential.helper=" "-c" "credential.helper=/workspace/cargo-home/bin/git-credential-null" "clone" "--bare" "https://github.com/Bert-Proesmans/MagixUI" "/workspace/cache/git-repos/https%3A%2F%2Fgithub.com%2FBert-Proesmans%2FMagixUI", kill_on_drop: false }`
[INFO] [stderr] Cloning into bare repository '/workspace/cache/git-repos/https%3A%2F%2Fgithub.com%2FBert-Proesmans%2FMagixUI'...
[INFO] running `Command { std: "git" "rev-parse" "HEAD", kill_on_drop: false }`
[INFO] [stdout] 897020fadbd62a2352d76eb4018ab901c86495af
[INFO] documenting Bert-Proesmans/MagixUI against 1.75.0 for beta-1.76-rustdoc-1
[INFO] running `Command { std: "git" "clone" "/workspace/cache/git-repos/https%3A%2F%2Fgithub.com%2FBert-Proesmans%2FMagixUI" "/workspace/builds/worker-3-tc1/source", kill_on_drop: false }`
[INFO] [stderr] Cloning into '/workspace/builds/worker-3-tc1/source'...
[INFO] [stderr] done.
[INFO] validating manifest of git repo https://github.com/Bert-Proesmans/MagixUI on toolchain 1.75.0
[INFO] running `Command { std: CARGO_HOME="/workspace/cargo-home" RUSTUP_HOME="/workspace/rustup-home" "/workspace/cargo-home/bin/cargo" "+1.75.0" "metadata" "--manifest-path" "Cargo.toml" "--no-deps", kill_on_drop: false }`
[INFO] started tweaking git repo https://github.com/Bert-Proesmans/MagixUI
[INFO] finished tweaking git repo https://github.com/Bert-Proesmans/MagixUI
[INFO] tweaked toml for git repo https://github.com/Bert-Proesmans/MagixUI written to /workspace/builds/worker-3-tc1/source/Cargo.toml
[INFO] crate git repo https://github.com/Bert-Proesmans/MagixUI already has a lockfile, it will not be regenerated
[INFO] running `Command { std: CARGO_HOME="/workspace/cargo-home" RUSTUP_HOME="/workspace/rustup-home" "/workspace/cargo-home/bin/cargo" "+1.75.0" "fetch" "--manifest-path" "Cargo.toml", kill_on_drop: false }`
[INFO] running `Command { std: "docker" "create" "-v" "/var/lib/crater-agent-workspace/builds/worker-3-tc1/target:/opt/rustwide/target:rw,Z" "-v" "/var/lib/crater-agent-workspace/builds/worker-3-tc1/source:/opt/rustwide/workdir:ro,Z" "-v" "/var/lib/crater-agent-workspace/cargo-home:/opt/rustwide/cargo-home:ro,Z" "-v" "/var/lib/crater-agent-workspace/rustup-home:/opt/rustwide/rustup-home:ro,Z" "-e" "SOURCE_DIR=/opt/rustwide/workdir" "-e" "CARGO_TARGET_DIR=/opt/rustwide/target" "-e" "CARGO_HOME=/opt/rustwide/cargo-home" "-e" "RUSTUP_HOME=/opt/rustwide/rustup-home" "-w" "/opt/rustwide/workdir" "-m" "1610612736" "--user" "0:0" "--network" "none" "ghcr.io/rust-lang/crates-build-env/linux@sha256:2788e3201cd34a07e3172128adcd8b3090168a8e3bcc40d7c032b9dda1df7d1c" "/opt/rustwide/cargo-home/bin/cargo" "+1.75.0" "metadata" "--no-deps" "--format-version=1", kill_on_drop: false }`
[INFO] [stdout] 755ad35908289850a14bd109baccc151d73ad9581e56745fdaa0ca855364b01e
[INFO] running `Command { std: "docker" "start" "-a" "755ad35908289850a14bd109baccc151d73ad9581e56745fdaa0ca855364b01e", kill_on_drop: false }`
[INFO] running `Command { std: "docker" "inspect" "755ad35908289850a14bd109baccc151d73ad9581e56745fdaa0ca855364b01e", kill_on_drop: false }`
[INFO] running `Command { std: "docker" "rm" "-f" "755ad35908289850a14bd109baccc151d73ad9581e56745fdaa0ca855364b01e", kill_on_drop: false }`
[INFO] [stdout] 755ad35908289850a14bd109baccc151d73ad9581e56745fdaa0ca855364b01e
[INFO] running `Command { std: "docker" "create" "-v" "/var/lib/crater-agent-workspace/builds/worker-3-tc1/target:/opt/rustwide/target:rw,Z" "-v" "/var/lib/crater-agent-workspace/builds/worker-3-tc1/source:/opt/rustwide/workdir:ro,Z" "-v" "/var/lib/crater-agent-workspace/cargo-home:/opt/rustwide/cargo-home:ro,Z" "-v" "/var/lib/crater-agent-workspace/rustup-home:/opt/rustwide/rustup-home:ro,Z" "-e" "SOURCE_DIR=/opt/rustwide/workdir" "-e" "CARGO_TARGET_DIR=/opt/rustwide/target" "-e" "CARGO_INCREMENTAL=0" "-e" "RUST_BACKTRACE=full" "-e" "RUSTFLAGS=--cap-lints=warn" "-e" "RUSTDOCFLAGS=--cap-lints=warn" "-e" "CARGO_HOME=/opt/rustwide/cargo-home" "-e" "RUSTUP_HOME=/opt/rustwide/rustup-home" "-w" "/opt/rustwide/workdir" "-m" "1610612736" "--user" "0:0" "--network" "none" "ghcr.io/rust-lang/crates-build-env/linux@sha256:2788e3201cd34a07e3172128adcd8b3090168a8e3bcc40d7c032b9dda1df7d1c" "/opt/rustwide/cargo-home/bin/cargo" "+1.75.0" "doc" "--frozen" "--no-deps" "--document-private-items" "--message-format=json", kill_on_drop: false }`
[INFO] [stdout] d40b3786a9b606a9ba4eb38896ac1ef38b751733d67c0400976cb2612b5ef1d7
[INFO] running `Command { std: "docker" "start" "-a" "d40b3786a9b606a9ba4eb38896ac1ef38b751733d67c0400976cb2612b5ef1d7", kill_on_drop: false }`
[INFO] [stderr]    Compiling proc-macro2 v1.0.66
[INFO] [stderr]    Compiling memchr v2.5.0
[INFO] [stderr]    Compiling unicode-ident v1.0.11
[INFO] [stderr]    Compiling windows_x86_64_gnu v0.48.5
[INFO] [stderr]    Compiling libc v0.2.147
[INFO] [stderr]    Compiling cc v1.0.79
[INFO] [stderr]    Compiling eyre v0.6.8
[INFO] [stderr]     Checking gimli v0.27.3
[INFO] [stderr]     Checking adler v1.0.2
[INFO] [stderr]     Checking rustc-demangle v0.1.23
[INFO] [stderr]     Checking once_cell v1.18.0
[INFO] [stderr]     Checking cfg-if v1.0.0
[INFO] [stderr]    Compiling log v0.4.18
[INFO] [stderr]    Compiling thiserror v1.0.44
[INFO] [stderr]     Checking indenter v0.3.3
[INFO] [stderr]     Checking owo-colors v1.3.0
[INFO] [stderr]     Checking lexopt v0.3.0
[INFO] [stderr]     Checking miniz_oxide v0.7.1
[INFO] [stderr]     Checking windows-targets v0.48.5
[INFO] [stderr]     Checking windows-core v0.51.1
[INFO] [stderr]     Checking object v0.31.1
[INFO] [stderr]    Compiling quote v1.0.31
[INFO] [stderr]    Compiling backtrace v0.3.68
[INFO] [stderr]    Compiling syn v2.0.27
[INFO] [stderr]     Checking windows v0.51.1
[INFO] [stderr]     Checking addr2line v0.20.0
[INFO] [stderr]    Compiling thiserror-impl v1.0.44
[INFO] [stderr]     Checking color-eyre v0.5.11
[INFO] [stderr]     Checking magixui v0.1.0 (/opt/rustwide/workdir)
[INFO] [stderr]  Documenting magixui v0.1.0 (/opt/rustwide/workdir)
[INFO] [stdout] error: This project only works on Windows systems!
[INFO] [stdout]  --> src/lib.rs:2:1
[INFO] [stdout]   |
[INFO] [stdout] 2 | compile_error!("This project only works on Windows systems!");
[INFO] [stdout]   | ^^^^^^^^^^^^^^^^^^^^^^^^^^^^^^^^^^^^^^^^^^^^^^^^^^^^^^^^^^^^^
[INFO] [stdout] 
[INFO] [stdout] 
[INFO] [stdout] error: This project only works on Windows systems!
[INFO] [stdout]  --> src/lib.rs:2:1
[INFO] [stdout]   |
[INFO] [stdout] 2 | compile_error!("This project only works on Windows systems!");
[INFO] [stdout]   | ^^^^^^^^^^^^^^^^^^^^^^^^^^^^^^^^^^^^^^^^^^^^^^^^^^^^^^^^^^^^^
[INFO] [stdout] 
[INFO] [stdout] 
[INFO] [stdout] error[E0433]: failed to resolve: could not find `windows` in `os`
[INFO] [stdout]  --> src/lib.rs:9:9
[INFO] [stdout]   |
[INFO] [stdout] 9 |     os::windows::prelude::{OsStrExt, OsStringExt},
[INFO] [stdout]   |         ^^^^^^^ could not find `windows` in `os`
[INFO] [stdout] 
[INFO] [stdout] 
[INFO] [stdout] error[E0433]: failed to resolve: could not find `windows` in `os`
[INFO] [stdout]  --> src/lib.rs:9:9
[INFO] [stdout]   |
[INFO] [stdout] 9 |     os::windows::prelude::{OsStrExt, OsStringExt},
[INFO] [stdout]   |         ^^^^^^^ could not find `windows` in `os`
[INFO] [stdout] 
[INFO] [stdout] 
[INFO] [stdout] error: aborting due to 2 previous errors
[INFO] [stdout] 
[INFO] [stdout] 
[INFO] [stdout] For more information about this error, try `rustc --explain E0433`.
[INFO] [stdout] 
[INFO] [stderr] error: could not document `magixui`
[INFO] [stderr] 
[INFO] [stderr] Caused by:
[INFO] [stderr]   process didn't exit successfully: `/opt/rustwide/rustup-home/toolchains/1.75.0-x86_64-unknown-linux-gnu/bin/rustdoc --edition=2021 --crate-type lib --crate-name magixui src/lib.rs -o /opt/rustwide/target/doc --error-format=json --json=diagnostic-rendered-ansi,artifacts,future-incompat --document-private-items -C metadata=a18209db882df3e7 -L dependency=/opt/rustwide/target/debug/deps --extern color_eyre=/opt/rustwide/target/debug/deps/libcolor_eyre-e8b50bad334fab8a.rmeta --extern lexopt=/opt/rustwide/target/debug/deps/liblexopt-2b8cae030bbdb3f0.rmeta --extern log=/opt/rustwide/target/debug/deps/liblog-6c938bac0674e7f1.rmeta --extern thiserror=/opt/rustwide/target/debug/deps/libthiserror-501288fd43a4fb20.rmeta --extern windows=/opt/rustwide/target/debug/deps/libwindows-9979c1a6ec90224e.rmeta --cap-lints=warn --crate-version 0.1.0` (exit status: 1)
[INFO] [stderr] warning: build failed, waiting for other jobs to finish...
[INFO] [stdout] error[E0599]: no method named `encode_wide` found for reference `&OsStr` in the current scope
[INFO] [stdout]   --> src/lib.rs:66:37
[INFO] [stdout]    |
[INFO] [stdout] 66 |     let haystack: Vec<_> = haystack.encode_wide().collect();
[INFO] [stdout]    |                                     ^^^^^^^^^^^ method not found in `&OsStr`
[INFO] [stdout] 
[INFO] [stdout] 
[INFO] [stdout] error[E0599]: no method named `encode_wide` found for reference `&OsStr` in the current scope
[INFO] [stdout]   --> src/lib.rs:76:37
[INFO] [stdout]    |
[INFO] [stdout] 76 |     let haystack: Vec<_> = haystack.encode_wide().collect();
[INFO] [stdout]    |                                     ^^^^^^^^^^^ method not found in `&OsStr`
[INFO] [stdout] 
[INFO] [stdout] 
[INFO] [stdout] error[E0599]: no method named `encode_wide` found for reference `&OsStr` in the current scope
[INFO] [stdout]   --> src/lib.rs:86:37
[INFO] [stdout]    |
[INFO] [stdout] 86 |     let haystack: Vec<_> = haystack.encode_wide().collect();
[INFO] [stdout]    |                                     ^^^^^^^^^^^ method not found in `&OsStr`
[INFO] [stdout] 
[INFO] [stdout] 
[INFO] [stdout] error[E0599]: no method named `encode_wide` found for reference `&OsStr` in the current scope
[INFO] [stdout]   --> src/lib.rs:96:37
[INFO] [stdout]    |
[INFO] [stdout] 96 |     let haystack: Vec<_> = haystack.encode_wide().collect();
[INFO] [stdout]    |                                     ^^^^^^^^^^^ method not found in `&OsStr`
[INFO] [stdout] 
[INFO] [stdout] 
[INFO] [stdout] error[E0599]: no method named `encode_wide` found for reference `&OsStr` in the current scope
[INFO] [stdout]    --> src/lib.rs:105:44
[INFO] [stdout]     |
[INFO] [stdout] 105 |     let haystack: Vec<_> = haystack_string.encode_wide().collect();
[INFO] [stdout]     |                                            ^^^^^^^^^^^ method not found in `&OsStr`
[INFO] [stdout] 
[INFO] [stdout] 
[INFO] [stdout] error[E0599]: no method named `encode_wide` found for struct `OsString` in the current scope
[INFO] [stdout]    --> src/lib.rs:130:34
[INFO] [stdout]     |
[INFO] [stdout] 130 |         true => Some(constructed.encode_wide().collect()),
[INFO] [stdout]     |                                  ^^^^^^^^^^^ method not found in `OsString`
[INFO] [stdout] 
[INFO] [stdout] 
[INFO] [stdout] error[E0599]: no function or associated item named `from_wide` found for struct `OsString` in the current scope
[INFO] [stdout]    --> src/lib.rs:385:37
[INFO] [stdout]     |
[INFO] [stdout] 385 |         let wide_string = OsString::from_wide(unsafe { wide_string.as_wide() });
[INFO] [stdout]     |                                     ^^^^^^^^^ function or associated item not found in `OsString`
[INFO] [stdout]     |
[INFO] [stdout] note: if you're trying to build a new `OsString` consider using one of the following associated functions:
[INFO] [stdout]       OsString::new
[INFO] [stdout]       OsString::from_encoded_bytes_unchecked
[INFO] [stdout]       OsString::with_capacity
[INFO] [stdout]    --> /rustc/82e1608dfa6e0b5569232559e3d385fea5a93112/library/std/src/ffi/os_str.rs:140:5
[INFO] [stdout] 
[INFO] [stdout] 
[INFO] [stdout] error[E0599]: no method named `encode_wide` found for reference `&OsStr` in the current scope
[INFO] [stdout]    --> src/lib.rs:598:50
[INFO] [stdout]     |
[INFO] [stdout] 598 |         let user_name_buffer: Vec<_> = user_name.encode_wide().chain(Some(0)).collect();
[INFO] [stdout]     |                                                  ^^^^^^^^^^^ method not found in `&OsStr`
[INFO] [stdout] 
[INFO] [stdout] 
[INFO] [stdout] error[E0034]: multiple applicable items in scope
[INFO] [stdout]    --> src/lib.rs:676:37
[INFO] [stdout]     |
[INFO] [stdout] 676 |             unsafe { WrappedHandle::new(CreateToolhelp32Snapshot(TH32CS_SNAPPROCESS, 0)?) };
[INFO] [stdout]     |                                     ^^^ multiple `new` found
[INFO] [stdout]     |
[INFO] [stdout] note: candidate #1 is defined in an impl for the type `WrappedHandle`
[INFO] [stdout]    --> src/lib.rs:298:5
[INFO] [stdout]     |
[INFO] [stdout] 298 |     pub unsafe fn new(handle: HANDLE) -> Self {
[INFO] [stdout]     |     ^^^^^^^^^^^^^^^^^^^^^^^^^^^^^^^^^^^^^^^^^
[INFO] [stdout] note: candidate #2 is defined in an impl for the type `WrappedHandle<ProcessToken>`
[INFO] [stdout]    --> src/lib.rs:403:5
[INFO] [stdout]     |
[INFO] [stdout] 403 |     pub unsafe fn new(handle: HANDLE) -> Self {
[INFO] [stdout]     |     ^^^^^^^^^^^^^^^^^^^^^^^^^^^^^^^^^^^^^^^^^
[INFO] [stdout] 
[INFO] [stdout] 
[INFO] [stdout] error: aborting due to 11 previous errors
[INFO] [stdout] 
[INFO] [stdout] 
[INFO] [stdout] Some errors have detailed explanations: E0034, E0433, E0599.
[INFO] [stdout] 
[INFO] [stdout] For more information about an error, try `rustc --explain E0034`.
[INFO] [stdout] 
[INFO] [stderr] error: could not compile `magixui` (lib) due to 12 previous errors
[INFO] running `Command { std: "docker" "inspect" "d40b3786a9b606a9ba4eb38896ac1ef38b751733d67c0400976cb2612b5ef1d7", kill_on_drop: false }`
[INFO] running `Command { std: "docker" "rm" "-f" "d40b3786a9b606a9ba4eb38896ac1ef38b751733d67c0400976cb2612b5ef1d7", kill_on_drop: false }`
[INFO] [stdout] d40b3786a9b606a9ba4eb38896ac1ef38b751733d67c0400976cb2612b5ef1d7
[INFO] documenting Bert-Proesmans/MagixUI against beta-2023-12-22 for beta-1.76-rustdoc-1
[INFO] running `Command { std: "git" "clone" "/workspace/cache/git-repos/https%3A%2F%2Fgithub.com%2FBert-Proesmans%2FMagixUI" "/workspace/builds/worker-3-tc2/source", kill_on_drop: false }`
[INFO] [stderr] Cloning into '/workspace/builds/worker-3-tc2/source'...
[INFO] [stderr] done.
[INFO] validating manifest of git repo https://github.com/Bert-Proesmans/MagixUI on toolchain beta-2023-12-22
[INFO] running `Command { std: CARGO_HOME="/workspace/cargo-home" RUSTUP_HOME="/workspace/rustup-home" "/workspace/cargo-home/bin/cargo" "+beta-2023-12-22" "metadata" "--manifest-path" "Cargo.toml" "--no-deps", kill_on_drop: false }`
[INFO] started tweaking git repo https://github.com/Bert-Proesmans/MagixUI
[INFO] finished tweaking git repo https://github.com/Bert-Proesmans/MagixUI
[INFO] tweaked toml for git repo https://github.com/Bert-Proesmans/MagixUI written to /workspace/builds/worker-3-tc2/source/Cargo.toml
[INFO] crate git repo https://github.com/Bert-Proesmans/MagixUI already has a lockfile, it will not be regenerated
[INFO] running `Command { std: CARGO_HOME="/workspace/cargo-home" RUSTUP_HOME="/workspace/rustup-home" "/workspace/cargo-home/bin/cargo" "+beta-2023-12-22" "fetch" "--manifest-path" "Cargo.toml", kill_on_drop: false }`
[INFO] running `Command { std: "docker" "create" "-v" "/var/lib/crater-agent-workspace/builds/worker-3-tc2/target:/opt/rustwide/target:rw,Z" "-v" "/var/lib/crater-agent-workspace/builds/worker-3-tc2/source:/opt/rustwide/workdir:ro,Z" "-v" "/var/lib/crater-agent-workspace/cargo-home:/opt/rustwide/cargo-home:ro,Z" "-v" "/var/lib/crater-agent-workspace/rustup-home:/opt/rustwide/rustup-home:ro,Z" "-e" "SOURCE_DIR=/opt/rustwide/workdir" "-e" "CARGO_TARGET_DIR=/opt/rustwide/target" "-e" "CARGO_HOME=/opt/rustwide/cargo-home" "-e" "RUSTUP_HOME=/opt/rustwide/rustup-home" "-w" "/opt/rustwide/workdir" "-m" "1610612736" "--user" "0:0" "--network" "none" "ghcr.io/rust-lang/crates-build-env/linux@sha256:2788e3201cd34a07e3172128adcd8b3090168a8e3bcc40d7c032b9dda1df7d1c" "/opt/rustwide/cargo-home/bin/cargo" "+beta-2023-12-22" "metadata" "--no-deps" "--format-version=1", kill_on_drop: false }`
[INFO] [stdout] 76b1e64f68314d91ee253062275c9f3461ed3e2949720d5b49467bf28525fd3e
[INFO] running `Command { std: "docker" "start" "-a" "76b1e64f68314d91ee253062275c9f3461ed3e2949720d5b49467bf28525fd3e", kill_on_drop: false }`
[INFO] running `Command { std: "docker" "inspect" "76b1e64f68314d91ee253062275c9f3461ed3e2949720d5b49467bf28525fd3e", kill_on_drop: false }`
[INFO] running `Command { std: "docker" "rm" "-f" "76b1e64f68314d91ee253062275c9f3461ed3e2949720d5b49467bf28525fd3e", kill_on_drop: false }`
[INFO] [stdout] 76b1e64f68314d91ee253062275c9f3461ed3e2949720d5b49467bf28525fd3e
[INFO] running `Command { std: "docker" "create" "-v" "/var/lib/crater-agent-workspace/builds/worker-3-tc2/target:/opt/rustwide/target:rw,Z" "-v" "/var/lib/crater-agent-workspace/builds/worker-3-tc2/source:/opt/rustwide/workdir:ro,Z" "-v" "/var/lib/crater-agent-workspace/cargo-home:/opt/rustwide/cargo-home:ro,Z" "-v" "/var/lib/crater-agent-workspace/rustup-home:/opt/rustwide/rustup-home:ro,Z" "-e" "SOURCE_DIR=/opt/rustwide/workdir" "-e" "CARGO_TARGET_DIR=/opt/rustwide/target" "-e" "CARGO_INCREMENTAL=0" "-e" "RUST_BACKTRACE=full" "-e" "RUSTFLAGS=--cap-lints=warn" "-e" "RUSTDOCFLAGS=--cap-lints=warn" "-e" "CARGO_HOME=/opt/rustwide/cargo-home" "-e" "RUSTUP_HOME=/opt/rustwide/rustup-home" "-w" "/opt/rustwide/workdir" "-m" "1610612736" "--user" "0:0" "--network" "none" "ghcr.io/rust-lang/crates-build-env/linux@sha256:2788e3201cd34a07e3172128adcd8b3090168a8e3bcc40d7c032b9dda1df7d1c" "/opt/rustwide/cargo-home/bin/cargo" "+beta-2023-12-22" "doc" "--frozen" "--no-deps" "--document-private-items" "--message-format=json", kill_on_drop: false }`
[INFO] [stdout] 94df509fde3d8726cef35b3ae7649d275b7f046fd60b8e9d573fae12de62f1a2
[INFO] running `Command { std: "docker" "start" "-a" "94df509fde3d8726cef35b3ae7649d275b7f046fd60b8e9d573fae12de62f1a2", kill_on_drop: false }`
[INFO] [stderr]    Compiling proc-macro2 v1.0.66
[INFO] [stderr]    Compiling unicode-ident v1.0.11
[INFO] [stderr]    Compiling windows_x86_64_gnu v0.48.5
[INFO] [stderr]    Compiling memchr v2.5.0
[INFO] [stderr]    Compiling cc v1.0.79
[INFO] [stderr]    Compiling libc v0.2.147
[INFO] [stderr]    Compiling eyre v0.6.8
[INFO] [stderr]     Checking adler v1.0.2
[INFO] [stderr]     Checking gimli v0.27.3
[INFO] [stderr]     Checking once_cell v1.18.0
[INFO] [stderr]     Checking indenter v0.3.3
[INFO] [stderr]    Compiling thiserror v1.0.44
[INFO] [stderr]     Checking rustc-demangle v0.1.23
[INFO] [stderr]    Compiling log v0.4.18
[INFO] [stderr]     Checking cfg-if v1.0.0
[INFO] [stderr]     Checking owo-colors v1.3.0
[INFO] [stderr]     Checking lexopt v0.3.0
[INFO] [stderr]     Checking miniz_oxide v0.7.1
[INFO] [stderr]     Checking windows-targets v0.48.5
[INFO] [stderr]     Checking windows-core v0.51.1
[INFO] [stderr]     Checking object v0.31.1
[INFO] [stderr]    Compiling backtrace v0.3.68
[INFO] [stderr]     Checking windows v0.51.1
[INFO] [stderr]    Compiling quote v1.0.31
[INFO] [stderr]    Compiling syn v2.0.27
[INFO] [stderr]     Checking addr2line v0.20.0
[INFO] [stderr]    Compiling thiserror-impl v1.0.44
[INFO] [stderr]     Checking color-eyre v0.5.11
[INFO] [stderr]     Checking magixui v0.1.0 (/opt/rustwide/workdir)
[INFO] [stderr]  Documenting magixui v0.1.0 (/opt/rustwide/workdir)
[INFO] [stdout] error: This project only works on Windows systems!
[INFO] [stdout]  --> src/lib.rs:2:1
[INFO] [stdout]   |
[INFO] [stdout] 2 | compile_error!("This project only works on Windows systems!");
[INFO] [stdout]   | ^^^^^^^^^^^^^^^^^^^^^^^^^^^^^^^^^^^^^^^^^^^^^^^^^^^^^^^^^^^^^
[INFO] [stdout] 
[INFO] [stdout] 
[INFO] [stdout] error: This project only works on Windows systems!
[INFO] [stdout]  --> src/lib.rs:2:1
[INFO] [stdout]   |
[INFO] [stdout] 2 | compile_error!("This project only works on Windows systems!");
[INFO] [stdout]   | ^^^^^^^^^^^^^^^^^^^^^^^^^^^^^^^^^^^^^^^^^^^^^^^^^^^^^^^^^^^^^
[INFO] [stdout] 
[INFO] [stdout] 
[INFO] [stdout] error[E0433]: failed to resolve: could not find `windows` in `os`
[INFO] [stdout]  --> src/lib.rs:9:9
[INFO] [stdout]   |
[INFO] [stdout] 9 |     os::windows::prelude::{OsStrExt, OsStringExt},
[INFO] [stdout]   |         ^^^^^^^ could not find `windows` in `os`
[INFO] [stdout] 
[INFO] [stdout] 
[INFO] [stdout] error[E0433]: failed to resolve: could not find `windows` in `os`
[INFO] [stdout]  --> src/lib.rs:9:9
[INFO] [stdout]   |
[INFO] [stdout] 9 |     os::windows::prelude::{OsStrExt, OsStringExt},
[INFO] [stdout]   |         ^^^^^^^ could not find `windows` in `os`
[INFO] [stdout] 
[INFO] [stdout] 
[INFO] [stdout] error: aborting due to 2 previous errors
[INFO] [stdout] 
[INFO] [stdout] 
[INFO] [stdout] For more information about this error, try `rustc --explain E0433`.
[INFO] [stdout] 
[INFO] [stderr] error: could not document `magixui`
[INFO] [stderr] 
[INFO] [stderr] Caused by:
[INFO] [stderr]   process didn't exit successfully: `/opt/rustwide/rustup-home/toolchains/beta-2023-12-22-x86_64-unknown-linux-gnu/bin/rustdoc --edition=2021 --crate-type lib --crate-name magixui src/lib.rs -o /opt/rustwide/target/doc --error-format=json --json=diagnostic-rendered-ansi,artifacts,future-incompat --document-private-items -C metadata=fd4e2d4ac194a543 -L dependency=/opt/rustwide/target/debug/deps --extern color_eyre=/opt/rustwide/target/debug/deps/libcolor_eyre-d3824b58f8f6079d.rmeta --extern lexopt=/opt/rustwide/target/debug/deps/liblexopt-a8f02bac2290a586.rmeta --extern log=/opt/rustwide/target/debug/deps/liblog-f06d2decbe6c8a46.rmeta --extern thiserror=/opt/rustwide/target/debug/deps/libthiserror-39dce980d30d2ae3.rmeta --extern windows=/opt/rustwide/target/debug/deps/libwindows-dae57179badbf9c2.rmeta --cap-lints=warn --crate-version 0.1.0` (exit status: 1)
[INFO] [stderr] warning: build failed, waiting for other jobs to finish...
[INFO] [stdout] error[E0599]: no method named `encode_wide` found for reference `&OsStr` in the current scope
[INFO] [stdout]   --> src/lib.rs:66:37
[INFO] [stdout]    |
[INFO] [stdout] 66 |     let haystack: Vec<_> = haystack.encode_wide().collect();
[INFO] [stdout]    |                                     ^^^^^^^^^^^ method not found in `&OsStr`
[INFO] [stdout] 
[INFO] [stdout] 
[INFO] [stdout] error[E0599]: no method named `encode_wide` found for reference `&OsStr` in the current scope
[INFO] [stdout]   --> src/lib.rs:76:37
[INFO] [stdout]    |
[INFO] [stdout] 76 |     let haystack: Vec<_> = haystack.encode_wide().collect();
[INFO] [stdout]    |                                     ^^^^^^^^^^^ method not found in `&OsStr`
[INFO] [stdout] 
[INFO] [stdout] 
[INFO] [stdout] error[E0599]: no method named `encode_wide` found for reference `&OsStr` in the current scope
[INFO] [stdout]   --> src/lib.rs:86:37
[INFO] [stdout]    |
[INFO] [stdout] 86 |     let haystack: Vec<_> = haystack.encode_wide().collect();
[INFO] [stdout]    |                                     ^^^^^^^^^^^ method not found in `&OsStr`
[INFO] [stdout] 
[INFO] [stdout] 
[INFO] [stdout] error[E0599]: no method named `encode_wide` found for reference `&OsStr` in the current scope
[INFO] [stdout]   --> src/lib.rs:96:37
[INFO] [stdout]    |
[INFO] [stdout] 96 |     let haystack: Vec<_> = haystack.encode_wide().collect();
[INFO] [stdout]    |                                     ^^^^^^^^^^^ method not found in `&OsStr`
[INFO] [stdout] 
[INFO] [stdout] 
[INFO] [stdout] error[E0599]: no method named `encode_wide` found for reference `&OsStr` in the current scope
[INFO] [stdout]    --> src/lib.rs:105:44
[INFO] [stdout]     |
[INFO] [stdout] 105 |     let haystack: Vec<_> = haystack_string.encode_wide().collect();
[INFO] [stdout]     |                                            ^^^^^^^^^^^ method not found in `&OsStr`
[INFO] [stdout] 
[INFO] [stdout] 
[INFO] [stdout] error[E0599]: no method named `encode_wide` found for struct `OsString` in the current scope
[INFO] [stdout]    --> src/lib.rs:130:34
[INFO] [stdout]     |
[INFO] [stdout] 130 |         true => Some(constructed.encode_wide().collect()),
[INFO] [stdout]     |                                  ^^^^^^^^^^^ method not found in `OsString`
[INFO] [stdout] 
[INFO] [stdout] 
[INFO] [stdout] error[E0599]: no function or associated item named `from_wide` found for struct `OsString` in the current scope
[INFO] [stdout]    --> src/lib.rs:385:37
[INFO] [stdout]     |
[INFO] [stdout] 385 |         let wide_string = OsString::from_wide(unsafe { wide_string.as_wide() });
[INFO] [stdout]     |                                     ^^^^^^^^^ function or associated item not found in `OsString`
[INFO] [stdout]     |
[INFO] [stdout] note: if you're trying to build a new `OsString` consider using one of the following associated functions:
[INFO] [stdout]       OsString::new
[INFO] [stdout]       OsString::from_encoded_bytes_unchecked
[INFO] [stdout]       OsString::with_capacity
[INFO] [stdout]    --> /rustc/0e09125c6c3c2fd70d7de961bcf0e51575235fad/library/std/src/ffi/os_str.rs:141:5
[INFO] [stdout] 
[INFO] [stdout] 
[INFO] [stdout] error[E0599]: no method named `encode_wide` found for reference `&OsStr` in the current scope
[INFO] [stdout]    --> src/lib.rs:598:50
[INFO] [stdout]     |
[INFO] [stdout] 598 |         let user_name_buffer: Vec<_> = user_name.encode_wide().chain(Some(0)).collect();
[INFO] [stdout]     |                                                  ^^^^^^^^^^^ method not found in `&OsStr`
[INFO] [stdout] 
[INFO] [stdout] 
[INFO] [stdout] error[E0034]: multiple applicable items in scope
[INFO] [stdout]    --> src/lib.rs:676:37
[INFO] [stdout]     |
[INFO] [stdout] 676 |             unsafe { WrappedHandle::new(CreateToolhelp32Snapshot(TH32CS_SNAPPROCESS, 0)?) };
[INFO] [stdout]     |                                     ^^^ multiple `new` found
[INFO] [stdout]     |
[INFO] [stdout] note: candidate #1 is defined in an impl for the type `WrappedHandle`
[INFO] [stdout]    --> src/lib.rs:298:5
[INFO] [stdout]     |
[INFO] [stdout] 298 |     pub unsafe fn new(handle: HANDLE) -> Self {
[INFO] [stdout]     |     ^^^^^^^^^^^^^^^^^^^^^^^^^^^^^^^^^^^^^^^^^
[INFO] [stdout] note: candidate #2 is defined in an impl for the type `WrappedHandle<ProcessToken>`
[INFO] [stdout]    --> src/lib.rs:403:5
[INFO] [stdout]     |
[INFO] [stdout] 403 |     pub unsafe fn new(handle: HANDLE) -> Self {
[INFO] [stdout]     |     ^^^^^^^^^^^^^^^^^^^^^^^^^^^^^^^^^^^^^^^^^
[INFO] [stdout] 
[INFO] [stdout] 
[INFO] [stdout] error: aborting due to 11 previous errors
[INFO] [stdout] 
[INFO] [stdout] 
[INFO] [stdout] Some errors have detailed explanations: E0034, E0433, E0599.
[INFO] [stdout] 
[INFO] [stdout] For more information about an error, try `rustc --explain E0034`.
[INFO] [stdout] 
[INFO] [stderr] error: could not compile `magixui` (lib) due to 12 previous errors
[INFO] running `Command { std: "docker" "inspect" "94df509fde3d8726cef35b3ae7649d275b7f046fd60b8e9d573fae12de62f1a2", kill_on_drop: false }`
[INFO] running `Command { std: "docker" "rm" "-f" "94df509fde3d8726cef35b3ae7649d275b7f046fd60b8e9d573fae12de62f1a2", kill_on_drop: false }`
[INFO] [stdout] 94df509fde3d8726cef35b3ae7649d275b7f046fd60b8e9d573fae12de62f1a2
