[INFO] cloning repository https://github.com/Battula-anil-app-could/dx-sdk-6.0
[INFO] running `Command { std: "git" "-c" "credential.helper=" "-c" "credential.helper=/workspace/cargo-home/bin/git-credential-null" "clone" "--bare" "https://github.com/Battula-anil-app-could/dx-sdk-6.0" "/workspace/cache/git-repos/https%3A%2F%2Fgithub.com%2FBattula-anil-app-could%2Fdx-sdk-6.0", kill_on_drop: false }`
[INFO] [stderr] Cloning into bare repository '/workspace/cache/git-repos/https%3A%2F%2Fgithub.com%2FBattula-anil-app-could%2Fdx-sdk-6.0'...
[INFO] running `Command { std: "git" "rev-parse" "HEAD", kill_on_drop: false }`
[INFO] [stdout] bbcc60849582f9f50a6fddd4ad5a6cd9dbeae396
[INFO] documenting Battula-anil-app-could/dx-sdk-6.0 against 1.75.0 for beta-1.76-rustdoc-1
[INFO] running `Command { std: "git" "clone" "/workspace/cache/git-repos/https%3A%2F%2Fgithub.com%2FBattula-anil-app-could%2Fdx-sdk-6.0" "/workspace/builds/worker-5-tc1/source", kill_on_drop: false }`
[INFO] [stderr] Cloning into '/workspace/builds/worker-5-tc1/source'...
[INFO] [stderr] done.
[INFO] validating manifest of git repo https://github.com/Battula-anil-app-could/dx-sdk-6.0 on toolchain 1.75.0
[INFO] running `Command { std: CARGO_HOME="/workspace/cargo-home" RUSTUP_HOME="/workspace/rustup-home" "/workspace/cargo-home/bin/cargo" "+1.75.0" "metadata" "--manifest-path" "Cargo.toml" "--no-deps", kill_on_drop: false }`
[INFO] started tweaking git repo https://github.com/Battula-anil-app-could/dx-sdk-6.0
[INFO] finished tweaking git repo https://github.com/Battula-anil-app-could/dx-sdk-6.0
[INFO] tweaked toml for git repo https://github.com/Battula-anil-app-could/dx-sdk-6.0 written to /workspace/builds/worker-5-tc1/source/Cargo.toml
[INFO] crate git repo https://github.com/Battula-anil-app-could/dx-sdk-6.0 already has a lockfile, it will not be regenerated
[INFO] running `Command { std: CARGO_HOME="/workspace/cargo-home" RUSTUP_HOME="/workspace/rustup-home" "/workspace/cargo-home/bin/cargo" "+1.75.0" "fetch" "--manifest-path" "Cargo.toml", kill_on_drop: false }`
[INFO] [stderr]     Updating crates.io index
[INFO] [stderr]  Downloading crates ...
[INFO] [stderr]   Downloaded ruplacer v0.8.2
[INFO] [stderr]   Downloaded rand_seeder v0.2.3
[INFO] [stderr]   Downloaded fiat-crypto v0.2.1
[INFO] [stderr]   Downloaded multiversx-chain-vm-executor v0.1.0
[INFO] running `Command { std: "docker" "create" "-v" "/var/lib/crater-agent-workspace/builds/worker-5-tc1/target:/opt/rustwide/target:rw,Z" "-v" "/var/lib/crater-agent-workspace/builds/worker-5-tc1/source:/opt/rustwide/workdir:ro,Z" "-v" "/var/lib/crater-agent-workspace/cargo-home:/opt/rustwide/cargo-home:ro,Z" "-v" "/var/lib/crater-agent-workspace/rustup-home:/opt/rustwide/rustup-home:ro,Z" "-e" "SOURCE_DIR=/opt/rustwide/workdir" "-e" "CARGO_TARGET_DIR=/opt/rustwide/target" "-e" "CARGO_HOME=/opt/rustwide/cargo-home" "-e" "RUSTUP_HOME=/opt/rustwide/rustup-home" "-w" "/opt/rustwide/workdir" "-m" "1610612736" "--user" "0:0" "--network" "none" "ghcr.io/rust-lang/crates-build-env/linux@sha256:2788e3201cd34a07e3172128adcd8b3090168a8e3bcc40d7c032b9dda1df7d1c" "/opt/rustwide/cargo-home/bin/cargo" "+1.75.0" "metadata" "--no-deps" "--format-version=1", kill_on_drop: false }`
[INFO] [stdout] b82c1d9caa0d44acf78097c6f42882ea21b56511d4feb97f31b53cd490e401b1
[INFO] running `Command { std: "docker" "start" "-a" "b82c1d9caa0d44acf78097c6f42882ea21b56511d4feb97f31b53cd490e401b1", kill_on_drop: false }`
[INFO] running `Command { std: "docker" "inspect" "b82c1d9caa0d44acf78097c6f42882ea21b56511d4feb97f31b53cd490e401b1", kill_on_drop: false }`
[INFO] running `Command { std: "docker" "rm" "-f" "b82c1d9caa0d44acf78097c6f42882ea21b56511d4feb97f31b53cd490e401b1", kill_on_drop: false }`
[INFO] [stdout] b82c1d9caa0d44acf78097c6f42882ea21b56511d4feb97f31b53cd490e401b1
[INFO] running `Command { std: "docker" "create" "-v" "/var/lib/crater-agent-workspace/builds/worker-5-tc1/target:/opt/rustwide/target:rw,Z" "-v" "/var/lib/crater-agent-workspace/builds/worker-5-tc1/source:/opt/rustwide/workdir:ro,Z" "-v" "/var/lib/crater-agent-workspace/cargo-home:/opt/rustwide/cargo-home:ro,Z" "-v" "/var/lib/crater-agent-workspace/rustup-home:/opt/rustwide/rustup-home:ro,Z" "-e" "SOURCE_DIR=/opt/rustwide/workdir" "-e" "CARGO_TARGET_DIR=/opt/rustwide/target" "-e" "CARGO_INCREMENTAL=0" "-e" "RUST_BACKTRACE=full" "-e" "RUSTFLAGS=--cap-lints=warn" "-e" "RUSTDOCFLAGS=--cap-lints=warn" "-e" "CARGO_HOME=/opt/rustwide/cargo-home" "-e" "RUSTUP_HOME=/opt/rustwide/rustup-home" "-w" "/opt/rustwide/workdir" "-m" "1610612736" "--user" "0:0" "--network" "none" "ghcr.io/rust-lang/crates-build-env/linux@sha256:2788e3201cd34a07e3172128adcd8b3090168a8e3bcc40d7c032b9dda1df7d1c" "/opt/rustwide/cargo-home/bin/cargo" "+1.75.0" "doc" "--frozen" "--no-deps" "--document-private-items" "--message-format=json", kill_on_drop: false }`
[INFO] [stdout] 5e092df083bc0a01f35da7b884a9a52fc7b6fe3060743e8685cc2b08428dfc47
[INFO] running `Command { std: "docker" "start" "-a" "5e092df083bc0a01f35da7b884a9a52fc7b6fe3060743e8685cc2b08428dfc47", kill_on_drop: false }`
[INFO] [stderr]    Compiling proc-macro2 v1.0.67
[INFO] [stderr]    Compiling unicode-ident v1.0.12
[INFO] [stderr]    Compiling syn v1.0.109
[INFO] [stderr]    Compiling hex v0.4.3
[INFO] [stderr]    Compiling smallvec v1.11.1
[INFO] [stderr]    Compiling endian-type v0.1.2
[INFO] [stderr]    Compiling hex-literal v0.3.4
[INFO] [stderr]     Checking arrayvec v0.7.4
[INFO] [stderr]    Compiling libc v0.2.148
[INFO] [stderr]    Compiling typenum v1.17.0
[INFO] [stderr]    Compiling num-integer v0.1.45
[INFO] [stderr]    Compiling num-bigint v0.4.4
[INFO] [stderr]     Checking memchr v2.6.3
[INFO] [stderr]     Checking subtle v2.4.1
[INFO] [stderr]    Compiling serde v1.0.188
[INFO] [stderr]     Checking pin-project-lite v0.2.13
[INFO] [stderr]     Checking log v0.4.20
[INFO] [stderr]     Checking bitflags v2.4.0
[INFO] [stderr]    Compiling slab v0.4.9
[INFO] [stderr]    Compiling nibble_vec v0.1.0
[INFO] [stderr]     Checking bytes v1.5.0
[INFO] [stderr]    Compiling semver v1.0.19
[INFO] [stderr]     Checking regex-syntax v0.7.5
[INFO] [stderr]    Compiling radix_trie v0.2.1
[INFO] [stderr]     Checking equivalent v1.0.1
[INFO] [stderr]     Checking hashbrown v0.14.0
[INFO] [stderr]    Compiling anyhow v1.0.75
[INFO] [stderr]    Compiling openssl v0.10.57
[INFO] [stderr]     Checking tracing v0.1.37
[INFO] [stderr]    Compiling serde_json v1.0.107
[INFO] [stderr]     Checking aho-corasick v1.1.1
[INFO] [stderr]    Compiling rustix v0.38.14
[INFO] [stderr]     Checking linux-raw-sys v0.4.7
[INFO] [stderr]     Checking anstyle-parse v0.2.1
[INFO] [stderr]     Checking http v0.2.9
[INFO] [stderr]     Checking anstyle v1.0.3
[INFO] [stderr]     Checking same-file v1.0.6
[INFO] [stderr]     Checking url v2.4.1
[INFO] [stderr]     Checking walkdir v2.4.0
[INFO] [stderr]    Compiling quote v1.0.33
[INFO] [stderr]     Checking anstream v0.5.0
[INFO] [stderr]     Checking indexmap v2.0.0
[INFO] [stderr]     Checking bstr v1.6.2
[INFO] [stderr]     Checking encoding_rs v0.8.33
[INFO] [stderr]    Compiling syn v2.0.37
[INFO] [stderr]    Compiling jobserver v0.1.26
[INFO] [stderr]     Checking getrandom v0.2.10
[INFO] [stderr]     Checking parking_lot_core v0.9.8
[INFO] [stderr]     Checking num_cpus v1.16.0
[INFO] [stderr]     Checking signal-hook-registry v1.4.1
[INFO] [stderr]     Checking rand_core v0.6.4
[INFO] [stderr]    Compiling cc v1.0.83
[INFO] [stderr]     Checking mio v0.8.8
[INFO] [stderr]     Checking socket2 v0.5.4
[INFO] [stderr]     Checking parking_lot v0.12.1
[INFO] [stderr]     Checking http-body v0.4.5
[INFO] [stderr]     Checking socket2 v0.4.9
[INFO] [stderr]     Checking clap_lex v0.5.1
[INFO] [stderr]     Checking base64 v0.21.4
[INFO] [stderr]     Checking password-hash v0.4.2
[INFO] [stderr]     Checking generic-array v0.14.7
[INFO] [stderr]     Checking thread_local v1.1.7
[INFO] [stderr]     Checking clap_builder v4.4.4
[INFO] [stderr]     Checking deranged v0.3.8
[INFO] [stderr]     Checking time-core v0.1.2
[INFO] [stderr]     Checking flate2 v1.0.27
[INFO] [stderr]     Checking unicode-segmentation v1.10.1
[INFO] [stderr]     Checking copy_dir v0.1.3
[INFO] [stderr]     Checking common-path v1.0.0
[INFO] [stderr]    Compiling fnv v1.0.7
[INFO] [stderr]    Compiling ident_case v1.0.1
[INFO] [stderr]     Checking keccak v0.1.4
[INFO] [stderr]     Checking block-padding v0.2.1
[INFO] [stderr]     Checking rand_chacha v0.3.1
[INFO] [stderr]     Checking opaque-debug v0.3.0
[INFO] [stderr]     Checking rustc_version v0.4.0
[INFO] [stderr]     Checking zeroize v1.6.0
[INFO] [stderr]    Compiling platforms v3.1.2
[INFO] [stderr]    Compiling thiserror v1.0.48
[INFO] [stderr]     Checking bech32 v0.9.1
[INFO] [stderr]     Checking rand v0.8.5
[INFO] [stderr]     Checking convert_case v0.6.0
[INFO] [stderr]     Checking regex-automata v0.3.8
[INFO] [stderr]     Checking crypto-common v0.1.6
[INFO] [stderr]     Checking block-buffer v0.10.4
[INFO] [stderr]     Checking inout v0.1.3
[INFO] [stderr]     Checking digest v0.9.0
[INFO] [stderr]     Checking block-buffer v0.9.0
[INFO] [stderr]     Checking cipher v0.4.4
[INFO] [stderr]    Compiling paste v1.0.14
[INFO] [stderr]     Checking digest v0.10.7
[INFO] [stderr]     Checking crypto-mac v0.11.1
[INFO] [stderr]     Checking sha3 v0.9.1
[INFO] [stderr]    Compiling curve25519-dalek v4.1.1
[INFO] [stderr]     Checking atty v0.2.14
[INFO] [stderr]     Checking signature v2.1.0
[INFO] [stderr]     Checking termcolor v1.3.0
[INFO] [stderr]     Checking aes v0.8.3
[INFO] [stderr]     Checking signature v1.6.4
[INFO] [stderr]     Checking sha2 v0.10.7
[INFO] [stderr]     Checking hmac v0.12.1
[INFO] [stderr]     Checking sha1 v0.10.6
[INFO] [stderr]     Checking ed25519 v2.2.2
[INFO] [stderr]     Checking bitcoin_hashes v0.11.0
[INFO] [stderr]     Checking time v0.3.29
[INFO] [stderr]     Checking pem v1.1.1
[INFO] [stderr]     Checking ed25519 v1.5.3
[INFO] [stderr]     Checking sha3 v0.10.8
[INFO] [stderr]     Checking hmac v0.11.0
[INFO] [stderr]     Checking pbkdf2 v0.9.0
[INFO] [stderr]     Checking sha2 v0.9.9
[INFO] [stderr]     Checking rand_seeder v0.2.3
[INFO] [stderr]     Checking pbkdf2 v0.11.0
[INFO] [stderr]     Checking winnow v0.5.15
[INFO] [stderr]    Compiling openssl-sys v0.9.93
[INFO] [stderr]    Compiling zstd-sys v2.0.8+zstd.1.5.5
[INFO] [stderr]    Compiling bzip2-sys v0.1.11+1.0.8
[INFO] [stderr]     Checking is-terminal v0.4.9
[INFO] [stderr]     Checking tempfile v3.8.0
[INFO] [stderr]     Checking colored v2.0.4
[INFO] [stderr]    Compiling native-tls v0.2.11
[INFO] [stderr]     Checking bzip2 v0.4.4
[INFO] [stderr]     Checking regex v1.9.5
[INFO] [stderr]    Compiling darling_core v0.20.3
[INFO] [stderr]     Checking globset v0.4.13
[INFO] [stderr]     Checking Inflector v0.11.4
[INFO] [stderr]     Checking env_logger v0.8.4
[INFO] [stderr]     Checking ignore v0.4.20
[INFO] [stderr]    Compiling serde_derive v1.0.188
[INFO] [stderr]    Compiling tokio-macros v2.1.0
[INFO] [stderr]    Compiling futures-macro v0.3.28
[INFO] [stderr]    Compiling openssl-macros v0.1.1
[INFO] [stderr]    Compiling clap_derive v4.4.2
[INFO] [stderr]    Compiling curve25519-dalek-derive v0.1.0
[INFO] [stderr]    Compiling thiserror-impl v1.0.48
[INFO] [stderr]    Compiling serde_repr v0.1.16
[INFO] [stderr]    Compiling dharitri-sc-codec-derive v0.18.1 (/opt/rustwide/workdir/data/codec-derive)
[INFO] [stderr]    Compiling dharitri-sc-derive v0.43.4 (/opt/rustwide/workdir/framework/derive)
[INFO] [stdout] error[E0554]: `#![feature]` may not be used on the stable release channel
[INFO] [stdout]  --> framework/derive/src/lib.rs:4:12
[INFO] [stdout]   |
[INFO] [stdout] 4 | #![feature(proc_macro_quote)]
[INFO] [stdout]   |            ^^^^^^^^^^^^^^^^
[INFO] [stdout] 
[INFO] [stdout] 
[INFO] [stderr]  Documenting dharitri-sc-derive v0.43.4 (/opt/rustwide/workdir/framework/derive)
[INFO] [stdout] error: aborting due to previous error
[INFO] [stdout] 
[INFO] [stdout] 
[INFO] [stdout] For more information about this error, try `rustc --explain E0554`.
[INFO] [stdout] 
[INFO] [stderr]  Documenting dharitri-sc-codec-derive v0.18.1 (/opt/rustwide/workdir/data/codec-derive)
[INFO] [stderr] error: could not compile `dharitri-sc-derive` (lib) due to 2 previous errors
[INFO] [stderr] warning: build failed, waiting for other jobs to finish...
[INFO] [stdout] error[E0554]: `#![feature]` may not be used on the stable release channel
[INFO] [stdout]  --> framework/derive/src/lib.rs:4:12
[INFO] [stdout]   |
[INFO] [stdout] 4 | #![feature(proc_macro_quote)]
[INFO] [stdout]   |            ^^^^^^^^^^^^^^^^
[INFO] [stdout] 
[INFO] [stdout] 
[INFO] [stdout] error: aborting due to previous error
[INFO] [stdout] 
[INFO] [stdout] 
[INFO] [stdout] For more information about this error, try `rustc --explain E0554`.
[INFO] [stdout] 
[INFO] [stderr] error: could not document `dharitri-sc-derive`
[INFO] [stderr] 
[INFO] [stderr] Caused by:
[INFO] [stderr]   process didn't exit successfully: `/opt/rustwide/rustup-home/toolchains/1.75.0-x86_64-unknown-linux-gnu/bin/rustdoc --edition=2021 --crate-type proc-macro --crate-name dharitri_sc_derive framework/derive/src/lib.rs -o /opt/rustwide/target/doc --cfg 'feature="default"' --error-format=json --json=diagnostic-rendered-ansi,artifacts,future-incompat --document-private-items -C metadata=5a77898d889c4ddc -L dependency=/opt/rustwide/target/debug/deps --extern hex=/opt/rustwide/target/debug/deps/libhex-154257be2cdb5bdc.rmeta --extern proc_macro2=/opt/rustwide/target/debug/deps/libproc_macro2-c94dbdfd67cfe90b.rmeta --extern quote=/opt/rustwide/target/debug/deps/libquote-c04f665cd48e9946.rmeta --extern radix_trie=/opt/rustwide/target/debug/deps/libradix_trie-a90854f43abeea1c.rmeta --extern syn=/opt/rustwide/target/debug/deps/libsyn-ade96c24d5ffc949.rmeta --extern proc_macro --cap-lints=warn --crate-version 0.43.4` (exit status: 1)
[INFO] running `Command { std: "docker" "inspect" "5e092df083bc0a01f35da7b884a9a52fc7b6fe3060743e8685cc2b08428dfc47", kill_on_drop: false }`
[INFO] running `Command { std: "docker" "rm" "-f" "5e092df083bc0a01f35da7b884a9a52fc7b6fe3060743e8685cc2b08428dfc47", kill_on_drop: false }`
[INFO] [stdout] 5e092df083bc0a01f35da7b884a9a52fc7b6fe3060743e8685cc2b08428dfc47
[INFO] documenting Battula-anil-app-could/dx-sdk-6.0 against beta-2023-12-22 for beta-1.76-rustdoc-1
[INFO] running `Command { std: "git" "clone" "/workspace/cache/git-repos/https%3A%2F%2Fgithub.com%2FBattula-anil-app-could%2Fdx-sdk-6.0" "/workspace/builds/worker-5-tc2/source", kill_on_drop: false }`
[INFO] [stderr] Cloning into '/workspace/builds/worker-5-tc2/source'...
[INFO] [stderr] done.
[INFO] validating manifest of git repo https://github.com/Battula-anil-app-could/dx-sdk-6.0 on toolchain beta-2023-12-22
[INFO] running `Command { std: CARGO_HOME="/workspace/cargo-home" RUSTUP_HOME="/workspace/rustup-home" "/workspace/cargo-home/bin/cargo" "+beta-2023-12-22" "metadata" "--manifest-path" "Cargo.toml" "--no-deps", kill_on_drop: false }`
[INFO] started tweaking git repo https://github.com/Battula-anil-app-could/dx-sdk-6.0
[INFO] finished tweaking git repo https://github.com/Battula-anil-app-could/dx-sdk-6.0
[INFO] tweaked toml for git repo https://github.com/Battula-anil-app-could/dx-sdk-6.0 written to /workspace/builds/worker-5-tc2/source/Cargo.toml
[INFO] crate git repo https://github.com/Battula-anil-app-could/dx-sdk-6.0 already has a lockfile, it will not be regenerated
[INFO] running `Command { std: CARGO_HOME="/workspace/cargo-home" RUSTUP_HOME="/workspace/rustup-home" "/workspace/cargo-home/bin/cargo" "+beta-2023-12-22" "fetch" "--manifest-path" "Cargo.toml", kill_on_drop: false }`
[INFO] running `Command { std: "docker" "create" "-v" "/var/lib/crater-agent-workspace/builds/worker-5-tc2/target:/opt/rustwide/target:rw,Z" "-v" "/var/lib/crater-agent-workspace/builds/worker-5-tc2/source:/opt/rustwide/workdir:ro,Z" "-v" "/var/lib/crater-agent-workspace/cargo-home:/opt/rustwide/cargo-home:ro,Z" "-v" "/var/lib/crater-agent-workspace/rustup-home:/opt/rustwide/rustup-home:ro,Z" "-e" "SOURCE_DIR=/opt/rustwide/workdir" "-e" "CARGO_TARGET_DIR=/opt/rustwide/target" "-e" "CARGO_HOME=/opt/rustwide/cargo-home" "-e" "RUSTUP_HOME=/opt/rustwide/rustup-home" "-w" "/opt/rustwide/workdir" "-m" "1610612736" "--user" "0:0" "--network" "none" "ghcr.io/rust-lang/crates-build-env/linux@sha256:2788e3201cd34a07e3172128adcd8b3090168a8e3bcc40d7c032b9dda1df7d1c" "/opt/rustwide/cargo-home/bin/cargo" "+beta-2023-12-22" "metadata" "--no-deps" "--format-version=1", kill_on_drop: false }`
[INFO] [stdout] cb94776926e640ca6c093f67509de419ef04c358677d312f5d800ce6185941c5
[INFO] running `Command { std: "docker" "start" "-a" "cb94776926e640ca6c093f67509de419ef04c358677d312f5d800ce6185941c5", kill_on_drop: false }`
[INFO] running `Command { std: "docker" "inspect" "cb94776926e640ca6c093f67509de419ef04c358677d312f5d800ce6185941c5", kill_on_drop: false }`
[INFO] running `Command { std: "docker" "rm" "-f" "cb94776926e640ca6c093f67509de419ef04c358677d312f5d800ce6185941c5", kill_on_drop: false }`
[INFO] [stdout] cb94776926e640ca6c093f67509de419ef04c358677d312f5d800ce6185941c5
[INFO] running `Command { std: "docker" "create" "-v" "/var/lib/crater-agent-workspace/builds/worker-5-tc2/target:/opt/rustwide/target:rw,Z" "-v" "/var/lib/crater-agent-workspace/builds/worker-5-tc2/source:/opt/rustwide/workdir:ro,Z" "-v" "/var/lib/crater-agent-workspace/cargo-home:/opt/rustwide/cargo-home:ro,Z" "-v" "/var/lib/crater-agent-workspace/rustup-home:/opt/rustwide/rustup-home:ro,Z" "-e" "SOURCE_DIR=/opt/rustwide/workdir" "-e" "CARGO_TARGET_DIR=/opt/rustwide/target" "-e" "CARGO_INCREMENTAL=0" "-e" "RUST_BACKTRACE=full" "-e" "RUSTFLAGS=--cap-lints=warn" "-e" "RUSTDOCFLAGS=--cap-lints=warn" "-e" "CARGO_HOME=/opt/rustwide/cargo-home" "-e" "RUSTUP_HOME=/opt/rustwide/rustup-home" "-w" "/opt/rustwide/workdir" "-m" "1610612736" "--user" "0:0" "--network" "none" "ghcr.io/rust-lang/crates-build-env/linux@sha256:2788e3201cd34a07e3172128adcd8b3090168a8e3bcc40d7c032b9dda1df7d1c" "/opt/rustwide/cargo-home/bin/cargo" "+beta-2023-12-22" "doc" "--frozen" "--no-deps" "--document-private-items" "--message-format=json", kill_on_drop: false }`
[INFO] [stdout] 0102cd8a623b58805515cb2fa193995ca1dbceded7b4d76198fb1a50c085a4b6
[INFO] running `Command { std: "docker" "start" "-a" "0102cd8a623b58805515cb2fa193995ca1dbceded7b4d76198fb1a50c085a4b6", kill_on_drop: false }`
[INFO] [stderr]    Compiling proc-macro2 v1.0.67
[INFO] [stderr]    Compiling unicode-ident v1.0.12
[INFO] [stderr]    Compiling syn v1.0.109
[INFO] [stderr]    Compiling hex v0.4.3
[INFO] [stderr]    Compiling smallvec v1.11.1
[INFO] [stderr]     Checking arrayvec v0.7.4
[INFO] [stderr]    Compiling endian-type v0.1.2
[INFO] [stderr]    Compiling hex-literal v0.3.4
[INFO] [stderr]    Compiling libc v0.2.148
[INFO] [stderr]    Compiling typenum v1.17.0
[INFO] [stderr]    Compiling num-integer v0.1.45
[INFO] [stderr]    Compiling num-bigint v0.4.4
[INFO] [stderr]     Checking memchr v2.6.3
[INFO] [stderr]     Checking subtle v2.4.1
[INFO] [stderr]    Compiling serde v1.0.188
[INFO] [stderr]     Checking pin-project-lite v0.2.13
[INFO] [stderr]     Checking log v0.4.20
[INFO] [stderr]     Checking bitflags v2.4.0
[INFO] [stderr]    Compiling slab v0.4.9
[INFO] [stderr]    Compiling semver v1.0.19
[INFO] [stderr]    Compiling nibble_vec v0.1.0
[INFO] [stderr]     Checking bytes v1.5.0
[INFO] [stderr]     Checking regex-syntax v0.7.5
[INFO] [stderr]     Checking equivalent v1.0.1
[INFO] [stderr]    Compiling radix_trie v0.2.1
[INFO] [stderr]     Checking hashbrown v0.14.0
[INFO] [stderr]    Compiling openssl v0.10.57
[INFO] [stderr]    Compiling anyhow v1.0.75
[INFO] [stderr]     Checking tracing v0.1.37
[INFO] [stderr]    Compiling serde_json v1.0.107
[INFO] [stderr]     Checking aho-corasick v1.1.1
[INFO] [stderr]    Compiling rustix v0.38.14
[INFO] [stderr]     Checking linux-raw-sys v0.4.7
[INFO] [stderr]     Checking anstyle-parse v0.2.1
[INFO] [stderr]     Checking same-file v1.0.6
[INFO] [stderr]     Checking anstyle v1.0.3
[INFO] [stderr]     Checking http v0.2.9
[INFO] [stderr]     Checking walkdir v2.4.0
[INFO] [stderr]     Checking url v2.4.1
[INFO] [stderr]     Checking bstr v1.6.2
[INFO] [stderr]    Compiling quote v1.0.33
[INFO] [stderr]     Checking indexmap v2.0.0
[INFO] [stderr]     Checking anstream v0.5.0
[INFO] [stderr]    Compiling syn v2.0.37
[INFO] [stderr]     Checking encoding_rs v0.8.33
[INFO] [stderr]     Checking getrandom v0.2.10
[INFO] [stderr]    Compiling jobserver v0.1.26
[INFO] [stderr]     Checking parking_lot_core v0.9.8
[INFO] [stderr]     Checking num_cpus v1.16.0
[INFO] [stderr]     Checking socket2 v0.5.4
[INFO] [stderr]     Checking mio v0.8.8
[INFO] [stderr]     Checking rand_core v0.6.4
[INFO] [stderr]    Compiling cc v1.0.83
[INFO] [stderr]     Checking parking_lot v0.12.1
[INFO] [stderr]     Checking signal-hook-registry v1.4.1
[INFO] [stderr]     Checking http-body v0.4.5
[INFO] [stderr]     Checking socket2 v0.4.9
[INFO] [stderr]     Checking base64 v0.21.4
[INFO] [stderr]     Checking clap_lex v0.5.1
[INFO] [stderr]     Checking generic-array v0.14.7
[INFO] [stderr]     Checking password-hash v0.4.2
[INFO] [stderr]     Checking thread_local v1.1.7
[INFO] [stderr]     Checking time-core v0.1.2
[INFO] [stderr]     Checking deranged v0.3.8
[INFO] [stderr]     Checking flate2 v1.0.27
[INFO] [stderr]     Checking clap_builder v4.4.4
[INFO] [stderr]     Checking unicode-segmentation v1.10.1
[INFO] [stderr]     Checking copy_dir v0.1.3
[INFO] [stderr]     Checking common-path v1.0.0
[INFO] [stderr]     Checking keccak v0.1.4
[INFO] [stderr]    Compiling ident_case v1.0.1
[INFO] [stderr]    Compiling fnv v1.0.7
[INFO] [stderr]     Checking rustc_version v0.4.0
[INFO] [stderr]     Checking block-padding v0.2.1
[INFO] [stderr]     Checking rand_chacha v0.3.1
[INFO] [stderr]    Compiling platforms v3.1.2
[INFO] [stderr]     Checking zeroize v1.6.0
[INFO] [stderr]     Checking opaque-debug v0.3.0
[INFO] [stderr]    Compiling paste v1.0.14
[INFO] [stderr]    Compiling thiserror v1.0.48
[INFO] [stderr]     Checking convert_case v0.6.0
[INFO] [stderr]     Checking rand v0.8.5
[INFO] [stderr]     Checking regex-automata v0.3.8
[INFO] [stderr]     Checking crypto-common v0.1.6
[INFO] [stderr]     Checking block-buffer v0.10.4
[INFO] [stderr]     Checking inout v0.1.3
[INFO] [stderr]     Checking digest v0.9.0
[INFO] [stderr]     Checking block-buffer v0.9.0
[INFO] [stderr]     Checking bech32 v0.9.1
[INFO] [stderr]     Checking digest v0.10.7
[INFO] [stderr]     Checking cipher v0.4.4
[INFO] [stderr]     Checking sha3 v0.9.1
[INFO] [stderr]    Compiling curve25519-dalek v4.1.1
[INFO] [stderr]     Checking crypto-mac v0.11.1
[INFO] [stderr]     Checking atty v0.2.14
[INFO] [stderr]     Checking signature v2.1.0
[INFO] [stderr]     Checking termcolor v1.3.0
[INFO] [stderr]     Checking bitcoin_hashes v0.11.0
[INFO] [stderr]     Checking ed25519 v2.2.2
[INFO] [stderr]     Checking sha2 v0.10.7
[INFO] [stderr]     Checking hmac v0.12.1
[INFO] [stderr]     Checking time v0.3.29
[INFO] [stderr]     Checking aes v0.8.3
[INFO] [stderr]     Checking sha1 v0.10.6
[INFO] [stderr]     Checking signature v1.6.4
[INFO] [stderr]     Checking pem v1.1.1
[INFO] [stderr]     Checking ed25519 v1.5.3
[INFO] [stderr]     Checking sha3 v0.10.8
[INFO] [stderr]     Checking hmac v0.11.0
[INFO] [stderr]     Checking pbkdf2 v0.9.0
[INFO] [stderr]     Checking sha2 v0.9.9
[INFO] [stderr]     Checking rand_seeder v0.2.3
[INFO] [stderr]     Checking pbkdf2 v0.11.0
[INFO] [stderr]     Checking winnow v0.5.15
[INFO] [stderr]    Compiling openssl-sys v0.9.93
[INFO] [stderr]    Compiling zstd-sys v2.0.8+zstd.1.5.5
[INFO] [stderr]    Compiling bzip2-sys v0.1.11+1.0.8
[INFO] [stderr]     Checking is-terminal v0.4.9
[INFO] [stderr]     Checking tempfile v3.8.0
[INFO] [stderr]     Checking colored v2.0.4
[INFO] [stderr]    Compiling native-tls v0.2.11
[INFO] [stderr]     Checking bzip2 v0.4.4
[INFO] [stderr]     Checking regex v1.9.5
[INFO] [stderr]     Checking globset v0.4.13
[INFO] [stderr]     Checking Inflector v0.11.4
[INFO] [stderr]     Checking env_logger v0.8.4
[INFO] [stderr]    Compiling darling_core v0.20.3
[INFO] [stderr]     Checking ignore v0.4.20
[INFO] [stderr]    Compiling dharitri-sc-codec-derive v0.18.1 (/opt/rustwide/workdir/data/codec-derive)
[INFO] [stderr]    Compiling dharitri-sc-derive v0.43.4 (/opt/rustwide/workdir/framework/derive)
[INFO] [stderr]    Compiling serde_derive v1.0.188
[INFO] [stderr]    Compiling futures-macro v0.3.28
[INFO] [stderr]    Compiling tokio-macros v2.1.0
[INFO] [stderr]    Compiling openssl-macros v0.1.1
[INFO] [stderr]    Compiling clap_derive v4.4.2
[INFO] [stderr]    Compiling thiserror-impl v1.0.48
[INFO] [stderr]    Compiling curve25519-dalek-derive v0.1.0
[INFO] [stderr]    Compiling serde_repr v0.1.16
[INFO] [stdout] error[E0554]: `#![feature]` may not be used on the beta release channel
[INFO] [stdout]  --> framework/derive/src/lib.rs:4:12
[INFO] [stdout]   |
[INFO] [stdout] 4 | #![feature(proc_macro_quote)]
[INFO] [stdout]   |            ^^^^^^^^^^^^^^^^
[INFO] [stdout] 
[INFO] [stdout] 
[INFO] [stderr]  Documenting dharitri-sc-codec-derive v0.18.1 (/opt/rustwide/workdir/data/codec-derive)
[INFO] [stdout] error: aborting due to 1 previous error
[INFO] [stdout] 
[INFO] [stdout] 
[INFO] [stdout] For more information about this error, try `rustc --explain E0554`.
[INFO] [stdout] 
[INFO] [stderr] error: could not compile `dharitri-sc-derive` (lib) due to 2 previous errors
[INFO] [stderr] warning: build failed, waiting for other jobs to finish...
[INFO] running `Command { std: "docker" "inspect" "0102cd8a623b58805515cb2fa193995ca1dbceded7b4d76198fb1a50c085a4b6", kill_on_drop: false }`
[INFO] running `Command { std: "docker" "rm" "-f" "0102cd8a623b58805515cb2fa193995ca1dbceded7b4d76198fb1a50c085a4b6", kill_on_drop: false }`
[INFO] [stdout] 0102cd8a623b58805515cb2fa193995ca1dbceded7b4d76198fb1a50c085a4b6
