[INFO] cloning repository https://github.com/BStenfors/rustic_users
[INFO] running `Command { std: "git" "-c" "credential.helper=" "-c" "credential.helper=/workspace/cargo-home/bin/git-credential-null" "clone" "--bare" "https://github.com/BStenfors/rustic_users" "/workspace/cache/git-repos/https%3A%2F%2Fgithub.com%2FBStenfors%2Frustic_users", kill_on_drop: false }`
[INFO] [stderr] Cloning into bare repository '/workspace/cache/git-repos/https%3A%2F%2Fgithub.com%2FBStenfors%2Frustic_users'...
[INFO] running `Command { std: "git" "rev-parse" "HEAD", kill_on_drop: false }`
[INFO] [stdout] 1edf3307a8949a68e0239c83fab7abce8587c4df
[INFO] documenting BStenfors/rustic_users against 1.75.0 for beta-1.76-rustdoc-1
[INFO] running `Command { std: "git" "clone" "/workspace/cache/git-repos/https%3A%2F%2Fgithub.com%2FBStenfors%2Frustic_users" "/workspace/builds/worker-6-tc1/source", kill_on_drop: false }`
[INFO] [stderr] Cloning into '/workspace/builds/worker-6-tc1/source'...
[INFO] [stderr] done.
[INFO] validating manifest of git repo https://github.com/BStenfors/rustic_users on toolchain 1.75.0
[INFO] running `Command { std: CARGO_HOME="/workspace/cargo-home" RUSTUP_HOME="/workspace/rustup-home" "/workspace/cargo-home/bin/cargo" "+1.75.0" "metadata" "--manifest-path" "Cargo.toml" "--no-deps", kill_on_drop: false }`
[INFO] started tweaking git repo https://github.com/BStenfors/rustic_users
[INFO] finished tweaking git repo https://github.com/BStenfors/rustic_users
[INFO] tweaked toml for git repo https://github.com/BStenfors/rustic_users written to /workspace/builds/worker-6-tc1/source/Cargo.toml
[INFO] running `Command { std: CARGO_HOME="/workspace/cargo-home" RUSTUP_HOME="/workspace/rustup-home" "/workspace/cargo-home/bin/cargo" "+1.75.0" "generate-lockfile" "--manifest-path" "Cargo.toml", kill_on_drop: false }`
[INFO] [stderr]     Updating crates.io index
[INFO] [stderr]     Updating git repository `https://github.com/stepancheg/grpc-rust`
[INFO] [stderr]     Updating git repository `https://github.com/stepancheg/rust-http2`
[INFO] [stderr]     Updating git repository `https://github.com/stepancheg/rust-http2`
[INFO] running `Command { std: CARGO_HOME="/workspace/cargo-home" RUSTUP_HOME="/workspace/rustup-home" "/workspace/cargo-home/bin/cargo" "+1.75.0" "fetch" "--manifest-path" "Cargo.toml", kill_on_drop: false }`
[INFO] [stderr]     Blocking waiting for file lock on package cache
[INFO] [stderr]     Blocking waiting for file lock on package cache
[INFO] [stderr]  Downloading crates ...
[INFO] [stderr]   Downloaded actix-server-config v0.1.2
[INFO] [stderr]   Downloaded actix-connect v0.2.5
[INFO] [stderr]   Downloaded tls-api-stub v0.6.0
[INFO] [stderr]   Downloaded actix-web v1.0.9
[INFO] [stderr]   Downloaded tls-api-native-tls v0.2.1
[INFO] [stderr]   Downloaded derive-error-chain v0.10.1
[INFO] [stderr]   Downloaded actix-testing v0.1.0
[INFO] [stderr]   Downloaded actix-codec v0.1.2
[INFO] [stderr]   Downloaded dotenv v0.10.1
[INFO] [stderr]   Downloaded tokio-signal v0.2.9
[INFO] [stderr]   Downloaded actix-router v0.1.5
[INFO] [stderr]   Downloaded oauth2 v1.3.0
[INFO] [stderr]   Downloaded ahash v0.2.19
[INFO] [stderr]   Downloaded parking_lot v0.8.0
[INFO] [stderr]   Downloaded actix v0.8.3
[INFO] [stderr]   Downloaded hashbrown v0.6.3
[INFO] [stderr]   Downloaded hashbrown v0.3.1
[INFO] [stderr]   Downloaded actix-server v0.6.1
[INFO] [stderr]   Downloaded actix-http v0.2.11
[INFO] [stderr]   Downloaded awc v0.2.8
[INFO] [stderr]   Downloaded actix-service v0.4.2
[INFO] [stderr]   Downloaded parking_lot_core v0.5.0
[INFO] [stderr]   Downloaded actix-web-codegen v0.1.3
[INFO] [stderr]   Downloaded actix-rt v0.2.6
[INFO] [stderr]   Downloaded actix-utils v0.4.7
[INFO] [stderr]   Downloaded lock_api v0.2.0
[INFO] [stderr]   Downloaded protoc-rust v2.28.0
[INFO] [stderr]   Downloaded log-ndc v0.3.0
[INFO] [stderr]   Downloaded actix_derive v0.4.0
[INFO] [stderr]   Downloaded actix-threadpool v0.1.2
[INFO] [stderr]   Downloaded protoc v2.28.0
[INFO] [stderr]   Downloaded tls-api v0.2.1
[INFO] [stderr]   Downloaded tls-api v0.6.0
[INFO] [stderr]   Downloaded test-cert-gen v0.6.0
[INFO] [stderr]   Downloaded tls-api-test v0.6.0
[INFO] running `Command { std: "docker" "create" "-v" "/var/lib/crater-agent-workspace/builds/worker-6-tc1/target:/opt/rustwide/target:rw,Z" "-v" "/var/lib/crater-agent-workspace/builds/worker-6-tc1/source:/opt/rustwide/workdir:ro,Z" "-v" "/var/lib/crater-agent-workspace/cargo-home:/opt/rustwide/cargo-home:ro,Z" "-v" "/var/lib/crater-agent-workspace/rustup-home:/opt/rustwide/rustup-home:ro,Z" "-e" "SOURCE_DIR=/opt/rustwide/workdir" "-e" "CARGO_TARGET_DIR=/opt/rustwide/target" "-e" "CARGO_HOME=/opt/rustwide/cargo-home" "-e" "RUSTUP_HOME=/opt/rustwide/rustup-home" "-w" "/opt/rustwide/workdir" "-m" "1610612736" "--user" "0:0" "--network" "none" "ghcr.io/rust-lang/crates-build-env/linux@sha256:2788e3201cd34a07e3172128adcd8b3090168a8e3bcc40d7c032b9dda1df7d1c" "/opt/rustwide/cargo-home/bin/cargo" "+1.75.0" "metadata" "--no-deps" "--format-version=1", kill_on_drop: false }`
[INFO] [stdout] 9c16b590e982abf7db1a424c5af12b74f07566673eb0090c4a784f15ee60d0be
[INFO] running `Command { std: "docker" "start" "-a" "9c16b590e982abf7db1a424c5af12b74f07566673eb0090c4a784f15ee60d0be", kill_on_drop: false }`
[INFO] running `Command { std: "docker" "inspect" "9c16b590e982abf7db1a424c5af12b74f07566673eb0090c4a784f15ee60d0be", kill_on_drop: false }`
[INFO] running `Command { std: "docker" "rm" "-f" "9c16b590e982abf7db1a424c5af12b74f07566673eb0090c4a784f15ee60d0be", kill_on_drop: false }`
[INFO] [stdout] 9c16b590e982abf7db1a424c5af12b74f07566673eb0090c4a784f15ee60d0be
[INFO] running `Command { std: "docker" "create" "-v" "/var/lib/crater-agent-workspace/builds/worker-6-tc1/target:/opt/rustwide/target:rw,Z" "-v" "/var/lib/crater-agent-workspace/builds/worker-6-tc1/source:/opt/rustwide/workdir:ro,Z" "-v" "/var/lib/crater-agent-workspace/cargo-home:/opt/rustwide/cargo-home:ro,Z" "-v" "/var/lib/crater-agent-workspace/rustup-home:/opt/rustwide/rustup-home:ro,Z" "-e" "SOURCE_DIR=/opt/rustwide/workdir" "-e" "CARGO_TARGET_DIR=/opt/rustwide/target" "-e" "CARGO_INCREMENTAL=0" "-e" "RUST_BACKTRACE=full" "-e" "RUSTFLAGS=--cap-lints=warn" "-e" "RUSTDOCFLAGS=--cap-lints=warn" "-e" "CARGO_HOME=/opt/rustwide/cargo-home" "-e" "RUSTUP_HOME=/opt/rustwide/rustup-home" "-w" "/opt/rustwide/workdir" "-m" "1610612736" "--user" "0:0" "--network" "none" "ghcr.io/rust-lang/crates-build-env/linux@sha256:2788e3201cd34a07e3172128adcd8b3090168a8e3bcc40d7c032b9dda1df7d1c" "/opt/rustwide/cargo-home/bin/cargo" "+1.75.0" "doc" "--frozen" "--no-deps" "--document-private-items" "--message-format=json", kill_on_drop: false }`
[INFO] [stdout] c8ed011adcd85f92f133d0b46f486fa518d8f5df26c9496f1fcd274da3a3ceaf
[INFO] running `Command { std: "docker" "start" "-a" "c8ed011adcd85f92f133d0b46f486fa518d8f5df26c9496f1fcd274da3a3ceaf", kill_on_drop: false }`
[INFO] [stderr]    Compiling libc v0.2.151
[INFO] [stderr]     Checking value-bag v1.4.3
[INFO] [stderr]    Compiling proc-macro2 v1.0.76
[INFO] [stderr]    Compiling unicode-ident v1.0.12
[INFO] [stderr]     Checking cfg-if v0.1.10
[INFO] [stderr]     Checking memchr v2.7.1
[INFO] [stderr]    Compiling slab v0.4.9
[INFO] [stderr]    Compiling semver-parser v0.7.0
[INFO] [stderr]     Checking futures v0.1.31
[INFO] [stderr]     Checking byteorder v1.5.0
[INFO] [stderr]     Checking log v0.4.20
[INFO] [stderr]    Compiling semver v0.9.0
[INFO] [stderr]    Compiling maybe-uninit v2.0.0
[INFO] [stderr]    Compiling rustc_version v0.2.3
[INFO] [stderr]     Checking either v1.9.0
[INFO] [stderr]    Compiling crossbeam-utils v0.7.2
[INFO] [stderr]     Checking scopeguard v1.2.0
[INFO] [stderr]     Checking pin-project-lite v0.2.13
[INFO] [stderr]     Checking rand_core v0.4.2
[INFO] [stderr]     Checking smallvec v0.6.14
[INFO] [stderr]    Compiling syn v1.0.109
[INFO] [stderr]    Compiling parking_lot_core v0.6.3
[INFO] [stderr]    Compiling autocfg v0.1.8
[INFO] [stderr]    Compiling quote v1.0.35
[INFO] [stderr]    Compiling pkg-config v0.3.28
[INFO] [stderr]    Compiling parking_lot v0.9.0
[INFO] [stderr]     Checking tinyvec_macros v0.1.1
[INFO] [stderr]    Compiling syn v2.0.48
[INFO] [stderr]     Checking tinyvec v1.6.0
[INFO] [stderr]     Checking rand_core v0.3.1
[INFO] [stderr]     Checking tokio-executor v0.1.10
[INFO] [stderr]     Checking lock_api v0.3.4
[INFO] [stderr]     Checking unicode-bidi v0.3.14
[INFO] [stderr]     Checking num_cpus v1.16.0
[INFO] [stderr]    Compiling cc v1.0.83
[INFO] [stderr]     Checking iovec v0.1.4
[INFO] [stderr]     Checking net2 v0.2.39
[INFO] [stderr]     Checking bytes v0.4.12
[INFO] [stderr]     Checking futures-core v0.3.30
[INFO] [stderr]     Checking mio v0.6.23
[INFO] [stderr]     Checking tokio-sync v0.1.8
[INFO] [stderr]     Checking tokio-io v0.1.13
[INFO] [stderr]     Checking unicode-normalization v0.1.22
[INFO] [stderr]    Compiling crossbeam-utils v0.8.18
[INFO] [stderr]    Compiling proc-macro2 v0.4.30
[INFO] [stderr]    Compiling rustix v0.38.28
[INFO] [stderr]     Checking tokio-reactor v0.1.12
[INFO] [stderr]     Checking aho-corasick v1.1.2
[INFO] [stderr]    Compiling vcpkg v0.2.15
[INFO] [stderr]     Checking regex-syntax v0.8.2
[INFO] [stderr]    Compiling unicode-xid v0.1.0
[INFO] [stderr]     Checking parking v2.2.0
[INFO] [stderr]     Checking futures-io v0.3.30
[INFO] [stderr]    Compiling syn v0.15.44
[INFO] [stderr]     Checking matches v0.1.10
[INFO] [stderr]     Checking concurrent-queue v2.4.0
[INFO] [stderr]     Checking quick-error v1.2.3
[INFO] [stderr]    Compiling quote v0.6.13
[INFO] [stderr]     Checking once_cell v1.19.0
[INFO] [stderr]     Checking tokio-timer v0.2.13
[INFO] [stderr]     Checking bitflags v2.4.1
[INFO] [stderr]     Checking miniz_oxide v0.7.1
[INFO] [stderr]    Compiling openssl-sys v0.9.98
[INFO] [stderr]     Checking idna v0.1.5
[INFO] [stderr]    Compiling backtrace v0.3.69
[INFO] [stderr]     Checking tokio-tcp v0.1.4
[INFO] [stderr]    Compiling rand_chacha v0.1.1
[INFO] [stderr]     Checking regex-automata v0.4.3
[INFO] [stderr]    Compiling rand_pcg v0.1.2
[INFO] [stderr]     Checking itoa v0.4.8
[INFO] [stderr]     Checking percent-encoding v1.0.1
[INFO] [stderr]     Checking gimli v0.28.1
[INFO] [stderr]     Checking url v1.7.2
[INFO] [stderr]     Checking event-listener v4.0.3
[INFO] [stderr]     Checking tokio-current-thread v0.1.7
[INFO] [stderr]    Compiling rand v0.6.5
[INFO] [stderr]     Checking object v0.32.2
[INFO] [stderr]    Compiling serde v1.0.195
[INFO] [stderr]     Checking rustc-demangle v0.1.23
[INFO] [stderr]     Checking event-listener-strategy v0.4.0
[INFO] [stderr]     Checking rand_os v0.1.3
[INFO] [stderr]     Checking regex v1.10.2
[INFO] [stderr]     Checking rand_xorshift v0.1.1
[INFO] [stderr]     Checking rand_isaac v0.1.1
[INFO] [stderr]     Checking rand_hc v0.1.0
[INFO] [stderr]     Checking rand_jitter v0.1.4
[INFO] [stderr]    Compiling unicode-xid v0.2.4
[INFO] [stderr]    Compiling failure_derive v0.1.8
[INFO] [stderr]     Checking addr2line v0.21.0
[INFO] [stderr]     Checking fastrand v2.0.1
[INFO] [stderr]    Compiling serde_derive v1.0.195
[INFO] [stderr]    Compiling synstructure v0.12.6
[INFO] [stderr]     Checking http v0.1.21
[INFO] [stderr]     Checking tracing-core v0.1.32
[INFO] [stderr]    Compiling crunchy v0.2.2
[INFO] [stderr]     Checking tracing v0.1.40
[INFO] [stderr]     Checking futures-lite v2.2.0
[INFO] [stderr]     Checking async-lock v3.2.0
[INFO] [stderr]    Compiling ring v0.16.20
[INFO] [stderr]     Checking tokio-codec v0.1.2
[INFO] [stderr]    Compiling indexmap v1.9.3
[INFO] [stderr]    Compiling io-lifetimes v1.0.11
[INFO] [stderr]    Compiling protobuf v2.28.0
[INFO] [stderr]    Compiling lazy_static v1.4.0
[INFO] [stderr]    Compiling tiny-keccak v2.0.2
[INFO] [stderr]     Checking percent-encoding v2.3.1
[INFO] [stderr]     Checking linux-raw-sys v0.4.12
[INFO] [stderr]     Checking bytes v1.5.0
[INFO] [stderr]     Checking form_urlencoded v1.2.1
[INFO] [stderr]     Checking failure v0.1.8
[INFO] [stderr]     Checking idna v0.5.0
[INFO] [stderr]     Checking string v0.2.1
[INFO] [stderr]     Checking threadpool v1.8.1
[INFO] [stderr]     Checking time v0.1.45
[INFO] [stderr]     Checking socket2 v0.4.10
[INFO] [stderr]     Checking mio v0.8.10
[INFO] [stderr]     Checking socket2 v0.5.5
[INFO] [stderr]     Checking rand v0.4.6
[INFO] [stderr]    Compiling polling v2.8.0
[INFO] [stderr]    Compiling memoffset v0.5.6
[INFO] [stderr]    Compiling httparse v1.8.0
[INFO] [stderr]     Checking async-task v4.7.0
[INFO] [stderr]    Compiling getrandom v0.1.16
[INFO] [stderr]    Compiling thiserror v1.0.56
[INFO] [stderr]     Checking futures-sink v0.3.30
[INFO] [stderr]     Checking base64 v0.13.1
[INFO] [stderr]    Compiling anyhow v1.0.79
[INFO] [stderr]     Checking atomic-waker v1.1.2
[INFO] [stderr]    Compiling rustix v0.37.27
[INFO] [stderr]     Checking untrusted v0.7.1
[INFO] [stderr]     Checking event-listener v2.5.3
[INFO] [stderr]     Checking spin v0.5.2
[INFO] [stderr]    Compiling serde_json v1.0.111
[INFO] [stderr]     Checking remove_dir_all v0.5.3
[INFO] [stderr]     Checking tempdir v0.3.7
[INFO] [stderr]     Checking piper v0.2.1
[INFO] [stderr]     Checking pem v0.8.3
[INFO] [stderr]     Checking tokio v1.35.1
[INFO] [stderr]     Checking url v2.5.0
[INFO] [stderr]    Compiling thiserror-impl v1.0.56
[INFO] [stderr]     Checking async-channel v2.1.1
[INFO] [stderr]    Compiling getrandom v0.2.11
[INFO] [stderr]     Checking humantime v1.3.0
[INFO] [stderr]     Checking atty v0.2.14
[INFO] [stderr]     Checking actix-service v0.4.2
[INFO] [stderr]    Compiling async-io v1.13.0
[INFO] [stderr]    Compiling crossbeam-epoch v0.8.2
[INFO] [stderr]     Checking itoa v1.0.10
[INFO] [stderr]     Checking termcolor v1.4.0
[INFO] [stderr]     Checking ryu v1.0.16
[INFO] [stderr]    Compiling derive_more v0.15.0
[INFO] [stderr]     Checking linux-raw-sys v0.3.8
[INFO] [stderr]     Checking match_cfg v0.1.0
[INFO] [stderr]     Checking copyless v0.1.5
[INFO] [stderr]     Checking fastrand v1.9.0
[INFO] [stderr]     Checking waker-fn v1.1.1
[INFO] [stderr]     Checking futures-lite v1.13.0
[INFO] [stderr]    Compiling unicase v2.7.0
[INFO] [stderr]    Compiling const-random-macro v0.1.16
[INFO] [stderr]     Checking polling v3.3.1
[INFO] [stderr]     Checking async-io v2.2.2
[INFO] [stderr]     Checking hostname v0.3.1
[INFO] [stderr]     Checking webpki v0.21.4
[INFO] [stderr]     Checking blocking v1.5.1
[INFO] [stderr]     Checking h2 v0.1.26
[INFO] [stderr]     Checking async-lock v2.8.0
[INFO] [stderr]     Checking futures-channel v0.3.30
[INFO] [stderr]     Checking async-executor v1.8.0
[INFO] [stderr]     Checking tokio-udp v0.1.6
[INFO] [stderr]    Compiling enum-as-inner v0.2.1
[INFO] [stderr]    Compiling futures-macro v0.3.30
[INFO] [stderr]    Compiling libz-sys v1.1.12
[INFO] [stderr]    Compiling brotli-sys v0.3.2
[INFO] [stderr]     Checking socket2 v0.3.19
[INFO] [stderr]    Compiling num-traits v0.2.17
[INFO] [stderr]     Checking void v1.0.2
[INFO] [stderr]     Checking linked-hash-map v0.5.6
[INFO] [stderr]     Checking dtoa v0.4.8
[INFO] [stderr]     Checking futures-task v0.3.30
[INFO] [stderr]    Compiling tls-api-test v0.6.0
[INFO] [stderr]     Checking lru-cache v0.1.2
[INFO] [stderr]     Checking trust-dns-proto v0.7.4
[INFO] [stderr]     Checking tls-api v0.6.0
[INFO] [stderr]     Checking futures-util v0.3.30
[INFO] [stderr]     Checking async-global-executor v2.4.1
[INFO] [stderr]     Checking rand_core v0.5.1
[INFO] [stderr]     Checking resolv-conf v0.6.3
[INFO] [stderr]     Checking actix-threadpool v0.1.2
[INFO] [stderr]     Checking const-random v0.1.17
[INFO] [stderr]     Checking actix-rt v0.2.6
[INFO] [stderr]     Checking env_logger v0.5.13
[INFO] [stderr]     Checking test-cert-gen v0.6.0
[INFO] [stderr]     Checking async-channel v1.9.0
[INFO] [stderr]     Checking actix-codec v0.1.2
[INFO] [stderr]    Compiling async-attributes v1.1.2
[INFO] [stderr]     Checking actix-server-config v0.1.2
[INFO] [stderr]    Compiling hashbrown v0.6.3
[INFO] [stderr]     Checking kv-log-macro v1.0.7
[INFO] [stderr]     Checking openssl-probe v0.1.5
[INFO] [stderr]     Checking ppv-lite86 v0.2.17
[INFO] [stderr]     Checking mime v0.3.17
[INFO] [stderr]     Checking untrusted v0.6.2
[INFO] [stderr]     Checking foreign-types-shared v0.1.1
[INFO] [stderr]    Compiling openssl v0.10.62
[INFO] [stderr]    Compiling home v0.5.9
[INFO] [stderr]     Checking rand_chacha v0.2.2
[INFO] [stderr]     Checking async-std v1.12.0
[INFO] [stderr]     Checking foreign-types v0.3.2
[INFO] [stderr]     Checking actix-utils v0.4.7
[INFO] [stderr]     Checking trust-dns-resolver v0.11.1
[INFO] [stderr]     Checking ahash v0.2.19
[INFO] [stderr]     Checking flate2 v1.0.28
[INFO] [stderr]    Compiling which v4.4.2
[INFO] [stderr]     Checking crossbeam-deque v0.7.4
[INFO] [stderr]    Compiling openssl-macros v0.1.1
[INFO] [stderr]    Compiling curl-sys v0.4.70+curl-8.5.0
[INFO] [stderr]     Checking crossbeam-queue v0.2.3
[INFO] [stderr]     Checking base64 v0.10.1
[INFO] [stderr]    Compiling protobuf-codegen v2.28.0
[INFO] [stderr]     Checking encoding_rs v0.8.33
[INFO] [stderr]     Checking sha1_smol v1.0.0
[INFO] [stderr]    Compiling native-tls v0.2.11
[INFO] [stderr]     Checking iana-time-zone v0.1.59
[INFO] [stderr]     Checking futures-executor v0.3.30
[INFO] [stderr]     Checking sha1 v0.6.1
[INFO] [stderr]     Checking futures v0.3.30
[INFO] [stderr]     Checking chrono v0.4.31
[INFO] [stderr]     Checking tokio-threadpool v0.1.18
[INFO] [stderr]    Compiling tempfile v3.9.0
[INFO] [stderr]     Checking tls-api-stub v0.6.0
[INFO] [stderr]     Checking actix-connect v0.2.5
[INFO] [stderr]    Compiling protoc v2.28.0
[INFO] [stderr]     Checking rand v0.7.3
[INFO] [stderr]     Checking serde_urlencoded v0.6.1
[INFO] [stderr]     Checking tokio-util v0.6.10
[INFO] [stderr]     Checking mio-uds v0.6.8
[INFO] [stderr]     Checking tokio-buf v0.1.1
[INFO] [stderr]     Checking rand v0.5.6
[INFO] [stderr]     Checking signal-hook-registry v1.4.1
[INFO] [stderr]    Compiling parking_lot_core v0.5.0
[INFO] [stderr]    Compiling hyper v0.12.36
[INFO] [stderr]     Checking log-ndc v0.3.0
[INFO] [stderr]     Checking language-tags v0.2.2
[INFO] [stderr]     Checking try-lock v0.2.5
[INFO] [stderr]    Compiling unicode-xid v0.0.4
[INFO] [stderr]     Checking want v0.2.0
[INFO] [stderr]    Compiling synom v0.11.3
[INFO] [stderr]     Checking tokio-signal v0.2.9
[INFO] [stderr]     Checking http-body v0.1.0
[INFO] [stderr]    Compiling mime_guess v2.0.4
[INFO] [stderr]    Compiling protoc-rust v2.28.0
[INFO] [stderr]    Compiling grpc-compiler v0.9.0-pre (https://github.com/stepancheg/grpc-rust#651035b7)
[INFO] [stderr]     Checking tokio v0.1.22
[INFO] [stderr]     Checking brotli2 v0.3.2
[INFO] [stderr]     Checking actix-http v0.2.11
[INFO] [stderr]     Checking idna v0.2.3
[INFO] [stderr]     Checking futures-cpupool v0.1.8
[INFO] [stderr]    Compiling mysqlclient-sys v0.2.5
[INFO] [stderr]    Compiling parking_lot v0.8.0
[INFO] [stderr]    Compiling curl v0.4.44
[INFO] [stderr]    Compiling regex v0.2.11
[INFO] [stderr]     Checking ucd-util v0.1.10
[INFO] [stderr]    Compiling quote v0.3.15
[INFO] [stderr]     Checking publicsuffix v1.5.6
[INFO] [stderr]     Checking regex-syntax v0.5.6
[INFO] [stderr]    Compiling syn v0.11.11
[INFO] [stderr]    Compiling protoc-rust-grpc v0.9.0-pre (https://github.com/stepancheg/grpc-rust#651035b7)
[INFO] [stderr]     Checking actix-server v0.6.1
[INFO] [stdout] error[E0277]: cannot subtract `chrono::Duration` from `Tm`
[INFO] [stdout]    --> /opt/rustwide/cargo-home/registry/src/index.crates.io-6f17d22bba15001f/actix-http-0.2.11/src/cookie/jar.rs:226:44
[INFO] [stdout]     |
[INFO] [stdout] 226 |             cookie.set_expires(time::now() - Duration::days(365));
[INFO] [stdout]     |                                            ^ no implementation for `Tm - chrono::Duration`
[INFO] [stdout]     |
[INFO] [stdout]     = help: the trait `Sub<chrono::Duration>` is not implemented for `Tm`
[INFO] [stdout]     = help: the following other types implement trait `Sub<Rhs>`:
[INFO] [stdout]               <Tm as Sub<time::Duration>>
[INFO] [stdout]               <Tm as Sub>
[INFO] [stdout] 
[INFO] [stdout] 
[INFO] [stdout] error[E0308]: mismatched types
[INFO] [stdout]    --> /opt/rustwide/cargo-home/registry/src/index.crates.io-6f17d22bba15001f/actix-http-0.2.11/src/cookie/mod.rs:742:40
[INFO] [stdout]     |
[INFO] [stdout] 742 |         self.set_expires(time::now() + twenty_years);
[INFO] [stdout]     |                                        ^^^^^^^^^^^^ expected `time::Duration`, found `chrono::Duration`
[INFO] [stdout]     |
[INFO] [stdout]     = note: `chrono::Duration` and `time::Duration` have similar names, but are actually distinct types
[INFO] [stdout] note: `chrono::Duration` is defined in crate `chrono`
[INFO] [stdout]    --> /opt/rustwide/cargo-home/registry/src/index.crates.io-6f17d22bba15001f/chrono-0.4.31/src/duration.rs:55:1
[INFO] [stdout]     |
[INFO] [stdout] 55  | pub struct Duration {
[INFO] [stdout]     | ^^^^^^^^^^^^^^^^^^^
[INFO] [stdout] note: `time::Duration` is defined in crate `time`
[INFO] [stdout]    --> /opt/rustwide/cargo-home/registry/src/index.crates.io-6f17d22bba15001f/time-0.1.45/src/duration.rs:45:1
[INFO] [stdout]     |
[INFO] [stdout] 45  | pub struct Duration {
[INFO] [stdout]     | ^^^^^^^^^^^^^^^^^^^
[INFO] [stdout] 
[INFO] [stdout] 
[INFO] [stdout] error: aborting due to 2 previous errors
[INFO] [stdout] 
[INFO] [stdout] 
[INFO] [stdout] Some errors have detailed explanations: E0277, E0308.
[INFO] [stdout] 
[INFO] [stdout] For more information about an error, try `rustc --explain E0277`.
[INFO] [stdout] 
[INFO] [stderr] error: could not compile `actix-http` (lib) due to 3 previous errors
[INFO] [stderr] warning: build failed, waiting for other jobs to finish...
[INFO] running `Command { std: "docker" "inspect" "c8ed011adcd85f92f133d0b46f486fa518d8f5df26c9496f1fcd274da3a3ceaf", kill_on_drop: false }`
[INFO] running `Command { std: "docker" "rm" "-f" "c8ed011adcd85f92f133d0b46f486fa518d8f5df26c9496f1fcd274da3a3ceaf", kill_on_drop: false }`
[INFO] [stdout] c8ed011adcd85f92f133d0b46f486fa518d8f5df26c9496f1fcd274da3a3ceaf
[INFO] documenting BStenfors/rustic_users against beta-2023-12-22 for beta-1.76-rustdoc-1
[INFO] running `Command { std: "git" "clone" "/workspace/cache/git-repos/https%3A%2F%2Fgithub.com%2FBStenfors%2Frustic_users" "/workspace/builds/worker-6-tc2/source", kill_on_drop: false }`
[INFO] [stderr] Cloning into '/workspace/builds/worker-6-tc2/source'...
[INFO] [stderr] done.
[INFO] validating manifest of git repo https://github.com/BStenfors/rustic_users on toolchain beta-2023-12-22
[INFO] running `Command { std: CARGO_HOME="/workspace/cargo-home" RUSTUP_HOME="/workspace/rustup-home" "/workspace/cargo-home/bin/cargo" "+beta-2023-12-22" "metadata" "--manifest-path" "Cargo.toml" "--no-deps", kill_on_drop: false }`
[INFO] started tweaking git repo https://github.com/BStenfors/rustic_users
[INFO] finished tweaking git repo https://github.com/BStenfors/rustic_users
[INFO] tweaked toml for git repo https://github.com/BStenfors/rustic_users written to /workspace/builds/worker-6-tc2/source/Cargo.toml
[INFO] running `Command { std: CARGO_HOME="/workspace/cargo-home" RUSTUP_HOME="/workspace/rustup-home" "/workspace/cargo-home/bin/cargo" "+beta-2023-12-22" "generate-lockfile" "--manifest-path" "Cargo.toml", kill_on_drop: false }`
[INFO] [stderr]     Updating crates.io index
[INFO] [stderr]     Updating git repository `https://github.com/stepancheg/grpc-rust`
[INFO] [stderr]     Updating git repository `https://github.com/stepancheg/rust-http2`
[INFO] [stderr]     Updating git repository `https://github.com/stepancheg/rust-http2`
[INFO] running `Command { std: CARGO_HOME="/workspace/cargo-home" RUSTUP_HOME="/workspace/rustup-home" "/workspace/cargo-home/bin/cargo" "+beta-2023-12-22" "fetch" "--manifest-path" "Cargo.toml", kill_on_drop: false }`
[INFO] running `Command { std: "docker" "create" "-v" "/var/lib/crater-agent-workspace/builds/worker-6-tc2/target:/opt/rustwide/target:rw,Z" "-v" "/var/lib/crater-agent-workspace/builds/worker-6-tc2/source:/opt/rustwide/workdir:ro,Z" "-v" "/var/lib/crater-agent-workspace/cargo-home:/opt/rustwide/cargo-home:ro,Z" "-v" "/var/lib/crater-agent-workspace/rustup-home:/opt/rustwide/rustup-home:ro,Z" "-e" "SOURCE_DIR=/opt/rustwide/workdir" "-e" "CARGO_TARGET_DIR=/opt/rustwide/target" "-e" "CARGO_HOME=/opt/rustwide/cargo-home" "-e" "RUSTUP_HOME=/opt/rustwide/rustup-home" "-w" "/opt/rustwide/workdir" "-m" "1610612736" "--user" "0:0" "--network" "none" "ghcr.io/rust-lang/crates-build-env/linux@sha256:2788e3201cd34a07e3172128adcd8b3090168a8e3bcc40d7c032b9dda1df7d1c" "/opt/rustwide/cargo-home/bin/cargo" "+beta-2023-12-22" "metadata" "--no-deps" "--format-version=1", kill_on_drop: false }`
[INFO] [stdout] c723c0d581bc1ceb868765a85ce74278168ed8d0ca050d6548c505ddcc8b3473
[INFO] running `Command { std: "docker" "start" "-a" "c723c0d581bc1ceb868765a85ce74278168ed8d0ca050d6548c505ddcc8b3473", kill_on_drop: false }`
[INFO] running `Command { std: "docker" "inspect" "c723c0d581bc1ceb868765a85ce74278168ed8d0ca050d6548c505ddcc8b3473", kill_on_drop: false }`
[INFO] running `Command { std: "docker" "rm" "-f" "c723c0d581bc1ceb868765a85ce74278168ed8d0ca050d6548c505ddcc8b3473", kill_on_drop: false }`
[INFO] [stdout] c723c0d581bc1ceb868765a85ce74278168ed8d0ca050d6548c505ddcc8b3473
[INFO] running `Command { std: "docker" "create" "-v" "/var/lib/crater-agent-workspace/builds/worker-6-tc2/target:/opt/rustwide/target:rw,Z" "-v" "/var/lib/crater-agent-workspace/builds/worker-6-tc2/source:/opt/rustwide/workdir:ro,Z" "-v" "/var/lib/crater-agent-workspace/cargo-home:/opt/rustwide/cargo-home:ro,Z" "-v" "/var/lib/crater-agent-workspace/rustup-home:/opt/rustwide/rustup-home:ro,Z" "-e" "SOURCE_DIR=/opt/rustwide/workdir" "-e" "CARGO_TARGET_DIR=/opt/rustwide/target" "-e" "CARGO_INCREMENTAL=0" "-e" "RUST_BACKTRACE=full" "-e" "RUSTFLAGS=--cap-lints=warn" "-e" "RUSTDOCFLAGS=--cap-lints=warn" "-e" "CARGO_HOME=/opt/rustwide/cargo-home" "-e" "RUSTUP_HOME=/opt/rustwide/rustup-home" "-w" "/opt/rustwide/workdir" "-m" "1610612736" "--user" "0:0" "--network" "none" "ghcr.io/rust-lang/crates-build-env/linux@sha256:2788e3201cd34a07e3172128adcd8b3090168a8e3bcc40d7c032b9dda1df7d1c" "/opt/rustwide/cargo-home/bin/cargo" "+beta-2023-12-22" "doc" "--frozen" "--no-deps" "--document-private-items" "--message-format=json", kill_on_drop: false }`
[INFO] [stdout] 0390f2e0109722837ab8d30717c0bd63cce0e9112269cf9a64557556e760fbfc
[INFO] running `Command { std: "docker" "start" "-a" "0390f2e0109722837ab8d30717c0bd63cce0e9112269cf9a64557556e760fbfc", kill_on_drop: false }`
[INFO] [stderr]    Compiling libc v0.2.151
[INFO] [stderr]     Checking value-bag v1.4.3
[INFO] [stderr]    Compiling proc-macro2 v1.0.76
[INFO] [stderr]    Compiling unicode-ident v1.0.12
[INFO] [stderr]     Checking cfg-if v0.1.10
[INFO] [stderr]     Checking memchr v2.7.1
[INFO] [stderr]    Compiling slab v0.4.9
[INFO] [stderr]    Compiling semver-parser v0.7.0
[INFO] [stderr]     Checking futures v0.1.31
[INFO] [stderr]     Checking byteorder v1.5.0
[INFO] [stderr]     Checking log v0.4.20
[INFO] [stderr]    Compiling semver v0.9.0
[INFO] [stderr]    Compiling maybe-uninit v2.0.0
[INFO] [stderr]     Checking either v1.9.0
[INFO] [stderr]    Compiling rustc_version v0.2.3
[INFO] [stderr]    Compiling crossbeam-utils v0.7.2
[INFO] [stderr]     Checking scopeguard v1.2.0
[INFO] [stderr]     Checking pin-project-lite v0.2.13
[INFO] [stderr]     Checking rand_core v0.4.2
[INFO] [stderr]    Compiling syn v1.0.109
[INFO] [stderr]     Checking smallvec v0.6.14
[INFO] [stderr]    Compiling quote v1.0.35
[INFO] [stderr]    Compiling parking_lot_core v0.6.3
[INFO] [stderr]    Compiling syn v2.0.48
[INFO] [stderr]    Compiling autocfg v0.1.8
[INFO] [stderr]    Compiling pkg-config v0.3.28
[INFO] [stderr]    Compiling parking_lot v0.9.0
[INFO] [stderr]     Checking tinyvec_macros v0.1.1
[INFO] [stderr]     Checking tinyvec v1.6.0
[INFO] [stderr]     Checking tokio-executor v0.1.10
[INFO] [stderr]     Checking rand_core v0.3.1
[INFO] [stderr]     Checking lock_api v0.3.4
[INFO] [stderr]     Checking unicode-bidi v0.3.14
[INFO] [stderr]     Checking iovec v0.1.4
[INFO] [stderr]     Checking num_cpus v1.16.0
[INFO] [stderr]     Checking bytes v0.4.12
[INFO] [stderr]     Checking net2 v0.2.39
[INFO] [stderr]    Compiling cc v1.0.83
[INFO] [stderr]     Checking futures-core v0.3.30
[INFO] [stderr]     Checking mio v0.6.23
[INFO] [stderr]     Checking unicode-normalization v0.1.22
[INFO] [stderr]     Checking tokio-io v0.1.13
[INFO] [stderr]     Checking tokio-sync v0.1.8
[INFO] [stderr]    Compiling crossbeam-utils v0.8.18
[INFO] [stderr]    Compiling rustix v0.38.28
[INFO] [stderr]    Compiling proc-macro2 v0.4.30
[INFO] [stderr]     Checking aho-corasick v1.1.2
[INFO] [stderr]     Checking tokio-reactor v0.1.12
[INFO] [stderr]    Compiling unicode-xid v0.1.0
[INFO] [stderr]    Compiling vcpkg v0.2.15
[INFO] [stderr]     Checking regex-syntax v0.8.2
[INFO] [stderr]    Compiling syn v0.15.44
[INFO] [stderr]     Checking parking v2.2.0
[INFO] [stderr]     Checking matches v0.1.10
[INFO] [stderr]     Checking futures-io v0.3.30
[INFO] [stderr]     Checking concurrent-queue v2.4.0
[INFO] [stderr]    Compiling quote v0.6.13
[INFO] [stderr]     Checking quick-error v1.2.3
[INFO] [stderr]     Checking once_cell v1.19.0
[INFO] [stderr]     Checking tokio-timer v0.2.13
[INFO] [stderr]     Checking bitflags v2.4.1
[INFO] [stderr]     Checking miniz_oxide v0.7.1
[INFO] [stderr]    Compiling openssl-sys v0.9.98
[INFO] [stderr]     Checking idna v0.1.5
[INFO] [stderr]    Compiling backtrace v0.3.69
[INFO] [stderr]     Checking tokio-tcp v0.1.4
[INFO] [stderr]    Compiling rand_chacha v0.1.1
[INFO] [stderr]    Compiling rand_pcg v0.1.2
[INFO] [stderr]     Checking itoa v0.4.8
[INFO] [stderr]     Checking gimli v0.28.1
[INFO] [stderr]     Checking percent-encoding v1.0.1
[INFO] [stderr]     Checking url v1.7.2
[INFO] [stderr]     Checking regex-automata v0.4.3
[INFO] [stderr]     Checking event-listener v4.0.3
[INFO] [stderr]     Checking tokio-current-thread v0.1.7
[INFO] [stderr]    Compiling rand v0.6.5
[INFO] [stderr]     Checking object v0.32.2
[INFO] [stderr]     Checking rustc-demangle v0.1.23
[INFO] [stderr]    Compiling serde v1.0.195
[INFO] [stderr]     Checking event-listener-strategy v0.4.0
[INFO] [stderr]     Checking rand_os v0.1.3
[INFO] [stderr]     Checking rand_isaac v0.1.1
[INFO] [stderr]    Compiling serde_derive v1.0.195
[INFO] [stderr]     Checking rand_hc v0.1.0
[INFO] [stderr]     Checking rand_xorshift v0.1.1
[INFO] [stderr]     Checking addr2line v0.21.0
[INFO] [stderr]     Checking rand_jitter v0.1.4
[INFO] [stderr]    Compiling unicode-xid v0.2.4
[INFO] [stderr]     Checking fastrand v2.0.1
[INFO] [stderr]     Checking regex v1.10.2
[INFO] [stderr]    Compiling failure_derive v0.1.8
[INFO] [stderr]    Compiling synstructure v0.12.6
[INFO] [stderr]     Checking http v0.1.21
[INFO] [stderr]    Compiling crunchy v0.2.2
[INFO] [stderr]     Checking tracing-core v0.1.32
[INFO] [stderr]     Checking futures-lite v2.2.0
[INFO] [stderr]     Checking tracing v0.1.40
[INFO] [stderr]     Checking async-lock v3.2.0
[INFO] [stderr]    Compiling ring v0.16.20
[INFO] [stderr]     Checking tokio-codec v0.1.2
[INFO] [stderr]    Compiling indexmap v1.9.3
[INFO] [stderr]     Checking linux-raw-sys v0.4.12
[INFO] [stderr]    Compiling protobuf v2.28.0
[INFO] [stderr]     Checking percent-encoding v2.3.1
[INFO] [stderr]    Compiling io-lifetimes v1.0.11
[INFO] [stderr]    Compiling tiny-keccak v2.0.2
[INFO] [stderr]    Compiling lazy_static v1.4.0
[INFO] [stderr]     Checking bytes v1.5.0
[INFO] [stderr]     Checking failure v0.1.8
[INFO] [stderr]     Checking form_urlencoded v1.2.1
[INFO] [stderr]     Checking idna v0.5.0
[INFO] [stderr]     Checking string v0.2.1
[INFO] [stderr]     Checking threadpool v1.8.1
[INFO] [stderr]     Checking socket2 v0.4.10
[INFO] [stderr]     Checking time v0.1.45
[INFO] [stderr]     Checking rand v0.4.6
[INFO] [stderr]     Checking socket2 v0.5.5
[INFO] [stderr]     Checking mio v0.8.10
[INFO] [stderr]    Compiling memoffset v0.5.6
[INFO] [stderr]    Compiling polling v2.8.0
[INFO] [stderr]    Compiling thiserror v1.0.56
[INFO] [stderr]     Checking atomic-waker v1.1.2
[INFO] [stderr]     Checking remove_dir_all v0.5.3
[INFO] [stderr]    Compiling httparse v1.8.0
[INFO] [stderr]     Checking event-listener v2.5.3
[INFO] [stderr]     Checking base64 v0.13.1
[INFO] [stderr]     Checking futures-sink v0.3.30
[INFO] [stderr]    Compiling getrandom v0.1.16
[INFO] [stderr]     Checking async-task v4.7.0
[INFO] [stderr]     Checking spin v0.5.2
[INFO] [stderr]    Compiling serde_json v1.0.111
[INFO] [stderr]    Compiling anyhow v1.0.79
[INFO] [stderr]     Checking untrusted v0.7.1
[INFO] [stderr]    Compiling rustix v0.37.27
[INFO] [stderr]     Checking pem v0.8.3
[INFO] [stderr]     Checking tempdir v0.3.7
[INFO] [stderr]     Checking piper v0.2.1
[INFO] [stderr]     Checking tokio v1.35.1
[INFO] [stderr]     Checking url v2.5.0
[INFO] [stderr]    Compiling thiserror-impl v1.0.56
[INFO] [stderr]     Checking async-channel v2.1.1
[INFO] [stderr]    Compiling getrandom v0.2.11
[INFO] [stderr]     Checking humantime v1.3.0
[INFO] [stderr]     Checking atty v0.2.14
[INFO] [stderr]     Checking actix-service v0.4.2
[INFO] [stderr]    Compiling async-io v1.13.0
[INFO] [stderr]    Compiling crossbeam-epoch v0.8.2
[INFO] [stderr]     Checking linux-raw-sys v0.3.8
[INFO] [stderr]     Checking match_cfg v0.1.0
[INFO] [stderr]     Checking waker-fn v1.1.1
[INFO] [stderr]     Checking termcolor v1.4.0
[INFO] [stderr]     Checking copyless v0.1.5
[INFO] [stderr]     Checking fastrand v1.9.0
[INFO] [stderr]     Checking ryu v1.0.16
[INFO] [stderr]     Checking itoa v1.0.10
[INFO] [stderr]     Checking polling v3.3.1
[INFO] [stderr]    Compiling derive_more v0.15.0
[INFO] [stderr]    Compiling unicase v2.7.0
[INFO] [stderr]     Checking futures-lite v1.13.0
[INFO] [stderr]     Checking async-io v2.2.2
[INFO] [stderr]     Checking hostname v0.3.1
[INFO] [stderr]    Compiling const-random-macro v0.1.16
[INFO] [stderr]     Checking webpki v0.21.4
[INFO] [stderr]     Checking blocking v1.5.1
[INFO] [stderr]     Checking h2 v0.1.26
[INFO] [stderr]     Checking async-executor v1.8.0
[INFO] [stderr]     Checking futures-channel v0.3.30
[INFO] [stderr]     Checking async-lock v2.8.0
[INFO] [stderr]    Compiling enum-as-inner v0.2.1
[INFO] [stderr]     Checking tokio-udp v0.1.6
[INFO] [stderr]    Compiling futures-macro v0.3.30
[INFO] [stderr]    Compiling libz-sys v1.1.12
[INFO] [stderr]    Compiling brotli-sys v0.3.2
[INFO] [stderr]     Checking socket2 v0.3.19
[INFO] [stderr]    Compiling num-traits v0.2.17
[INFO] [stderr]    Compiling tls-api-test v0.6.0
[INFO] [stderr]     Checking futures-task v0.3.30
[INFO] [stderr]     Checking dtoa v0.4.8
[INFO] [stderr]     Checking linked-hash-map v0.5.6
[INFO] [stderr]     Checking void v1.0.2
[INFO] [stderr]     Checking tls-api v0.6.0
[INFO] [stderr]     Checking lru-cache v0.1.2
[INFO] [stderr]     Checking trust-dns-proto v0.7.4
[INFO] [stderr]     Checking async-global-executor v2.4.1
[INFO] [stderr]     Checking futures-util v0.3.30
[INFO] [stderr]     Checking rand_core v0.5.1
[INFO] [stderr]     Checking const-random v0.1.17
[INFO] [stderr]     Checking resolv-conf v0.6.3
[INFO] [stderr]     Checking env_logger v0.5.13
[INFO] [stderr]     Checking test-cert-gen v0.6.0
[INFO] [stderr]     Checking async-channel v1.9.0
[INFO] [stderr]     Checking actix-codec v0.1.2
[INFO] [stderr]    Compiling async-attributes v1.1.2
[INFO] [stderr]     Checking actix-server-config v0.1.2
[INFO] [stderr]    Compiling hashbrown v0.6.3
[INFO] [stderr]     Checking kv-log-macro v1.0.7
[INFO] [stderr]     Checking foreign-types-shared v0.1.1
[INFO] [stderr]    Compiling openssl v0.10.62
[INFO] [stderr]     Checking untrusted v0.6.2
[INFO] [stderr]     Checking openssl-probe v0.1.5
[INFO] [stderr]    Compiling home v0.5.9
[INFO] [stderr]     Checking actix-threadpool v0.1.2
[INFO] [stderr]     Checking actix-rt v0.2.6
[INFO] [stderr]     Checking ppv-lite86 v0.2.17
[INFO] [stderr]     Checking mime v0.3.17
[INFO] [stderr]     Checking async-std v1.12.0
[INFO] [stderr]     Checking rand_chacha v0.2.2
[INFO] [stderr]     Checking foreign-types v0.3.2
[INFO] [stderr]     Checking actix-utils v0.4.7
[INFO] [stderr]     Checking trust-dns-resolver v0.11.1
[INFO] [stderr]     Checking flate2 v1.0.28
[INFO] [stderr]    Compiling which v4.4.2
[INFO] [stderr]     Checking crossbeam-deque v0.7.4
[INFO] [stderr]     Checking ahash v0.2.19
[INFO] [stderr]    Compiling openssl-macros v0.1.1
[INFO] [stderr]    Compiling curl-sys v0.4.70+curl-8.5.0
[INFO] [stderr]     Checking crossbeam-queue v0.2.3
[INFO] [stderr]     Checking base64 v0.10.1
[INFO] [stderr]     Checking encoding_rs v0.8.33
[INFO] [stderr]    Compiling native-tls v0.2.11
[INFO] [stderr]     Checking futures-executor v0.3.30
[INFO] [stderr]     Checking sha1_smol v1.0.0
[INFO] [stderr]     Checking iana-time-zone v0.1.59
[INFO] [stderr]     Checking futures v0.3.30
[INFO] [stderr]    Compiling protobuf-codegen v2.28.0
[INFO] [stderr]     Checking chrono v0.4.31
[INFO] [stderr]     Checking sha1 v0.6.1
[INFO] [stderr]    Compiling tempfile v3.9.0
[INFO] [stderr]     Checking tokio-threadpool v0.1.18
[INFO] [stderr]     Checking tls-api-stub v0.6.0
[INFO] [stderr]     Checking actix-connect v0.2.5
[INFO] [stderr]    Compiling protoc v2.28.0
[INFO] [stderr]     Checking rand v0.7.3
[INFO] [stderr]     Checking serde_urlencoded v0.6.1
[INFO] [stderr]     Checking tokio-util v0.6.10
[INFO] [stderr]     Checking mio-uds v0.6.8
[INFO] [stderr]     Checking tokio-buf v0.1.1
[INFO] [stderr]     Checking rand v0.5.6
[INFO] [stderr]     Checking signal-hook-registry v1.4.1
[INFO] [stderr]    Compiling parking_lot_core v0.5.0
[INFO] [stderr]    Compiling hyper v0.12.36
[INFO] [stderr]     Checking log-ndc v0.3.0
[INFO] [stderr]     Checking language-tags v0.2.2
[INFO] [stderr]    Compiling unicode-xid v0.0.4
[INFO] [stderr]     Checking try-lock v0.2.5
[INFO] [stderr]    Compiling synom v0.11.3
[INFO] [stderr]     Checking want v0.2.0
[INFO] [stderr]     Checking tokio-signal v0.2.9
[INFO] [stderr]     Checking http-body v0.1.0
[INFO] [stderr]    Compiling mime_guess v2.0.4
[INFO] [stderr]    Compiling grpc-compiler v0.9.0-pre (https://github.com/stepancheg/grpc-rust#651035b7)
[INFO] [stderr]     Checking brotli2 v0.3.2
[INFO] [stderr]    Compiling protoc-rust v2.28.0
[INFO] [stderr]     Checking tokio v0.1.22
[INFO] [stderr]     Checking actix-http v0.2.11
[INFO] [stderr]     Checking idna v0.2.3
[INFO] [stderr]     Checking futures-cpupool v0.1.8
[INFO] [stderr]    Compiling mysqlclient-sys v0.2.5
[INFO] [stderr]    Compiling parking_lot v0.8.0
[INFO] [stderr]    Compiling curl v0.4.44
[INFO] [stderr]    Compiling quote v0.3.15
[INFO] [stderr]    Compiling regex v0.2.11
[INFO] [stderr]     Checking ucd-util v0.1.10
[INFO] [stderr]     Checking regex-syntax v0.5.6
[INFO] [stderr]     Checking publicsuffix v1.5.6
[INFO] [stderr]    Compiling syn v0.11.11
[INFO] [stderr]    Compiling protoc-rust-grpc v0.9.0-pre (https://github.com/stepancheg/grpc-rust#651035b7)
[INFO] [stderr]     Checking actix-server v0.6.1
[INFO] [stdout] error[E0277]: cannot subtract `chrono::Duration` from `Tm`
[INFO] [stdout]    --> /opt/rustwide/cargo-home/registry/src/index.crates.io-6f17d22bba15001f/actix-http-0.2.11/src/cookie/jar.rs:226:44
[INFO] [stdout]     |
[INFO] [stdout] 226 |             cookie.set_expires(time::now() - Duration::days(365));
[INFO] [stdout]     |                                            ^ no implementation for `Tm - chrono::Duration`
[INFO] [stdout]     |
[INFO] [stdout]     = help: the trait `Sub<chrono::Duration>` is not implemented for `Tm`
[INFO] [stdout]     = help: the following other types implement trait `Sub<Rhs>`:
[INFO] [stdout]               <Tm as Sub<time::Duration>>
[INFO] [stdout]               <Tm as Sub>
[INFO] [stdout] 
[INFO] [stdout] 
[INFO] [stdout] error[E0308]: mismatched types
[INFO] [stdout]    --> /opt/rustwide/cargo-home/registry/src/index.crates.io-6f17d22bba15001f/actix-http-0.2.11/src/cookie/mod.rs:742:40
[INFO] [stdout]     |
[INFO] [stdout] 742 |         self.set_expires(time::now() + twenty_years);
[INFO] [stdout]     |                                        ^^^^^^^^^^^^ expected `time::Duration`, found `chrono::Duration`
[INFO] [stdout]     |
[INFO] [stdout]     = note: `chrono::Duration` and `time::Duration` have similar names, but are actually distinct types
[INFO] [stdout] note: `chrono::Duration` is defined in crate `chrono`
[INFO] [stdout]    --> /opt/rustwide/cargo-home/registry/src/index.crates.io-6f17d22bba15001f/chrono-0.4.31/src/duration.rs:55:1
[INFO] [stdout]     |
[INFO] [stdout] 55  | pub struct Duration {
[INFO] [stdout]     | ^^^^^^^^^^^^^^^^^^^
[INFO] [stdout] note: `time::Duration` is defined in crate `time`
[INFO] [stdout]    --> /opt/rustwide/cargo-home/registry/src/index.crates.io-6f17d22bba15001f/time-0.1.45/src/duration.rs:45:1
[INFO] [stdout]     |
[INFO] [stdout] 45  | pub struct Duration {
[INFO] [stdout]     | ^^^^^^^^^^^^^^^^^^^
[INFO] [stdout] 
[INFO] [stdout] 
[INFO] [stdout] error: aborting due to 2 previous errors
[INFO] [stdout] 
[INFO] [stdout] 
[INFO] [stdout] Some errors have detailed explanations: E0277, E0308.
[INFO] [stdout] 
[INFO] [stdout] For more information about an error, try `rustc --explain E0277`.
[INFO] [stdout] 
[INFO] [stderr] error: could not compile `actix-http` (lib) due to 3 previous errors
[INFO] [stderr] warning: build failed, waiting for other jobs to finish...
[INFO] running `Command { std: "docker" "inspect" "0390f2e0109722837ab8d30717c0bd63cce0e9112269cf9a64557556e760fbfc", kill_on_drop: false }`
[INFO] running `Command { std: "docker" "rm" "-f" "0390f2e0109722837ab8d30717c0bd63cce0e9112269cf9a64557556e760fbfc", kill_on_drop: false }`
[INFO] [stdout] 0390f2e0109722837ab8d30717c0bd63cce0e9112269cf9a64557556e760fbfc
