[INFO] cloning repository https://github.com/BGR360/advent-of-code-2022
[INFO] running `Command { std: "git" "-c" "credential.helper=" "-c" "credential.helper=/workspace/cargo-home/bin/git-credential-null" "clone" "--bare" "https://github.com/BGR360/advent-of-code-2022" "/workspace/cache/git-repos/https%3A%2F%2Fgithub.com%2FBGR360%2Fadvent-of-code-2022", kill_on_drop: false }`
[INFO] [stderr] Cloning into bare repository '/workspace/cache/git-repos/https%3A%2F%2Fgithub.com%2FBGR360%2Fadvent-of-code-2022'...
[INFO] running `Command { std: "git" "rev-parse" "HEAD", kill_on_drop: false }`
[INFO] [stdout] d6c7a3ac8253a076c6f8dc07bd2d17ad75f523c5
[INFO] documenting BGR360/advent-of-code-2022 against 1.75.0 for beta-1.76-rustdoc-1
[INFO] running `Command { std: "git" "clone" "/workspace/cache/git-repos/https%3A%2F%2Fgithub.com%2FBGR360%2Fadvent-of-code-2022" "/workspace/builds/worker-4-tc1/source", kill_on_drop: false }`
[INFO] [stderr] Cloning into '/workspace/builds/worker-4-tc1/source'...
[INFO] [stderr] done.
[INFO] validating manifest of git repo https://github.com/BGR360/advent-of-code-2022 on toolchain 1.75.0
[INFO] running `Command { std: CARGO_HOME="/workspace/cargo-home" RUSTUP_HOME="/workspace/rustup-home" "/workspace/cargo-home/bin/cargo" "+1.75.0" "metadata" "--manifest-path" "Cargo.toml" "--no-deps", kill_on_drop: false }`
[INFO] removed /workspace/builds/worker-4-tc1/source/.cargo/config
[INFO] started tweaking git repo https://github.com/BGR360/advent-of-code-2022
[INFO] finished tweaking git repo https://github.com/BGR360/advent-of-code-2022
[INFO] tweaked toml for git repo https://github.com/BGR360/advent-of-code-2022 written to /workspace/builds/worker-4-tc1/source/Cargo.toml
[INFO] crate git repo https://github.com/BGR360/advent-of-code-2022 already has a lockfile, it will not be regenerated
[INFO] running `Command { std: CARGO_HOME="/workspace/cargo-home" RUSTUP_HOME="/workspace/rustup-home" "/workspace/cargo-home/bin/cargo" "+1.75.0" "fetch" "--manifest-path" "Cargo.toml", kill_on_drop: false }`
[INFO] [stderr]     Updating crates.io index
[INFO] [stderr]  Downloading crates ...
[INFO] [stderr]   Downloaded num-modular v0.5.1
[INFO] [stderr]   Downloaded index_vec v0.1.3
[INFO] [stderr]   Downloaded pathfinding v4.2.0
[INFO] running `Command { std: "docker" "create" "-v" "/var/lib/crater-agent-workspace/builds/worker-4-tc1/target:/opt/rustwide/target:rw,Z" "-v" "/var/lib/crater-agent-workspace/builds/worker-4-tc1/source:/opt/rustwide/workdir:ro,Z" "-v" "/var/lib/crater-agent-workspace/cargo-home:/opt/rustwide/cargo-home:ro,Z" "-v" "/var/lib/crater-agent-workspace/rustup-home:/opt/rustwide/rustup-home:ro,Z" "-e" "SOURCE_DIR=/opt/rustwide/workdir" "-e" "CARGO_TARGET_DIR=/opt/rustwide/target" "-e" "CARGO_HOME=/opt/rustwide/cargo-home" "-e" "RUSTUP_HOME=/opt/rustwide/rustup-home" "-w" "/opt/rustwide/workdir" "-m" "1610612736" "--user" "0:0" "--network" "none" "ghcr.io/rust-lang/crates-build-env/linux@sha256:2788e3201cd34a07e3172128adcd8b3090168a8e3bcc40d7c032b9dda1df7d1c" "/opt/rustwide/cargo-home/bin/cargo" "+1.75.0" "metadata" "--no-deps" "--format-version=1", kill_on_drop: false }`
[INFO] [stdout] cc9c0915d3843791169070585fd9b9c086b66ad64e16516506dc844c11714de5
[INFO] running `Command { std: "docker" "start" "-a" "cc9c0915d3843791169070585fd9b9c086b66ad64e16516506dc844c11714de5", kill_on_drop: false }`
[INFO] running `Command { std: "docker" "inspect" "cc9c0915d3843791169070585fd9b9c086b66ad64e16516506dc844c11714de5", kill_on_drop: false }`
[INFO] running `Command { std: "docker" "rm" "-f" "cc9c0915d3843791169070585fd9b9c086b66ad64e16516506dc844c11714de5", kill_on_drop: false }`
[INFO] [stdout] cc9c0915d3843791169070585fd9b9c086b66ad64e16516506dc844c11714de5
[INFO] running `Command { std: "docker" "create" "-v" "/var/lib/crater-agent-workspace/builds/worker-4-tc1/target:/opt/rustwide/target:rw,Z" "-v" "/var/lib/crater-agent-workspace/builds/worker-4-tc1/source:/opt/rustwide/workdir:ro,Z" "-v" "/var/lib/crater-agent-workspace/cargo-home:/opt/rustwide/cargo-home:ro,Z" "-v" "/var/lib/crater-agent-workspace/rustup-home:/opt/rustwide/rustup-home:ro,Z" "-e" "SOURCE_DIR=/opt/rustwide/workdir" "-e" "CARGO_TARGET_DIR=/opt/rustwide/target" "-e" "CARGO_INCREMENTAL=0" "-e" "RUST_BACKTRACE=full" "-e" "RUSTFLAGS=--cap-lints=warn" "-e" "RUSTDOCFLAGS=--cap-lints=warn" "-e" "CARGO_HOME=/opt/rustwide/cargo-home" "-e" "RUSTUP_HOME=/opt/rustwide/rustup-home" "-w" "/opt/rustwide/workdir" "-m" "1610612736" "--user" "0:0" "--network" "none" "ghcr.io/rust-lang/crates-build-env/linux@sha256:2788e3201cd34a07e3172128adcd8b3090168a8e3bcc40d7c032b9dda1df7d1c" "/opt/rustwide/cargo-home/bin/cargo" "+1.75.0" "doc" "--frozen" "--no-deps" "--document-private-items" "--message-format=json", kill_on_drop: false }`
[INFO] [stdout] 2183a076c12b5c529d84805d701d699f1496f07667be17bfc92ea5fdcfa193c5
[INFO] running `Command { std: "docker" "start" "-a" "2183a076c12b5c529d84805d701d699f1496f07667be17bfc92ea5fdcfa193c5", kill_on_drop: false }`
[INFO] [stderr]    Compiling libc v0.2.139
[INFO] [stderr]    Compiling memchr v2.5.0
[INFO] [stderr]    Compiling proc-macro2 v1.0.49
[INFO] [stderr]    Compiling crossbeam-utils v0.8.14
[INFO] [stderr]    Compiling num-traits v0.2.15
[INFO] [stderr]    Compiling memoffset v0.7.1
[INFO] [stderr]    Compiling unicode-ident v1.0.6
[INFO] [stderr]    Compiling quote v1.0.23
[INFO] [stderr]    Compiling crossbeam-epoch v0.9.13
[INFO] [stderr]    Compiling serde v1.0.152
[INFO] [stderr]    Compiling syn v1.0.107
[INFO] [stderr]    Compiling io-lifetimes v1.0.3
[INFO] [stderr]    Compiling rustix v0.36.6
[INFO] [stderr]    Compiling indexmap v1.9.2
[INFO] [stderr]    Compiling num-integer v0.1.45
[INFO] [stderr]    Compiling radium v0.7.0
[INFO] [stderr]    Compiling rayon-core v1.10.1
[INFO] [stderr]     Checking linux-raw-sys v0.1.4
[INFO] [stderr]    Compiling thiserror v1.0.38
[INFO] [stderr]     Checking regex-automata v0.1.10
[INFO] [stderr]     Checking dirs-sys-next v0.1.2
[INFO] [stderr]     Checking either v1.8.0
[INFO] [stderr]     Checking num_cpus v1.15.0
[INFO] [stderr]     Checking dirs-next v2.0.0
[INFO] [stderr]     Checking crossbeam-deque v0.8.2
[INFO] [stderr]     Checking crossbeam-channel v0.5.6
[INFO] [stderr]     Checking csv-core v0.1.10
[INFO] [stderr]     Checking ryu v1.0.12
[INFO] [stderr]     Checking itoa v0.4.8
[INFO] [stderr]     Checking wyz v0.5.1
[INFO] [stderr]     Checking term v0.7.0
[INFO] [stderr]     Checking itertools v0.10.5
[INFO] [stderr]     Checking integer-sqrt v0.1.5
[INFO] [stderr]     Checking no-std-compat v0.4.1
[INFO] [stderr]     Checking rustc-hash v1.1.0
[INFO] [stderr]     Checking encode_unicode v1.0.0
[INFO] [stderr]     Checking funty v2.0.0
[INFO] [stderr]     Checking bytes v1.3.0
[INFO] [stderr]     Checking unicode-width v0.1.10
[INFO] [stderr]     Checking fixedbitset v0.4.2
[INFO] [stderr]     Checking rayon v1.6.1
[INFO] [stderr]     Checking grid v0.9.0
[INFO] [stderr]     Checking bitvec v1.0.1
[INFO] [stderr]     Checking combine v4.6.6
[INFO] [stderr]     Checking num-modular v0.5.1
[INFO] [stderr]     Checking is-terminal v0.4.2
[INFO] [stderr]     Checking index_vec v0.1.3
[INFO] [stderr]     Checking pico-args v0.5.0
[INFO] [stderr]     Checking glam v0.22.0
[INFO] [stderr]     Checking maplit v1.0.2
[INFO] [stderr]     Checking smallvec v1.10.0
[INFO] [stderr]     Checking bstr v0.2.17
[INFO] [stderr]    Compiling thiserror-impl v1.0.38
[INFO] [stderr]     Checking csv v1.1.6
[INFO] [stderr]     Checking prettytable v0.10.0
[INFO] [stderr]     Checking pathfinding v4.2.0
[INFO] [stderr]  Documenting advent_of_code v0.8.0 (/opt/rustwide/workdir)
[INFO] [stderr]     Checking advent_of_code v0.8.0 (/opt/rustwide/workdir)
[INFO] [stdout] warning: this URL is not a hyperlink
[INFO] [stdout]    --> src/helpers.rs:111:5
[INFO] [stdout]     |
[INFO] [stdout] 111 | /// https://users.rust-lang.org/t/get-mutable-references-to-two-elements-of-a-slice-by-transmuting-them/71941/2
[INFO] [stdout]     |     ^^^^^^^^^^^^^^^^^^^^^^^^^^^^^^^^^^^^^^^^^^^^^^^^^^^^^^^^^^^^^^^^^^^^^^^^^^^^^^^^^^^^^^^^^^^^^^^^^^^^^^^^^^^ help: use an automatic link instead: `<https://users.rust-lang.org/t/get-mutable-references-to-two-elements-of-a-slice-by-transmuting-them/71941/2>`
[INFO] [stdout]     |
[INFO] [stdout]     = note: bare URLs are not automatically turned into clickable links
[INFO] [stdout]     = note: `#[warn(rustdoc::bare_urls)]` on by default
[INFO] [stdout] 
[INFO] [stdout] 
[INFO] [stdout] warning: 1 warning emitted
[INFO] [stdout] 
[INFO] [stdout] 
[INFO] [stdout] error: couldn't read src/bin/../inputs/11.rs: No such file or directory (os error 2)
[INFO] [stdout]    --> src/bin/11.rs:358:19
[INFO] [stdout]     |
[INFO] [stdout] 358 |     let monkeys = include!("../inputs/11.rs");
[INFO] [stdout]     |                   ^^^^^^^^^^^^^^^^^^^^^^^^^^^
[INFO] [stdout]     |
[INFO] [stdout]     = note: this error originates in the macro `include` (in Nightly builds, run with -Z macro-backtrace for more info)
[INFO] [stdout] 
[INFO] [stdout] 
[INFO] [stdout] error: aborting due to previous error
[INFO] [stdout] 
[INFO] [stdout] 
[INFO] [stderr] error: could not document `advent_of_code`
[INFO] [stderr] 
[INFO] [stderr] Caused by:
[INFO] [stderr]   process didn't exit successfully: `/opt/rustwide/rustup-home/toolchains/1.75.0-x86_64-unknown-linux-gnu/bin/rustdoc --edition=2021 --crate-type bin --crate-name 11 src/bin/11.rs -o /opt/rustwide/target/doc --error-format=json --json=diagnostic-rendered-ansi,artifacts,future-incompat --document-private-items '-Arustdoc::private-intra-doc-links' -C metadata=ff92364a4700da21 -L dependency=/opt/rustwide/target/debug/deps --extern advent_of_code=/opt/rustwide/target/debug/deps/libadvent_of_code-b2e4b313dd14c239.rmeta --extern bitvec=/opt/rustwide/target/debug/deps/libbitvec-bb0e03d1746ed239.rmeta --extern combine=/opt/rustwide/target/debug/deps/libcombine-5e8662a7334ee635.rmeta --extern glam=/opt/rustwide/target/debug/deps/libglam-9c3830bb5601f85b.rmeta --extern grid=/opt/rustwide/target/debug/deps/libgrid-7e9a6aec37c030a7.rmeta --extern index_vec=/opt/rustwide/target/debug/deps/libindex_vec-43c06126f881de95.rmeta --extern itertools=/opt/rustwide/target/debug/deps/libitertools-af381fadbc730c49.rmeta --extern maplit=/opt/rustwide/target/debug/deps/libmaplit-5100352b30ccd0bc.rmeta --extern num_modular=/opt/rustwide/target/debug/deps/libnum_modular-f3f39d44f2dc90f2.rmeta --extern num_traits=/opt/rustwide/target/debug/deps/libnum_traits-6e6d03c61507ed6a.rmeta --extern pathfinding=/opt/rustwide/target/debug/deps/libpathfinding-2112dc4b038dee81.rmeta --extern pico_args=/opt/rustwide/target/debug/deps/libpico_args-724b89669257bf18.rmeta --extern prettytable=/opt/rustwide/target/debug/deps/libprettytable-83614df3cbead071.rmeta --extern rayon=/opt/rustwide/target/debug/deps/librayon-4214ec61ca47b3c4.rmeta --extern smallvec=/opt/rustwide/target/debug/deps/libsmallvec-35a9c1487127e26e.rmeta --cap-lints=warn --crate-version 0.8.0` (exit status: 1)
[INFO] [stderr] warning: build failed, waiting for other jobs to finish...
[INFO] [stdout] error: couldn't read src/bin/../inputs/16.rs: No such file or directory (os error 2)
[INFO] [stdout]    --> src/bin/16.rs:564:1
[INFO] [stdout]     |
[INFO] [stdout] 564 | include!("../inputs/16.rs");
[INFO] [stdout]     | ^^^^^^^^^^^^^^^^^^^^^^^^^^^
[INFO] [stdout]     |
[INFO] [stdout]     = note: this error originates in the macro `include` (in Nightly builds, run with -Z macro-backtrace for more info)
[INFO] [stdout] 
[INFO] [stdout] 
[INFO] [stdout] error: aborting due to previous error
[INFO] [stdout] 
[INFO] [stdout] 
[INFO] [stderr] error: could not document `advent_of_code`
[INFO] [stderr] 
[INFO] [stderr] Caused by:
[INFO] [stderr]   process didn't exit successfully: `/opt/rustwide/rustup-home/toolchains/1.75.0-x86_64-unknown-linux-gnu/bin/rustdoc --edition=2021 --crate-type bin --crate-name 16 src/bin/16.rs -o /opt/rustwide/target/doc --error-format=json --json=diagnostic-rendered-ansi,artifacts,future-incompat --document-private-items '-Arustdoc::private-intra-doc-links' -C metadata=313a3327cdecec89 -L dependency=/opt/rustwide/target/debug/deps --extern advent_of_code=/opt/rustwide/target/debug/deps/libadvent_of_code-b2e4b313dd14c239.rmeta --extern bitvec=/opt/rustwide/target/debug/deps/libbitvec-bb0e03d1746ed239.rmeta --extern combine=/opt/rustwide/target/debug/deps/libcombine-5e8662a7334ee635.rmeta --extern glam=/opt/rustwide/target/debug/deps/libglam-9c3830bb5601f85b.rmeta --extern grid=/opt/rustwide/target/debug/deps/libgrid-7e9a6aec37c030a7.rmeta --extern index_vec=/opt/rustwide/target/debug/deps/libindex_vec-43c06126f881de95.rmeta --extern itertools=/opt/rustwide/target/debug/deps/libitertools-af381fadbc730c49.rmeta --extern maplit=/opt/rustwide/target/debug/deps/libmaplit-5100352b30ccd0bc.rmeta --extern num_modular=/opt/rustwide/target/debug/deps/libnum_modular-f3f39d44f2dc90f2.rmeta --extern num_traits=/opt/rustwide/target/debug/deps/libnum_traits-6e6d03c61507ed6a.rmeta --extern pathfinding=/opt/rustwide/target/debug/deps/libpathfinding-2112dc4b038dee81.rmeta --extern pico_args=/opt/rustwide/target/debug/deps/libpico_args-724b89669257bf18.rmeta --extern prettytable=/opt/rustwide/target/debug/deps/libprettytable-83614df3cbead071.rmeta --extern rayon=/opt/rustwide/target/debug/deps/librayon-4214ec61ca47b3c4.rmeta --extern smallvec=/opt/rustwide/target/debug/deps/libsmallvec-35a9c1487127e26e.rmeta --cap-lints=warn --crate-version 0.8.0` (exit status: 1)
[INFO] [stdout] warning: could not parse code block as Rust code
[INFO] [stdout]  --> src/bin/14.rs:1:1
[INFO] [stdout]   |
[INFO] [stdout] 1 | #![doc = include_str!("../puzzles/14.md")]
[INFO] [stdout]   | ^^^^^^^^^^^^^^^^^^^^^^^^^^^^^^^^^^^^^^^^^^
[INFO] [stdout]   |
[INFO] [stdout]   = help: mark blocks that do not contain Rust code as text: ```text
[INFO] [stdout]   = note: error from rustc: prefix `oooo` is unknown
[INFO] [stdout]   = note: `#[warn(rustdoc::invalid_rust_codeblocks)]` on by default
[INFO] [stdout] 
[INFO] [stdout] 
[INFO] [stdout] warning: 1 warning emitted
[INFO] [stdout] 
[INFO] [stdout] 
[INFO] running `Command { std: "docker" "inspect" "2183a076c12b5c529d84805d701d699f1496f07667be17bfc92ea5fdcfa193c5", kill_on_drop: false }`
[INFO] running `Command { std: "docker" "rm" "-f" "2183a076c12b5c529d84805d701d699f1496f07667be17bfc92ea5fdcfa193c5", kill_on_drop: false }`
[INFO] [stdout] 2183a076c12b5c529d84805d701d699f1496f07667be17bfc92ea5fdcfa193c5
[INFO] documenting BGR360/advent-of-code-2022 against beta-2023-12-22 for beta-1.76-rustdoc-1
[INFO] running `Command { std: "git" "clone" "/workspace/cache/git-repos/https%3A%2F%2Fgithub.com%2FBGR360%2Fadvent-of-code-2022" "/workspace/builds/worker-4-tc2/source", kill_on_drop: false }`
[INFO] [stderr] Cloning into '/workspace/builds/worker-4-tc2/source'...
[INFO] [stderr] done.
[INFO] validating manifest of git repo https://github.com/BGR360/advent-of-code-2022 on toolchain beta-2023-12-22
[INFO] running `Command { std: CARGO_HOME="/workspace/cargo-home" RUSTUP_HOME="/workspace/rustup-home" "/workspace/cargo-home/bin/cargo" "+beta-2023-12-22" "metadata" "--manifest-path" "Cargo.toml" "--no-deps", kill_on_drop: false }`
[INFO] removed /workspace/builds/worker-4-tc2/source/.cargo/config
[INFO] started tweaking git repo https://github.com/BGR360/advent-of-code-2022
[INFO] finished tweaking git repo https://github.com/BGR360/advent-of-code-2022
[INFO] tweaked toml for git repo https://github.com/BGR360/advent-of-code-2022 written to /workspace/builds/worker-4-tc2/source/Cargo.toml
[INFO] crate git repo https://github.com/BGR360/advent-of-code-2022 already has a lockfile, it will not be regenerated
[INFO] running `Command { std: CARGO_HOME="/workspace/cargo-home" RUSTUP_HOME="/workspace/rustup-home" "/workspace/cargo-home/bin/cargo" "+beta-2023-12-22" "fetch" "--manifest-path" "Cargo.toml", kill_on_drop: false }`
[INFO] running `Command { std: "docker" "create" "-v" "/var/lib/crater-agent-workspace/builds/worker-4-tc2/target:/opt/rustwide/target:rw,Z" "-v" "/var/lib/crater-agent-workspace/builds/worker-4-tc2/source:/opt/rustwide/workdir:ro,Z" "-v" "/var/lib/crater-agent-workspace/cargo-home:/opt/rustwide/cargo-home:ro,Z" "-v" "/var/lib/crater-agent-workspace/rustup-home:/opt/rustwide/rustup-home:ro,Z" "-e" "SOURCE_DIR=/opt/rustwide/workdir" "-e" "CARGO_TARGET_DIR=/opt/rustwide/target" "-e" "CARGO_HOME=/opt/rustwide/cargo-home" "-e" "RUSTUP_HOME=/opt/rustwide/rustup-home" "-w" "/opt/rustwide/workdir" "-m" "1610612736" "--user" "0:0" "--network" "none" "ghcr.io/rust-lang/crates-build-env/linux@sha256:2788e3201cd34a07e3172128adcd8b3090168a8e3bcc40d7c032b9dda1df7d1c" "/opt/rustwide/cargo-home/bin/cargo" "+beta-2023-12-22" "metadata" "--no-deps" "--format-version=1", kill_on_drop: false }`
[INFO] [stdout] e12bf5a3d78ce38778dc21ef20cfde621e06c4f33df5a104351992509619104e
[INFO] running `Command { std: "docker" "start" "-a" "e12bf5a3d78ce38778dc21ef20cfde621e06c4f33df5a104351992509619104e", kill_on_drop: false }`
[INFO] running `Command { std: "docker" "inspect" "e12bf5a3d78ce38778dc21ef20cfde621e06c4f33df5a104351992509619104e", kill_on_drop: false }`
[INFO] running `Command { std: "docker" "rm" "-f" "e12bf5a3d78ce38778dc21ef20cfde621e06c4f33df5a104351992509619104e", kill_on_drop: false }`
[INFO] [stdout] e12bf5a3d78ce38778dc21ef20cfde621e06c4f33df5a104351992509619104e
[INFO] running `Command { std: "docker" "create" "-v" "/var/lib/crater-agent-workspace/builds/worker-4-tc2/target:/opt/rustwide/target:rw,Z" "-v" "/var/lib/crater-agent-workspace/builds/worker-4-tc2/source:/opt/rustwide/workdir:ro,Z" "-v" "/var/lib/crater-agent-workspace/cargo-home:/opt/rustwide/cargo-home:ro,Z" "-v" "/var/lib/crater-agent-workspace/rustup-home:/opt/rustwide/rustup-home:ro,Z" "-e" "SOURCE_DIR=/opt/rustwide/workdir" "-e" "CARGO_TARGET_DIR=/opt/rustwide/target" "-e" "CARGO_INCREMENTAL=0" "-e" "RUST_BACKTRACE=full" "-e" "RUSTFLAGS=--cap-lints=warn" "-e" "RUSTDOCFLAGS=--cap-lints=warn" "-e" "CARGO_HOME=/opt/rustwide/cargo-home" "-e" "RUSTUP_HOME=/opt/rustwide/rustup-home" "-w" "/opt/rustwide/workdir" "-m" "1610612736" "--user" "0:0" "--network" "none" "ghcr.io/rust-lang/crates-build-env/linux@sha256:2788e3201cd34a07e3172128adcd8b3090168a8e3bcc40d7c032b9dda1df7d1c" "/opt/rustwide/cargo-home/bin/cargo" "+beta-2023-12-22" "doc" "--frozen" "--no-deps" "--document-private-items" "--message-format=json", kill_on_drop: false }`
[INFO] [stdout] ea28e21f86aea42b01a9835fc9e7ec6e20fa80a18a26297b240a9c117cee4470
[INFO] running `Command { std: "docker" "start" "-a" "ea28e21f86aea42b01a9835fc9e7ec6e20fa80a18a26297b240a9c117cee4470", kill_on_drop: false }`
[INFO] [stderr]    Compiling libc v0.2.139
[INFO] [stderr]    Compiling proc-macro2 v1.0.49
[INFO] [stderr]    Compiling memchr v2.5.0
[INFO] [stderr]    Compiling crossbeam-utils v0.8.14
[INFO] [stderr]    Compiling memoffset v0.7.1
[INFO] [stderr]    Compiling num-traits v0.2.15
[INFO] [stderr]    Compiling unicode-ident v1.0.6
[INFO] [stderr]    Compiling quote v1.0.23
[INFO] [stderr]    Compiling crossbeam-epoch v0.9.13
[INFO] [stderr]    Compiling serde v1.0.152
[INFO] [stderr]    Compiling io-lifetimes v1.0.3
[INFO] [stderr]    Compiling syn v1.0.107
[INFO] [stderr]    Compiling rustix v0.36.6
[INFO] [stderr]    Compiling num-integer v0.1.45
[INFO] [stderr]    Compiling indexmap v1.9.2
[INFO] [stderr]     Checking either v1.8.0
[INFO] [stderr]     Checking regex-automata v0.1.10
[INFO] [stderr]    Compiling rayon-core v1.10.1
[INFO] [stderr]     Checking linux-raw-sys v0.1.4
[INFO] [stderr]    Compiling radium v0.7.0
[INFO] [stderr]    Compiling thiserror v1.0.38
[INFO] [stderr]     Checking dirs-sys-next v0.1.2
[INFO] [stderr]     Checking num_cpus v1.15.0
[INFO] [stderr]     Checking dirs-next v2.0.0
[INFO] [stderr]     Checking crossbeam-deque v0.8.2
[INFO] [stderr]     Checking csv-core v0.1.10
[INFO] [stderr]     Checking crossbeam-channel v0.5.6
[INFO] [stderr]     Checking itoa v0.4.8
[INFO] [stderr]     Checking ryu v1.0.12
[INFO] [stderr]     Checking wyz v0.5.1
[INFO] [stderr]     Checking term v0.7.0
[INFO] [stderr]     Checking integer-sqrt v0.1.5
[INFO] [stderr]     Checking itertools v0.10.5
[INFO] [stderr]     Checking encode_unicode v1.0.0
[INFO] [stderr]     Checking unicode-width v0.1.10
[INFO] [stderr]     Checking rustc-hash v1.1.0
[INFO] [stderr]     Checking fixedbitset v0.4.2
[INFO] [stderr]     Checking funty v2.0.0
[INFO] [stderr]     Checking bytes v1.3.0
[INFO] [stderr]     Checking no-std-compat v0.4.1
[INFO] [stderr]     Checking grid v0.9.0
[INFO] [stderr]     Checking rayon v1.6.1
[INFO] [stderr]     Checking num-modular v0.5.1
[INFO] [stderr]     Checking combine v4.6.6
[INFO] [stderr]     Checking bitvec v1.0.1
[INFO] [stderr]     Checking is-terminal v0.4.2
[INFO] [stderr]     Checking maplit v1.0.2
[INFO] [stderr]     Checking index_vec v0.1.3
[INFO] [stderr]     Checking bstr v0.2.17
[INFO] [stderr]     Checking glam v0.22.0
[INFO] [stderr]     Checking pico-args v0.5.0
[INFO] [stderr]     Checking smallvec v1.10.0
[INFO] [stderr]     Checking csv v1.1.6
[INFO] [stderr]    Compiling thiserror-impl v1.0.38
[INFO] [stderr]     Checking prettytable v0.10.0
[INFO] [stderr]     Checking pathfinding v4.2.0
[INFO] [stderr]     Checking advent_of_code v0.8.0 (/opt/rustwide/workdir)
[INFO] [stderr]  Documenting advent_of_code v0.8.0 (/opt/rustwide/workdir)
[INFO] [stdout] warning: this URL is not a hyperlink
[INFO] [stdout]    --> src/helpers.rs:111:5
[INFO] [stdout]     |
[INFO] [stdout] 111 | /// https://users.rust-lang.org/t/get-mutable-references-to-two-elements-of-a-slice-by-transmuting-them/71941/2
[INFO] [stdout]     |     ^^^^^^^^^^^^^^^^^^^^^^^^^^^^^^^^^^^^^^^^^^^^^^^^^^^^^^^^^^^^^^^^^^^^^^^^^^^^^^^^^^^^^^^^^^^^^^^^^^^^^^^^^^^ help: use an automatic link instead: `<https://users.rust-lang.org/t/get-mutable-references-to-two-elements-of-a-slice-by-transmuting-them/71941/2>`
[INFO] [stdout]     |
[INFO] [stdout]     = note: bare URLs are not automatically turned into clickable links
[INFO] [stdout]     = note: `#[warn(rustdoc::bare_urls)]` on by default
[INFO] [stdout] 
[INFO] [stdout] 
[INFO] [stdout] warning: 1 warning emitted
[INFO] [stdout] 
[INFO] [stdout] 
[INFO] [stdout] error: couldn't read src/bin/../inputs/11.rs: No such file or directory (os error 2)
[INFO] [stdout]    --> src/bin/11.rs:358:19
[INFO] [stdout]     |
[INFO] [stdout] 358 |     let monkeys = include!("../inputs/11.rs");
[INFO] [stdout]     |                   ^^^^^^^^^^^^^^^^^^^^^^^^^^^
[INFO] [stdout]     |
[INFO] [stdout]     = note: this error originates in the macro `include` (in Nightly builds, run with -Z macro-backtrace for more info)
[INFO] [stdout] 
[INFO] [stdout] 
[INFO] [stdout] warning: unnecessary trailing semicolon
[INFO] [stdout]    --> src/bin/09.rs:184:6
[INFO] [stdout]     |
[INFO] [stdout] 184 |     };
[INFO] [stdout]     |      ^ help: remove this semicolon
[INFO] [stdout]     |
[INFO] [stdout]     = note: `#[warn(redundant_semicolons)]` on by default
[INFO] [stdout] 
[INFO] [stdout] 
[INFO] [stdout] error: aborting due to 1 previous error
[INFO] [stdout] 
[INFO] [stdout] 
[INFO] [stderr] error: could not document `advent_of_code`
[INFO] [stderr] 
[INFO] [stderr] Caused by:
[INFO] [stderr]   process didn't exit successfully: `/opt/rustwide/rustup-home/toolchains/beta-2023-12-22-x86_64-unknown-linux-gnu/bin/rustdoc --edition=2021 --crate-type bin --crate-name 11 src/bin/11.rs -o /opt/rustwide/target/doc --error-format=json --json=diagnostic-rendered-ansi,artifacts,future-incompat --document-private-items '-Arustdoc::private-intra-doc-links' -C metadata=19978fdb274f8802 -L dependency=/opt/rustwide/target/debug/deps --extern advent_of_code=/opt/rustwide/target/debug/deps/libadvent_of_code-96c8083ca68300c3.rmeta --extern bitvec=/opt/rustwide/target/debug/deps/libbitvec-ced9850f9783ead5.rmeta --extern combine=/opt/rustwide/target/debug/deps/libcombine-837997a0673545bd.rmeta --extern glam=/opt/rustwide/target/debug/deps/libglam-6414f535293a110c.rmeta --extern grid=/opt/rustwide/target/debug/deps/libgrid-ec6c52f31e5149a3.rmeta --extern index_vec=/opt/rustwide/target/debug/deps/libindex_vec-484a252bff6eea81.rmeta --extern itertools=/opt/rustwide/target/debug/deps/libitertools-7dfd06ad0ec9f5c0.rmeta --extern maplit=/opt/rustwide/target/debug/deps/libmaplit-fb82de6d18863393.rmeta --extern num_modular=/opt/rustwide/target/debug/deps/libnum_modular-c7fd512217cbc8fa.rmeta --extern num_traits=/opt/rustwide/target/debug/deps/libnum_traits-fb092f062ef58d9d.rmeta --extern pathfinding=/opt/rustwide/target/debug/deps/libpathfinding-6e9c8626a82a794b.rmeta --extern pico_args=/opt/rustwide/target/debug/deps/libpico_args-3448d724722086a6.rmeta --extern prettytable=/opt/rustwide/target/debug/deps/libprettytable-955c95e30b6e11e3.rmeta --extern rayon=/opt/rustwide/target/debug/deps/librayon-11ec01753ee0c693.rmeta --extern smallvec=/opt/rustwide/target/debug/deps/libsmallvec-749a7c73fef8c5d9.rmeta --cap-lints=warn --crate-version 0.8.0` (exit status: 1)
[INFO] [stderr] warning: build failed, waiting for other jobs to finish...
[INFO] [stdout] warning: could not parse code block as Rust code
[INFO] [stdout]  --> src/bin/09.rs:1:1
[INFO] [stdout]   |
[INFO] [stdout] 1 | #![doc = include_str!("../puzzles/09.md")]
[INFO] [stdout]   | ^^^^^^^^^^^^^^^^^^^^^^^^^^^^^^^^^^^^^^^^^^
[INFO] [stdout]   |
[INFO] [stdout]   = help: mark blocks that do not contain Rust code as text: ```text
[INFO] [stdout]   = note: error from rustc: prefix `s` is unknown
[INFO] [stdout]   = note: `#[warn(rustdoc::invalid_rust_codeblocks)]` on by default
[INFO] [stdout] 
[INFO] [stdout] 
[INFO] [stdout] warning: could not parse code block as Rust code
[INFO] [stdout]  --> src/bin/14.rs:1:1
[INFO] [stdout]   |
[INFO] [stdout] 1 | #![doc = include_str!("../puzzles/14.md")]
[INFO] [stdout]   | ^^^^^^^^^^^^^^^^^^^^^^^^^^^^^^^^^^^^^^^^^^
[INFO] [stdout]   |
[INFO] [stdout]   = help: mark blocks that do not contain Rust code as text: ```text
[INFO] [stdout]   = note: error from rustc: prefix `oooo` is unknown
[INFO] [stdout]   = note: `#[warn(rustdoc::invalid_rust_codeblocks)]` on by default
[INFO] [stdout] 
[INFO] [stdout] 
[INFO] [stdout] warning: 1 warning emitted
[INFO] [stdout] 
[INFO] [stdout] 
[INFO] [stdout] warning: 2 warnings emitted
[INFO] [stdout] 
[INFO] [stdout] 
[INFO] running `Command { std: "docker" "inspect" "ea28e21f86aea42b01a9835fc9e7ec6e20fa80a18a26297b240a9c117cee4470", kill_on_drop: false }`
[INFO] running `Command { std: "docker" "rm" "-f" "ea28e21f86aea42b01a9835fc9e7ec6e20fa80a18a26297b240a9c117cee4470", kill_on_drop: false }`
[INFO] [stdout] ea28e21f86aea42b01a9835fc9e7ec6e20fa80a18a26297b240a9c117cee4470
