[INFO] cloning repository https://github.com/AzHicham/philips-isyntax-rs
[INFO] running `Command { std: "git" "-c" "credential.helper=" "-c" "credential.helper=/workspace/cargo-home/bin/git-credential-null" "clone" "--bare" "https://github.com/AzHicham/philips-isyntax-rs" "/workspace/cache/git-repos/https%3A%2F%2Fgithub.com%2FAzHicham%2Fphilips-isyntax-rs", kill_on_drop: false }`
[INFO] [stderr] Cloning into bare repository '/workspace/cache/git-repos/https%3A%2F%2Fgithub.com%2FAzHicham%2Fphilips-isyntax-rs'...
[INFO] running `Command { std: "git" "rev-parse" "HEAD", kill_on_drop: false }`
[INFO] [stdout] c12f421d14bfa6ce70aba30d8dd5af6806bc523c
[INFO] documenting AzHicham/philips-isyntax-rs against 1.75.0 for beta-1.76-rustdoc-1
[INFO] running `Command { std: "git" "clone" "/workspace/cache/git-repos/https%3A%2F%2Fgithub.com%2FAzHicham%2Fphilips-isyntax-rs" "/workspace/builds/worker-6-tc1/source", kill_on_drop: false }`
[INFO] [stderr] Cloning into '/workspace/builds/worker-6-tc1/source'...
[INFO] [stderr] done.
[INFO] validating manifest of git repo https://github.com/AzHicham/philips-isyntax-rs on toolchain 1.75.0
[INFO] running `Command { std: CARGO_HOME="/workspace/cargo-home" RUSTUP_HOME="/workspace/rustup-home" "/workspace/cargo-home/bin/cargo" "+1.75.0" "metadata" "--manifest-path" "Cargo.toml" "--no-deps", kill_on_drop: false }`
[INFO] started tweaking git repo https://github.com/AzHicham/philips-isyntax-rs
[INFO] finished tweaking git repo https://github.com/AzHicham/philips-isyntax-rs
[INFO] tweaked toml for git repo https://github.com/AzHicham/philips-isyntax-rs written to /workspace/builds/worker-6-tc1/source/Cargo.toml
[INFO] crate git repo https://github.com/AzHicham/philips-isyntax-rs already has a lockfile, it will not be regenerated
[INFO] running `Command { std: CARGO_HOME="/workspace/cargo-home" RUSTUP_HOME="/workspace/rustup-home" "/workspace/cargo-home/bin/cargo" "+1.75.0" "fetch" "--manifest-path" "Cargo.toml", kill_on_drop: false }`
[INFO] [stderr]  Downloading crates ...
[INFO] [stderr]   Downloaded cxx-build v1.0.110
[INFO] [stderr]   Downloaded cxxbridge-macro v1.0.110
[INFO] [stderr]   Downloaded cxxbridge-flags v1.0.110
[INFO] [stderr]   Downloaded cxx v1.0.110
[INFO] running `Command { std: "docker" "create" "-v" "/var/lib/crater-agent-workspace/builds/worker-6-tc1/target:/opt/rustwide/target:rw,Z" "-v" "/var/lib/crater-agent-workspace/builds/worker-6-tc1/source:/opt/rustwide/workdir:ro,Z" "-v" "/var/lib/crater-agent-workspace/cargo-home:/opt/rustwide/cargo-home:ro,Z" "-v" "/var/lib/crater-agent-workspace/rustup-home:/opt/rustwide/rustup-home:ro,Z" "-e" "SOURCE_DIR=/opt/rustwide/workdir" "-e" "CARGO_TARGET_DIR=/opt/rustwide/target" "-e" "CARGO_HOME=/opt/rustwide/cargo-home" "-e" "RUSTUP_HOME=/opt/rustwide/rustup-home" "-w" "/opt/rustwide/workdir" "-m" "1610612736" "--user" "0:0" "--network" "none" "ghcr.io/rust-lang/crates-build-env/linux@sha256:2788e3201cd34a07e3172128adcd8b3090168a8e3bcc40d7c032b9dda1df7d1c" "/opt/rustwide/cargo-home/bin/cargo" "+1.75.0" "metadata" "--no-deps" "--format-version=1", kill_on_drop: false }`
[INFO] [stdout] d5a106ffdf36a24d38020bae56605d43bf196662cad2cf6adee96345c43534b2
[INFO] running `Command { std: "docker" "start" "-a" "d5a106ffdf36a24d38020bae56605d43bf196662cad2cf6adee96345c43534b2", kill_on_drop: false }`
[INFO] running `Command { std: "docker" "inspect" "d5a106ffdf36a24d38020bae56605d43bf196662cad2cf6adee96345c43534b2", kill_on_drop: false }`
[INFO] running `Command { std: "docker" "rm" "-f" "d5a106ffdf36a24d38020bae56605d43bf196662cad2cf6adee96345c43534b2", kill_on_drop: false }`
[INFO] [stdout] d5a106ffdf36a24d38020bae56605d43bf196662cad2cf6adee96345c43534b2
[INFO] running `Command { std: "docker" "create" "-v" "/var/lib/crater-agent-workspace/builds/worker-6-tc1/target:/opt/rustwide/target:rw,Z" "-v" "/var/lib/crater-agent-workspace/builds/worker-6-tc1/source:/opt/rustwide/workdir:ro,Z" "-v" "/var/lib/crater-agent-workspace/cargo-home:/opt/rustwide/cargo-home:ro,Z" "-v" "/var/lib/crater-agent-workspace/rustup-home:/opt/rustwide/rustup-home:ro,Z" "-e" "SOURCE_DIR=/opt/rustwide/workdir" "-e" "CARGO_TARGET_DIR=/opt/rustwide/target" "-e" "CARGO_INCREMENTAL=0" "-e" "RUST_BACKTRACE=full" "-e" "RUSTFLAGS=--cap-lints=warn" "-e" "RUSTDOCFLAGS=--cap-lints=warn" "-e" "CARGO_HOME=/opt/rustwide/cargo-home" "-e" "RUSTUP_HOME=/opt/rustwide/rustup-home" "-w" "/opt/rustwide/workdir" "-m" "1610612736" "--user" "0:0" "--network" "none" "ghcr.io/rust-lang/crates-build-env/linux@sha256:2788e3201cd34a07e3172128adcd8b3090168a8e3bcc40d7c032b9dda1df7d1c" "/opt/rustwide/cargo-home/bin/cargo" "+1.75.0" "doc" "--frozen" "--no-deps" "--document-private-items" "--message-format=json", kill_on_drop: false }`
[INFO] [stdout] 1a8b88afded2a326d3f0dc846d3115eeb03036f283500ee082c08cef5cd5d016
[INFO] running `Command { std: "docker" "start" "-a" "1a8b88afded2a326d3f0dc846d3115eeb03036f283500ee082c08cef5cd5d016", kill_on_drop: false }`
[INFO] [stderr]    Compiling libc v0.2.150
[INFO] [stderr]    Compiling proc-macro2 v1.0.70
[INFO] [stderr]    Compiling scratch v1.0.7
[INFO] [stderr]    Compiling termcolor v1.4.0
[INFO] [stderr]    Compiling unicode-width v0.1.11
[INFO] [stderr]    Compiling cxxbridge-flags v1.0.110
[INFO] [stderr]    Compiling once_cell v1.19.0
[INFO] [stderr]    Compiling thiserror v1.0.50
[INFO] [stderr]     Checking byteorder v1.5.0
[INFO] [stderr]     Checking color_quant v1.1.0
[INFO] [stderr]     Checking jpeg-decoder v0.3.0
[INFO] [stderr]     Checking bytemuck v1.14.0
[INFO] [stderr]    Compiling num-traits v0.2.17
[INFO] [stderr]    Compiling num-integer v0.1.45
[INFO] [stderr]    Compiling num-rational v0.4.1
[INFO] [stderr]    Compiling codespan-reporting v0.11.1
[INFO] [stderr]    Compiling quote v1.0.33
[INFO] [stderr]    Compiling syn v2.0.39
[INFO] [stderr]    Compiling cc v1.0.83
[INFO] [stderr]     Checking getrandom v0.2.11
[INFO] [stderr]     Checking rand_core v0.6.4
[INFO] [stderr]     Checking rand_chacha v0.3.1
[INFO] [stderr]     Checking rand v0.8.5
[INFO] [stderr]    Compiling link-cplusplus v1.0.9
[INFO] [stderr]    Compiling cxx v1.0.110
[INFO] [stderr]     Checking image v0.24.7
[INFO] [stderr]    Compiling cxx-build v1.0.110
[INFO] [stderr]    Compiling cxxbridge-macro v1.0.110
[INFO] [stderr]    Compiling thiserror-impl v1.0.50
[INFO] [stderr]    Compiling philips-isyntax-rs v1.1.3 (/opt/rustwide/workdir)
[INFO] [stderr] The following warnings were emitted during compilation:
[INFO] [stderr] 
[INFO] [stderr] warning: philips-isyntax-rs@1.1.3: In file included from /opt/rustwide/target/debug/build/philips-isyntax-rs-eb025d0317598908/out/cxxbridge/sources/philips-isyntax-rs/src/bindings.rs.cc:1:
[INFO] [stderr] warning: philips-isyntax-rs@1.1.3: /opt/rustwide/target/debug/build/philips-isyntax-rs-eb025d0317598908/out/cxxbridge/crate/philips-isyntax-rs/cpp/philipsslide.hpp:2:10: fatal error: PhilipsPixelEngine/pixelengine.hpp: No such file or directory
[INFO] [stderr] warning: philips-isyntax-rs@1.1.3:     2 | #include "PhilipsPixelEngine/pixelengine.hpp"
[INFO] [stderr] warning: philips-isyntax-rs@1.1.3:       |          ^~~~~~~~~~~~~~~~~~~~~~~~~~~~~~~~~~~~
[INFO] [stderr] warning: philips-isyntax-rs@1.1.3: compilation terminated.
[INFO] [stderr] 
[INFO] [stderr] error: failed to run custom build command for `philips-isyntax-rs v1.1.3 (/opt/rustwide/workdir)`
[INFO] [stderr] note: To improve backtraces for build dependencies, set the CARGO_PROFILE_DEV_BUILD_OVERRIDE_DEBUG=true environment variable to enable debug information generation.
[INFO] [stderr] 
[INFO] [stderr] Caused by:
[INFO] [stderr]   process didn't exit successfully: `/opt/rustwide/target/debug/build/philips-isyntax-rs-feb4b221a5b249db/build-script-build` (exit status: 1)
[INFO] [stderr]   --- stdout
[INFO] [stderr]   cargo:CXXBRIDGE_PREFIX=philips-isyntax-rs
[INFO] [stderr]   cargo:CXXBRIDGE_DIR0=/opt/rustwide/target/debug/build/philips-isyntax-rs-eb025d0317598908/out/cxxbridge/include
[INFO] [stderr]   cargo:CXXBRIDGE_DIR1=/opt/rustwide/target/debug/build/philips-isyntax-rs-eb025d0317598908/out/cxxbridge/crate
[INFO] [stderr]   TARGET = Some("x86_64-unknown-linux-gnu")
[INFO] [stderr]   OPT_LEVEL = Some("0")
[INFO] [stderr]   HOST = Some("x86_64-unknown-linux-gnu")
[INFO] [stderr]   cargo:rerun-if-env-changed=CXX_x86_64-unknown-linux-gnu
[INFO] [stderr]   CXX_x86_64-unknown-linux-gnu = None
[INFO] [stderr]   cargo:rerun-if-env-changed=CXX_x86_64_unknown_linux_gnu
[INFO] [stderr]   CXX_x86_64_unknown_linux_gnu = None
[INFO] [stderr]   cargo:rerun-if-env-changed=HOST_CXX
[INFO] [stderr]   HOST_CXX = None
[INFO] [stderr]   cargo:rerun-if-env-changed=CXX
[INFO] [stderr]   CXX = None
[INFO] [stderr]   cargo:rerun-if-env-changed=CRATE_CC_NO_DEFAULTS
[INFO] [stderr]   CRATE_CC_NO_DEFAULTS = None
[INFO] [stderr]   DEBUG = Some("true")
[INFO] [stderr]   CARGO_CFG_TARGET_FEATURE = Some("fxsr,sse,sse2")
[INFO] [stderr]   cargo:rerun-if-env-changed=CXXFLAGS_x86_64-unknown-linux-gnu
[INFO] [stderr]   CXXFLAGS_x86_64-unknown-linux-gnu = None
[INFO] [stderr]   cargo:rerun-if-env-changed=CXXFLAGS_x86_64_unknown_linux_gnu
[INFO] [stderr]   CXXFLAGS_x86_64_unknown_linux_gnu = None
[INFO] [stderr]   cargo:rerun-if-env-changed=HOST_CXXFLAGS
[INFO] [stderr]   HOST_CXXFLAGS = None
[INFO] [stderr]   cargo:rerun-if-env-changed=CXXFLAGS
[INFO] [stderr]   CXXFLAGS = None
[INFO] [stderr]   cargo:rerun-if-env-changed=CXX_x86_64-unknown-linux-gnu
[INFO] [stderr]   CXX_x86_64-unknown-linux-gnu = None
[INFO] [stderr]   cargo:rerun-if-env-changed=CXX_x86_64_unknown_linux_gnu
[INFO] [stderr]   CXX_x86_64_unknown_linux_gnu = None
[INFO] [stderr]   cargo:rerun-if-env-changed=HOST_CXX
[INFO] [stderr]   HOST_CXX = None
[INFO] [stderr]   cargo:rerun-if-env-changed=CXX
[INFO] [stderr]   CXX = None
[INFO] [stderr]   cargo:rerun-if-env-changed=CRATE_CC_NO_DEFAULTS
[INFO] [stderr]   CRATE_CC_NO_DEFAULTS = None
[INFO] [stderr]   CARGO_CFG_TARGET_FEATURE = Some("fxsr,sse,sse2")
[INFO] [stderr]   cargo:rerun-if-env-changed=CXXFLAGS_x86_64-unknown-linux-gnu
[INFO] [stderr]   CXXFLAGS_x86_64-unknown-linux-gnu = None
[INFO] [stderr]   cargo:rerun-if-env-changed=CXXFLAGS_x86_64_unknown_linux_gnu
[INFO] [stderr]   CXXFLAGS_x86_64_unknown_linux_gnu = None
[INFO] [stderr]   cargo:rerun-if-env-changed=HOST_CXXFLAGS
[INFO] [stderr]   HOST_CXXFLAGS = None
[INFO] [stderr]   cargo:rerun-if-env-changed=CXXFLAGS
[INFO] [stderr]   CXXFLAGS = None
[INFO] [stderr]   running: "c++" "-O0" "-ffunction-sections" "-fdata-sections" "-fPIC" "-gdwarf-4" "-fno-omit-frame-pointer" "-m64" "-I" "/opt/rustwide/target/debug/build/philips-isyntax-rs-eb025d0317598908/out/cxxbridge/include" "-I" "/opt/rustwide/target/debug/build/philips-isyntax-rs-eb025d0317598908/out/cxxbridge/crate" "-Wall" "-Wextra" "-std=c++17" "-o" "/opt/rustwide/target/debug/build/philips-isyntax-rs-eb025d0317598908/out/aed53294a3cb6e0a-bindings.rs.o" "-c" "/opt/rustwide/target/debug/build/philips-isyntax-rs-eb025d0317598908/out/cxxbridge/sources/philips-isyntax-rs/src/bindings.rs.cc"
[INFO] [stderr]   cargo:warning=In file included from /opt/rustwide/target/debug/build/philips-isyntax-rs-eb025d0317598908/out/cxxbridge/sources/philips-isyntax-rs/src/bindings.rs.cc:1:
[INFO] [stderr] 
[INFO] [stderr]   cargo:warning=/opt/rustwide/target/debug/build/philips-isyntax-rs-eb025d0317598908/out/cxxbridge/crate/philips-isyntax-rs/cpp/philipsslide.hpp:2:10: fatal error: PhilipsPixelEngine/pixelengine.hpp: No such file or directory
[INFO] [stderr] 
[INFO] [stderr]   cargo:warning=    2 | #include "PhilipsPixelEngine/pixelengine.hpp"
[INFO] [stderr] 
[INFO] [stderr]   cargo:warning=      |          ^~~~~~~~~~~~~~~~~~~~~~~~~~~~~~~~~~~~
[INFO] [stderr] 
[INFO] [stderr]   cargo:warning=compilation terminated.
[INFO] [stderr] 
[INFO] [stderr]   exit status: 1
[INFO] [stderr] 
[INFO] [stderr]   --- stderr
[INFO] [stderr] 
[INFO] [stderr]   CXX include path:
[INFO] [stderr]     /opt/rustwide/target/debug/build/philips-isyntax-rs-eb025d0317598908/out/cxxbridge/include
[INFO] [stderr]     /opt/rustwide/target/debug/build/philips-isyntax-rs-eb025d0317598908/out/cxxbridge/crate
[INFO] [stderr] 
[INFO] [stderr] 
[INFO] [stderr]   error occurred: Command "c++" "-O0" "-ffunction-sections" "-fdata-sections" "-fPIC" "-gdwarf-4" "-fno-omit-frame-pointer" "-m64" "-I" "/opt/rustwide/target/debug/build/philips-isyntax-rs-eb025d0317598908/out/cxxbridge/include" "-I" "/opt/rustwide/target/debug/build/philips-isyntax-rs-eb025d0317598908/out/cxxbridge/crate" "-Wall" "-Wextra" "-std=c++17" "-o" "/opt/rustwide/target/debug/build/philips-isyntax-rs-eb025d0317598908/out/aed53294a3cb6e0a-bindings.rs.o" "-c" "/opt/rustwide/target/debug/build/philips-isyntax-rs-eb025d0317598908/out/cxxbridge/sources/philips-isyntax-rs/src/bindings.rs.cc" with args "c++" did not execute successfully (status code exit status: 1).
[INFO] [stderr] 
[INFO] [stderr] 
[INFO] [stderr] warning: build failed, waiting for other jobs to finish...
[INFO] running `Command { std: "docker" "inspect" "1a8b88afded2a326d3f0dc846d3115eeb03036f283500ee082c08cef5cd5d016", kill_on_drop: false }`
[INFO] running `Command { std: "docker" "rm" "-f" "1a8b88afded2a326d3f0dc846d3115eeb03036f283500ee082c08cef5cd5d016", kill_on_drop: false }`
[INFO] [stdout] 1a8b88afded2a326d3f0dc846d3115eeb03036f283500ee082c08cef5cd5d016
[INFO] documenting AzHicham/philips-isyntax-rs against beta-2023-12-22 for beta-1.76-rustdoc-1
[INFO] running `Command { std: "git" "clone" "/workspace/cache/git-repos/https%3A%2F%2Fgithub.com%2FAzHicham%2Fphilips-isyntax-rs" "/workspace/builds/worker-6-tc2/source", kill_on_drop: false }`
[INFO] [stderr] Cloning into '/workspace/builds/worker-6-tc2/source'...
[INFO] [stderr] done.
[INFO] validating manifest of git repo https://github.com/AzHicham/philips-isyntax-rs on toolchain beta-2023-12-22
[INFO] running `Command { std: CARGO_HOME="/workspace/cargo-home" RUSTUP_HOME="/workspace/rustup-home" "/workspace/cargo-home/bin/cargo" "+beta-2023-12-22" "metadata" "--manifest-path" "Cargo.toml" "--no-deps", kill_on_drop: false }`
[INFO] started tweaking git repo https://github.com/AzHicham/philips-isyntax-rs
[INFO] finished tweaking git repo https://github.com/AzHicham/philips-isyntax-rs
[INFO] tweaked toml for git repo https://github.com/AzHicham/philips-isyntax-rs written to /workspace/builds/worker-6-tc2/source/Cargo.toml
[INFO] crate git repo https://github.com/AzHicham/philips-isyntax-rs already has a lockfile, it will not be regenerated
[INFO] running `Command { std: CARGO_HOME="/workspace/cargo-home" RUSTUP_HOME="/workspace/rustup-home" "/workspace/cargo-home/bin/cargo" "+beta-2023-12-22" "fetch" "--manifest-path" "Cargo.toml", kill_on_drop: false }`
[INFO] running `Command { std: "docker" "create" "-v" "/var/lib/crater-agent-workspace/builds/worker-6-tc2/target:/opt/rustwide/target:rw,Z" "-v" "/var/lib/crater-agent-workspace/builds/worker-6-tc2/source:/opt/rustwide/workdir:ro,Z" "-v" "/var/lib/crater-agent-workspace/cargo-home:/opt/rustwide/cargo-home:ro,Z" "-v" "/var/lib/crater-agent-workspace/rustup-home:/opt/rustwide/rustup-home:ro,Z" "-e" "SOURCE_DIR=/opt/rustwide/workdir" "-e" "CARGO_TARGET_DIR=/opt/rustwide/target" "-e" "CARGO_HOME=/opt/rustwide/cargo-home" "-e" "RUSTUP_HOME=/opt/rustwide/rustup-home" "-w" "/opt/rustwide/workdir" "-m" "1610612736" "--user" "0:0" "--network" "none" "ghcr.io/rust-lang/crates-build-env/linux@sha256:2788e3201cd34a07e3172128adcd8b3090168a8e3bcc40d7c032b9dda1df7d1c" "/opt/rustwide/cargo-home/bin/cargo" "+beta-2023-12-22" "metadata" "--no-deps" "--format-version=1", kill_on_drop: false }`
[INFO] [stdout] 1e801a13e3efea0179dae876915761a867f958bf42ed78a9e25967570c18f261
[INFO] running `Command { std: "docker" "start" "-a" "1e801a13e3efea0179dae876915761a867f958bf42ed78a9e25967570c18f261", kill_on_drop: false }`
[INFO] running `Command { std: "docker" "inspect" "1e801a13e3efea0179dae876915761a867f958bf42ed78a9e25967570c18f261", kill_on_drop: false }`
[INFO] running `Command { std: "docker" "rm" "-f" "1e801a13e3efea0179dae876915761a867f958bf42ed78a9e25967570c18f261", kill_on_drop: false }`
[INFO] [stdout] 1e801a13e3efea0179dae876915761a867f958bf42ed78a9e25967570c18f261
[INFO] running `Command { std: "docker" "create" "-v" "/var/lib/crater-agent-workspace/builds/worker-6-tc2/target:/opt/rustwide/target:rw,Z" "-v" "/var/lib/crater-agent-workspace/builds/worker-6-tc2/source:/opt/rustwide/workdir:ro,Z" "-v" "/var/lib/crater-agent-workspace/cargo-home:/opt/rustwide/cargo-home:ro,Z" "-v" "/var/lib/crater-agent-workspace/rustup-home:/opt/rustwide/rustup-home:ro,Z" "-e" "SOURCE_DIR=/opt/rustwide/workdir" "-e" "CARGO_TARGET_DIR=/opt/rustwide/target" "-e" "CARGO_INCREMENTAL=0" "-e" "RUST_BACKTRACE=full" "-e" "RUSTFLAGS=--cap-lints=warn" "-e" "RUSTDOCFLAGS=--cap-lints=warn" "-e" "CARGO_HOME=/opt/rustwide/cargo-home" "-e" "RUSTUP_HOME=/opt/rustwide/rustup-home" "-w" "/opt/rustwide/workdir" "-m" "1610612736" "--user" "0:0" "--network" "none" "ghcr.io/rust-lang/crates-build-env/linux@sha256:2788e3201cd34a07e3172128adcd8b3090168a8e3bcc40d7c032b9dda1df7d1c" "/opt/rustwide/cargo-home/bin/cargo" "+beta-2023-12-22" "doc" "--frozen" "--no-deps" "--document-private-items" "--message-format=json", kill_on_drop: false }`
[INFO] [stdout] de29613fedcc4281ab8793de2bff1365781469b52ebcbf0516100d45e8104dbf
[INFO] running `Command { std: "docker" "start" "-a" "de29613fedcc4281ab8793de2bff1365781469b52ebcbf0516100d45e8104dbf", kill_on_drop: false }`
[INFO] [stderr]    Compiling libc v0.2.150
[INFO] [stderr]    Compiling proc-macro2 v1.0.70
[INFO] [stderr]    Compiling scratch v1.0.7
[INFO] [stderr]    Compiling cxxbridge-flags v1.0.110
[INFO] [stderr]    Compiling num-traits v0.2.17
[INFO] [stderr]    Compiling num-integer v0.1.45
[INFO] [stderr]    Compiling termcolor v1.4.0
[INFO] [stderr]    Compiling unicode-width v0.1.11
[INFO] [stderr]    Compiling num-rational v0.4.1
[INFO] [stderr]    Compiling once_cell v1.19.0
[INFO] [stderr]    Compiling thiserror v1.0.50
[INFO] [stderr]     Checking byteorder v1.5.0
[INFO] [stderr]     Checking jpeg-decoder v0.3.0
[INFO] [stderr]     Checking color_quant v1.1.0
[INFO] [stderr]     Checking bytemuck v1.14.0
[INFO] [stderr]    Compiling codespan-reporting v0.11.1
[INFO] [stderr]    Compiling quote v1.0.33
[INFO] [stderr]    Compiling cc v1.0.83
[INFO] [stderr]     Checking getrandom v0.2.11
[INFO] [stderr]    Compiling syn v2.0.39
[INFO] [stderr]     Checking rand_core v0.6.4
[INFO] [stderr]     Checking rand_chacha v0.3.1
[INFO] [stderr]     Checking rand v0.8.5
[INFO] [stderr]    Compiling link-cplusplus v1.0.9
[INFO] [stderr]    Compiling cxx v1.0.110
[INFO] [stderr]     Checking image v0.24.7
[INFO] [stderr]    Compiling cxx-build v1.0.110
[INFO] [stderr]    Compiling thiserror-impl v1.0.50
[INFO] [stderr]    Compiling cxxbridge-macro v1.0.110
[INFO] [stderr]    Compiling philips-isyntax-rs v1.1.3 (/opt/rustwide/workdir)
[INFO] [stderr] The following warnings were emitted during compilation:
[INFO] [stderr] 
[INFO] [stderr] warning: philips-isyntax-rs@1.1.3: In file included from /opt/rustwide/target/debug/build/philips-isyntax-rs-67b87a87d4b364f0/out/cxxbridge/sources/philips-isyntax-rs/src/bindings.rs.cc:1:
[INFO] [stderr] warning: philips-isyntax-rs@1.1.3: /opt/rustwide/target/debug/build/philips-isyntax-rs-67b87a87d4b364f0/out/cxxbridge/crate/philips-isyntax-rs/cpp/philipsslide.hpp:2:10: fatal error: PhilipsPixelEngine/pixelengine.hpp: No such file or directory
[INFO] [stderr] warning: philips-isyntax-rs@1.1.3:     2 | #include "PhilipsPixelEngine/pixelengine.hpp"
[INFO] [stderr] warning: philips-isyntax-rs@1.1.3:       |          ^~~~~~~~~~~~~~~~~~~~~~~~~~~~~~~~~~~~
[INFO] [stderr] warning: philips-isyntax-rs@1.1.3: compilation terminated.
[INFO] [stderr] 
[INFO] [stderr] error: failed to run custom build command for `philips-isyntax-rs v1.1.3 (/opt/rustwide/workdir)`
[INFO] [stderr] note: To improve backtraces for build dependencies, set the CARGO_PROFILE_DEV_BUILD_OVERRIDE_DEBUG=true environment variable to enable debug information generation.
[INFO] [stderr] 
[INFO] [stderr] Caused by:
[INFO] [stderr]   process didn't exit successfully: `/opt/rustwide/target/debug/build/philips-isyntax-rs-f231aef5bd3513a0/build-script-build` (exit status: 1)
[INFO] [stderr]   --- stdout
[INFO] [stderr]   cargo:CXXBRIDGE_PREFIX=philips-isyntax-rs
[INFO] [stderr]   cargo:CXXBRIDGE_DIR0=/opt/rustwide/target/debug/build/philips-isyntax-rs-67b87a87d4b364f0/out/cxxbridge/include
[INFO] [stderr]   cargo:CXXBRIDGE_DIR1=/opt/rustwide/target/debug/build/philips-isyntax-rs-67b87a87d4b364f0/out/cxxbridge/crate
[INFO] [stderr]   TARGET = Some("x86_64-unknown-linux-gnu")
[INFO] [stderr]   OPT_LEVEL = Some("0")
[INFO] [stderr]   HOST = Some("x86_64-unknown-linux-gnu")
[INFO] [stderr]   cargo:rerun-if-env-changed=CXX_x86_64-unknown-linux-gnu
[INFO] [stderr]   CXX_x86_64-unknown-linux-gnu = None
[INFO] [stderr]   cargo:rerun-if-env-changed=CXX_x86_64_unknown_linux_gnu
[INFO] [stderr]   CXX_x86_64_unknown_linux_gnu = None
[INFO] [stderr]   cargo:rerun-if-env-changed=HOST_CXX
[INFO] [stderr]   HOST_CXX = None
[INFO] [stderr]   cargo:rerun-if-env-changed=CXX
[INFO] [stderr]   CXX = None
[INFO] [stderr]   cargo:rerun-if-env-changed=CRATE_CC_NO_DEFAULTS
[INFO] [stderr]   CRATE_CC_NO_DEFAULTS = None
[INFO] [stderr]   DEBUG = Some("true")
[INFO] [stderr]   CARGO_CFG_TARGET_FEATURE = Some("fxsr,sse,sse2")
[INFO] [stderr]   cargo:rerun-if-env-changed=CXXFLAGS_x86_64-unknown-linux-gnu
[INFO] [stderr]   CXXFLAGS_x86_64-unknown-linux-gnu = None
[INFO] [stderr]   cargo:rerun-if-env-changed=CXXFLAGS_x86_64_unknown_linux_gnu
[INFO] [stderr]   CXXFLAGS_x86_64_unknown_linux_gnu = None
[INFO] [stderr]   cargo:rerun-if-env-changed=HOST_CXXFLAGS
[INFO] [stderr]   HOST_CXXFLAGS = None
[INFO] [stderr]   cargo:rerun-if-env-changed=CXXFLAGS
[INFO] [stderr]   CXXFLAGS = None
[INFO] [stderr]   cargo:rerun-if-env-changed=CXX_x86_64-unknown-linux-gnu
[INFO] [stderr]   CXX_x86_64-unknown-linux-gnu = None
[INFO] [stderr]   cargo:rerun-if-env-changed=CXX_x86_64_unknown_linux_gnu
[INFO] [stderr]   CXX_x86_64_unknown_linux_gnu = None
[INFO] [stderr]   cargo:rerun-if-env-changed=HOST_CXX
[INFO] [stderr]   HOST_CXX = None
[INFO] [stderr]   cargo:rerun-if-env-changed=CXX
[INFO] [stderr]   CXX = None
[INFO] [stderr]   cargo:rerun-if-env-changed=CRATE_CC_NO_DEFAULTS
[INFO] [stderr]   CRATE_CC_NO_DEFAULTS = None
[INFO] [stderr]   CARGO_CFG_TARGET_FEATURE = Some("fxsr,sse,sse2")
[INFO] [stderr]   cargo:rerun-if-env-changed=CXXFLAGS_x86_64-unknown-linux-gnu
[INFO] [stderr]   CXXFLAGS_x86_64-unknown-linux-gnu = None
[INFO] [stderr]   cargo:rerun-if-env-changed=CXXFLAGS_x86_64_unknown_linux_gnu
[INFO] [stderr]   CXXFLAGS_x86_64_unknown_linux_gnu = None
[INFO] [stderr]   cargo:rerun-if-env-changed=HOST_CXXFLAGS
[INFO] [stderr]   HOST_CXXFLAGS = None
[INFO] [stderr]   cargo:rerun-if-env-changed=CXXFLAGS
[INFO] [stderr]   CXXFLAGS = None
[INFO] [stderr]   running: "c++" "-O0" "-ffunction-sections" "-fdata-sections" "-fPIC" "-gdwarf-4" "-fno-omit-frame-pointer" "-m64" "-I" "/opt/rustwide/target/debug/build/philips-isyntax-rs-67b87a87d4b364f0/out/cxxbridge/include" "-I" "/opt/rustwide/target/debug/build/philips-isyntax-rs-67b87a87d4b364f0/out/cxxbridge/crate" "-Wall" "-Wextra" "-std=c++17" "-o" "/opt/rustwide/target/debug/build/philips-isyntax-rs-67b87a87d4b364f0/out/6d32af90c2ca81ed-bindings.rs.o" "-c" "/opt/rustwide/target/debug/build/philips-isyntax-rs-67b87a87d4b364f0/out/cxxbridge/sources/philips-isyntax-rs/src/bindings.rs.cc"
[INFO] [stderr]   cargo:warning=In file included from /opt/rustwide/target/debug/build/philips-isyntax-rs-67b87a87d4b364f0/out/cxxbridge/sources/philips-isyntax-rs/src/bindings.rs.cc:1:
[INFO] [stderr] 
[INFO] [stderr]   cargo:warning=/opt/rustwide/target/debug/build/philips-isyntax-rs-67b87a87d4b364f0/out/cxxbridge/crate/philips-isyntax-rs/cpp/philipsslide.hpp:2:10: fatal error: PhilipsPixelEngine/pixelengine.hpp: No such file or directory
[INFO] [stderr] 
[INFO] [stderr]   cargo:warning=    2 | #include "PhilipsPixelEngine/pixelengine.hpp"
[INFO] [stderr] 
[INFO] [stderr]   cargo:warning=      |          ^~~~~~~~~~~~~~~~~~~~~~~~~~~~~~~~~~~~
[INFO] [stderr] 
[INFO] [stderr]   cargo:warning=compilation terminated.
[INFO] [stderr] 
[INFO] [stderr]   exit status: 1
[INFO] [stderr] 
[INFO] [stderr]   --- stderr
[INFO] [stderr] 
[INFO] [stderr]   CXX include path:
[INFO] [stderr]     /opt/rustwide/target/debug/build/philips-isyntax-rs-67b87a87d4b364f0/out/cxxbridge/include
[INFO] [stderr]     /opt/rustwide/target/debug/build/philips-isyntax-rs-67b87a87d4b364f0/out/cxxbridge/crate
[INFO] [stderr] 
[INFO] [stderr] 
[INFO] [stderr]   error occurred: Command "c++" "-O0" "-ffunction-sections" "-fdata-sections" "-fPIC" "-gdwarf-4" "-fno-omit-frame-pointer" "-m64" "-I" "/opt/rustwide/target/debug/build/philips-isyntax-rs-67b87a87d4b364f0/out/cxxbridge/include" "-I" "/opt/rustwide/target/debug/build/philips-isyntax-rs-67b87a87d4b364f0/out/cxxbridge/crate" "-Wall" "-Wextra" "-std=c++17" "-o" "/opt/rustwide/target/debug/build/philips-isyntax-rs-67b87a87d4b364f0/out/6d32af90c2ca81ed-bindings.rs.o" "-c" "/opt/rustwide/target/debug/build/philips-isyntax-rs-67b87a87d4b364f0/out/cxxbridge/sources/philips-isyntax-rs/src/bindings.rs.cc" with args "c++" did not execute successfully (status code exit status: 1).
[INFO] [stderr] 
[INFO] [stderr] 
[INFO] [stderr] warning: build failed, waiting for other jobs to finish...
[INFO] running `Command { std: "docker" "inspect" "de29613fedcc4281ab8793de2bff1365781469b52ebcbf0516100d45e8104dbf", kill_on_drop: false }`
[INFO] running `Command { std: "docker" "rm" "-f" "de29613fedcc4281ab8793de2bff1365781469b52ebcbf0516100d45e8104dbf", kill_on_drop: false }`
[INFO] [stdout] de29613fedcc4281ab8793de2bff1365781469b52ebcbf0516100d45e8104dbf
