[INFO] cloning repository https://github.com/Ayush170-Future/galoy2
[INFO] running `Command { std: "git" "-c" "credential.helper=" "-c" "credential.helper=/workspace/cargo-home/bin/git-credential-null" "clone" "--bare" "https://github.com/Ayush170-Future/galoy2" "/workspace/cache/git-repos/https%3A%2F%2Fgithub.com%2FAyush170-Future%2Fgaloy2", kill_on_drop: false }`
[INFO] [stderr] Cloning into bare repository '/workspace/cache/git-repos/https%3A%2F%2Fgithub.com%2FAyush170-Future%2Fgaloy2'...
[INFO] running `Command { std: "git" "rev-parse" "HEAD", kill_on_drop: false }`
[INFO] [stdout] bb6f14e9454da51b3d55f3fb925fd4b04d54a846
[INFO] documenting Ayush170-Future/galoy2 against 1.75.0 for beta-1.76-rustdoc-1
[INFO] running `Command { std: "git" "clone" "/workspace/cache/git-repos/https%3A%2F%2Fgithub.com%2FAyush170-Future%2Fgaloy2" "/workspace/builds/worker-6-tc1/source", kill_on_drop: false }`
[INFO] [stderr] Cloning into '/workspace/builds/worker-6-tc1/source'...
[INFO] [stderr] done.
[INFO] validating manifest of git repo https://github.com/Ayush170-Future/galoy2 on toolchain 1.75.0
[INFO] running `Command { std: CARGO_HOME="/workspace/cargo-home" RUSTUP_HOME="/workspace/rustup-home" "/workspace/cargo-home/bin/cargo" "+1.75.0" "metadata" "--manifest-path" "Cargo.toml" "--no-deps", kill_on_drop: false }`
[INFO] removed /workspace/builds/worker-6-tc1/source/rust-toolchain.toml
[INFO] started tweaking git repo https://github.com/Ayush170-Future/galoy2
[INFO] finished tweaking git repo https://github.com/Ayush170-Future/galoy2
[INFO] tweaked toml for git repo https://github.com/Ayush170-Future/galoy2 written to /workspace/builds/worker-6-tc1/source/Cargo.toml
[INFO] crate git repo https://github.com/Ayush170-Future/galoy2 already has a lockfile, it will not be regenerated
[INFO] running `Command { std: CARGO_HOME="/workspace/cargo-home" RUSTUP_HOME="/workspace/rustup-home" "/workspace/cargo-home/bin/cargo" "+1.75.0" "fetch" "--manifest-path" "Cargo.toml", kill_on_drop: false }`
[INFO] [stderr]  Downloading crates ...
[INFO] [stderr]   Downloaded async-graphql-axum v6.0.9
[INFO] [stderr]   Downloaded crc-catalog v2.3.0
[INFO] [stderr]   Downloaded rsa v0.9.3
[INFO] [stderr]   Downloaded pem v3.0.2
[INFO] [stderr]   Downloaded opentelemetry-http v0.9.0
[INFO] [stderr]   Downloaded async-graphql-value v6.0.9
[INFO] [stderr]   Downloaded opentelemetry v0.20.0
[INFO] [stderr]   Downloaded async-graphql-parser v6.0.9
[INFO] [stderr]   Downloaded jsonwebtoken v9.1.0
[INFO] [stderr]   Downloaded async-graphql v6.0.9
[INFO] [stderr]   Downloaded zerocopy-derive v0.7.21
[INFO] [stderr]   Downloaded opentelemetry-proto v0.3.0
[INFO] [stderr]   Downloaded tracing-opentelemetry v0.20.0
[INFO] [stderr]   Downloaded opentelemetry-otlp v0.13.0
[INFO] [stderr]   Downloaded zerocopy v0.7.21
[INFO] [stderr]   Downloaded opentelemetry_sdk v0.20.0
[INFO] [stderr]   Downloaded opentelemetry-semantic-conventions v0.12.0
[INFO] [stderr]   Downloaded async-graphql-derive v6.0.9
[INFO] [stderr]   Downloaded opentelemetry_api v0.20.0
[INFO] running `Command { std: "docker" "create" "-v" "/var/lib/crater-agent-workspace/builds/worker-6-tc1/target:/opt/rustwide/target:rw,Z" "-v" "/var/lib/crater-agent-workspace/builds/worker-6-tc1/source:/opt/rustwide/workdir:ro,Z" "-v" "/var/lib/crater-agent-workspace/cargo-home:/opt/rustwide/cargo-home:ro,Z" "-v" "/var/lib/crater-agent-workspace/rustup-home:/opt/rustwide/rustup-home:ro,Z" "-e" "SOURCE_DIR=/opt/rustwide/workdir" "-e" "CARGO_TARGET_DIR=/opt/rustwide/target" "-e" "CARGO_HOME=/opt/rustwide/cargo-home" "-e" "RUSTUP_HOME=/opt/rustwide/rustup-home" "-w" "/opt/rustwide/workdir" "-m" "1610612736" "--user" "0:0" "--network" "none" "ghcr.io/rust-lang/crates-build-env/linux@sha256:2788e3201cd34a07e3172128adcd8b3090168a8e3bcc40d7c032b9dda1df7d1c" "/opt/rustwide/cargo-home/bin/cargo" "+1.75.0" "metadata" "--no-deps" "--format-version=1", kill_on_drop: false }`
[INFO] [stdout] 1acfcfed272566cbeefecfee931f82d84e9cb196d0289f529c4106b85582d83f
[INFO] running `Command { std: "docker" "start" "-a" "1acfcfed272566cbeefecfee931f82d84e9cb196d0289f529c4106b85582d83f", kill_on_drop: false }`
[INFO] running `Command { std: "docker" "inspect" "1acfcfed272566cbeefecfee931f82d84e9cb196d0289f529c4106b85582d83f", kill_on_drop: false }`
[INFO] running `Command { std: "docker" "rm" "-f" "1acfcfed272566cbeefecfee931f82d84e9cb196d0289f529c4106b85582d83f", kill_on_drop: false }`
[INFO] [stdout] 1acfcfed272566cbeefecfee931f82d84e9cb196d0289f529c4106b85582d83f
[INFO] running `Command { std: "docker" "create" "-v" "/var/lib/crater-agent-workspace/builds/worker-6-tc1/target:/opt/rustwide/target:rw,Z" "-v" "/var/lib/crater-agent-workspace/builds/worker-6-tc1/source:/opt/rustwide/workdir:ro,Z" "-v" "/var/lib/crater-agent-workspace/cargo-home:/opt/rustwide/cargo-home:ro,Z" "-v" "/var/lib/crater-agent-workspace/rustup-home:/opt/rustwide/rustup-home:ro,Z" "-e" "SOURCE_DIR=/opt/rustwide/workdir" "-e" "CARGO_TARGET_DIR=/opt/rustwide/target" "-e" "CARGO_INCREMENTAL=0" "-e" "RUST_BACKTRACE=full" "-e" "RUSTFLAGS=--cap-lints=warn" "-e" "RUSTDOCFLAGS=--cap-lints=warn" "-e" "CARGO_HOME=/opt/rustwide/cargo-home" "-e" "RUSTUP_HOME=/opt/rustwide/rustup-home" "-w" "/opt/rustwide/workdir" "-m" "1610612736" "--user" "0:0" "--network" "none" "ghcr.io/rust-lang/crates-build-env/linux@sha256:2788e3201cd34a07e3172128adcd8b3090168a8e3bcc40d7c032b9dda1df7d1c" "/opt/rustwide/cargo-home/bin/cargo" "+1.75.0" "doc" "--frozen" "--no-deps" "--document-private-items" "--message-format=json", kill_on_drop: false }`
[INFO] [stdout] 381a9cfcdb34a31b8cd9c2092a76db074ce96a8a743766b64738139600cddf26
[INFO] running `Command { std: "docker" "start" "-a" "381a9cfcdb34a31b8cd9c2092a76db074ce96a8a743766b64738139600cddf26", kill_on_drop: false }`
[INFO] [stderr]    Compiling serde v1.0.190
[INFO] [stderr]    Compiling futures-task v0.3.29
[INFO] [stderr]    Compiling serde_json v1.0.108
[INFO] [stderr]    Compiling futures-util v0.3.29
[INFO] [stderr]    Compiling libc v0.2.149
[INFO] [stderr]     Checking futures-io v0.3.29
[INFO] [stderr]    Compiling syn v2.0.38
[INFO] [stderr]     Checking tracing-core v0.1.32
[INFO] [stderr]    Compiling crossbeam-utils v0.8.16
[INFO] [stderr]     Checking subtle v2.5.0
[INFO] [stderr]     Checking spin v0.9.8
[INFO] [stderr]    Compiling heck v0.4.1
[INFO] [stderr]    Compiling memchr v2.6.4
[INFO] [stderr]     Checking unicode-bidi v0.3.13
[INFO] [stderr]     Checking rand v0.8.5
[INFO] [stderr]    Compiling zerocopy v0.7.21
[INFO] [stderr]    Compiling async-trait v0.1.74
[INFO] [stderr]    Compiling allocator-api2 v0.2.16
[INFO] [stderr]     Checking digest v0.10.7
[INFO] [stderr]    Compiling generic-array v0.14.7
[INFO] [stderr]     Checking aho-corasick v1.1.2
[INFO] [stderr]     Checking regex-syntax v0.8.2
[INFO] [stderr]    Compiling equivalent v1.0.1
[INFO] [stderr]    Compiling syn v1.0.109
[INFO] [stderr]     Checking idna v0.4.0
[INFO] [stderr]     Checking sha1 v0.10.6
[INFO] [stderr]    Compiling untrusted v0.9.0
[INFO] [stderr]    Compiling tinyvec_macros v0.1.1
[INFO] [stderr]     Checking urlencoding v2.1.3
[INFO] [stderr]    Compiling crossbeam-queue v0.3.8
[INFO] [stderr]     Checking ahash v0.8.6
[INFO] [stderr]    Compiling tinyvec v1.6.0
[INFO] [stderr]    Compiling axum-core v0.3.4
[INFO] [stderr]    Compiling futures-core v0.3.29
[INFO] [stderr]    Compiling pin-project-lite v0.2.13
[INFO] [stderr]    Compiling cc v1.0.83
[INFO] [stderr]    Compiling getrandom v0.2.10
[INFO] [stderr]    Compiling crypto-common v0.1.6
[INFO] [stderr]    Compiling block-buffer v0.10.4
[INFO] [stderr]     Checking url v2.4.1
[INFO] [stderr]     Checking data-encoding v2.4.0
[INFO] [stderr]     Checking tower-layer v0.3.2
[INFO] [stderr]     Checking hashbrown v0.14.2
[INFO] [stderr]    Compiling num-traits v0.2.17
[INFO] [stderr]     Checking crossbeam-channel v0.5.8
[INFO] [stderr]    Compiling axum v0.6.20
[INFO] [stderr]     Checking ordered-float v3.9.2
[INFO] [stderr]    Compiling scopeguard v1.2.0
[INFO] [stderr]    Compiling smallvec v1.11.1
[INFO] [stderr]    Compiling lock_api v0.4.11
[INFO] [stderr]    Compiling mio v0.8.9
[INFO] [stderr]    Compiling socket2 v0.5.5
[INFO] [stderr]    Compiling rustls v0.21.8
[INFO] [stderr]    Compiling percent-encoding v2.3.0
[INFO] [stderr]    Compiling parking_lot_core v0.9.9
[INFO] [stderr]     Checking matchit v0.7.3
[INFO] [stderr]    Compiling futures-sink v0.3.29
[INFO] [stderr]    Compiling futures-channel v0.3.29
[INFO] [stderr]     Checking sync_wrapper v0.1.2
[INFO] [stderr]    Compiling unicode-normalization v0.1.22
[INFO] [stderr]    Compiling minimal-lexical v0.2.1
[INFO] [stderr]    Compiling parking_lot v0.12.1
[INFO] [stderr]    Compiling form_urlencoded v1.2.0
[INFO] [stderr]    Compiling rand_core v0.6.4
[INFO] [stderr]    Compiling slab v0.4.9
[INFO] [stderr]    Compiling nom v7.1.3
[INFO] [stderr]     Checking regex-syntax v0.6.29
[INFO] [stderr]    Compiling unicode_categories v0.1.1
[INFO] [stderr]    Compiling bitflags v2.4.1
[INFO] [stderr]    Compiling ppv-lite86 v0.2.17
[INFO] [stderr]    Compiling iana-time-zone v0.1.58
[INFO] [stderr]    Compiling base64 v0.21.5
[INFO] [stderr]    Compiling crc-catalog v2.3.0
[INFO] [stderr]    Compiling ring v0.17.5
[INFO] [stderr]     Checking regex-automata v0.4.3
[INFO] [stderr]    Compiling rustix v0.38.21
[INFO] [stderr]    Compiling log v0.4.20
[INFO] [stderr]    Compiling chrono v0.4.31
[INFO] [stderr]    Compiling rand_chacha v0.3.1
[INFO] [stderr]    Compiling rustls-pemfile v1.0.3
[INFO] [stderr]    Compiling atoi v2.0.0
[INFO] [stderr]    Compiling crc v3.0.1
[INFO] [stderr]    Compiling hashlink v0.8.4
[INFO] [stderr]    Compiling futures-intrusive v0.5.0
[INFO] [stderr]    Compiling sha2 v0.10.8
[INFO] [stderr]    Compiling hmac v0.12.1
[INFO] [stderr]    Compiling dotenvy v0.15.7
[INFO] [stderr]    Compiling event-listener v2.5.3
[INFO] [stderr]    Compiling linux-raw-sys v0.4.10
[INFO] [stderr]    Compiling winnow v0.5.18
[INFO] [stderr]    Compiling toml_datetime v0.6.5
[INFO] [stderr]    Compiling hex v0.4.3
[INFO] [stderr]     Checking regex-automata v0.1.10
[INFO] [stderr]    Compiling byteorder v1.5.0
[INFO] [stderr]    Compiling finl_unicode v1.2.0
[INFO] [stderr]    Compiling uuid v1.5.0
[INFO] [stderr]     Checking overload v0.1.1
[INFO] [stderr]     Checking nu-ansi-term v0.46.0
[INFO] [stderr]    Compiling darling_core v0.20.3
[INFO] [stderr]    Compiling stringprep v0.1.4
[INFO] [stderr]     Checking sharded-slab v0.1.7
[INFO] [stderr]     Checking matchers v0.1.0
[INFO] [stderr]     Checking regex v1.10.2
[INFO] [stderr]    Compiling hkdf v0.12.3
[INFO] [stderr]    Compiling md-5 v0.10.6
[INFO] [stderr]     Checking tracing-log v0.1.4
[INFO] [stderr]     Checking thread_local v1.1.7
[INFO] [stderr]    Compiling multer v2.1.0
[INFO] [stderr]    Compiling num-bigint v0.4.4
[INFO] [stderr]    Compiling home v0.5.5
[INFO] [stderr]    Compiling fastrand v2.0.1
[INFO] [stderr]    Compiling whoami v1.4.1
[INFO] [stderr]    Compiling time-macros v0.2.15
[INFO] [stderr]     Checking deranged v0.3.9
[INFO] [stderr]     Checking anstyle-parse v0.2.2
[INFO] [stderr]     Checking num-integer v0.1.45
[INFO] [stderr]    Compiling tempfile v3.8.1
[INFO] [stderr]     Checking anstyle-query v1.0.0
[INFO] [stderr]     Checking anstream v0.6.4
[INFO] [stderr]     Checking clap_builder v4.4.7
[INFO] [stderr]     Checking pem v3.0.2
[INFO] [stderr]     Checking unsafe-libyaml v0.2.9
[INFO] [stderr]    Compiling serde_derive v1.0.190
[INFO] [stderr]    Compiling thiserror-impl v1.0.50
[INFO] [stderr]    Compiling futures-macro v0.3.29
[INFO] [stderr]    Compiling tracing-attributes v0.1.27
[INFO] [stderr]    Compiling tokio-macros v2.1.0
[INFO] [stderr]     Checking rustls-webpki v0.101.7
[INFO] [stderr]     Checking sct v0.7.1
[INFO] [stderr]    Compiling pin-project-internal v1.1.3
[INFO] [stderr]    Compiling axum-macros v0.3.8
[INFO] [stderr]    Compiling darling_macro v0.20.3
[INFO] [stderr]    Compiling strum_macros v0.25.3
[INFO] [stderr]    Compiling Inflector v0.11.4
[INFO] [stderr]    Compiling async-stream-impl v0.3.5
[INFO] [stderr]    Compiling webpki-roots v0.24.0
[INFO] [stderr]     Checking time v0.3.30
[INFO] [stderr]    Compiling clap_derive v4.4.7
[INFO] [stderr]    Compiling darling v0.20.3
[INFO] [stderr]    Compiling serde_with_macros v3.4.0
[INFO] [stderr]     Checking async-stream v0.3.5
[INFO] [stderr]     Checking thiserror v1.0.50
[INFO] [stderr]    Compiling pest v2.7.5
[INFO] [stderr]     Checking pin-project v1.1.3
[INFO] [stderr]     Checking tracing v0.1.40
[INFO] [stderr]     Checking simple_asn1 v0.6.2
[INFO] [stderr]    Compiling strum v0.25.0
[INFO] [stderr]     Checking clap v4.4.7
[INFO] [stderr]     Checking futures-executor v0.3.29
[INFO] [stderr]     Checking opentelemetry_api v0.20.0
[INFO] [stderr]     Checking futures v0.3.29
[INFO] [stderr]     Checking tracing-futures v0.2.5
[INFO] [stderr]     Checking bytes v1.5.0
[INFO] [stderr]     Checking serde_urlencoded v0.7.1
[INFO] [stderr]     Checking indexmap v2.0.2
[INFO] [stderr]     Checking serde_path_to_error v0.1.14
[INFO] [stderr]     Checking either v1.9.0
[INFO] [stderr]     Checking tracing-serde v0.1.3
[INFO] [stderr]     Checking serde_with v3.4.0
[INFO] [stderr]     Checking itertools v0.11.0
[INFO] [stderr]     Checking tokio v1.33.0
[INFO] [stderr]     Checking http v0.2.9
[INFO] [stderr]    Compiling itertools v0.10.5
[INFO] [stderr]     Checking serde_yaml v0.9.27
[INFO] [stderr]    Compiling toml_edit v0.19.15
[INFO] [stderr]     Checking tracing-subscriber v0.3.17
[INFO] [stderr]     Checking async-graphql-value v6.0.9
[INFO] [stderr]     Checking jsonwebtoken v9.1.0
[INFO] [stderr]     Checking async-graphql-parser v6.0.9
[INFO] [stderr]     Checking http-body v0.4.5
[INFO] [stderr]     Checking headers-core v0.2.0
[INFO] [stderr]     Checking tungstenite v0.20.1
[INFO] [stderr]     Checking sqlformat v0.2.2
[INFO] [stderr]     Checking headers v0.3.9
[INFO] [stderr]    Compiling prost-derive v0.11.9
[INFO] [stderr]    Compiling proc-macro-crate v1.3.1
[INFO] [stderr]     Checking prost v0.11.9
[INFO] [stderr]    Compiling async-graphql-derive v6.0.9
[INFO] [stderr]     Checking tokio-util v0.7.10
[INFO] [stderr]     Checking tokio-stream v0.1.14
[INFO] [stderr]     Checking tokio-tungstenite v0.20.1
[INFO] [stderr]     Checking tokio-rustls v0.24.1
[INFO] [stderr]     Checking tokio-io-timeout v1.2.0
[INFO] [stderr]     Checking opentelemetry_sdk v0.20.0
[INFO] [stderr]     Checking sqlx-core v0.7.2
[INFO] [stderr]     Checking h2 v0.3.21
[INFO] [stderr]     Checking tower v0.4.13
[INFO] [stderr]     Checking opentelemetry v0.20.0
[INFO] [stderr]     Checking opentelemetry-semantic-conventions v0.12.0
[INFO] [stderr]     Checking tracing-opentelemetry v0.20.0
[INFO] [stderr]     Checking sqlx-postgres v0.7.2
[INFO] [stderr]     Checking hyper v0.14.27
[INFO] [stderr]    Compiling sqlx-macros-core v0.7.2
[INFO] [stderr]     Checking async-graphql v6.0.9
[INFO] [stderr]    Compiling sqlx-macros v0.7.2
[INFO] [stderr]     Checking hyper-timeout v0.4.1
[INFO] [stderr]     Checking hyper-rustls v0.24.2
[INFO] [stderr]     Checking reqwest v0.11.20
[INFO] [stderr]     Checking opentelemetry-http v0.9.0
[INFO] [stderr]     Checking sqlx v0.7.2
[INFO] [stderr]     Checking tonic v0.9.2
[INFO] [stderr]     Checking async-graphql-axum v6.0.9
[INFO] [stderr]     Checking opentelemetry-proto v0.3.0
[INFO] [stderr]     Checking opentelemetry-otlp v0.13.0
[INFO] [stderr]     Checking tracing v0.1.0 (/opt/rustwide/workdir/lib/tracing-rs)
[INFO] [stderr]  Documenting tracing v0.1.0 (/opt/rustwide/workdir/lib/tracing-rs)
[INFO] [stderr]     Checking api-keys v0.1.0 (/opt/rustwide/workdir/core/api-keys)
[INFO] [stderr]  Documenting api-keys v0.1.0 (/opt/rustwide/workdir/core/api-keys)
[INFO] [stdout] error: error communicating with database: Cannot assign requested address (os error 99)
[INFO] [stdout]   --> core/api-keys/src/identity/mod.rs:48:24
[INFO] [stdout]    |
[INFO] [stdout] 48 |           let identity = sqlx::query!(
[INFO] [stdout]    |  ________________________^
[INFO] [stdout] 49 | |             r#"INSERT INTO identities (subject_id) VALUES ($1)
[INFO] [stdout] 50 | |                ON CONFLICT (subject_id) DO UPDATE SET subject_id = $1
[INFO] [stdout] 51 | |                RETURNING id"#,
[INFO] [stdout] 52 | |             subject_id,
[INFO] [stdout] 53 | |         )
[INFO] [stdout]    | |_________^
[INFO] [stdout]    |
[INFO] [stdout]    = note: this error originates in the macro `$crate::sqlx_macros::expand_query` which comes from the expansion of the macro `sqlx::query` (in Nightly builds, run with -Z macro-backtrace for more info)
[INFO] [stdout] 
[INFO] [stdout] 
[INFO] [stdout] error: error communicating with database: Cannot assign requested address (os error 99)
[INFO] [stdout]   --> core/api-keys/src/identity/mod.rs:48:24
[INFO] [stdout]    |
[INFO] [stdout] 48 |           let identity = sqlx::query!(
[INFO] [stdout]    |  ________________________^
[INFO] [stdout] 49 | |             r#"INSERT INTO identities (subject_id) VALUES ($1)
[INFO] [stdout] 50 | |                ON CONFLICT (subject_id) DO UPDATE SET subject_id = $1
[INFO] [stdout] 51 | |                RETURNING id"#,
[INFO] [stdout] 52 | |             subject_id,
[INFO] [stdout] 53 | |         )
[INFO] [stdout]    | |_________^
[INFO] [stdout]    |
[INFO] [stdout]    = note: this error originates in the macro `$crate::sqlx_macros::expand_query` which comes from the expansion of the macro `sqlx::query` (in Nightly builds, run with -Z macro-backtrace for more info)
[INFO] [stdout] 
[INFO] [stdout] 
[INFO] [stdout] error: error communicating with database: Cannot assign requested address (os error 99)
[INFO] [stdout]   --> core/api-keys/src/identity/mod.rs:69:22
[INFO] [stdout]    |
[INFO] [stdout] 69 |           let record = sqlx::query!(
[INFO] [stdout]    |  ______________________^
[INFO] [stdout] 70 | |             r#"INSERT INTO identity_api_keys (encrypted_key, identity_id, name, expires_at, read_only)
[INFO] [stdout] 71 | |             VALUES (crypt($1, gen_salt('bf')), $2, $3, $4, $5) RETURNING id, created_at"#,
[INFO] [stdout] 72 | |             code,
[INFO] [stdout] ...  |
[INFO] [stdout] 76 | |             read_only,
[INFO] [stdout] 77 | |         )
[INFO] [stdout]    | |_________^
[INFO] [stdout]    |
[INFO] [stdout]    = note: this error originates in the macro `$crate::sqlx_macros::expand_query` which comes from the expansion of the macro `sqlx::query` (in Nightly builds, run with -Z macro-backtrace for more info)
[INFO] [stdout] 
[INFO] [stdout] 
[INFO] [stdout] error: error communicating with database: Cannot assign requested address (os error 99)
[INFO] [stdout]   --> core/api-keys/src/identity/mod.rs:69:22
[INFO] [stdout]    |
[INFO] [stdout] 69 |           let record = sqlx::query!(
[INFO] [stdout]    |  ______________________^
[INFO] [stdout] 70 | |             r#"INSERT INTO identity_api_keys (encrypted_key, identity_id, name, expires_at, read_only)
[INFO] [stdout] 71 | |             VALUES (crypt($1, gen_salt('bf')), $2, $3, $4, $5) RETURNING id, created_at"#,
[INFO] [stdout] 72 | |             code,
[INFO] [stdout] ...  |
[INFO] [stdout] 76 | |             read_only,
[INFO] [stdout] 77 | |         )
[INFO] [stdout]    | |_________^
[INFO] [stdout]    |
[INFO] [stdout]    = note: this error originates in the macro `$crate::sqlx_macros::expand_query` which comes from the expansion of the macro `sqlx::query` (in Nightly builds, run with -Z macro-backtrace for more info)
[INFO] [stdout] 
[INFO] [stdout] 
[INFO] [stdout] error: error communicating with database: Cannot assign requested address (os error 99)
[INFO] [stdout]    --> core/api-keys/src/identity/mod.rs:107:22
[INFO] [stdout]     |
[INFO] [stdout] 107 |           let record = sqlx::query!(
[INFO] [stdout]     |  ______________________^
[INFO] [stdout] 108 | |             r#"WITH updated_key AS (
[INFO] [stdout] 109 | |                  UPDATE identity_api_keys k
[INFO] [stdout] 110 | |                  SET last_used_at = NOW()
[INFO] [stdout] ...   |
[INFO] [stdout] 119 | |             code
[INFO] [stdout] 120 | |         )
[INFO] [stdout]     | |_________^
[INFO] [stdout]     |
[INFO] [stdout]     = note: this error originates in the macro `$crate::sqlx_macros::expand_query` which comes from the expansion of the macro `sqlx::query` (in Nightly builds, run with -Z macro-backtrace for more info)
[INFO] [stdout] 
[INFO] [stdout] 
[INFO] [stdout] error: error communicating with database: Cannot assign requested address (os error 99)
[INFO] [stdout]    --> core/api-keys/src/identity/mod.rs:107:22
[INFO] [stdout]     |
[INFO] [stdout] 107 |           let record = sqlx::query!(
[INFO] [stdout]     |  ______________________^
[INFO] [stdout] 108 | |             r#"WITH updated_key AS (
[INFO] [stdout] 109 | |                  UPDATE identity_api_keys k
[INFO] [stdout] 110 | |                  SET last_used_at = NOW()
[INFO] [stdout] ...   |
[INFO] [stdout] 119 | |             code
[INFO] [stdout] 120 | |         )
[INFO] [stdout]     | |_________^
[INFO] [stdout]     |
[INFO] [stdout]     = note: this error originates in the macro `$crate::sqlx_macros::expand_query` which comes from the expansion of the macro `sqlx::query` (in Nightly builds, run with -Z macro-backtrace for more info)
[INFO] [stdout] 
[INFO] [stdout] 
[INFO] [stdout] error: error communicating with database: Cannot assign requested address (os error 99)
[INFO] [stdout]    --> core/api-keys/src/identity/mod.rs:139:32
[INFO] [stdout]     |
[INFO] [stdout] 139 |           let api_keys_records = sqlx::query!(
[INFO] [stdout]     |  ________________________________^
[INFO] [stdout] 140 | |             r#"
[INFO] [stdout] 141 | |             SELECT
[INFO] [stdout] 142 | |                 i.id AS identity_id,
[INFO] [stdout] ...   |
[INFO] [stdout] 159 | |             subject_id,
[INFO] [stdout] 160 | |         )
[INFO] [stdout]     | |_________^
[INFO] [stdout]     |
[INFO] [stdout]     = note: this error originates in the macro `$crate::sqlx_macros::expand_query` which comes from the expansion of the macro `sqlx::query` (in Nightly builds, run with -Z macro-backtrace for more info)
[INFO] [stdout] 
[INFO] [stdout] 
[INFO] [stdout] error: error communicating with database: Cannot assign requested address (os error 99)
[INFO] [stdout]    --> core/api-keys/src/identity/mod.rs:139:32
[INFO] [stdout]     |
[INFO] [stdout] 139 |           let api_keys_records = sqlx::query!(
[INFO] [stdout]     |  ________________________________^
[INFO] [stdout] 140 | |             r#"
[INFO] [stdout] 141 | |             SELECT
[INFO] [stdout] 142 | |                 i.id AS identity_id,
[INFO] [stdout] ...   |
[INFO] [stdout] 159 | |             subject_id,
[INFO] [stdout] 160 | |         )
[INFO] [stdout]     | |_________^
[INFO] [stdout]     |
[INFO] [stdout]     = note: this error originates in the macro `$crate::sqlx_macros::expand_query` which comes from the expansion of the macro `sqlx::query` (in Nightly builds, run with -Z macro-backtrace for more info)
[INFO] [stdout] 
[INFO] [stdout] 
[INFO] [stdout] error: error communicating with database: Cannot assign requested address (os error 99)
[INFO] [stdout]    --> core/api-keys/src/identity/mod.rs:187:22
[INFO] [stdout]     |
[INFO] [stdout] 187 |           let record = sqlx::query!(
[INFO] [stdout]     |  ______________________^
[INFO] [stdout] 188 | |             r#"UPDATE identity_api_keys k
[INFO] [stdout] 189 | |                SET revoked = true,
[INFO] [stdout] 190 | |                    revoked_at = NOW()
[INFO] [stdout] ...   |
[INFO] [stdout] 206 | |             key_id as IdentityApiKeyId
[INFO] [stdout] 207 | |         )
[INFO] [stdout]     | |_________^
[INFO] [stdout]     |
[INFO] [stdout]     = note: this error originates in the macro `$crate::sqlx_macros::expand_query` which comes from the expansion of the macro `sqlx::query` (in Nightly builds, run with -Z macro-backtrace for more info)
[INFO] [stdout] 
[INFO] [stdout] 
[INFO] [stdout] error: error communicating with database: Cannot assign requested address (os error 99)
[INFO] [stdout]    --> core/api-keys/src/identity/mod.rs:187:22
[INFO] [stdout]     |
[INFO] [stdout] 187 |           let record = sqlx::query!(
[INFO] [stdout]     |  ______________________^
[INFO] [stdout] 188 | |             r#"UPDATE identity_api_keys k
[INFO] [stdout] 189 | |                SET revoked = true,
[INFO] [stdout] 190 | |                    revoked_at = NOW()
[INFO] [stdout] ...   |
[INFO] [stdout] 206 | |             key_id as IdentityApiKeyId
[INFO] [stdout] 207 | |         )
[INFO] [stdout]     | |_________^
[INFO] [stdout]     |
[INFO] [stdout]     = note: this error originates in the macro `$crate::sqlx_macros::expand_query` which comes from the expansion of the macro `sqlx::query` (in Nightly builds, run with -Z macro-backtrace for more info)
[INFO] [stdout] 
[INFO] [stdout] 
[INFO] [stdout] error: aborting due to 5 previous errors
[INFO] [stdout] 
[INFO] [stdout] 
[INFO] [stderr] error: could not document `api-keys`
[INFO] [stderr] 
[INFO] [stderr] Caused by:
[INFO] [stderr]   process didn't exit successfully: `/opt/rustwide/rustup-home/toolchains/1.75.0-x86_64-unknown-linux-gnu/bin/rustdoc --edition=2021 --crate-type lib --crate-name lib_api_keys core/api-keys/src/lib.rs -o /opt/rustwide/target/doc --error-format=json --json=diagnostic-rendered-ansi,artifacts,future-incompat --document-private-items -C metadata=c06d74fed4151b1b -L dependency=/opt/rustwide/target/debug/deps --extern anyhow=/opt/rustwide/target/debug/deps/libanyhow-407784efe10f3351.rmeta --extern async_graphql=/opt/rustwide/target/debug/deps/libasync_graphql-171c790f72b4d5ad.rmeta --extern async_graphql_axum=/opt/rustwide/target/debug/deps/libasync_graphql_axum-2fe6fbdf08136720.rmeta --extern axum=/opt/rustwide/target/debug/deps/libaxum-682170aa92de84a0.rmeta --extern chrono=/opt/rustwide/target/debug/deps/libchrono-83ff4021b1a70b88.rmeta --extern clap=/opt/rustwide/target/debug/deps/libclap-7f758613f8b05aa2.rmeta --extern jsonwebtoken=/opt/rustwide/target/debug/deps/libjsonwebtoken-c73b20c730d892c9.rmeta --extern rand=/opt/rustwide/target/debug/deps/librand-241680af9309cec9.rmeta --extern reqwest=/opt/rustwide/target/debug/deps/libreqwest-cdca855fe22b724b.rmeta --extern serde=/opt/rustwide/target/debug/deps/libserde-1c5e526f01cc0b5a.rmeta --extern serde_json=/opt/rustwide/target/debug/deps/libserde_json-f3f84e0f5ab44e24.rmeta --extern serde_with=/opt/rustwide/target/debug/deps/libserde_with-0ce8fece5db1705a.rmeta --extern serde_yaml=/opt/rustwide/target/debug/deps/libserde_yaml-fc86d3da5646622e.rmeta --extern sqlx=/opt/rustwide/target/debug/deps/libsqlx-fed6baa4b5e719bf.rmeta --extern thiserror=/opt/rustwide/target/debug/deps/libthiserror-34f5e68369e62a6d.rmeta --extern tokio=/opt/rustwide/target/debug/deps/libtokio-f2b6d54bca2c03c8.rmeta --extern tracing=/opt/rustwide/target/debug/deps/libtracing-88386b593d4af4af.rmeta --extern uuid=/opt/rustwide/target/debug/deps/libuuid-87cf0ce4329aa018.rmeta --cap-lints=warn --crate-version 0.1.0` (exit status: 1)
[INFO] [stderr] warning: build failed, waiting for other jobs to finish...
[INFO] [stdout] error: aborting due to 5 previous errors
[INFO] [stdout] 
[INFO] [stdout] 
[INFO] [stderr] error: could not compile `api-keys` (lib) due to 6 previous errors
[INFO] running `Command { std: "docker" "inspect" "381a9cfcdb34a31b8cd9c2092a76db074ce96a8a743766b64738139600cddf26", kill_on_drop: false }`
[INFO] running `Command { std: "docker" "rm" "-f" "381a9cfcdb34a31b8cd9c2092a76db074ce96a8a743766b64738139600cddf26", kill_on_drop: false }`
[INFO] [stdout] 381a9cfcdb34a31b8cd9c2092a76db074ce96a8a743766b64738139600cddf26
[INFO] documenting Ayush170-Future/galoy2 against beta-2023-12-22 for beta-1.76-rustdoc-1
[INFO] running `Command { std: "git" "clone" "/workspace/cache/git-repos/https%3A%2F%2Fgithub.com%2FAyush170-Future%2Fgaloy2" "/workspace/builds/worker-6-tc2/source", kill_on_drop: false }`
[INFO] [stderr] Cloning into '/workspace/builds/worker-6-tc2/source'...
[INFO] [stderr] done.
[INFO] validating manifest of git repo https://github.com/Ayush170-Future/galoy2 on toolchain beta-2023-12-22
[INFO] running `Command { std: CARGO_HOME="/workspace/cargo-home" RUSTUP_HOME="/workspace/rustup-home" "/workspace/cargo-home/bin/cargo" "+beta-2023-12-22" "metadata" "--manifest-path" "Cargo.toml" "--no-deps", kill_on_drop: false }`
[INFO] removed /workspace/builds/worker-6-tc2/source/rust-toolchain.toml
[INFO] started tweaking git repo https://github.com/Ayush170-Future/galoy2
[INFO] finished tweaking git repo https://github.com/Ayush170-Future/galoy2
[INFO] tweaked toml for git repo https://github.com/Ayush170-Future/galoy2 written to /workspace/builds/worker-6-tc2/source/Cargo.toml
[INFO] crate git repo https://github.com/Ayush170-Future/galoy2 already has a lockfile, it will not be regenerated
[INFO] running `Command { std: CARGO_HOME="/workspace/cargo-home" RUSTUP_HOME="/workspace/rustup-home" "/workspace/cargo-home/bin/cargo" "+beta-2023-12-22" "fetch" "--manifest-path" "Cargo.toml", kill_on_drop: false }`
[INFO] running `Command { std: "docker" "create" "-v" "/var/lib/crater-agent-workspace/builds/worker-6-tc2/target:/opt/rustwide/target:rw,Z" "-v" "/var/lib/crater-agent-workspace/builds/worker-6-tc2/source:/opt/rustwide/workdir:ro,Z" "-v" "/var/lib/crater-agent-workspace/cargo-home:/opt/rustwide/cargo-home:ro,Z" "-v" "/var/lib/crater-agent-workspace/rustup-home:/opt/rustwide/rustup-home:ro,Z" "-e" "SOURCE_DIR=/opt/rustwide/workdir" "-e" "CARGO_TARGET_DIR=/opt/rustwide/target" "-e" "CARGO_HOME=/opt/rustwide/cargo-home" "-e" "RUSTUP_HOME=/opt/rustwide/rustup-home" "-w" "/opt/rustwide/workdir" "-m" "1610612736" "--user" "0:0" "--network" "none" "ghcr.io/rust-lang/crates-build-env/linux@sha256:2788e3201cd34a07e3172128adcd8b3090168a8e3bcc40d7c032b9dda1df7d1c" "/opt/rustwide/cargo-home/bin/cargo" "+beta-2023-12-22" "metadata" "--no-deps" "--format-version=1", kill_on_drop: false }`
[INFO] [stdout] 481605351f8b21ab5102223926008a74f511d40d09bc665353edbba5e506f849
[INFO] running `Command { std: "docker" "start" "-a" "481605351f8b21ab5102223926008a74f511d40d09bc665353edbba5e506f849", kill_on_drop: false }`
[INFO] running `Command { std: "docker" "inspect" "481605351f8b21ab5102223926008a74f511d40d09bc665353edbba5e506f849", kill_on_drop: false }`
[INFO] running `Command { std: "docker" "rm" "-f" "481605351f8b21ab5102223926008a74f511d40d09bc665353edbba5e506f849", kill_on_drop: false }`
[INFO] [stdout] 481605351f8b21ab5102223926008a74f511d40d09bc665353edbba5e506f849
[INFO] running `Command { std: "docker" "create" "-v" "/var/lib/crater-agent-workspace/builds/worker-6-tc2/target:/opt/rustwide/target:rw,Z" "-v" "/var/lib/crater-agent-workspace/builds/worker-6-tc2/source:/opt/rustwide/workdir:ro,Z" "-v" "/var/lib/crater-agent-workspace/cargo-home:/opt/rustwide/cargo-home:ro,Z" "-v" "/var/lib/crater-agent-workspace/rustup-home:/opt/rustwide/rustup-home:ro,Z" "-e" "SOURCE_DIR=/opt/rustwide/workdir" "-e" "CARGO_TARGET_DIR=/opt/rustwide/target" "-e" "CARGO_INCREMENTAL=0" "-e" "RUST_BACKTRACE=full" "-e" "RUSTFLAGS=--cap-lints=warn" "-e" "RUSTDOCFLAGS=--cap-lints=warn" "-e" "CARGO_HOME=/opt/rustwide/cargo-home" "-e" "RUSTUP_HOME=/opt/rustwide/rustup-home" "-w" "/opt/rustwide/workdir" "-m" "1610612736" "--user" "0:0" "--network" "none" "ghcr.io/rust-lang/crates-build-env/linux@sha256:2788e3201cd34a07e3172128adcd8b3090168a8e3bcc40d7c032b9dda1df7d1c" "/opt/rustwide/cargo-home/bin/cargo" "+beta-2023-12-22" "doc" "--frozen" "--no-deps" "--document-private-items" "--message-format=json", kill_on_drop: false }`
[INFO] [stdout] e174dde3f30609f25ef2dd1e2e5ef01c89b9cc39d9474930b84f815d9c64c866
[INFO] running `Command { std: "docker" "start" "-a" "e174dde3f30609f25ef2dd1e2e5ef01c89b9cc39d9474930b84f815d9c64c866", kill_on_drop: false }`
[INFO] [stderr]    Compiling serde v1.0.190
[INFO] [stderr]    Compiling futures-task v0.3.29
[INFO] [stderr]     Checking futures-io v0.3.29
[INFO] [stderr]    Compiling futures-util v0.3.29
[INFO] [stderr]    Compiling libc v0.2.149
[INFO] [stderr]    Compiling serde_json v1.0.108
[INFO] [stderr]    Compiling syn v2.0.38
[INFO] [stderr]     Checking tracing-core v0.1.32
[INFO] [stderr]    Compiling crossbeam-utils v0.8.16
[INFO] [stderr]     Checking subtle v2.5.0
[INFO] [stderr]     Checking spin v0.9.8
[INFO] [stderr]    Compiling heck v0.4.1
[INFO] [stderr]    Compiling memchr v2.6.4
[INFO] [stderr]     Checking unicode-bidi v0.3.13
[INFO] [stderr]     Checking rand v0.8.5
[INFO] [stderr]    Compiling zerocopy v0.7.21
[INFO] [stderr]    Compiling async-trait v0.1.74
[INFO] [stderr]    Compiling allocator-api2 v0.2.16
[INFO] [stderr]    Compiling generic-array v0.14.7
[INFO] [stderr]     Checking digest v0.10.7
[INFO] [stderr]     Checking idna v0.4.0
[INFO] [stderr]     Checking aho-corasick v1.1.2
[INFO] [stderr]     Checking regex-syntax v0.8.2
[INFO] [stderr]    Compiling equivalent v1.0.1
[INFO] [stderr]    Compiling syn v1.0.109
[INFO] [stderr]    Compiling untrusted v0.9.0
[INFO] [stderr]     Checking sha1 v0.10.6
[INFO] [stderr]    Compiling crossbeam-queue v0.3.8
[INFO] [stderr]     Checking urlencoding v2.1.3
[INFO] [stderr]    Compiling tinyvec_macros v0.1.1
[INFO] [stderr]     Checking ahash v0.8.6
[INFO] [stderr]    Compiling tinyvec v1.6.0
[INFO] [stderr]    Compiling axum-core v0.3.4
[INFO] [stderr]    Compiling futures-core v0.3.29
[INFO] [stderr]     Checking data-encoding v2.4.0
[INFO] [stderr]    Compiling cc v1.0.83
[INFO] [stderr]    Compiling getrandom v0.2.10
[INFO] [stderr]     Checking url v2.4.1
[INFO] [stderr]    Compiling pin-project-lite v0.2.13
[INFO] [stderr]    Compiling crypto-common v0.1.6
[INFO] [stderr]    Compiling block-buffer v0.10.4
[INFO] [stderr]     Checking tower-layer v0.3.2
[INFO] [stderr]     Checking hashbrown v0.14.2
[INFO] [stderr]    Compiling num-traits v0.2.17
[INFO] [stderr]     Checking crossbeam-channel v0.5.8
[INFO] [stderr]    Compiling axum v0.6.20
[INFO] [stderr]     Checking ordered-float v3.9.2
[INFO] [stderr]    Compiling smallvec v1.11.1
[INFO] [stderr]    Compiling scopeguard v1.2.0
[INFO] [stderr]    Compiling lock_api v0.4.11
[INFO] [stderr]    Compiling parking_lot_core v0.9.9
[INFO] [stderr]    Compiling mio v0.8.9
[INFO] [stderr]    Compiling socket2 v0.5.5
[INFO] [stderr]    Compiling percent-encoding v2.3.0
[INFO] [stderr]     Checking matchit v0.7.3
[INFO] [stderr]    Compiling rustls v0.21.8
[INFO] [stderr]    Compiling futures-sink v0.3.29
[INFO] [stderr]    Compiling futures-channel v0.3.29
[INFO] [stderr]    Compiling minimal-lexical v0.2.1
[INFO] [stderr]     Checking sync_wrapper v0.1.2
[INFO] [stderr]    Compiling unicode-normalization v0.1.22
[INFO] [stderr]    Compiling form_urlencoded v1.2.0
[INFO] [stderr]    Compiling parking_lot v0.12.1
[INFO] [stderr]    Compiling rand_core v0.6.4
[INFO] [stderr]    Compiling nom v7.1.3
[INFO] [stderr]    Compiling slab v0.4.9
[INFO] [stderr]    Compiling iana-time-zone v0.1.58
[INFO] [stderr]    Compiling ppv-lite86 v0.2.17
[INFO] [stderr]    Compiling rustix v0.38.21
[INFO] [stderr]    Compiling base64 v0.21.5
[INFO] [stderr]     Checking regex-syntax v0.6.29
[INFO] [stderr]    Compiling log v0.4.20
[INFO] [stderr]    Compiling crc-catalog v2.3.0
[INFO] [stderr]    Compiling ring v0.17.5
[INFO] [stderr]    Compiling unicode_categories v0.1.1
[INFO] [stderr]     Checking regex-automata v0.4.3
[INFO] [stderr]    Compiling bitflags v2.4.1
[INFO] [stderr]    Compiling crc v3.0.1
[INFO] [stderr]    Compiling atoi v2.0.0
[INFO] [stderr]    Compiling chrono v0.4.31
[INFO] [stderr]    Compiling rand_chacha v0.3.1
[INFO] [stderr]    Compiling rustls-pemfile v1.0.3
[INFO] [stderr]    Compiling hashlink v0.8.4
[INFO] [stderr]    Compiling futures-intrusive v0.5.0
[INFO] [stderr]    Compiling sha2 v0.10.8
[INFO] [stderr]    Compiling hmac v0.12.1
[INFO] [stderr]    Compiling winnow v0.5.18
[INFO] [stderr]    Compiling finl_unicode v1.2.0
[INFO] [stderr]    Compiling dotenvy v0.15.7
[INFO] [stderr]     Checking overload v0.1.1
[INFO] [stderr]    Compiling uuid v1.5.0
[INFO] [stderr]    Compiling byteorder v1.5.0
[INFO] [stderr]    Compiling hex v0.4.3
[INFO] [stderr]    Compiling toml_datetime v0.6.5
[INFO] [stderr]    Compiling event-listener v2.5.3
[INFO] [stderr]    Compiling linux-raw-sys v0.4.10
[INFO] [stderr]     Checking regex-automata v0.1.10
[INFO] [stderr]     Checking sharded-slab v0.1.7
[INFO] [stderr]     Checking nu-ansi-term v0.46.0
[INFO] [stderr]    Compiling stringprep v0.1.4
[INFO] [stderr]    Compiling darling_core v0.20.3
[INFO] [stderr]     Checking matchers v0.1.0
[INFO] [stderr]    Compiling hkdf v0.12.3
[INFO] [stderr]     Checking regex v1.10.2
[INFO] [stderr]    Compiling md-5 v0.10.6
[INFO] [stderr]     Checking tracing-log v0.1.4
[INFO] [stderr]    Compiling multer v2.1.0
[INFO] [stderr]    Compiling num-bigint v0.4.4
[INFO] [stderr]     Checking thread_local v1.1.7
[INFO] [stderr]    Compiling whoami v1.4.1
[INFO] [stderr]    Compiling home v0.5.5
[INFO] [stderr]    Compiling fastrand v2.0.1
[INFO] [stderr]     Checking deranged v0.3.9
[INFO] [stderr]    Compiling time-macros v0.2.15
[INFO] [stderr]     Checking anstyle-parse v0.2.2
[INFO] [stderr]     Checking num-integer v0.1.45
[INFO] [stderr]     Checking anstyle-query v1.0.0
[INFO] [stderr]     Checking anstream v0.6.4
[INFO] [stderr]     Checking pem v3.0.2
[INFO] [stderr]     Checking clap_builder v4.4.7
[INFO] [stderr]     Checking unsafe-libyaml v0.2.9
[INFO] [stderr]    Compiling tempfile v3.8.1
[INFO] [stderr]    Compiling serde_derive v1.0.190
[INFO] [stderr]    Compiling thiserror-impl v1.0.50
[INFO] [stderr]    Compiling futures-macro v0.3.29
[INFO] [stderr]    Compiling tracing-attributes v0.1.27
[INFO] [stderr]    Compiling tokio-macros v2.1.0
[INFO] [stderr]    Compiling pin-project-internal v1.1.3
[INFO] [stderr]    Compiling axum-macros v0.3.8
[INFO] [stderr]    Compiling darling_macro v0.20.3
[INFO] [stderr]    Compiling strum_macros v0.25.3
[INFO] [stderr]     Checking rustls-webpki v0.101.7
[INFO] [stderr]     Checking sct v0.7.1
[INFO] [stderr]    Compiling async-stream-impl v0.3.5
[INFO] [stderr]     Checking webpki-roots v0.24.0
[INFO] [stderr]    Compiling darling v0.20.3
[INFO] [stderr]    Compiling Inflector v0.11.4
[INFO] [stderr]     Checking time v0.3.30
[INFO] [stderr]    Compiling serde_with_macros v3.4.0
[INFO] [stderr]     Checking async-stream v0.3.5
[INFO] [stderr]    Compiling clap_derive v4.4.7
[INFO] [stderr]     Checking pin-project v1.1.3
[INFO] [stderr]     Checking thiserror v1.0.50
[INFO] [stderr]    Compiling pest v2.7.5
[INFO] [stderr]     Checking tracing v0.1.40
[INFO] [stderr]     Checking simple_asn1 v0.6.2
[INFO] [stderr]    Compiling strum v0.25.0
[INFO] [stderr]     Checking clap v4.4.7
[INFO] [stderr]     Checking futures-executor v0.3.29
[INFO] [stderr]     Checking opentelemetry_api v0.20.0
[INFO] [stderr]     Checking futures v0.3.29
[INFO] [stderr]     Checking tracing-futures v0.2.5
[INFO] [stderr]     Checking bytes v1.5.0
[INFO] [stderr]     Checking serde_urlencoded v0.7.1
[INFO] [stderr]     Checking indexmap v2.0.2
[INFO] [stderr]     Checking serde_path_to_error v0.1.14
[INFO] [stderr]     Checking either v1.9.0
[INFO] [stderr]     Checking tracing-serde v0.1.3
[INFO] [stderr]     Checking serde_with v3.4.0
[INFO] [stderr]     Checking itertools v0.11.0
[INFO] [stderr]     Checking tokio v1.33.0
[INFO] [stderr]     Checking http v0.2.9
[INFO] [stderr]     Checking serde_yaml v0.9.27
[INFO] [stderr]    Compiling itertools v0.10.5
[INFO] [stderr]     Checking tracing-subscriber v0.3.17
[INFO] [stderr]     Checking async-graphql-value v6.0.9
[INFO] [stderr]     Checking jsonwebtoken v9.1.0
[INFO] [stderr]     Checking async-graphql-parser v6.0.9
[INFO] [stderr]    Compiling toml_edit v0.19.15
[INFO] [stderr]     Checking http-body v0.4.5
[INFO] [stderr]     Checking headers-core v0.2.0
[INFO] [stderr]     Checking tungstenite v0.20.1
[INFO] [stderr]     Checking headers v0.3.9
[INFO] [stderr]     Checking sqlformat v0.2.2
[INFO] [stderr]    Compiling prost-derive v0.11.9
[INFO] [stderr]    Compiling proc-macro-crate v1.3.1
[INFO] [stderr]     Checking prost v0.11.9
[INFO] [stderr]    Compiling async-graphql-derive v6.0.9
[INFO] [stderr]     Checking tokio-util v0.7.10
[INFO] [stderr]     Checking tokio-stream v0.1.14
[INFO] [stderr]     Checking tokio-tungstenite v0.20.1
[INFO] [stderr]     Checking tokio-io-timeout v1.2.0
[INFO] [stderr]     Checking tokio-rustls v0.24.1
[INFO] [stderr]     Checking opentelemetry_sdk v0.20.0
[INFO] [stderr]     Checking sqlx-core v0.7.2
[INFO] [stderr]     Checking h2 v0.3.21
[INFO] [stderr]     Checking tower v0.4.13
[INFO] [stderr]     Checking opentelemetry v0.20.0
[INFO] [stderr]     Checking opentelemetry-semantic-conventions v0.12.0
[INFO] [stderr]     Checking tracing-opentelemetry v0.20.0
[INFO] [stderr]     Checking sqlx-postgres v0.7.2
[INFO] [stderr]     Checking hyper v0.14.27
[INFO] [stderr]     Checking async-graphql v6.0.9
[INFO] [stderr]    Compiling sqlx-macros-core v0.7.2
[INFO] [stderr]    Compiling sqlx-macros v0.7.2
[INFO] [stderr]     Checking hyper-rustls v0.24.2
[INFO] [stderr]     Checking hyper-timeout v0.4.1
[INFO] [stderr]     Checking reqwest v0.11.20
[INFO] [stderr]     Checking opentelemetry-http v0.9.0
[INFO] [stderr]     Checking sqlx v0.7.2
[INFO] [stderr]     Checking tonic v0.9.2
[INFO] [stderr]     Checking async-graphql-axum v6.0.9
[INFO] [stderr]     Checking opentelemetry-proto v0.3.0
[INFO] [stderr]     Checking opentelemetry-otlp v0.13.0
[INFO] [stderr]     Checking tracing v0.1.0 (/opt/rustwide/workdir/lib/tracing-rs)
[INFO] [stderr]  Documenting tracing v0.1.0 (/opt/rustwide/workdir/lib/tracing-rs)
[INFO] [stderr]     Checking api-keys v0.1.0 (/opt/rustwide/workdir/core/api-keys)
[INFO] [stderr]  Documenting api-keys v0.1.0 (/opt/rustwide/workdir/core/api-keys)
[INFO] [stdout] error: error communicating with database: Cannot assign requested address (os error 99)
[INFO] [stdout]   --> core/api-keys/src/identity/mod.rs:48:24
[INFO] [stdout]    |
[INFO] [stdout] 48 |           let identity = sqlx::query!(
[INFO] [stdout]    |  ________________________^
[INFO] [stdout] 49 | |             r#"INSERT INTO identities (subject_id) VALUES ($1)
[INFO] [stdout] 50 | |                ON CONFLICT (subject_id) DO UPDATE SET subject_id = $1
[INFO] [stdout] 51 | |                RETURNING id"#,
[INFO] [stdout] 52 | |             subject_id,
[INFO] [stdout] 53 | |         )
[INFO] [stdout]    | |_________^
[INFO] [stdout]    |
[INFO] [stdout]    = note: this error originates in the macro `$crate::sqlx_macros::expand_query` which comes from the expansion of the macro `sqlx::query` (in Nightly builds, run with -Z macro-backtrace for more info)
[INFO] [stdout] 
[INFO] [stdout] 
[INFO] [stdout] error: error communicating with database: Cannot assign requested address (os error 99)
[INFO] [stdout]   --> core/api-keys/src/identity/mod.rs:48:24
[INFO] [stdout]    |
[INFO] [stdout] 48 |           let identity = sqlx::query!(
[INFO] [stdout]    |  ________________________^
[INFO] [stdout] 49 | |             r#"INSERT INTO identities (subject_id) VALUES ($1)
[INFO] [stdout] 50 | |                ON CONFLICT (subject_id) DO UPDATE SET subject_id = $1
[INFO] [stdout] 51 | |                RETURNING id"#,
[INFO] [stdout] 52 | |             subject_id,
[INFO] [stdout] 53 | |         )
[INFO] [stdout]    | |_________^
[INFO] [stdout]    |
[INFO] [stdout]    = note: this error originates in the macro `$crate::sqlx_macros::expand_query` which comes from the expansion of the macro `sqlx::query` (in Nightly builds, run with -Z macro-backtrace for more info)
[INFO] [stdout] 
[INFO] [stdout] 
[INFO] [stdout] error: error communicating with database: Cannot assign requested address (os error 99)
[INFO] [stdout]   --> core/api-keys/src/identity/mod.rs:69:22
[INFO] [stdout]    |
[INFO] [stdout] 69 |           let record = sqlx::query!(
[INFO] [stdout]    |  ______________________^
[INFO] [stdout] 70 | |             r#"INSERT INTO identity_api_keys (encrypted_key, identity_id, name, expires_at, read_only)
[INFO] [stdout] 71 | |             VALUES (crypt($1, gen_salt('bf')), $2, $3, $4, $5) RETURNING id, created_at"#,
[INFO] [stdout] 72 | |             code,
[INFO] [stdout] ...  |
[INFO] [stdout] 76 | |             read_only,
[INFO] [stdout] 77 | |         )
[INFO] [stdout]    | |_________^
[INFO] [stdout]    |
[INFO] [stdout]    = note: this error originates in the macro `$crate::sqlx_macros::expand_query` which comes from the expansion of the macro `sqlx::query` (in Nightly builds, run with -Z macro-backtrace for more info)
[INFO] [stdout] 
[INFO] [stdout] 
[INFO] [stdout] error: error communicating with database: Cannot assign requested address (os error 99)
[INFO] [stdout]   --> core/api-keys/src/identity/mod.rs:69:22
[INFO] [stdout]    |
[INFO] [stdout] 69 |           let record = sqlx::query!(
[INFO] [stdout]    |  ______________________^
[INFO] [stdout] 70 | |             r#"INSERT INTO identity_api_keys (encrypted_key, identity_id, name, expires_at, read_only)
[INFO] [stdout] 71 | |             VALUES (crypt($1, gen_salt('bf')), $2, $3, $4, $5) RETURNING id, created_at"#,
[INFO] [stdout] 72 | |             code,
[INFO] [stdout] ...  |
[INFO] [stdout] 76 | |             read_only,
[INFO] [stdout] 77 | |         )
[INFO] [stdout]    | |_________^
[INFO] [stdout]    |
[INFO] [stdout]    = note: this error originates in the macro `$crate::sqlx_macros::expand_query` which comes from the expansion of the macro `sqlx::query` (in Nightly builds, run with -Z macro-backtrace for more info)
[INFO] [stdout] 
[INFO] [stdout] 
[INFO] [stdout] error: error communicating with database: Cannot assign requested address (os error 99)
[INFO] [stdout]    --> core/api-keys/src/identity/mod.rs:107:22
[INFO] [stdout]     |
[INFO] [stdout] 107 |           let record = sqlx::query!(
[INFO] [stdout]     |  ______________________^
[INFO] [stdout] 108 | |             r#"WITH updated_key AS (
[INFO] [stdout] 109 | |                  UPDATE identity_api_keys k
[INFO] [stdout] 110 | |                  SET last_used_at = NOW()
[INFO] [stdout] ...   |
[INFO] [stdout] 119 | |             code
[INFO] [stdout] 120 | |         )
[INFO] [stdout]     | |_________^
[INFO] [stdout]     |
[INFO] [stdout]     = note: this error originates in the macro `$crate::sqlx_macros::expand_query` which comes from the expansion of the macro `sqlx::query` (in Nightly builds, run with -Z macro-backtrace for more info)
[INFO] [stdout] 
[INFO] [stdout] 
[INFO] [stdout] error: error communicating with database: Cannot assign requested address (os error 99)
[INFO] [stdout]    --> core/api-keys/src/identity/mod.rs:107:22
[INFO] [stdout]     |
[INFO] [stdout] 107 |           let record = sqlx::query!(
[INFO] [stdout]     |  ______________________^
[INFO] [stdout] 108 | |             r#"WITH updated_key AS (
[INFO] [stdout] 109 | |                  UPDATE identity_api_keys k
[INFO] [stdout] 110 | |                  SET last_used_at = NOW()
[INFO] [stdout] ...   |
[INFO] [stdout] 119 | |             code
[INFO] [stdout] 120 | |         )
[INFO] [stdout]     | |_________^
[INFO] [stdout]     |
[INFO] [stdout]     = note: this error originates in the macro `$crate::sqlx_macros::expand_query` which comes from the expansion of the macro `sqlx::query` (in Nightly builds, run with -Z macro-backtrace for more info)
[INFO] [stdout] 
[INFO] [stdout] 
[INFO] [stdout] error: error communicating with database: Cannot assign requested address (os error 99)
[INFO] [stdout]    --> core/api-keys/src/identity/mod.rs:139:32
[INFO] [stdout]     |
[INFO] [stdout] 139 |           let api_keys_records = sqlx::query!(
[INFO] [stdout]     |  ________________________________^
[INFO] [stdout] 140 | |             r#"
[INFO] [stdout] 141 | |             SELECT
[INFO] [stdout] 142 | |                 i.id AS identity_id,
[INFO] [stdout] ...   |
[INFO] [stdout] 159 | |             subject_id,
[INFO] [stdout] 160 | |         )
[INFO] [stdout]     | |_________^
[INFO] [stdout]     |
[INFO] [stdout]     = note: this error originates in the macro `$crate::sqlx_macros::expand_query` which comes from the expansion of the macro `sqlx::query` (in Nightly builds, run with -Z macro-backtrace for more info)
[INFO] [stdout] 
[INFO] [stdout] 
[INFO] [stdout] error: error communicating with database: Cannot assign requested address (os error 99)
[INFO] [stdout]    --> core/api-keys/src/identity/mod.rs:139:32
[INFO] [stdout]     |
[INFO] [stdout] 139 |           let api_keys_records = sqlx::query!(
[INFO] [stdout]     |  ________________________________^
[INFO] [stdout] 140 | |             r#"
[INFO] [stdout] 141 | |             SELECT
[INFO] [stdout] 142 | |                 i.id AS identity_id,
[INFO] [stdout] ...   |
[INFO] [stdout] 159 | |             subject_id,
[INFO] [stdout] 160 | |         )
[INFO] [stdout]     | |_________^
[INFO] [stdout]     |
[INFO] [stdout]     = note: this error originates in the macro `$crate::sqlx_macros::expand_query` which comes from the expansion of the macro `sqlx::query` (in Nightly builds, run with -Z macro-backtrace for more info)
[INFO] [stdout] 
[INFO] [stdout] 
[INFO] [stdout] error: error communicating with database: Cannot assign requested address (os error 99)
[INFO] [stdout]    --> core/api-keys/src/identity/mod.rs:187:22
[INFO] [stdout]     |
[INFO] [stdout] 187 |           let record = sqlx::query!(
[INFO] [stdout]     |  ______________________^
[INFO] [stdout] 188 | |             r#"UPDATE identity_api_keys k
[INFO] [stdout] 189 | |                SET revoked = true,
[INFO] [stdout] 190 | |                    revoked_at = NOW()
[INFO] [stdout] ...   |
[INFO] [stdout] 206 | |             key_id as IdentityApiKeyId
[INFO] [stdout] 207 | |         )
[INFO] [stdout]     | |_________^
[INFO] [stdout]     |
[INFO] [stdout]     = note: this error originates in the macro `$crate::sqlx_macros::expand_query` which comes from the expansion of the macro `sqlx::query` (in Nightly builds, run with -Z macro-backtrace for more info)
[INFO] [stdout] 
[INFO] [stdout] 
[INFO] [stdout] error: error communicating with database: Cannot assign requested address (os error 99)
[INFO] [stdout]    --> core/api-keys/src/identity/mod.rs:187:22
[INFO] [stdout]     |
[INFO] [stdout] 187 |           let record = sqlx::query!(
[INFO] [stdout]     |  ______________________^
[INFO] [stdout] 188 | |             r#"UPDATE identity_api_keys k
[INFO] [stdout] 189 | |                SET revoked = true,
[INFO] [stdout] 190 | |                    revoked_at = NOW()
[INFO] [stdout] ...   |
[INFO] [stdout] 206 | |             key_id as IdentityApiKeyId
[INFO] [stdout] 207 | |         )
[INFO] [stdout]     | |_________^
[INFO] [stdout]     |
[INFO] [stdout]     = note: this error originates in the macro `$crate::sqlx_macros::expand_query` which comes from the expansion of the macro `sqlx::query` (in Nightly builds, run with -Z macro-backtrace for more info)
[INFO] [stdout] 
[INFO] [stdout] 
[INFO] [stdout] error: aborting due to 5 previous errors
[INFO] [stdout] 
[INFO] [stdout] 
[INFO] [stderr] error: could not document `api-keys`
[INFO] [stderr] 
[INFO] [stderr] Caused by:
[INFO] [stderr]   process didn't exit successfully: `/opt/rustwide/rustup-home/toolchains/beta-2023-12-22-x86_64-unknown-linux-gnu/bin/rustdoc --edition=2021 --crate-type lib --crate-name lib_api_keys core/api-keys/src/lib.rs -o /opt/rustwide/target/doc --error-format=json --json=diagnostic-rendered-ansi,artifacts,future-incompat --document-private-items -C metadata=ea4a221c66c22883 -L dependency=/opt/rustwide/target/debug/deps --extern anyhow=/opt/rustwide/target/debug/deps/libanyhow-d175569fa4968c54.rmeta --extern async_graphql=/opt/rustwide/target/debug/deps/libasync_graphql-d6ce332cb51d653e.rmeta --extern async_graphql_axum=/opt/rustwide/target/debug/deps/libasync_graphql_axum-b51aabdf64030a5d.rmeta --extern axum=/opt/rustwide/target/debug/deps/libaxum-765a104bb255c98a.rmeta --extern chrono=/opt/rustwide/target/debug/deps/libchrono-be7622ce7e54d2cc.rmeta --extern clap=/opt/rustwide/target/debug/deps/libclap-9c54feb4680cf25c.rmeta --extern jsonwebtoken=/opt/rustwide/target/debug/deps/libjsonwebtoken-ff424925de45bda4.rmeta --extern rand=/opt/rustwide/target/debug/deps/librand-646cbffb70b961d7.rmeta --extern reqwest=/opt/rustwide/target/debug/deps/libreqwest-8f78897a866675f0.rmeta --extern serde=/opt/rustwide/target/debug/deps/libserde-2da62b10a636b8e1.rmeta --extern serde_json=/opt/rustwide/target/debug/deps/libserde_json-72a3519eef1f0416.rmeta --extern serde_with=/opt/rustwide/target/debug/deps/libserde_with-6eb8a744295c81cb.rmeta --extern serde_yaml=/opt/rustwide/target/debug/deps/libserde_yaml-b928d732f53d75c0.rmeta --extern sqlx=/opt/rustwide/target/debug/deps/libsqlx-f0a32bfff20af28b.rmeta --extern thiserror=/opt/rustwide/target/debug/deps/libthiserror-d1ef854993677a5f.rmeta --extern tokio=/opt/rustwide/target/debug/deps/libtokio-af1a585a7c39a7c8.rmeta --extern tracing=/opt/rustwide/target/debug/deps/libtracing-63a242ba4a42f5ed.rmeta --extern uuid=/opt/rustwide/target/debug/deps/libuuid-235c1d0115cc15c4.rmeta --cap-lints=warn --crate-version 0.1.0` (exit status: 1)
[INFO] [stderr] warning: build failed, waiting for other jobs to finish...
[INFO] [stdout] error: aborting due to 5 previous errors
[INFO] [stdout] 
[INFO] [stdout] 
[INFO] [stderr] error: could not compile `api-keys` (lib) due to 6 previous errors
[INFO] running `Command { std: "docker" "inspect" "e174dde3f30609f25ef2dd1e2e5ef01c89b9cc39d9474930b84f815d9c64c866", kill_on_drop: false }`
[INFO] running `Command { std: "docker" "rm" "-f" "e174dde3f30609f25ef2dd1e2e5ef01c89b9cc39d9474930b84f815d9c64c866", kill_on_drop: false }`
[INFO] [stdout] e174dde3f30609f25ef2dd1e2e5ef01c89b9cc39d9474930b84f815d9c64c866
