[INFO] cloning repository https://github.com/AviiNL/m5-core2-rs
[INFO] running `Command { std: "git" "-c" "credential.helper=" "-c" "credential.helper=/workspace/cargo-home/bin/git-credential-null" "clone" "--bare" "https://github.com/AviiNL/m5-core2-rs" "/workspace/cache/git-repos/https%3A%2F%2Fgithub.com%2FAviiNL%2Fm5-core2-rs", kill_on_drop: false }`
[INFO] [stderr] Cloning into bare repository '/workspace/cache/git-repos/https%3A%2F%2Fgithub.com%2FAviiNL%2Fm5-core2-rs'...
[INFO] running `Command { std: "git" "rev-parse" "HEAD", kill_on_drop: false }`
[INFO] [stdout] e3a160c32a60521698650c26d44565da55c8d8c8
[INFO] documenting AviiNL/m5-core2-rs against 1.75.0 for beta-1.76-rustdoc-1
[INFO] running `Command { std: "git" "clone" "/workspace/cache/git-repos/https%3A%2F%2Fgithub.com%2FAviiNL%2Fm5-core2-rs" "/workspace/builds/worker-4-tc1/source", kill_on_drop: false }`
[INFO] [stderr] Cloning into '/workspace/builds/worker-4-tc1/source'...
[INFO] [stderr] done.
[INFO] validating manifest of git repo https://github.com/AviiNL/m5-core2-rs on toolchain 1.75.0
[INFO] running `Command { std: CARGO_HOME="/workspace/cargo-home" RUSTUP_HOME="/workspace/rustup-home" "/workspace/cargo-home/bin/cargo" "+1.75.0" "metadata" "--manifest-path" "Cargo.toml" "--no-deps", kill_on_drop: false }`
[INFO] removed /workspace/builds/worker-4-tc1/source/.cargo/config.toml
[INFO] removed /workspace/builds/worker-4-tc1/source/rust-toolchain.toml
[INFO] started tweaking git repo https://github.com/AviiNL/m5-core2-rs
[INFO] finished tweaking git repo https://github.com/AviiNL/m5-core2-rs
[INFO] tweaked toml for git repo https://github.com/AviiNL/m5-core2-rs written to /workspace/builds/worker-4-tc1/source/Cargo.toml
[INFO] crate git repo https://github.com/AviiNL/m5-core2-rs already has a lockfile, it will not be regenerated
[INFO] running `Command { std: CARGO_HOME="/workspace/cargo-home" RUSTUP_HOME="/workspace/rustup-home" "/workspace/cargo-home/bin/cargo" "+1.75.0" "fetch" "--manifest-path" "Cargo.toml", kill_on_drop: false }`
[INFO] [stderr]     Updating crates.io index
[INFO] [stderr]  Downloading crates ...
[INFO] [stderr]   Downloaded riscv v0.8.0
[INFO] [stderr]   Downloaded atomic-polyfill v0.1.10
[INFO] [stderr]   Downloaded critical-section v0.2.7
[INFO] [stderr]   Downloaded linked_list_allocator v0.10.4
[INFO] [stderr]   Downloaded mipidsi v0.5.0
[INFO] [stderr]   Downloaded minijinja v0.15.0
[INFO] [stderr]   Downloaded core-isa-parser v0.2.0
[INFO] [stderr]   Downloaded cortex-m v0.7.6
[INFO] [stderr]   Downloaded gcd v2.1.0
[INFO] [stderr]   Downloaded xtensa-lx v0.7.0
[INFO] [stderr]   Downloaded xtensa-lx-rt-proc-macros v0.1.0
[INFO] [stderr]   Downloaded esp-alloc v0.1.0
[INFO] [stderr]   Downloaded esp-hal-procmacros v0.1.0
[INFO] [stderr]   Downloaded esp-backtrace v0.3.0
[INFO] [stderr]   Downloaded esp32-hal v0.5.0
[INFO] [stderr]   Downloaded xtensa-lx-rt v0.13.0
[INFO] [stderr]   Downloaded embedded-hal v1.0.0-alpha.8
[INFO] [stderr]   Downloaded esp-hal-common v0.2.0
[INFO] [stderr]   Downloaded esp32 v0.13.0
[INFO] running `Command { std: "docker" "create" "-v" "/var/lib/crater-agent-workspace/builds/worker-4-tc1/target:/opt/rustwide/target:rw,Z" "-v" "/var/lib/crater-agent-workspace/builds/worker-4-tc1/source:/opt/rustwide/workdir:ro,Z" "-v" "/var/lib/crater-agent-workspace/cargo-home:/opt/rustwide/cargo-home:ro,Z" "-v" "/var/lib/crater-agent-workspace/rustup-home:/opt/rustwide/rustup-home:ro,Z" "-e" "SOURCE_DIR=/opt/rustwide/workdir" "-e" "CARGO_TARGET_DIR=/opt/rustwide/target" "-e" "CARGO_HOME=/opt/rustwide/cargo-home" "-e" "RUSTUP_HOME=/opt/rustwide/rustup-home" "-w" "/opt/rustwide/workdir" "-m" "1610612736" "--user" "0:0" "--network" "none" "ghcr.io/rust-lang/crates-build-env/linux@sha256:2788e3201cd34a07e3172128adcd8b3090168a8e3bcc40d7c032b9dda1df7d1c" "/opt/rustwide/cargo-home/bin/cargo" "+1.75.0" "metadata" "--no-deps" "--format-version=1", kill_on_drop: false }`
[INFO] [stdout] 81820647aa28a1a96d5ca612ced6b7d91d68e867880d42573c5384f1e4fe1d0e
[INFO] running `Command { std: "docker" "start" "-a" "81820647aa28a1a96d5ca612ced6b7d91d68e867880d42573c5384f1e4fe1d0e", kill_on_drop: false }`
[INFO] running `Command { std: "docker" "inspect" "81820647aa28a1a96d5ca612ced6b7d91d68e867880d42573c5384f1e4fe1d0e", kill_on_drop: false }`
[INFO] running `Command { std: "docker" "rm" "-f" "81820647aa28a1a96d5ca612ced6b7d91d68e867880d42573c5384f1e4fe1d0e", kill_on_drop: false }`
[INFO] [stdout] 81820647aa28a1a96d5ca612ced6b7d91d68e867880d42573c5384f1e4fe1d0e
[INFO] running `Command { std: "docker" "create" "-v" "/var/lib/crater-agent-workspace/builds/worker-4-tc1/target:/opt/rustwide/target:rw,Z" "-v" "/var/lib/crater-agent-workspace/builds/worker-4-tc1/source:/opt/rustwide/workdir:ro,Z" "-v" "/var/lib/crater-agent-workspace/cargo-home:/opt/rustwide/cargo-home:ro,Z" "-v" "/var/lib/crater-agent-workspace/rustup-home:/opt/rustwide/rustup-home:ro,Z" "-e" "SOURCE_DIR=/opt/rustwide/workdir" "-e" "CARGO_TARGET_DIR=/opt/rustwide/target" "-e" "CARGO_INCREMENTAL=0" "-e" "RUST_BACKTRACE=full" "-e" "RUSTFLAGS=--cap-lints=warn" "-e" "RUSTDOCFLAGS=--cap-lints=warn" "-e" "CARGO_HOME=/opt/rustwide/cargo-home" "-e" "RUSTUP_HOME=/opt/rustwide/rustup-home" "-w" "/opt/rustwide/workdir" "-m" "1610612736" "--user" "0:0" "--network" "none" "ghcr.io/rust-lang/crates-build-env/linux@sha256:2788e3201cd34a07e3172128adcd8b3090168a8e3bcc40d7c032b9dda1df7d1c" "/opt/rustwide/cargo-home/bin/cargo" "+1.75.0" "doc" "--frozen" "--no-deps" "--document-private-items" "--message-format=json", kill_on_drop: false }`
[INFO] [stdout] 096bc69431f2bde3e520e2b08a9dc22c8047fa206e76c8cdae5c3c3efd1ff9f4
[INFO] running `Command { std: "docker" "start" "-a" "096bc69431f2bde3e520e2b08a9dc22c8047fa206e76c8cdae5c3c3efd1ff9f4", kill_on_drop: false }`
[INFO] [stderr]    Compiling proc-macro2 v1.0.47
[INFO] [stderr]    Compiling unicode-ident v1.0.5
[INFO] [stderr]    Compiling quote v1.0.21
[INFO] [stderr]    Compiling syn v1.0.103
[INFO] [stderr]    Compiling autocfg v1.1.0
[INFO] [stderr]    Compiling memchr v2.5.0
[INFO] [stderr]    Compiling rustversion v1.0.9
[INFO] [stderr]    Compiling heck v0.4.0
[INFO] [stderr]    Compiling serde v1.0.147
[INFO] [stderr]    Compiling anyhow v1.0.66
[INFO] [stderr]    Compiling regex-syntax v0.6.27
[INFO] [stderr]    Compiling version_check v0.9.4
[INFO] [stderr]    Compiling xtensa-lx v0.7.0
[INFO] [stderr]    Compiling strum v0.24.1
[INFO] [stderr]     Checking bare-metal v1.0.0
[INFO] [stderr]    Compiling semver v1.0.14
[INFO] [stderr]     Checking nb v1.0.0
[INFO] [stderr]    Compiling fnv v1.0.7
[INFO] [stderr]     Checking r0 v1.0.0
[INFO] [stderr]    Compiling ident_case v1.0.1
[INFO] [stderr]    Compiling strsim v0.10.0
[INFO] [stderr]     Checking nb v0.1.3
[INFO] [stderr]     Checking void v1.0.2
[INFO] [stderr]    Compiling az v1.2.1
[INFO] [stderr]     Checking byteorder v1.4.3
[INFO] [stderr]     Checking embedded-hal v0.2.7
[INFO] [stderr]    Compiling paste v1.0.8
[INFO] [stderr]    Compiling esp32 v0.13.0
[INFO] [stderr]    Compiling proc-macro-error-attr v1.0.4
[INFO] [stderr]    Compiling proc-macro-error v1.0.4
[INFO] [stderr]     Checking mutex-trait v0.2.0
[INFO] [stderr]    Compiling esp-hal-common v0.2.0
[INFO] [stderr]    Compiling lock_api v0.4.9
[INFO] [stderr]    Compiling num-traits v0.2.15
[INFO] [stderr]     Checking vcell v0.1.3
[INFO] [stderr]    Compiling rustc_version v0.4.0
[INFO] [stderr]    Compiling esp-println v0.3.1
[INFO] [stderr]     Checking hash32 v0.2.1
[INFO] [stderr]    Compiling esp32-hal v0.5.0
[INFO] [stderr]     Checking critical-section v1.1.1
[INFO] [stderr]     Checking stable_deref_trait v1.2.0
[INFO] [stderr]     Checking display-interface v0.4.1
[INFO] [stderr]    Compiling esp-backtrace v0.3.0
[INFO] [stderr]     Checking embedded-hal v1.0.0-alpha.8
[INFO] [stderr]    Compiling aho-corasick v0.7.19
[INFO] [stderr]     Checking micromath v1.1.1
[INFO] [stderr]     Checking byte-slice-cast v0.3.5
[INFO] [stderr]     Checking esp-alloc v0.1.0
[INFO] [stderr]     Checking spin v0.9.4
[INFO] [stdout] error[E0432]: unresolved import `linked_list_allocator`
[INFO] [stdout]   --> /opt/rustwide/cargo-home/registry/src/index.crates.io-6f17d22bba15001f/esp-alloc-0.1.0/src/lib.rs:23:5
[INFO] [stdout]    |
[INFO] [stdout] 23 | use linked_list_allocator::Heap;
[INFO] [stdout]    |     ^^^^^^^^^^^^^^^^^^^^^ use of undeclared crate or module `linked_list_allocator`
[INFO] [stdout] 
[INFO] [stdout] 
[INFO] [stderr]     Checking gcd v2.1.0
[INFO] [stdout] error[E0554]: `#![feature]` may not be used on the stable release channel
[INFO] [stdout]   --> /opt/rustwide/cargo-home/registry/src/index.crates.io-6f17d22bba15001f/esp-alloc-0.1.0/src/lib.rs:14:38
[INFO] [stdout]    |
[INFO] [stdout] 14 | #![cfg_attr(feature = "oom-handler", feature(alloc_error_handler))]
[INFO] [stdout]    |                                      ^^^^^^^^^^^^^^^^^^^^^^^^^^^^
[INFO] [stdout] 
[INFO] [stdout] 
[INFO] [stderr]    Compiling heapless v0.7.16
[INFO] [stdout] error[E0433]: failed to resolve: use of undeclared crate or module `interrupt`
[INFO] [stdout]   --> /opt/rustwide/cargo-home/registry/src/index.crates.io-6f17d22bba15001f/esp-alloc-0.1.0/src/lib.rs:75:9
[INFO] [stdout]    |
[INFO] [stdout] 75 |         interrupt::free(|cs| self.heap.borrow(*cs).borrow_mut().init(heap_bottom, size));
[INFO] [stdout]    |         ^^^^^^^^^ use of undeclared crate or module `interrupt`
[INFO] [stdout] 
[INFO] [stdout] 
[INFO] [stdout] error[E0433]: failed to resolve: use of undeclared crate or module `interrupt`
[INFO] [stdout]   --> /opt/rustwide/cargo-home/registry/src/index.crates.io-6f17d22bba15001f/esp-alloc-0.1.0/src/lib.rs:80:9
[INFO] [stdout]    |
[INFO] [stdout] 80 |         interrupt::free(|cs| self.heap.borrow(*cs).borrow_mut().used())
[INFO] [stdout]    |         ^^^^^^^^^ use of undeclared crate or module `interrupt`
[INFO] [stdout] 
[INFO] [stdout] 
[INFO] [stdout] error[E0433]: failed to resolve: use of undeclared crate or module `interrupt`
[INFO] [stdout]   --> /opt/rustwide/cargo-home/registry/src/index.crates.io-6f17d22bba15001f/esp-alloc-0.1.0/src/lib.rs:85:9
[INFO] [stdout]    |
[INFO] [stdout] 85 |         interrupt::free(|cs| self.heap.borrow(*cs).borrow_mut().free())
[INFO] [stdout]    |         ^^^^^^^^^ use of undeclared crate or module `interrupt`
[INFO] [stdout] 
[INFO] [stdout] 
[INFO] [stdout] error[E0433]: failed to resolve: use of undeclared crate or module `interrupt`
[INFO] [stdout]   --> /opt/rustwide/cargo-home/registry/src/index.crates.io-6f17d22bba15001f/esp-alloc-0.1.0/src/lib.rs:91:9
[INFO] [stdout]    |
[INFO] [stdout] 91 |         interrupt::free(|cs| {
[INFO] [stdout]    |         ^^^^^^^^^ use of undeclared crate or module `interrupt`
[INFO] [stdout] 
[INFO] [stdout] 
[INFO] [stdout] error[E0433]: failed to resolve: use of undeclared crate or module `interrupt`
[INFO] [stdout]    --> /opt/rustwide/cargo-home/registry/src/index.crates.io-6f17d22bba15001f/esp-alloc-0.1.0/src/lib.rs:102:9
[INFO] [stdout]     |
[INFO] [stdout] 102 |         interrupt::free(|cs| {
[INFO] [stdout]     |         ^^^^^^^^^ use of undeclared crate or module `interrupt`
[INFO] [stdout] 
[INFO] [stdout] 
[INFO] [stdout] error: aborting due to 7 previous errors
[INFO] [stdout] 
[INFO] [stdout] 
[INFO] [stdout] Some errors have detailed explanations: E0432, E0433, E0554.
[INFO] [stdout] 
[INFO] [stdout] For more information about an error, try `rustc --explain E0432`.
[INFO] [stdout] 
[INFO] [stderr] error: could not compile `esp-alloc` (lib) due to 8 previous errors
[INFO] [stderr] warning: build failed, waiting for other jobs to finish...
[INFO] running `Command { std: "docker" "inspect" "096bc69431f2bde3e520e2b08a9dc22c8047fa206e76c8cdae5c3c3efd1ff9f4", kill_on_drop: false }`
[INFO] running `Command { std: "docker" "rm" "-f" "096bc69431f2bde3e520e2b08a9dc22c8047fa206e76c8cdae5c3c3efd1ff9f4", kill_on_drop: false }`
[INFO] [stdout] 096bc69431f2bde3e520e2b08a9dc22c8047fa206e76c8cdae5c3c3efd1ff9f4
[INFO] documenting AviiNL/m5-core2-rs against beta-2023-12-22 for beta-1.76-rustdoc-1
[INFO] running `Command { std: "git" "clone" "/workspace/cache/git-repos/https%3A%2F%2Fgithub.com%2FAviiNL%2Fm5-core2-rs" "/workspace/builds/worker-4-tc2/source", kill_on_drop: false }`
[INFO] [stderr] Cloning into '/workspace/builds/worker-4-tc2/source'...
[INFO] [stderr] done.
[INFO] validating manifest of git repo https://github.com/AviiNL/m5-core2-rs on toolchain beta-2023-12-22
[INFO] running `Command { std: CARGO_HOME="/workspace/cargo-home" RUSTUP_HOME="/workspace/rustup-home" "/workspace/cargo-home/bin/cargo" "+beta-2023-12-22" "metadata" "--manifest-path" "Cargo.toml" "--no-deps", kill_on_drop: false }`
[INFO] removed /workspace/builds/worker-4-tc2/source/.cargo/config.toml
[INFO] removed /workspace/builds/worker-4-tc2/source/rust-toolchain.toml
[INFO] started tweaking git repo https://github.com/AviiNL/m5-core2-rs
[INFO] finished tweaking git repo https://github.com/AviiNL/m5-core2-rs
[INFO] tweaked toml for git repo https://github.com/AviiNL/m5-core2-rs written to /workspace/builds/worker-4-tc2/source/Cargo.toml
[INFO] crate git repo https://github.com/AviiNL/m5-core2-rs already has a lockfile, it will not be regenerated
[INFO] running `Command { std: CARGO_HOME="/workspace/cargo-home" RUSTUP_HOME="/workspace/rustup-home" "/workspace/cargo-home/bin/cargo" "+beta-2023-12-22" "fetch" "--manifest-path" "Cargo.toml", kill_on_drop: false }`
[INFO] running `Command { std: "docker" "create" "-v" "/var/lib/crater-agent-workspace/builds/worker-4-tc2/target:/opt/rustwide/target:rw,Z" "-v" "/var/lib/crater-agent-workspace/builds/worker-4-tc2/source:/opt/rustwide/workdir:ro,Z" "-v" "/var/lib/crater-agent-workspace/cargo-home:/opt/rustwide/cargo-home:ro,Z" "-v" "/var/lib/crater-agent-workspace/rustup-home:/opt/rustwide/rustup-home:ro,Z" "-e" "SOURCE_DIR=/opt/rustwide/workdir" "-e" "CARGO_TARGET_DIR=/opt/rustwide/target" "-e" "CARGO_HOME=/opt/rustwide/cargo-home" "-e" "RUSTUP_HOME=/opt/rustwide/rustup-home" "-w" "/opt/rustwide/workdir" "-m" "1610612736" "--user" "0:0" "--network" "none" "ghcr.io/rust-lang/crates-build-env/linux@sha256:2788e3201cd34a07e3172128adcd8b3090168a8e3bcc40d7c032b9dda1df7d1c" "/opt/rustwide/cargo-home/bin/cargo" "+beta-2023-12-22" "metadata" "--no-deps" "--format-version=1", kill_on_drop: false }`
[INFO] [stdout] b8c4ac560e57d346abd7c3ad303f6d3b1a3a75a04eff55b2567e1213e2464bb4
[INFO] running `Command { std: "docker" "start" "-a" "b8c4ac560e57d346abd7c3ad303f6d3b1a3a75a04eff55b2567e1213e2464bb4", kill_on_drop: false }`
[INFO] running `Command { std: "docker" "inspect" "b8c4ac560e57d346abd7c3ad303f6d3b1a3a75a04eff55b2567e1213e2464bb4", kill_on_drop: false }`
[INFO] running `Command { std: "docker" "rm" "-f" "b8c4ac560e57d346abd7c3ad303f6d3b1a3a75a04eff55b2567e1213e2464bb4", kill_on_drop: false }`
[INFO] [stdout] b8c4ac560e57d346abd7c3ad303f6d3b1a3a75a04eff55b2567e1213e2464bb4
[INFO] running `Command { std: "docker" "create" "-v" "/var/lib/crater-agent-workspace/builds/worker-4-tc2/target:/opt/rustwide/target:rw,Z" "-v" "/var/lib/crater-agent-workspace/builds/worker-4-tc2/source:/opt/rustwide/workdir:ro,Z" "-v" "/var/lib/crater-agent-workspace/cargo-home:/opt/rustwide/cargo-home:ro,Z" "-v" "/var/lib/crater-agent-workspace/rustup-home:/opt/rustwide/rustup-home:ro,Z" "-e" "SOURCE_DIR=/opt/rustwide/workdir" "-e" "CARGO_TARGET_DIR=/opt/rustwide/target" "-e" "CARGO_INCREMENTAL=0" "-e" "RUST_BACKTRACE=full" "-e" "RUSTFLAGS=--cap-lints=warn" "-e" "RUSTDOCFLAGS=--cap-lints=warn" "-e" "CARGO_HOME=/opt/rustwide/cargo-home" "-e" "RUSTUP_HOME=/opt/rustwide/rustup-home" "-w" "/opt/rustwide/workdir" "-m" "1610612736" "--user" "0:0" "--network" "none" "ghcr.io/rust-lang/crates-build-env/linux@sha256:2788e3201cd34a07e3172128adcd8b3090168a8e3bcc40d7c032b9dda1df7d1c" "/opt/rustwide/cargo-home/bin/cargo" "+beta-2023-12-22" "doc" "--frozen" "--no-deps" "--document-private-items" "--message-format=json", kill_on_drop: false }`
[INFO] [stdout] d05cd1ea2bc465711666f5ab7109f1aabbf145d75b7ca6822ae7fb28e2a4c22f
[INFO] running `Command { std: "docker" "start" "-a" "d05cd1ea2bc465711666f5ab7109f1aabbf145d75b7ca6822ae7fb28e2a4c22f", kill_on_drop: false }`
[INFO] [stderr]    Compiling proc-macro2 v1.0.47
[INFO] [stderr]    Compiling unicode-ident v1.0.5
[INFO] [stderr]    Compiling quote v1.0.21
[INFO] [stderr]    Compiling syn v1.0.103
[INFO] [stderr]    Compiling autocfg v1.1.0
[INFO] [stderr]    Compiling memchr v2.5.0
[INFO] [stderr]    Compiling rustversion v1.0.9
[INFO] [stderr]    Compiling serde v1.0.147
[INFO] [stderr]    Compiling anyhow v1.0.66
[INFO] [stderr]    Compiling heck v0.4.0
[INFO] [stderr]    Compiling regex-syntax v0.6.27
[INFO] [stderr]    Compiling version_check v0.9.4
[INFO] [stderr]    Compiling xtensa-lx v0.7.0
[INFO] [stderr]    Compiling strum v0.24.1
[INFO] [stderr]     Checking bare-metal v1.0.0
[INFO] [stderr]     Checking nb v1.0.0
[INFO] [stderr]    Compiling semver v1.0.14
[INFO] [stderr]    Compiling strsim v0.10.0
[INFO] [stderr]     Checking r0 v1.0.0
[INFO] [stderr]    Compiling ident_case v1.0.1
[INFO] [stderr]    Compiling fnv v1.0.7
[INFO] [stderr]     Checking nb v0.1.3
[INFO] [stderr]     Checking void v1.0.2
[INFO] [stderr]    Compiling az v1.2.1
[INFO] [stderr]     Checking byteorder v1.4.3
[INFO] [stderr]     Checking embedded-hal v0.2.7
[INFO] [stderr]     Checking mutex-trait v0.2.0
[INFO] [stderr]    Compiling paste v1.0.8
[INFO] [stderr]    Compiling esp32 v0.13.0
[INFO] [stderr]    Compiling esp-hal-common v0.2.0
[INFO] [stderr]    Compiling proc-macro-error-attr v1.0.4
[INFO] [stderr]    Compiling proc-macro-error v1.0.4
[INFO] [stderr]    Compiling esp-println v0.3.1
[INFO] [stderr]    Compiling lock_api v0.4.9
[INFO] [stderr]    Compiling num-traits v0.2.15
[INFO] [stderr]     Checking vcell v0.1.3
[INFO] [stderr]     Checking hash32 v0.2.1
[INFO] [stderr]     Checking stable_deref_trait v1.2.0
[INFO] [stderr]    Compiling esp-backtrace v0.3.0
[INFO] [stderr]    Compiling rustc_version v0.4.0
[INFO] [stderr]     Checking display-interface v0.4.1
[INFO] [stderr]     Checking critical-section v1.1.1
[INFO] [stderr]    Compiling esp32-hal v0.5.0
[INFO] [stderr]     Checking embedded-hal v1.0.0-alpha.8
[INFO] [stderr]     Checking byte-slice-cast v0.3.5
[INFO] [stderr]    Compiling aho-corasick v0.7.19
[INFO] [stderr]     Checking micromath v1.1.1
[INFO] [stderr]     Checking esp-alloc v0.1.0
[INFO] [stderr]     Checking display-interface-spi v0.4.1
[INFO] [stdout] error[E0432]: unresolved import `linked_list_allocator`
[INFO] [stdout]   --> /opt/rustwide/cargo-home/registry/src/index.crates.io-6f17d22bba15001f/esp-alloc-0.1.0/src/lib.rs:23:5
[INFO] [stdout]    |
[INFO] [stdout] 23 | use linked_list_allocator::Heap;
[INFO] [stdout]    |     ^^^^^^^^^^^^^^^^^^^^^ use of undeclared crate or module `linked_list_allocator`
[INFO] [stdout] 
[INFO] [stdout] 
[INFO] [stdout] error[E0554]: `#![feature]` may not be used on the beta release channel
[INFO] [stdout]   --> /opt/rustwide/cargo-home/registry/src/index.crates.io-6f17d22bba15001f/esp-alloc-0.1.0/src/lib.rs:14:38
[INFO] [stdout]    |
[INFO] [stdout] 14 | #![cfg_attr(feature = "oom-handler", feature(alloc_error_handler))]
[INFO] [stdout]    |                                      ^^^^^^^^^^^^^^^^^^^^^^^^^^^^
[INFO] [stdout] 
[INFO] [stdout] 
[INFO] [stdout] error[E0433]: failed to resolve: use of undeclared crate or module `interrupt`
[INFO] [stdout]   --> /opt/rustwide/cargo-home/registry/src/index.crates.io-6f17d22bba15001f/esp-alloc-0.1.0/src/lib.rs:75:9
[INFO] [stdout]    |
[INFO] [stdout] 75 |         interrupt::free(|cs| self.heap.borrow(*cs).borrow_mut().init(heap_bottom, size));
[INFO] [stdout]    |         ^^^^^^^^^ use of undeclared crate or module `interrupt`
[INFO] [stdout] 
[INFO] [stdout] 
[INFO] [stdout] error[E0433]: failed to resolve: use of undeclared crate or module `interrupt`
[INFO] [stdout]   --> /opt/rustwide/cargo-home/registry/src/index.crates.io-6f17d22bba15001f/esp-alloc-0.1.0/src/lib.rs:80:9
[INFO] [stdout]    |
[INFO] [stdout] 80 |         interrupt::free(|cs| self.heap.borrow(*cs).borrow_mut().used())
[INFO] [stdout]    |         ^^^^^^^^^ use of undeclared crate or module `interrupt`
[INFO] [stdout] 
[INFO] [stdout] 
[INFO] [stdout] error[E0433]: failed to resolve: use of undeclared crate or module `interrupt`
[INFO] [stdout]   --> /opt/rustwide/cargo-home/registry/src/index.crates.io-6f17d22bba15001f/esp-alloc-0.1.0/src/lib.rs:85:9
[INFO] [stdout]    |
[INFO] [stdout] 85 |         interrupt::free(|cs| self.heap.borrow(*cs).borrow_mut().free())
[INFO] [stdout]    |         ^^^^^^^^^ use of undeclared crate or module `interrupt`
[INFO] [stdout] 
[INFO] [stdout] 
[INFO] [stdout] error[E0433]: failed to resolve: use of undeclared crate or module `interrupt`
[INFO] [stdout]   --> /opt/rustwide/cargo-home/registry/src/index.crates.io-6f17d22bba15001f/esp-alloc-0.1.0/src/lib.rs:91:9
[INFO] [stdout]    |
[INFO] [stdout] 91 |         interrupt::free(|cs| {
[INFO] [stdout]    |         ^^^^^^^^^ use of undeclared crate or module `interrupt`
[INFO] [stdout] 
[INFO] [stdout] 
[INFO] [stdout] error[E0433]: failed to resolve: use of undeclared crate or module `interrupt`
[INFO] [stdout]    --> /opt/rustwide/cargo-home/registry/src/index.crates.io-6f17d22bba15001f/esp-alloc-0.1.0/src/lib.rs:102:9
[INFO] [stdout]     |
[INFO] [stdout] 102 |         interrupt::free(|cs| {
[INFO] [stdout]     |         ^^^^^^^^^ use of undeclared crate or module `interrupt`
[INFO] [stdout] 
[INFO] [stdout] 
[INFO] [stdout] error: aborting due to 7 previous errors
[INFO] [stdout] 
[INFO] [stdout] 
[INFO] [stdout] Some errors have detailed explanations: E0432, E0433, E0554.
[INFO] [stdout] 
[INFO] [stdout] For more information about an error, try `rustc --explain E0432`.
[INFO] [stdout] 
[INFO] [stderr]     Checking spin v0.9.4
[INFO] [stderr] error: could not compile `esp-alloc` (lib) due to 8 previous errors
[INFO] [stderr] warning: build failed, waiting for other jobs to finish...
[INFO] running `Command { std: "docker" "inspect" "d05cd1ea2bc465711666f5ab7109f1aabbf145d75b7ca6822ae7fb28e2a4c22f", kill_on_drop: false }`
[INFO] running `Command { std: "docker" "rm" "-f" "d05cd1ea2bc465711666f5ab7109f1aabbf145d75b7ca6822ae7fb28e2a4c22f", kill_on_drop: false }`
[INFO] [stdout] d05cd1ea2bc465711666f5ab7109f1aabbf145d75b7ca6822ae7fb28e2a4c22f
