[INFO] cloning repository https://github.com/AverageLinuxEnjoyer/seap_notifier
[INFO] running `Command { std: "git" "-c" "credential.helper=" "-c" "credential.helper=/workspace/cargo-home/bin/git-credential-null" "clone" "--bare" "https://github.com/AverageLinuxEnjoyer/seap_notifier" "/workspace/cache/git-repos/https%3A%2F%2Fgithub.com%2FAverageLinuxEnjoyer%2Fseap_notifier", kill_on_drop: false }`
[INFO] [stderr] Cloning into bare repository '/workspace/cache/git-repos/https%3A%2F%2Fgithub.com%2FAverageLinuxEnjoyer%2Fseap_notifier'...
[INFO] running `Command { std: "git" "rev-parse" "HEAD", kill_on_drop: false }`
[INFO] [stdout] 6c54c93a926611ccbf1388785899328b3597498e
[INFO] documenting AverageLinuxEnjoyer/seap_notifier against 1.75.0 for beta-1.76-rustdoc-1
[INFO] running `Command { std: "git" "clone" "/workspace/cache/git-repos/https%3A%2F%2Fgithub.com%2FAverageLinuxEnjoyer%2Fseap_notifier" "/workspace/builds/worker-1-tc1/source", kill_on_drop: false }`
[INFO] [stderr] Cloning into '/workspace/builds/worker-1-tc1/source'...
[INFO] [stderr] done.
[INFO] validating manifest of git repo https://github.com/AverageLinuxEnjoyer/seap_notifier on toolchain 1.75.0
[INFO] running `Command { std: CARGO_HOME="/workspace/cargo-home" RUSTUP_HOME="/workspace/rustup-home" "/workspace/cargo-home/bin/cargo" "+1.75.0" "metadata" "--manifest-path" "Cargo.toml" "--no-deps", kill_on_drop: false }`
[INFO] started tweaking git repo https://github.com/AverageLinuxEnjoyer/seap_notifier
[INFO] finished tweaking git repo https://github.com/AverageLinuxEnjoyer/seap_notifier
[INFO] tweaked toml for git repo https://github.com/AverageLinuxEnjoyer/seap_notifier written to /workspace/builds/worker-1-tc1/source/Cargo.toml
[INFO] crate git repo https://github.com/AverageLinuxEnjoyer/seap_notifier already has a lockfile, it will not be regenerated
[INFO] running `Command { std: CARGO_HOME="/workspace/cargo-home" RUSTUP_HOME="/workspace/rustup-home" "/workspace/cargo-home/bin/cargo" "+1.75.0" "fetch" "--manifest-path" "Cargo.toml", kill_on_drop: false }`
[INFO] [stderr] warning: virtual workspace defaulting to `resolver = "1"` despite one or more workspace members being on edition 2021 which implies `resolver = "2"`
[INFO] [stderr] note: to keep the current resolver, specify `workspace.resolver = "1"` in the workspace root's manifest
[INFO] [stderr] note: to use the edition 2021 resolver, specify `workspace.resolver = "2"` in the workspace root's manifest
[INFO] [stderr] note: for more details see https://doc.rust-lang.org/cargo/reference/resolver.html#resolver-versions
[INFO] [stderr] warning: /workspace/builds/worker-1-tc1/source/notifier/Cargo.toml: unused manifest key: dependencies.reqwest.fetures
[INFO] [stderr]  Downloading crates ...
[INFO] [stderr]   Downloaded async-trait v0.1.58
[INFO] [stderr]   Downloaded futures-intrusive v0.4.0
[INFO] [stderr]   Downloaded crc-catalog v2.1.0
[INFO] [stderr]   Downloaded sqlformat v0.2.0
[INFO] [stderr]   Downloaded openssl-sys v0.9.77
[INFO] running `Command { std: "docker" "create" "-v" "/var/lib/crater-agent-workspace/builds/worker-1-tc1/target:/opt/rustwide/target:rw,Z" "-v" "/var/lib/crater-agent-workspace/builds/worker-1-tc1/source:/opt/rustwide/workdir:ro,Z" "-v" "/var/lib/crater-agent-workspace/cargo-home:/opt/rustwide/cargo-home:ro,Z" "-v" "/var/lib/crater-agent-workspace/rustup-home:/opt/rustwide/rustup-home:ro,Z" "-e" "SOURCE_DIR=/opt/rustwide/workdir" "-e" "CARGO_TARGET_DIR=/opt/rustwide/target" "-e" "CARGO_HOME=/opt/rustwide/cargo-home" "-e" "RUSTUP_HOME=/opt/rustwide/rustup-home" "-w" "/opt/rustwide/workdir" "-m" "1610612736" "--user" "0:0" "--network" "none" "ghcr.io/rust-lang/crates-build-env/linux@sha256:2788e3201cd34a07e3172128adcd8b3090168a8e3bcc40d7c032b9dda1df7d1c" "/opt/rustwide/cargo-home/bin/cargo" "+1.75.0" "metadata" "--no-deps" "--format-version=1", kill_on_drop: false }`
[INFO] [stdout] 69a46fd4c4a3ca2eea7eb7415db4fcc49bd34fe041152845d8bffa592fe583f1
[INFO] running `Command { std: "docker" "start" "-a" "69a46fd4c4a3ca2eea7eb7415db4fcc49bd34fe041152845d8bffa592fe583f1", kill_on_drop: false }`
[INFO] running `Command { std: "docker" "inspect" "69a46fd4c4a3ca2eea7eb7415db4fcc49bd34fe041152845d8bffa592fe583f1", kill_on_drop: false }`
[INFO] running `Command { std: "docker" "rm" "-f" "69a46fd4c4a3ca2eea7eb7415db4fcc49bd34fe041152845d8bffa592fe583f1", kill_on_drop: false }`
[INFO] [stdout] 69a46fd4c4a3ca2eea7eb7415db4fcc49bd34fe041152845d8bffa592fe583f1
[INFO] running `Command { std: "docker" "create" "-v" "/var/lib/crater-agent-workspace/builds/worker-1-tc1/target:/opt/rustwide/target:rw,Z" "-v" "/var/lib/crater-agent-workspace/builds/worker-1-tc1/source:/opt/rustwide/workdir:ro,Z" "-v" "/var/lib/crater-agent-workspace/cargo-home:/opt/rustwide/cargo-home:ro,Z" "-v" "/var/lib/crater-agent-workspace/rustup-home:/opt/rustwide/rustup-home:ro,Z" "-e" "SOURCE_DIR=/opt/rustwide/workdir" "-e" "CARGO_TARGET_DIR=/opt/rustwide/target" "-e" "CARGO_INCREMENTAL=0" "-e" "RUST_BACKTRACE=full" "-e" "RUSTFLAGS=--cap-lints=warn" "-e" "RUSTDOCFLAGS=--cap-lints=warn" "-e" "CARGO_HOME=/opt/rustwide/cargo-home" "-e" "RUSTUP_HOME=/opt/rustwide/rustup-home" "-w" "/opt/rustwide/workdir" "-m" "1610612736" "--user" "0:0" "--network" "none" "ghcr.io/rust-lang/crates-build-env/linux@sha256:2788e3201cd34a07e3172128adcd8b3090168a8e3bcc40d7c032b9dda1df7d1c" "/opt/rustwide/cargo-home/bin/cargo" "+1.75.0" "doc" "--frozen" "--no-deps" "--document-private-items" "--message-format=json", kill_on_drop: false }`
[INFO] [stdout] c0bac723d83dfcf6969a315c271ee5b4904fd22a864576d40d07539f14ac992a
[INFO] running `Command { std: "docker" "start" "-a" "c0bac723d83dfcf6969a315c271ee5b4904fd22a864576d40d07539f14ac992a", kill_on_drop: false }`
[INFO] [stderr] warning: virtual workspace defaulting to `resolver = "1"` despite one or more workspace members being on edition 2021 which implies `resolver = "2"`
[INFO] [stderr] note: to keep the current resolver, specify `workspace.resolver = "1"` in the workspace root's manifest
[INFO] [stderr] note: to use the edition 2021 resolver, specify `workspace.resolver = "2"` in the workspace root's manifest
[INFO] [stderr] note: for more details see https://doc.rust-lang.org/cargo/reference/resolver.html#resolver-versions
[INFO] [stderr] warning: /opt/rustwide/workdir/notifier/Cargo.toml: unused manifest key: dependencies.reqwest.fetures
[INFO] [stderr]    Compiling libc v0.2.135
[INFO] [stderr]    Compiling proc-macro2 v1.0.47
[INFO] [stderr]    Compiling unicode-ident v1.0.5
[INFO] [stderr]    Compiling quote v1.0.21
[INFO] [stderr]    Compiling syn v1.0.103
[INFO] [stderr]    Compiling memchr v2.5.0
[INFO] [stderr]    Compiling cc v1.0.73
[INFO] [stderr]    Compiling log v0.4.17
[INFO] [stderr]    Compiling typenum v1.15.0
[INFO] [stderr]     Checking once_cell v1.15.0
[INFO] [stderr]    Compiling parking_lot_core v0.9.4
[INFO] [stderr]    Compiling futures-core v0.3.25
[INFO] [stderr]    Compiling lock_api v0.4.9
[INFO] [stderr]    Compiling generic-array v0.14.6
[INFO] [stderr]    Compiling tokio v1.21.2
[INFO] [stderr]     Checking smallvec v1.10.0
[INFO] [stderr]    Compiling libm v0.2.5
[INFO] [stderr]     Checking pin-project-lite v0.2.9
[INFO] [stderr]    Compiling num-traits v0.2.15
[INFO] [stderr]    Compiling ahash v0.7.6
[INFO] [stderr]    Compiling slab v0.4.7
[INFO] [stderr]    Compiling futures-task v0.3.25
[INFO] [stderr]     Checking bytes v1.2.1
[INFO] [stderr]    Compiling futures-util v0.3.25
[INFO] [stderr]    Compiling num-integer v0.1.45
[INFO] [stderr]    Compiling serde_derive v1.0.147
[INFO] [stderr]     Checking itoa v1.0.4
[INFO] [stderr]     Checking futures-sink v0.3.25
[INFO] [stderr]    Compiling spin v0.5.2
[INFO] [stderr]    Compiling serde v1.0.147
[INFO] [stderr]    Compiling indexmap v1.9.1
[INFO] [stderr]     Checking futures-io v0.3.25
[INFO] [stderr]    Compiling num-iter v0.1.43
[INFO] [stderr]    Compiling rustls v0.20.7
[INFO] [stderr]    Compiling scopeguard v1.1.0
[INFO] [stderr]    Compiling futures-channel v0.3.25
[INFO] [stderr]    Compiling parking_lot_core v0.8.5
[INFO] [stderr]     Checking tinyvec_macros v0.1.0
[INFO] [stderr]    Compiling untrusted v0.7.1
[INFO] [stderr]     Checking tinyvec v1.6.0
[INFO] [stderr]    Compiling subtle v2.4.1
[INFO] [stderr]    Compiling ring v0.16.20
[INFO] [stderr]    Compiling crossbeam-utils v0.8.12
[INFO] [stderr]    Compiling num-bigint-dig v0.8.1
[INFO] [stderr]    Compiling base64ct v1.5.3
[INFO] [stderr]     Checking socket2 v0.4.7
[INFO] [stderr]     Checking getrandom v0.2.8
[INFO] [stderr]     Checking mio v0.8.4
[INFO] [stderr]     Checking parking_lot v0.12.1
[INFO] [stderr]     Checking num_cpus v1.13.1
[INFO] [stderr]     Checking signal-hook-registry v1.4.0
[INFO] [stderr]    Compiling pem-rfc7468 v0.3.1
[INFO] [stderr]    Compiling pkg-config v0.3.25
[INFO] [stderr]     Checking unicode-bidi v0.3.8
[INFO] [stderr]    Compiling const-oid v0.7.1
[INFO] [stderr]     Checking hashbrown v0.12.3
[INFO] [stderr]    Compiling rand_core v0.6.4
[INFO] [stderr]     Checking unicode-normalization v0.1.22
[INFO] [stderr]    Compiling openssl-sys v0.9.77
[INFO] [stderr]     Checking tracing-core v0.1.30
[INFO] [stderr]    Compiling num-bigint v0.4.3
[INFO] [stderr]    Compiling zeroize v1.5.7
[INFO] [stderr]     Checking crypto-bigint v0.3.2
[INFO] [stderr]    Compiling thiserror v1.0.37
[INFO] [stderr]    Compiling crypto-common v0.1.6
[INFO] [stderr]    Compiling block-buffer v0.10.3
[INFO] [stderr]    Compiling crossbeam-queue v0.3.6
[INFO] [stderr]    Compiling ppv-lite86 v0.2.16
[INFO] [stderr]     Checking percent-encoding v2.2.0
[INFO] [stderr]    Compiling digest v0.10.5
[INFO] [stderr]     Checking http v0.2.8
[INFO] [stderr]     Checking form_urlencoded v1.1.0
[INFO] [stderr]     Checking tracing v0.1.37
[INFO] [stderr]    Compiling instant v0.1.12
[INFO] [stderr]    Compiling rand_chacha v0.3.1
[INFO] [stderr]    Compiling time-macros v0.2.4
[INFO] [stderr]     Checking der v0.5.1
[INFO] [stderr]    Compiling lazy_static v1.4.0
[INFO] [stderr]    Compiling rand v0.8.5
[INFO] [stderr]    Compiling cpufeatures v0.2.5
[INFO] [stderr]    Compiling either v1.8.0
[INFO] [stderr]    Compiling minimal-lexical v0.2.1
[INFO] [stderr]    Compiling unicode-segmentation v1.10.0
[INFO] [stderr]    Compiling byteorder v1.4.3
[INFO] [stderr]    Compiling itertools v0.10.5
[INFO] [stderr]     Checking http-body v0.4.5
[INFO] [stderr]    Compiling nom v7.1.1
[INFO] [stderr]    Compiling idna v0.3.0
[INFO] [stderr]    Compiling parking_lot v0.11.2
[INFO] [stderr]     Checking spki v0.5.4
[INFO] [stderr]    Compiling heck v0.4.0
[INFO] [stderr]    Compiling pkcs8 v0.8.0
[INFO] [stderr]    Compiling pkcs1 v0.3.3
[INFO] [stderr]    Compiling paste v1.0.9
[INFO] [stderr]    Compiling unicode_categories v0.1.1
[INFO] [stderr]    Compiling pin-utils v0.1.0
[INFO] [stderr]    Compiling num_threads v0.1.6
[INFO] [stderr]    Compiling base64 v0.13.1
[INFO] [stderr]    Compiling crc-catalog v2.1.0
[INFO] [stderr]    Compiling openssl v0.10.42
[INFO] [stderr]    Compiling crc v3.0.0
[INFO] [stderr]     Checking url v2.3.1
[INFO] [stderr]    Compiling rustls-pemfile v1.0.1
[INFO] [stderr]    Compiling futures-intrusive v0.4.0
[INFO] [stderr]     Checking webpki v0.22.0
[INFO] [stderr]     Checking sct v0.7.0
[INFO] [stderr]    Compiling hashlink v0.8.1
[INFO] [stderr]    Compiling stringprep v0.1.2
[INFO] [stderr]    Compiling sha1 v0.10.5
[INFO] [stderr]    Compiling rsa v0.6.1
[INFO] [stderr]    Compiling sha2 v0.10.6
[INFO] [stderr]    Compiling webpki-roots v0.22.5
[INFO] [stderr]    Compiling atoi v1.0.0
[INFO] [stderr]    Compiling sqlformat v0.2.0
[INFO] [stderr]    Compiling serde_json v1.0.87
[INFO] [stderr]    Compiling hex v0.4.3
[INFO] [stderr]    Compiling native-tls v0.2.10
[INFO] [stderr]     Checking try-lock v0.2.3
[INFO] [stderr]    Compiling dotenvy v0.15.6
[INFO] [stderr]    Compiling event-listener v2.5.3
[INFO] [stderr]     Checking httpdate v1.0.2
[INFO] [stderr]    Compiling bitflags v1.3.2
[INFO] [stderr]     Checking want v0.3.0
[INFO] [stderr]    Compiling anyhow v1.0.66
[INFO] [stderr]     Checking openssl-probe v0.1.5
[INFO] [stderr]     Checking mime v0.3.16
[INFO] [stderr]    Compiling async-trait v0.1.58
[INFO] [stderr]    Compiling encoding_rs v0.8.31
[INFO] [stderr]     Checking matches v0.1.9
[INFO] [stderr]     Checking http-range-header v0.3.0
[INFO] [stderr]     Checking match_cfg v0.1.0
[INFO] [stderr]     Checking idna v0.2.3
[INFO] [stderr]     Checking email-encoding v0.1.3
[INFO] [stderr]     Checking hostname v0.3.1
[INFO] [stderr]     Checking sync_wrapper v0.1.1
[INFO] [stderr]     Checking quoted_printable v0.4.5
[INFO] [stderr]     Checking ipnet v2.5.0
[INFO] [stderr]     Checking fastrand v1.8.0
[INFO] [stderr]     Checking matchit v0.5.0
[INFO] [stderr]     Checking email_address v0.2.4
[INFO] [stderr]    Compiling tokio-macros v1.8.0
[INFO] [stderr]    Compiling thiserror-impl v1.0.37
[INFO] [stderr]    Compiling openssl-macros v0.1.0
[INFO] [stderr]    Compiling pin-project-internal v1.0.12
[INFO] [stderr]    Compiling axum-macros v0.2.3
[INFO] [stderr]     Checking axum-core v0.2.9
[INFO] [stderr]     Checking pin-project v1.0.12
[INFO] [stderr]     Checking lettre v0.10.1
[INFO] [stderr]     Checking tokio-rustls v0.23.4
[INFO] [stderr]     Checking tokio-util v0.7.4
[INFO] [stderr]     Checking tokio-stream v0.1.11
[INFO] [stderr]     Checking tower v0.4.13
[INFO] [stderr]     Checking tokio-native-tls v0.3.0
[INFO] [stderr]     Checking sqlx-rt v0.6.2
[INFO] [stderr]     Checking tower-http v0.3.4
[INFO] [stderr]     Checking h2 v0.3.14
[INFO] [stderr]     Checking time v0.3.15
[INFO] [stderr]     Checking serde_urlencoded v0.7.1
[INFO] [stderr]     Checking sqlx-core v0.6.2
[INFO] [stderr]     Checking hyper v0.14.20
[INFO] [stderr]    Compiling sqlx-macros v0.6.2
[INFO] [stderr]     Checking hyper-tls v0.5.0
[INFO] [stderr]     Checking axum v0.5.17
[INFO] [stderr]     Checking reqwest v0.11.12
[INFO] [stderr]     Checking sqlx v0.6.2
[INFO] [stderr]     Checking database_api v0.1.0 (/opt/rustwide/workdir/database_api)
[INFO] [stderr]  Documenting database_api v0.1.0 (/opt/rustwide/workdir/database_api)
[INFO] [stdout] error: error communicating with database: Cannot assign requested address (os error 99)
[INFO] [stdout]   --> database_api/src/service/subscriptions/create.rs:15:23
[INFO] [stdout]    |
[INFO] [stdout] 15 |         let user_id = query_scalar!("SELECT id FROM users WHERE email = ?", subscription.email)
[INFO] [stdout]    |                       ^^^^^^^^^^^^^^^^^^^^^^^^^^^^^^^^^^^^^^^^^^^^^^^^^^^^^^^^^^^^^^^^^^^^^^^^^
[INFO] [stdout]    |
[INFO] [stdout]    = note: this error originates in the macro `$crate::sqlx_macros::expand_query` which comes from the expansion of the macro `query_scalar` (in Nightly builds, run with -Z macro-backtrace for more info)
[INFO] [stdout] 
[INFO] [stdout] 
[INFO] [stdout] error: error communicating with database: Cannot assign requested address (os error 99)
[INFO] [stdout]   --> database_api/src/service/subscriptions/create.rs:15:23
[INFO] [stdout]    |
[INFO] [stdout] 15 |         let user_id = query_scalar!("SELECT id FROM users WHERE email = ?", subscription.email)
[INFO] [stdout]    |                       ^^^^^^^^^^^^^^^^^^^^^^^^^^^^^^^^^^^^^^^^^^^^^^^^^^^^^^^^^^^^^^^^^^^^^^^^^
[INFO] [stdout]    |
[INFO] [stdout]    = note: this error originates in the macro `$crate::sqlx_macros::expand_query` which comes from the expansion of the macro `query_scalar` (in Nightly builds, run with -Z macro-backtrace for more info)
[INFO] [stdout] 
[INFO] [stdout] 
[INFO] [stdout] error: error communicating with database: Cannot assign requested address (os error 99)
[INFO] [stdout]   --> database_api/src/service/subscriptions/create.rs:23:17
[INFO] [stdout]    |
[INFO] [stdout] 23 |                 query!("INSERT INTO users (email) VALUES (?)", subscription.email)
[INFO] [stdout]    |                 ^^^^^^^^^^^^^^^^^^^^^^^^^^^^^^^^^^^^^^^^^^^^^^^^^^^^^^^^^^^^^^^^^^
[INFO] [stdout]    |
[INFO] [stdout]    = note: this error originates in the macro `$crate::sqlx_macros::expand_query` which comes from the expansion of the macro `query` (in Nightly builds, run with -Z macro-backtrace for more info)
[INFO] [stdout] 
[INFO] [stdout] 
[INFO] [stdout] error: error communicating with database: Cannot assign requested address (os error 99)
[INFO] [stdout]   --> database_api/src/service/subscriptions/create.rs:23:17
[INFO] [stdout]    |
[INFO] [stdout] 23 |                 query!("INSERT INTO users (email) VALUES (?)", subscription.email)
[INFO] [stdout]    |                 ^^^^^^^^^^^^^^^^^^^^^^^^^^^^^^^^^^^^^^^^^^^^^^^^^^^^^^^^^^^^^^^^^^
[INFO] [stdout]    |
[INFO] [stdout]    = note: this error originates in the macro `$crate::sqlx_macros::expand_query` which comes from the expansion of the macro `query` (in Nightly builds, run with -Z macro-backtrace for more info)
[INFO] [stdout] 
[INFO] [stdout] 
[INFO] [stdout] error: error communicating with database: Cannot assign requested address (os error 99)
[INFO] [stdout]   --> database_api/src/service/subscriptions/create.rs:27:17
[INFO] [stdout]    |
[INFO] [stdout] 27 |                 query_scalar!("SELECT id FROM users WHERE email = ?", subscription.email)
[INFO] [stdout]    |                 ^^^^^^^^^^^^^^^^^^^^^^^^^^^^^^^^^^^^^^^^^^^^^^^^^^^^^^^^^^^^^^^^^^^^^^^^^
[INFO] [stdout]    |
[INFO] [stdout]    = note: this error originates in the macro `$crate::sqlx_macros::expand_query` which comes from the expansion of the macro `query_scalar` (in Nightly builds, run with -Z macro-backtrace for more info)
[INFO] [stdout] 
[INFO] [stdout] 
[INFO] [stdout] error: error communicating with database: Cannot assign requested address (os error 99)
[INFO] [stdout]   --> database_api/src/service/subscriptions/create.rs:27:17
[INFO] [stdout]    |
[INFO] [stdout] 27 |                 query_scalar!("SELECT id FROM users WHERE email = ?", subscription.email)
[INFO] [stdout]    |                 ^^^^^^^^^^^^^^^^^^^^^^^^^^^^^^^^^^^^^^^^^^^^^^^^^^^^^^^^^^^^^^^^^^^^^^^^^
[INFO] [stdout]    |
[INFO] [stdout]    = note: this error originates in the macro `$crate::sqlx_macros::expand_query` which comes from the expansion of the macro `query_scalar` (in Nightly builds, run with -Z macro-backtrace for more info)
[INFO] [stdout] 
[INFO] [stdout] 
[INFO] [stdout] error: error communicating with database: Cannot assign requested address (os error 99)
[INFO] [stdout]   --> database_api/src/service/subscriptions/create.rs:33:9
[INFO] [stdout]    |
[INFO] [stdout] 33 | /         query!(
[INFO] [stdout] 34 | |             "INSERT INTO subscriptions (id_user, min_value, max_value) VALUES (?, ?, ?)",
[INFO] [stdout] 35 | |             user_id,
[INFO] [stdout] 36 | |             subscription.min_value,
[INFO] [stdout] 37 | |             subscription.max_value
[INFO] [stdout] 38 | |         )
[INFO] [stdout]    | |_________^
[INFO] [stdout]    |
[INFO] [stdout]    = note: this error originates in the macro `$crate::sqlx_macros::expand_query` which comes from the expansion of the macro `query` (in Nightly builds, run with -Z macro-backtrace for more info)
[INFO] [stdout] 
[INFO] [stdout] 
[INFO] [stdout] error: error communicating with database: Cannot assign requested address (os error 99)
[INFO] [stdout]   --> database_api/src/service/subscriptions/create.rs:33:9
[INFO] [stdout]    |
[INFO] [stdout] 33 | /         query!(
[INFO] [stdout] 34 | |             "INSERT INTO subscriptions (id_user, min_value, max_value) VALUES (?, ?, ?)",
[INFO] [stdout] 35 | |             user_id,
[INFO] [stdout] 36 | |             subscription.min_value,
[INFO] [stdout] 37 | |             subscription.max_value
[INFO] [stdout] 38 | |         )
[INFO] [stdout]    | |_________^
[INFO] [stdout]    |
[INFO] [stdout]    = note: this error originates in the macro `$crate::sqlx_macros::expand_query` which comes from the expansion of the macro `query` (in Nightly builds, run with -Z macro-backtrace for more info)
[INFO] [stdout] 
[INFO] [stdout] 
[INFO] [stdout] error: error communicating with database: Cannot assign requested address (os error 99)
[INFO] [stdout]   --> database_api/src/service/subscriptions/create.rs:43:13
[INFO] [stdout]    |
[INFO] [stdout] 43 |             query_scalar!("SELECT id FROM subscriptions WHERE id= LAST_INSERT_ID()")
[INFO] [stdout]    |             ^^^^^^^^^^^^^^^^^^^^^^^^^^^^^^^^^^^^^^^^^^^^^^^^^^^^^^^^^^^^^^^^^^^^^^^^
[INFO] [stdout]    |
[INFO] [stdout]    = note: this error originates in the macro `$crate::sqlx_macros::expand_query` which comes from the expansion of the macro `query_scalar` (in Nightly builds, run with -Z macro-backtrace for more info)
[INFO] [stdout] 
[INFO] [stdout] 
[INFO] [stdout] error: error communicating with database: Cannot assign requested address (os error 99)
[INFO] [stdout]   --> database_api/src/service/subscriptions/create.rs:43:13
[INFO] [stdout]    |
[INFO] [stdout] 43 |             query_scalar!("SELECT id FROM subscriptions WHERE id= LAST_INSERT_ID()")
[INFO] [stdout]    |             ^^^^^^^^^^^^^^^^^^^^^^^^^^^^^^^^^^^^^^^^^^^^^^^^^^^^^^^^^^^^^^^^^^^^^^^^
[INFO] [stdout]    |
[INFO] [stdout]    = note: this error originates in the macro `$crate::sqlx_macros::expand_query` which comes from the expansion of the macro `query_scalar` (in Nightly builds, run with -Z macro-backtrace for more info)
[INFO] [stdout] 
[INFO] [stdout] 
[INFO] [stdout] error: error communicating with database: Cannot assign requested address (os error 99)
[INFO] [stdout]   --> database_api/src/service/subscriptions/delete.rs:21:9
[INFO] [stdout]    |
[INFO] [stdout] 21 |         query!("DELETE FROM subscriptions WHERE id = ?", id)
[INFO] [stdout]    |         ^^^^^^^^^^^^^^^^^^^^^^^^^^^^^^^^^^^^^^^^^^^^^^^^^^^^
[INFO] [stdout]    |
[INFO] [stdout]    = note: this error originates in the macro `$crate::sqlx_macros::expand_query` which comes from the expansion of the macro `query` (in Nightly builds, run with -Z macro-backtrace for more info)
[INFO] [stdout] 
[INFO] [stdout] 
[INFO] [stdout] error: error communicating with database: Cannot assign requested address (os error 99)
[INFO] [stdout]   --> database_api/src/service/subscriptions/delete.rs:21:9
[INFO] [stdout]    |
[INFO] [stdout] 21 |         query!("DELETE FROM subscriptions WHERE id = ?", id)
[INFO] [stdout]    |         ^^^^^^^^^^^^^^^^^^^^^^^^^^^^^^^^^^^^^^^^^^^^^^^^^^^^
[INFO] [stdout]    |
[INFO] [stdout]    = note: this error originates in the macro `$crate::sqlx_macros::expand_query` which comes from the expansion of the macro `query` (in Nightly builds, run with -Z macro-backtrace for more info)
[INFO] [stdout] 
[INFO] [stdout] 
[INFO] [stdout] error: error communicating with database: Cannot assign requested address (os error 99)
[INFO] [stdout]   --> database_api/src/service/subscriptions/get_all.rs:13:29
[INFO] [stdout]    |
[INFO] [stdout] 13 |           let subscriptions = query_as!(
[INFO] [stdout]    |  _____________________________^
[INFO] [stdout] 14 | |             Subscription,
[INFO] [stdout] 15 | |             "SELECT * FROM subscriptions ORDER BY id LIMIT ? OFFSET ?",
[INFO] [stdout] 16 | |             count,
[INFO] [stdout] 17 | |             start_index
[INFO] [stdout] 18 | |         )
[INFO] [stdout]    | |_________^
[INFO] [stdout]    |
[INFO] [stdout]    = note: this error originates in the macro `$crate::sqlx_macros::expand_query` which comes from the expansion of the macro `query_as` (in Nightly builds, run with -Z macro-backtrace for more info)
[INFO] [stdout] 
[INFO] [stdout] 
[INFO] [stdout] error: error communicating with database: Cannot assign requested address (os error 99)
[INFO] [stdout]   --> database_api/src/service/subscriptions/get_all.rs:13:29
[INFO] [stdout]    |
[INFO] [stdout] 13 |           let subscriptions = query_as!(
[INFO] [stdout]    |  _____________________________^
[INFO] [stdout] 14 | |             Subscription,
[INFO] [stdout] 15 | |             "SELECT * FROM subscriptions ORDER BY id LIMIT ? OFFSET ?",
[INFO] [stdout] 16 | |             count,
[INFO] [stdout] 17 | |             start_index
[INFO] [stdout] 18 | |         )
[INFO] [stdout]    | |_________^
[INFO] [stdout]    |
[INFO] [stdout]    = note: this error originates in the macro `$crate::sqlx_macros::expand_query` which comes from the expansion of the macro `query_as` (in Nightly builds, run with -Z macro-backtrace for more info)
[INFO] [stdout] 
[INFO] [stdout] 
[INFO] [stdout] error: error communicating with database: Cannot assign requested address (os error 99)
[INFO] [stdout]   --> database_api/src/service/subscriptions/get_all.rs:33:25
[INFO] [stdout]    |
[INFO] [stdout] 33 |             let email = query_scalar!("SELECT email FROM users WHERE id = ?", sub.id_user)
[INFO] [stdout]    |                         ^^^^^^^^^^^^^^^^^^^^^^^^^^^^^^^^^^^^^^^^^^^^^^^^^^^^^^^^^^^^^^^^^^
[INFO] [stdout]    |
[INFO] [stdout]    = note: this error originates in the macro `$crate::sqlx_macros::expand_query` which comes from the expansion of the macro `query_scalar` (in Nightly builds, run with -Z macro-backtrace for more info)
[INFO] [stdout] 
[INFO] [stdout] 
[INFO] [stdout] error: error communicating with database: Cannot assign requested address (os error 99)
[INFO] [stdout]   --> database_api/src/service/subscriptions/get_all.rs:33:25
[INFO] [stdout]    |
[INFO] [stdout] 33 |             let email = query_scalar!("SELECT email FROM users WHERE id = ?", sub.id_user)
[INFO] [stdout]    |                         ^^^^^^^^^^^^^^^^^^^^^^^^^^^^^^^^^^^^^^^^^^^^^^^^^^^^^^^^^^^^^^^^^^
[INFO] [stdout]    |
[INFO] [stdout]    = note: this error originates in the macro `$crate::sqlx_macros::expand_query` which comes from the expansion of the macro `query_scalar` (in Nightly builds, run with -Z macro-backtrace for more info)
[INFO] [stdout] 
[INFO] [stdout] 
[INFO] [stdout] error: error communicating with database: Cannot assign requested address (os error 99)
[INFO] [stdout]   --> database_api/src/service/subscriptions/get_by_email.rs:13:29
[INFO] [stdout]    |
[INFO] [stdout] 13 |           let subscriptions = query_as!(
[INFO] [stdout]    |  _____________________________^
[INFO] [stdout] 14 | |             Subscription,
[INFO] [stdout] 15 | |             "SELECT * FROM subscriptions WHERE id_user IN (SELECT id FROM users WHERE email = ?)",
[INFO] [stdout] 16 | |             email
[INFO] [stdout] 17 | |         )
[INFO] [stdout]    | |_________^
[INFO] [stdout]    |
[INFO] [stdout]    = note: this error originates in the macro `$crate::sqlx_macros::expand_query` which comes from the expansion of the macro `query_as` (in Nightly builds, run with -Z macro-backtrace for more info)
[INFO] [stdout] 
[INFO] [stdout] 
[INFO] [stdout] error: error communicating with database: Cannot assign requested address (os error 99)
[INFO] [stdout]   --> database_api/src/service/subscriptions/get_by_email.rs:13:29
[INFO] [stdout]    |
[INFO] [stdout] 13 |           let subscriptions = query_as!(
[INFO] [stdout]    |  _____________________________^
[INFO] [stdout] 14 | |             Subscription,
[INFO] [stdout] 15 | |             "SELECT * FROM subscriptions WHERE id_user IN (SELECT id FROM users WHERE email = ?)",
[INFO] [stdout] 16 | |             email
[INFO] [stdout] 17 | |         )
[INFO] [stdout]    | |_________^
[INFO] [stdout]    |
[INFO] [stdout]    = note: this error originates in the macro `$crate::sqlx_macros::expand_query` which comes from the expansion of the macro `query_as` (in Nightly builds, run with -Z macro-backtrace for more info)
[INFO] [stdout] 
[INFO] [stdout] 
[INFO] [stdout] error: error communicating with database: Cannot assign requested address (os error 99)
[INFO] [stdout]   --> database_api/src/service/subscriptions/update.rs:25:9
[INFO] [stdout]    |
[INFO] [stdout] 25 | /         query!(
[INFO] [stdout] 26 | |             "UPDATE subscriptions SET min_value = ?, max_value = ? WHERE id = ?",
[INFO] [stdout] 27 | |             subscription.min_value.clone(),
[INFO] [stdout] 28 | |             subscription.max_value.clone(),
[INFO] [stdout] 29 | |             id
[INFO] [stdout] 30 | |         )
[INFO] [stdout]    | |_________^
[INFO] [stdout]    |
[INFO] [stdout]    = note: this error originates in the macro `$crate::sqlx_macros::expand_query` which comes from the expansion of the macro `query` (in Nightly builds, run with -Z macro-backtrace for more info)
[INFO] [stdout] 
[INFO] [stdout] 
[INFO] [stdout] error: error communicating with database: Cannot assign requested address (os error 99)
[INFO] [stdout]   --> database_api/src/service/subscriptions/utils.rs:12:9
[INFO] [stdout]    |
[INFO] [stdout] 12 | /         query!(
[INFO] [stdout] 13 | |             "INSERT INTO contract_objects (subscription_id, value) VALUES (?,?)",
[INFO] [stdout] 14 | |             subscription_id,
[INFO] [stdout] 15 | |             word
[INFO] [stdout] 16 | |         )
[INFO] [stdout]    | |_________^
[INFO] [stdout]    |
[INFO] [stdout]    = note: this error originates in the macro `$crate::sqlx_macros::expand_query` which comes from the expansion of the macro `query` (in Nightly builds, run with -Z macro-backtrace for more info)
[INFO] [stdout] 
[INFO] [stdout] 
[INFO] [stdout] error: error communicating with database: Cannot assign requested address (os error 99)
[INFO] [stdout]   --> database_api/src/service/subscriptions/update.rs:25:9
[INFO] [stdout]    |
[INFO] [stdout] 25 | /         query!(
[INFO] [stdout] 26 | |             "UPDATE subscriptions SET min_value = ?, max_value = ? WHERE id = ?",
[INFO] [stdout] 27 | |             subscription.min_value.clone(),
[INFO] [stdout] 28 | |             subscription.max_value.clone(),
[INFO] [stdout] 29 | |             id
[INFO] [stdout] 30 | |         )
[INFO] [stdout]    | |_________^
[INFO] [stdout]    |
[INFO] [stdout]    = note: this error originates in the macro `$crate::sqlx_macros::expand_query` which comes from the expansion of the macro `query` (in Nightly builds, run with -Z macro-backtrace for more info)
[INFO] [stdout] 
[INFO] [stdout] 
[INFO] [stdout] error: error communicating with database: Cannot assign requested address (os error 99)
[INFO] [stdout]   --> database_api/src/service/subscriptions/utils.rs:30:9
[INFO] [stdout]    |
[INFO] [stdout] 30 | /         query!(
[INFO] [stdout] 31 | |             "INSERT INTO contract_descriptions (subscription_id, value) VALUES (?,?)",
[INFO] [stdout] 32 | |             subscription_id,
[INFO] [stdout] 33 | |             word
[INFO] [stdout] 34 | |         )
[INFO] [stdout]    | |_________^
[INFO] [stdout]    |
[INFO] [stdout]    = note: this error originates in the macro `$crate::sqlx_macros::expand_query` which comes from the expansion of the macro `query` (in Nightly builds, run with -Z macro-backtrace for more info)
[INFO] [stdout] 
[INFO] [stdout] 
[INFO] [stdout] error: error communicating with database: Cannot assign requested address (os error 99)
[INFO] [stdout]   --> database_api/src/service/subscriptions/utils.rs:12:9
[INFO] [stdout]    |
[INFO] [stdout] 12 | /         query!(
[INFO] [stdout] 13 | |             "INSERT INTO contract_objects (subscription_id, value) VALUES (?,?)",
[INFO] [stdout] 14 | |             subscription_id,
[INFO] [stdout] 15 | |             word
[INFO] [stdout] 16 | |         )
[INFO] [stdout]    | |_________^
[INFO] [stdout]    |
[INFO] [stdout]    = note: this error originates in the macro `$crate::sqlx_macros::expand_query` which comes from the expansion of the macro `query` (in Nightly builds, run with -Z macro-backtrace for more info)
[INFO] [stdout] 
[INFO] [stdout] 
[INFO] [stdout] error: error communicating with database: Cannot assign requested address (os error 99)
[INFO] [stdout]   --> database_api/src/service/subscriptions/utils.rs:46:5
[INFO] [stdout]    |
[INFO] [stdout] 46 | /     query!(
[INFO] [stdout] 47 | |         "DELETE FROM contract_objects WHERE subscription_id = ?",
[INFO] [stdout] 48 | |         subscription_id
[INFO] [stdout] 49 | |     )
[INFO] [stdout]    | |_____^
[INFO] [stdout]    |
[INFO] [stdout]    = note: this error originates in the macro `$crate::sqlx_macros::expand_query` which comes from the expansion of the macro `query` (in Nightly builds, run with -Z macro-backtrace for more info)
[INFO] [stdout] 
[INFO] [stdout] 
[INFO] [stdout] error: error communicating with database: Cannot assign requested address (os error 99)
[INFO] [stdout]   --> database_api/src/service/subscriptions/utils.rs:30:9
[INFO] [stdout]    |
[INFO] [stdout] 30 | /         query!(
[INFO] [stdout] 31 | |             "INSERT INTO contract_descriptions (subscription_id, value) VALUES (?,?)",
[INFO] [stdout] 32 | |             subscription_id,
[INFO] [stdout] 33 | |             word
[INFO] [stdout] 34 | |         )
[INFO] [stdout]    | |_________^
[INFO] [stdout]    |
[INFO] [stdout]    = note: this error originates in the macro `$crate::sqlx_macros::expand_query` which comes from the expansion of the macro `query` (in Nightly builds, run with -Z macro-backtrace for more info)
[INFO] [stdout] 
[INFO] [stdout] 
[INFO] [stdout] error: error communicating with database: Cannot assign requested address (os error 99)
[INFO] [stdout]   --> database_api/src/service/subscriptions/utils.rs:60:5
[INFO] [stdout]    |
[INFO] [stdout] 60 | /     query!(
[INFO] [stdout] 61 | |         "DELETE FROM contract_descriptions WHERE subscription_id = ?",
[INFO] [stdout] 62 | |         subscription_id
[INFO] [stdout] 63 | |     )
[INFO] [stdout]    | |_____^
[INFO] [stdout]    |
[INFO] [stdout]    = note: this error originates in the macro `$crate::sqlx_macros::expand_query` which comes from the expansion of the macro `query` (in Nightly builds, run with -Z macro-backtrace for more info)
[INFO] [stdout] 
[INFO] [stdout] 
[INFO] [stdout] error: error communicating with database: Cannot assign requested address (os error 99)
[INFO] [stdout]   --> database_api/src/service/subscriptions/utils.rs:46:5
[INFO] [stdout]    |
[INFO] [stdout] 46 | /     query!(
[INFO] [stdout] 47 | |         "DELETE FROM contract_objects WHERE subscription_id = ?",
[INFO] [stdout] 48 | |         subscription_id
[INFO] [stdout] 49 | |     )
[INFO] [stdout]    | |_____^
[INFO] [stdout]    |
[INFO] [stdout]    = note: this error originates in the macro `$crate::sqlx_macros::expand_query` which comes from the expansion of the macro `query` (in Nightly builds, run with -Z macro-backtrace for more info)
[INFO] [stdout] 
[INFO] [stdout] 
[INFO] [stdout] error: error communicating with database: Cannot assign requested address (os error 99)
[INFO] [stdout]   --> database_api/src/service/subscriptions/utils.rs:74:28
[INFO] [stdout]    |
[INFO] [stdout] 74 |       let contract_objects = query_scalar!(
[INFO] [stdout]    |  ____________________________^
[INFO] [stdout] 75 | |         "SELECT value FROM contract_objects WHERE subscription_id = ?",
[INFO] [stdout] 76 | |         subscription_id
[INFO] [stdout] 77 | |     )
[INFO] [stdout]    | |_____^
[INFO] [stdout]    |
[INFO] [stdout]    = note: this error originates in the macro `$crate::sqlx_macros::expand_query` which comes from the expansion of the macro `query_scalar` (in Nightly builds, run with -Z macro-backtrace for more info)
[INFO] [stdout] 
[INFO] [stdout] 
[INFO] [stdout] error: error communicating with database: Cannot assign requested address (os error 99)
[INFO] [stdout]   --> database_api/src/service/subscriptions/utils.rs:60:5
[INFO] [stdout]    |
[INFO] [stdout] 60 | /     query!(
[INFO] [stdout] 61 | |         "DELETE FROM contract_descriptions WHERE subscription_id = ?",
[INFO] [stdout] 62 | |         subscription_id
[INFO] [stdout] 63 | |     )
[INFO] [stdout]    | |_____^
[INFO] [stdout]    |
[INFO] [stdout]    = note: this error originates in the macro `$crate::sqlx_macros::expand_query` which comes from the expansion of the macro `query` (in Nightly builds, run with -Z macro-backtrace for more info)
[INFO] [stdout] 
[INFO] [stdout] 
[INFO] [stdout] error: error communicating with database: Cannot assign requested address (os error 99)
[INFO] [stdout]   --> database_api/src/service/subscriptions/utils.rs:91:33
[INFO] [stdout]    |
[INFO] [stdout] 91 |       let contract_descriptions = query_scalar!(
[INFO] [stdout]    |  _________________________________^
[INFO] [stdout] 92 | |         "SELECT value FROM contract_descriptions WHERE subscription_id = ?",
[INFO] [stdout] 93 | |         subscription_id
[INFO] [stdout] 94 | |     )
[INFO] [stdout]    | |_____^
[INFO] [stdout]    |
[INFO] [stdout]    = note: this error originates in the macro `$crate::sqlx_macros::expand_query` which comes from the expansion of the macro `query_scalar` (in Nightly builds, run with -Z macro-backtrace for more info)
[INFO] [stdout] 
[INFO] [stdout] 
[INFO] [stdout] error: error communicating with database: Cannot assign requested address (os error 99)
[INFO] [stdout]   --> database_api/src/service/subscriptions/utils.rs:74:28
[INFO] [stdout]    |
[INFO] [stdout] 74 |       let contract_objects = query_scalar!(
[INFO] [stdout]    |  ____________________________^
[INFO] [stdout] 75 | |         "SELECT value FROM contract_objects WHERE subscription_id = ?",
[INFO] [stdout] 76 | |         subscription_id
[INFO] [stdout] 77 | |     )
[INFO] [stdout]    | |_____^
[INFO] [stdout]    |
[INFO] [stdout]    = note: this error originates in the macro `$crate::sqlx_macros::expand_query` which comes from the expansion of the macro `query_scalar` (in Nightly builds, run with -Z macro-backtrace for more info)
[INFO] [stdout] 
[INFO] [stdout] 
[INFO] [stdout] error: error communicating with database: Cannot assign requested address (os error 99)
[INFO] [stdout]    --> database_api/src/service/subscriptions/utils.rs:116:15
[INFO] [stdout]     |
[INFO] [stdout] 116 |       let sub = query_as!(
[INFO] [stdout]     |  _______________^
[INFO] [stdout] 117 | |         Subscription,
[INFO] [stdout] 118 | |         "SELECT * FROM subscriptions WHERE id = ?",
[INFO] [stdout] 119 | |         subscription_id
[INFO] [stdout] 120 | |     )
[INFO] [stdout]     | |_____^
[INFO] [stdout]     |
[INFO] [stdout]     = note: this error originates in the macro `$crate::sqlx_macros::expand_query` which comes from the expansion of the macro `query_as` (in Nightly builds, run with -Z macro-backtrace for more info)
[INFO] [stdout] 
[INFO] [stdout] 
[INFO] [stdout] error: error communicating with database: Cannot assign requested address (os error 99)
[INFO] [stdout]   --> database_api/src/service/subscriptions/utils.rs:91:33
[INFO] [stdout]    |
[INFO] [stdout] 91 |       let contract_descriptions = query_scalar!(
[INFO] [stdout]    |  _________________________________^
[INFO] [stdout] 92 | |         "SELECT value FROM contract_descriptions WHERE subscription_id = ?",
[INFO] [stdout] 93 | |         subscription_id
[INFO] [stdout] 94 | |     )
[INFO] [stdout]    | |_____^
[INFO] [stdout]    |
[INFO] [stdout]    = note: this error originates in the macro `$crate::sqlx_macros::expand_query` which comes from the expansion of the macro `query_scalar` (in Nightly builds, run with -Z macro-backtrace for more info)
[INFO] [stdout] 
[INFO] [stdout] 
[INFO] [stdout] error: error communicating with database: Cannot assign requested address (os error 99)
[INFO] [stdout]    --> database_api/src/service/subscriptions/utils.rs:124:17
[INFO] [stdout]     |
[INFO] [stdout] 124 |     let email = query_scalar!("SELECT email FROM users WHERE id = ?", sub.id_user)
[INFO] [stdout]     |                 ^^^^^^^^^^^^^^^^^^^^^^^^^^^^^^^^^^^^^^^^^^^^^^^^^^^^^^^^^^^^^^^^^^
[INFO] [stdout]     |
[INFO] [stdout]     = note: this error originates in the macro `$crate::sqlx_macros::expand_query` which comes from the expansion of the macro `query_scalar` (in Nightly builds, run with -Z macro-backtrace for more info)
[INFO] [stdout] 
[INFO] [stdout] 
[INFO] [stdout] error: error communicating with database: Cannot assign requested address (os error 99)
[INFO] [stdout]    --> database_api/src/service/subscriptions/utils.rs:116:15
[INFO] [stdout]     |
[INFO] [stdout] 116 |       let sub = query_as!(
[INFO] [stdout]     |  _______________^
[INFO] [stdout] 117 | |         Subscription,
[INFO] [stdout] 118 | |         "SELECT * FROM subscriptions WHERE id = ?",
[INFO] [stdout] 119 | |         subscription_id
[INFO] [stdout] 120 | |     )
[INFO] [stdout]     | |_____^
[INFO] [stdout]     |
[INFO] [stdout]     = note: this error originates in the macro `$crate::sqlx_macros::expand_query` which comes from the expansion of the macro `query_as` (in Nightly builds, run with -Z macro-backtrace for more info)
[INFO] [stdout] 
[INFO] [stdout] 
[INFO] [stdout] error: error communicating with database: Cannot assign requested address (os error 99)
[INFO] [stdout]   --> database_api/src/service/users/create.rs:17:9
[INFO] [stdout]    |
[INFO] [stdout] 17 |         query!("INSERT INTO users (email) VALUES (?)", email)
[INFO] [stdout]    |         ^^^^^^^^^^^^^^^^^^^^^^^^^^^^^^^^^^^^^^^^^^^^^^^^^^^^^
[INFO] [stdout]    |
[INFO] [stdout]    = note: this error originates in the macro `$crate::sqlx_macros::expand_query` which comes from the expansion of the macro `query` (in Nightly builds, run with -Z macro-backtrace for more info)
[INFO] [stdout] 
[INFO] [stdout] 
[INFO] [stdout] error: error communicating with database: Cannot assign requested address (os error 99)
[INFO] [stdout]    --> database_api/src/service/subscriptions/utils.rs:124:17
[INFO] [stdout]     |
[INFO] [stdout] 124 |     let email = query_scalar!("SELECT email FROM users WHERE id = ?", sub.id_user)
[INFO] [stdout]     |                 ^^^^^^^^^^^^^^^^^^^^^^^^^^^^^^^^^^^^^^^^^^^^^^^^^^^^^^^^^^^^^^^^^^
[INFO] [stdout]     |
[INFO] [stdout]     = note: this error originates in the macro `$crate::sqlx_macros::expand_query` which comes from the expansion of the macro `query_scalar` (in Nightly builds, run with -Z macro-backtrace for more info)
[INFO] [stdout] 
[INFO] [stdout] 
[INFO] [stdout] error: error communicating with database: Cannot assign requested address (os error 99)
[INFO] [stdout]   --> database_api/src/service/users/delete.rs:18:9
[INFO] [stdout]    |
[INFO] [stdout] 18 |         query!("DELETE FROM users WHERE email = ?", email)
[INFO] [stdout]    |         ^^^^^^^^^^^^^^^^^^^^^^^^^^^^^^^^^^^^^^^^^^^^^^^^^^
[INFO] [stdout]    |
[INFO] [stdout]    = note: this error originates in the macro `$crate::sqlx_macros::expand_query` which comes from the expansion of the macro `query` (in Nightly builds, run with -Z macro-backtrace for more info)
[INFO] [stdout] 
[INFO] [stdout] 
[INFO] [stdout] error: error communicating with database: Cannot assign requested address (os error 99)
[INFO] [stdout]   --> database_api/src/service/users/create.rs:17:9
[INFO] [stdout]    |
[INFO] [stdout] 17 |         query!("INSERT INTO users (email) VALUES (?)", email)
[INFO] [stdout]    |         ^^^^^^^^^^^^^^^^^^^^^^^^^^^^^^^^^^^^^^^^^^^^^^^^^^^^^
[INFO] [stdout]    |
[INFO] [stdout]    = note: this error originates in the macro `$crate::sqlx_macros::expand_query` which comes from the expansion of the macro `query` (in Nightly builds, run with -Z macro-backtrace for more info)
[INFO] [stdout] 
[INFO] [stdout] 
[INFO] [stdout] error: error communicating with database: Cannot assign requested address (os error 99)
[INFO] [stdout]   --> database_api/src/service/users/get.rs:16:20
[INFO] [stdout]    |
[INFO] [stdout] 16 |           let user = query_as!(
[INFO] [stdout]    |  ____________________^
[INFO] [stdout] 17 | |             User,
[INFO] [stdout] 18 | |             "SELECT id AS \"id?\", email FROM users WHERE id = ?",
[INFO] [stdout] 19 | |             id
[INFO] [stdout] 20 | |         )
[INFO] [stdout]    | |_________^
[INFO] [stdout]    |
[INFO] [stdout]    = note: this error originates in the macro `$crate::sqlx_macros::expand_query` which comes from the expansion of the macro `query_as` (in Nightly builds, run with -Z macro-backtrace for more info)
[INFO] [stdout] 
[INFO] [stdout] 
[INFO] [stdout] error: error communicating with database: Cannot assign requested address (os error 99)
[INFO] [stdout]   --> database_api/src/service/users/delete.rs:18:9
[INFO] [stdout]    |
[INFO] [stdout] 18 |         query!("DELETE FROM users WHERE email = ?", email)
[INFO] [stdout]    |         ^^^^^^^^^^^^^^^^^^^^^^^^^^^^^^^^^^^^^^^^^^^^^^^^^^
[INFO] [stdout]    |
[INFO] [stdout]    = note: this error originates in the macro `$crate::sqlx_macros::expand_query` which comes from the expansion of the macro `query` (in Nightly builds, run with -Z macro-backtrace for more info)
[INFO] [stdout] 
[INFO] [stdout] 
[INFO] [stdout] error: error communicating with database: Cannot assign requested address (os error 99)
[INFO] [stdout]   --> database_api/src/service/users/get_all.rs:10:21
[INFO] [stdout]    |
[INFO] [stdout] 10 |           let users = query_as!(
[INFO] [stdout]    |  _____________________^
[INFO] [stdout] 11 | |             User,
[INFO] [stdout] 12 | |             "SELECT id AS \"id?\", email FROM users ORDER BY id LIMIT ? OFFSET ?",
[INFO] [stdout] 13 | |             count,
[INFO] [stdout] 14 | |             start_index
[INFO] [stdout] 15 | |         )
[INFO] [stdout]    | |_________^
[INFO] [stdout]    |
[INFO] [stdout]    = note: this error originates in the macro `$crate::sqlx_macros::expand_query` which comes from the expansion of the macro `query_as` (in Nightly builds, run with -Z macro-backtrace for more info)
[INFO] [stdout] 
[INFO] [stdout] 
[INFO] [stdout] error: error communicating with database: Cannot assign requested address (os error 99)
[INFO] [stdout]   --> database_api/src/service/users/get.rs:16:20
[INFO] [stdout]    |
[INFO] [stdout] 16 |           let user = query_as!(
[INFO] [stdout]    |  ____________________^
[INFO] [stdout] 17 | |             User,
[INFO] [stdout] 18 | |             "SELECT id AS \"id?\", email FROM users WHERE id = ?",
[INFO] [stdout] 19 | |             id
[INFO] [stdout] 20 | |         )
[INFO] [stdout]    | |_________^
[INFO] [stdout]    |
[INFO] [stdout]    = note: this error originates in the macro `$crate::sqlx_macros::expand_query` which comes from the expansion of the macro `query_as` (in Nightly builds, run with -Z macro-backtrace for more info)
[INFO] [stdout] 
[INFO] [stdout] 
[INFO] [stdout] error: error communicating with database: Cannot assign requested address (os error 99)
[INFO] [stdout]   --> database_api/src/service/users/update.rs:18:9
[INFO] [stdout]    |
[INFO] [stdout] 18 | /         query!(
[INFO] [stdout] 19 | |             "UPDATE users SET email = ? WHERE email = ?",
[INFO] [stdout] 20 | |             new_user.email,
[INFO] [stdout] 21 | |             email
[INFO] [stdout] 22 | |         )
[INFO] [stdout]    | |_________^
[INFO] [stdout]    |
[INFO] [stdout]    = note: this error originates in the macro `$crate::sqlx_macros::expand_query` which comes from the expansion of the macro `query` (in Nightly builds, run with -Z macro-backtrace for more info)
[INFO] [stdout] 
[INFO] [stdout] 
[INFO] [stdout] error: error communicating with database: Cannot assign requested address (os error 99)
[INFO] [stdout]   --> database_api/src/service/users/get_all.rs:10:21
[INFO] [stdout]    |
[INFO] [stdout] 10 |           let users = query_as!(
[INFO] [stdout]    |  _____________________^
[INFO] [stdout] 11 | |             User,
[INFO] [stdout] 12 | |             "SELECT id AS \"id?\", email FROM users ORDER BY id LIMIT ? OFFSET ?",
[INFO] [stdout] 13 | |             count,
[INFO] [stdout] 14 | |             start_index
[INFO] [stdout] 15 | |         )
[INFO] [stdout]    | |_________^
[INFO] [stdout]    |
[INFO] [stdout]    = note: this error originates in the macro `$crate::sqlx_macros::expand_query` which comes from the expansion of the macro `query_as` (in Nightly builds, run with -Z macro-backtrace for more info)
[INFO] [stdout] 
[INFO] [stdout] 
[INFO] [stdout] error: error communicating with database: Cannot assign requested address (os error 99)
[INFO] [stdout]   --> database_api/src/service/users/utils.rs:11:20
[INFO] [stdout]    |
[INFO] [stdout] 11 |           let user = query_as!(
[INFO] [stdout]    |  ____________________^
[INFO] [stdout] 12 | |             User,
[INFO] [stdout] 13 | |             "SELECT id AS \"id?\", email FROM users WHERE email = ?",
[INFO] [stdout] 14 | |             email
[INFO] [stdout] 15 | |         )
[INFO] [stdout]    | |_________^
[INFO] [stdout]    |
[INFO] [stdout]    = note: this error originates in the macro `$crate::sqlx_macros::expand_query` which comes from the expansion of the macro `query_as` (in Nightly builds, run with -Z macro-backtrace for more info)
[INFO] [stdout] 
[INFO] [stdout] 
[INFO] [stdout] error: error communicating with database: Cannot assign requested address (os error 99)
[INFO] [stdout]   --> database_api/src/service/users/update.rs:18:9
[INFO] [stdout]    |
[INFO] [stdout] 18 | /         query!(
[INFO] [stdout] 19 | |             "UPDATE users SET email = ? WHERE email = ?",
[INFO] [stdout] 20 | |             new_user.email,
[INFO] [stdout] 21 | |             email
[INFO] [stdout] 22 | |         )
[INFO] [stdout]    | |_________^
[INFO] [stdout]    |
[INFO] [stdout]    = note: this error originates in the macro `$crate::sqlx_macros::expand_query` which comes from the expansion of the macro `query` (in Nightly builds, run with -Z macro-backtrace for more info)
[INFO] [stdout] 
[INFO] [stdout] 
[INFO] [stdout] error: error communicating with database: Cannot assign requested address (os error 99)
[INFO] [stdout]   --> database_api/src/service/users/utils.rs:11:20
[INFO] [stdout]    |
[INFO] [stdout] 11 |           let user = query_as!(
[INFO] [stdout]    |  ____________________^
[INFO] [stdout] 12 | |             User,
[INFO] [stdout] 13 | |             "SELECT id AS \"id?\", email FROM users WHERE email = ?",
[INFO] [stdout] 14 | |             email
[INFO] [stdout] 15 | |         )
[INFO] [stdout]    | |_________^
[INFO] [stdout]    |
[INFO] [stdout]    = note: this error originates in the macro `$crate::sqlx_macros::expand_query` which comes from the expansion of the macro `query_as` (in Nightly builds, run with -Z macro-backtrace for more info)
[INFO] [stdout] 
[INFO] [stdout] 
[INFO] [stdout] warning: unused import: `super::utils::get_contract_objects`
[INFO] [stdout]  --> database_api/src/service/subscriptions/get.rs:2:5
[INFO] [stdout]   |
[INFO] [stdout] 2 | use super::utils::get_contract_objects;
[INFO] [stdout]   |     ^^^^^^^^^^^^^^^^^^^^^^^^^^^^^^^^^^
[INFO] [stdout]   |
[INFO] [stdout]   = note: `#[warn(unused_imports)]` on by default
[INFO] [stdout] 
[INFO] [stdout] 
[INFO] [stdout] warning: unused import: `crate::service::subscriptions::utils::get_contract_descriptions`
[INFO] [stdout]  --> database_api/src/service/subscriptions/get.rs:4:5
[INFO] [stdout]   |
[INFO] [stdout] 4 | use crate::service::subscriptions::utils::get_contract_descriptions;
[INFO] [stdout]   |     ^^^^^^^^^^^^^^^^^^^^^^^^^^^^^^^^^^^^^^^^^^^^^^^^^^^^^^^^^^^^^^^
[INFO] [stdout] 
[INFO] [stdout] 
[INFO] [stdout] warning: unused import: `models::subscription::Subscription`
[INFO] [stdout]  --> database_api/src/service/subscriptions/get.rs:5:50
[INFO] [stdout]   |
[INFO] [stdout] 5 | use crate::{full_subscription::FullSubscription, models::subscription::Subscription};
[INFO] [stdout]   |                                                  ^^^^^^^^^^^^^^^^^^^^^^^^^^^^^^^^^^
[INFO] [stdout] 
[INFO] [stdout] 
[INFO] [stdout] warning: unused import: `sqlx::query_as`
[INFO] [stdout]  --> database_api/src/service/subscriptions/get.rs:7:5
[INFO] [stdout]   |
[INFO] [stdout] 7 | use sqlx::query_as;
[INFO] [stdout]   |     ^^^^^^^^^^^^^^
[INFO] [stdout] 
[INFO] [stdout] 
[INFO] [stdout] warning: unused import: `models::subscription::Subscription`
[INFO] [stdout]  --> database_api/src/service/subscriptions/get_all.rs:4:50
[INFO] [stdout]   |
[INFO] [stdout] 4 | use crate::{full_subscription::FullSubscription, models::subscription::Subscription};
[INFO] [stdout]   |                                                  ^^^^^^^^^^^^^^^^^^^^^^^^^^^^^^^^^^
[INFO] [stdout] 
[INFO] [stdout] 
[INFO] [stdout] warning: unused import: `models::subscription::Subscription`
[INFO] [stdout]  --> database_api/src/service/subscriptions/get_by_email.rs:4:50
[INFO] [stdout]   |
[INFO] [stdout] 4 | use crate::{full_subscription::FullSubscription, models::subscription::Subscription};
[INFO] [stdout]   |                                                  ^^^^^^^^^^^^^^^^^^^^^^^^^^^^^^^^^^
[INFO] [stdout] 
[INFO] [stdout] 
[INFO] [stdout] warning: unused import: `models::subscription::Subscription`
[INFO] [stdout]  --> database_api/src/service/subscriptions/utils.rs:4:50
[INFO] [stdout]   |
[INFO] [stdout] 4 | use crate::{full_subscription::FullSubscription, models::subscription::Subscription};
[INFO] [stdout]   |                                                  ^^^^^^^^^^^^^^^^^^^^^^^^^^^^^^^^^^
[INFO] [stdout] 
[INFO] [stdout] 
[INFO] [stdout] warning: unused import: `query_as`
[INFO] [stdout]  --> database_api/src/service/users/create.rs:5:19
[INFO] [stdout]   |
[INFO] [stdout] 5 | use sqlx::{query, query_as};
[INFO] [stdout]   |                   ^^^^^^^^
[INFO] [stdout] 
[INFO] [stdout] 
[INFO] [stdout] warning: unused import: `query_as`
[INFO] [stdout]  --> database_api/src/service/users/delete.rs:4:19
[INFO] [stdout]   |
[INFO] [stdout] 4 | use sqlx::{query, query_as};
[INFO] [stdout]   |                   ^^^^^^^^
[INFO] [stdout] 
[INFO] [stdout] 
[INFO] [stdout] warning: unused import: `query_as`
[INFO] [stdout]  --> database_api/src/service/users/update.rs:5:19
[INFO] [stdout]   |
[INFO] [stdout] 5 | use sqlx::{query, query_as};
[INFO] [stdout]   |                   ^^^^^^^^
[INFO] [stdout] 
[INFO] [stdout] 
[INFO] [stdout] error: aborting due to 24 previous errors
[INFO] [stdout] 
[INFO] [stdout] 
[INFO] [stderr] error: could not document `database_api`
[INFO] [stderr] 
[INFO] [stderr] Caused by:
[INFO] [stderr]   process didn't exit successfully: `/opt/rustwide/rustup-home/toolchains/1.75.0-x86_64-unknown-linux-gnu/bin/rustdoc --edition=2021 --crate-type lib --crate-name database_api database_api/src/lib.rs -o /opt/rustwide/target/doc --cfg 'feature="admin"' --cfg 'feature="create"' --cfg 'feature="crud"' --cfg 'feature="delete"' --cfg 'feature="read"' --cfg 'feature="update"' --error-format=json --json=diagnostic-rendered-ansi,artifacts,future-incompat --document-private-items -C metadata=f80ba61efae0705f -L dependency=/opt/rustwide/target/debug/deps --extern anyhow=/opt/rustwide/target/debug/deps/libanyhow-527cac6c1448f5b4.rmeta --extern serde=/opt/rustwide/target/debug/deps/libserde-15c5c383d6189c9e.rmeta --extern serde_json=/opt/rustwide/target/debug/deps/libserde_json-49a9715bd7d4ae46.rmeta --extern sqlx=/opt/rustwide/target/debug/deps/libsqlx-b2643f5c015072f5.rmeta --extern time=/opt/rustwide/target/debug/deps/libtime-5b21395db5e930d1.rmeta --extern tokio=/opt/rustwide/target/debug/deps/libtokio-5b544c72a68d906f.rmeta --cap-lints=warn --crate-version 0.1.0` (exit status: 1)
[INFO] [stderr] warning: build failed, waiting for other jobs to finish...
[INFO] [stdout] error: aborting due to 24 previous errors; 10 warnings emitted
[INFO] [stdout] 
[INFO] [stdout] 
[INFO] [stderr] error: could not compile `database_api` (lib) due to 25 previous errors; 10 warnings emitted
[INFO] running `Command { std: "docker" "inspect" "c0bac723d83dfcf6969a315c271ee5b4904fd22a864576d40d07539f14ac992a", kill_on_drop: false }`
[INFO] running `Command { std: "docker" "rm" "-f" "c0bac723d83dfcf6969a315c271ee5b4904fd22a864576d40d07539f14ac992a", kill_on_drop: false }`
[INFO] [stdout] c0bac723d83dfcf6969a315c271ee5b4904fd22a864576d40d07539f14ac992a
