[INFO] cloning repository https://github.com/AvalancheHQ/pydantic-core-test
[INFO] running `Command { std: "git" "-c" "credential.helper=" "-c" "credential.helper=/workspace/cargo-home/bin/git-credential-null" "clone" "--bare" "https://github.com/AvalancheHQ/pydantic-core-test" "/workspace/cache/git-repos/https%3A%2F%2Fgithub.com%2FAvalancheHQ%2Fpydantic-core-test", kill_on_drop: false }`
[INFO] [stderr] Cloning into bare repository '/workspace/cache/git-repos/https%3A%2F%2Fgithub.com%2FAvalancheHQ%2Fpydantic-core-test'...
[INFO] running `Command { std: "git" "rev-parse" "HEAD", kill_on_drop: false }`
[INFO] [stdout] 3f7df809123b643f84b9b5e39c008d9300692462
[INFO] documenting AvalancheHQ/pydantic-core-test against 1.75.0 for beta-1.76-rustdoc-1
[INFO] running `Command { std: "git" "clone" "/workspace/cache/git-repos/https%3A%2F%2Fgithub.com%2FAvalancheHQ%2Fpydantic-core-test" "/workspace/builds/worker-1-tc1/source", kill_on_drop: false }`
[INFO] [stderr] Cloning into '/workspace/builds/worker-1-tc1/source'...
[INFO] [stderr] done.
[INFO] validating manifest of git repo https://github.com/AvalancheHQ/pydantic-core-test on toolchain 1.75.0
[INFO] running `Command { std: CARGO_HOME="/workspace/cargo-home" RUSTUP_HOME="/workspace/rustup-home" "/workspace/cargo-home/bin/cargo" "+1.75.0" "metadata" "--manifest-path" "Cargo.toml" "--no-deps", kill_on_drop: false }`
[INFO] removed /workspace/builds/worker-1-tc1/source/.cargo/config.toml
[INFO] started tweaking git repo https://github.com/AvalancheHQ/pydantic-core-test
[INFO] finished tweaking git repo https://github.com/AvalancheHQ/pydantic-core-test
[INFO] tweaked toml for git repo https://github.com/AvalancheHQ/pydantic-core-test written to /workspace/builds/worker-1-tc1/source/Cargo.toml
[INFO] crate git repo https://github.com/AvalancheHQ/pydantic-core-test already has a lockfile, it will not be regenerated
[INFO] running `Command { std: CARGO_HOME="/workspace/cargo-home" RUSTUP_HOME="/workspace/rustup-home" "/workspace/cargo-home/bin/cargo" "+1.75.0" "fetch" "--manifest-path" "Cargo.toml", kill_on_drop: false }`
[INFO] [stderr]     Updating crates.io index
[INFO] [stderr]  Downloading crates ...
[INFO] [stderr]   Downloaded target-lexicon v0.12.9
[INFO] [stderr]   Downloaded mimalloc v0.1.37
[INFO] [stderr]   Downloaded speedate v0.11.0
[INFO] [stderr]   Downloaded python3-dll-a v0.2.9
[INFO] [stderr]   Downloaded libmimalloc-sys v0.1.33
[INFO] running `Command { std: "docker" "create" "-v" "/var/lib/crater-agent-workspace/builds/worker-1-tc1/target:/opt/rustwide/target:rw,Z" "-v" "/var/lib/crater-agent-workspace/builds/worker-1-tc1/source:/opt/rustwide/workdir:ro,Z" "-v" "/var/lib/crater-agent-workspace/cargo-home:/opt/rustwide/cargo-home:ro,Z" "-v" "/var/lib/crater-agent-workspace/rustup-home:/opt/rustwide/rustup-home:ro,Z" "-e" "SOURCE_DIR=/opt/rustwide/workdir" "-e" "CARGO_TARGET_DIR=/opt/rustwide/target" "-e" "CARGO_HOME=/opt/rustwide/cargo-home" "-e" "RUSTUP_HOME=/opt/rustwide/rustup-home" "-w" "/opt/rustwide/workdir" "-m" "1610612736" "--user" "0:0" "--network" "none" "ghcr.io/rust-lang/crates-build-env/linux@sha256:2788e3201cd34a07e3172128adcd8b3090168a8e3bcc40d7c032b9dda1df7d1c" "/opt/rustwide/cargo-home/bin/cargo" "+1.75.0" "metadata" "--no-deps" "--format-version=1", kill_on_drop: false }`
[INFO] [stdout] 7ecf468fdf86c7d0aa48dcdcdc585628095d8d5e690b8fad8efd01c8a3412092
[INFO] running `Command { std: "docker" "start" "-a" "7ecf468fdf86c7d0aa48dcdcdc585628095d8d5e690b8fad8efd01c8a3412092", kill_on_drop: false }`
[INFO] running `Command { std: "docker" "inspect" "7ecf468fdf86c7d0aa48dcdcdc585628095d8d5e690b8fad8efd01c8a3412092", kill_on_drop: false }`
[INFO] running `Command { std: "docker" "rm" "-f" "7ecf468fdf86c7d0aa48dcdcdc585628095d8d5e690b8fad8efd01c8a3412092", kill_on_drop: false }`
[INFO] [stdout] 7ecf468fdf86c7d0aa48dcdcdc585628095d8d5e690b8fad8efd01c8a3412092
[INFO] running `Command { std: "docker" "create" "-v" "/var/lib/crater-agent-workspace/builds/worker-1-tc1/target:/opt/rustwide/target:rw,Z" "-v" "/var/lib/crater-agent-workspace/builds/worker-1-tc1/source:/opt/rustwide/workdir:ro,Z" "-v" "/var/lib/crater-agent-workspace/cargo-home:/opt/rustwide/cargo-home:ro,Z" "-v" "/var/lib/crater-agent-workspace/rustup-home:/opt/rustwide/rustup-home:ro,Z" "-e" "SOURCE_DIR=/opt/rustwide/workdir" "-e" "CARGO_TARGET_DIR=/opt/rustwide/target" "-e" "CARGO_INCREMENTAL=0" "-e" "RUST_BACKTRACE=full" "-e" "RUSTFLAGS=--cap-lints=warn" "-e" "RUSTDOCFLAGS=--cap-lints=warn" "-e" "CARGO_HOME=/opt/rustwide/cargo-home" "-e" "RUSTUP_HOME=/opt/rustwide/rustup-home" "-w" "/opt/rustwide/workdir" "-m" "1610612736" "--user" "0:0" "--network" "none" "ghcr.io/rust-lang/crates-build-env/linux@sha256:2788e3201cd34a07e3172128adcd8b3090168a8e3bcc40d7c032b9dda1df7d1c" "/opt/rustwide/cargo-home/bin/cargo" "+1.75.0" "doc" "--frozen" "--no-deps" "--document-private-items" "--message-format=json", kill_on_drop: false }`
[INFO] [stdout] 67cccb35a1f0aa0e82cca55fd021a4efd5c44608c011a72e2a4f4fb1be613d4b
[INFO] running `Command { std: "docker" "start" "-a" "67cccb35a1f0aa0e82cca55fd021a4efd5c44608c011a72e2a4f4fb1be613d4b", kill_on_drop: false }`
[INFO] [stderr]    Compiling target-lexicon v0.12.9
[INFO] [stderr]    Compiling proc-macro2 v1.0.64
[INFO] [stderr]    Compiling quote v1.0.29
[INFO] [stderr]    Compiling unicode-ident v1.0.10
[INFO] [stderr]    Compiling python3-dll-a v0.2.9
[INFO] [stderr]    Compiling num-traits v0.2.15
[INFO] [stderr]    Compiling syn v1.0.109
[INFO] [stderr]    Compiling rustversion v1.0.13
[INFO] [stderr]    Compiling num-integer v0.1.45
[INFO] [stderr]    Compiling cc v1.0.79
[INFO] [stderr]    Compiling memoffset v0.9.0
[INFO] [stderr]    Compiling num-bigint v0.4.3
[INFO] [stderr]     Checking scopeguard v1.1.0
[INFO] [stderr]     Checking lock_api v0.4.10
[INFO] [stderr]     Checking aho-corasick v1.0.2
[INFO] [stderr]    Compiling ahash v0.8.3
[INFO] [stderr]     Checking hashbrown v0.14.0
[INFO] [stderr]    Compiling pyo3-build-config v0.19.2
[INFO] [stderr]    Compiling syn v2.0.28
[INFO] [stderr]    Compiling serde_json v1.0.104
[INFO] [stderr]     Checking indexmap v2.0.0
[INFO] [stderr]    Compiling libmimalloc-sys v0.1.33
[INFO] [stderr]     Checking regex-automata v0.3.6
[INFO] [stderr]     Checking parking_lot v0.12.1
[INFO] [stderr]     Checking getrandom v0.2.10
[INFO] [stderr]     Checking ryu v1.0.14
[INFO] [stderr]     Checking once_cell v1.18.0
[INFO] [stderr]     Checking itoa v1.0.8
[INFO] [stderr]    Compiling indoc v1.0.9
[INFO] [stderr]     Checking unindent v0.1.11
[INFO] [stderr]     Checking uuid v1.4.1
[INFO] [stderr]     Checking mimalloc v0.1.37
[INFO] [stderr]    Compiling pyo3-ffi v0.19.2
[INFO] [stderr]    Compiling pyo3 v0.19.2
[INFO] [stderr]    Compiling pydantic-core v2.4.0 (/opt/rustwide/workdir)
[INFO] [stderr] error: failed to run custom build command for `pydantic-core v2.4.0 (/opt/rustwide/workdir)`
[INFO] [stderr] note: To improve backtraces for build dependencies, set the CARGO_PROFILE_DEV_BUILD_OVERRIDE_DEBUG=true environment variable to enable debug information generation.
[INFO] [stderr] 
[INFO] [stderr] Caused by:
[INFO] [stderr]   process didn't exit successfully: `/opt/rustwide/target/debug/build/pydantic-core-f629e9a3dd5f3de8/build-script-build` (exit status: 101)
[INFO] [stderr]   --- stdout
[INFO] [stderr]   cargo:rustc-cfg=Py_3_6
[INFO] [stderr]   cargo:rustc-cfg=Py_3_7
[INFO] [stderr]   cargo:rustc-cfg=Py_3_8
[INFO] [stderr]   cargo:rustc-cfg=Py_3_9
[INFO] [stderr]   cargo:rustc-cfg=Py_3_10
[INFO] [stderr]   cargo:rerun-if-changed=python/pydantic_core/core_schema.py
[INFO] [stderr]   cargo:rerun-if-changed=generate_self_schema.py
[INFO] [stderr] 
[INFO] [stderr]   --- stderr
[INFO] [stderr]   Traceback (most recent call last):
[INFO] [stderr]     File "/opt/rustwide/workdir/generate_self_schema.py", line 16, in <module>
[INFO] [stderr]       from typing_extensions import get_args, get_origin, is_typeddict
[INFO] [stderr]   ModuleNotFoundError: No module named 'typing_extensions'
[INFO] [stderr]   thread 'main' panicked at build.rs:29:9:
[INFO] [stderr]   generate_self_schema.py failed with exit status: 1
[INFO] [stderr]   stack backtrace:
[INFO] [stderr]      0:     0x562c2c77e20c - std::backtrace_rs::backtrace::libunwind::trace::ha637c64ce894333a
[INFO] [stderr]                                  at /rustc/82e1608dfa6e0b5569232559e3d385fea5a93112/library/std/src/../../backtrace/src/backtrace/libunwind.rs:104:5
[INFO] [stderr]      1:     0x562c2c77e20c - std::backtrace_rs::backtrace::trace_unsynchronized::h47f62dea28e0c88d
[INFO] [stderr]                                  at /rustc/82e1608dfa6e0b5569232559e3d385fea5a93112/library/std/src/../../backtrace/src/backtrace/mod.rs:66:5
[INFO] [stderr]      2:     0x562c2c77e20c - std::sys_common::backtrace::_print_fmt::h9eef0abe20ede486
[INFO] [stderr]                                  at /rustc/82e1608dfa6e0b5569232559e3d385fea5a93112/library/std/src/sys_common/backtrace.rs:67:5
[INFO] [stderr]      3:     0x562c2c77e20c - <std::sys_common::backtrace::_print::DisplayBacktrace as core::fmt::Display>::fmt::hed7f999df88cc644
[INFO] [stderr]                                  at /rustc/82e1608dfa6e0b5569232559e3d385fea5a93112/library/std/src/sys_common/backtrace.rs:44:22
[INFO] [stderr]      4:     0x562c2c7a2070 - core::fmt::rt::Argument::fmt::h1539a9308b8d058d
[INFO] [stderr]                                  at /rustc/82e1608dfa6e0b5569232559e3d385fea5a93112/library/core/src/fmt/rt.rs:142:9
[INFO] [stderr]      5:     0x562c2c7a2070 - core::fmt::write::h3a39390d8560d9c9
[INFO] [stderr]                                  at /rustc/82e1608dfa6e0b5569232559e3d385fea5a93112/library/core/src/fmt/mod.rs:1120:17
[INFO] [stderr]      6:     0x562c2c77c07f - std::io::Write::write_fmt::h5fc9997dfe05f882
[INFO] [stderr]                                  at /rustc/82e1608dfa6e0b5569232559e3d385fea5a93112/library/std/src/io/mod.rs:1762:15
[INFO] [stderr]      7:     0x562c2c77dff4 - std::sys_common::backtrace::_print::h894006fb5c6f3d45
[INFO] [stderr]                                  at /rustc/82e1608dfa6e0b5569232559e3d385fea5a93112/library/std/src/sys_common/backtrace.rs:47:5
[INFO] [stderr]      8:     0x562c2c77dff4 - std::sys_common::backtrace::print::h23a2d212c6fff936
[INFO] [stderr]                                  at /rustc/82e1608dfa6e0b5569232559e3d385fea5a93112/library/std/src/sys_common/backtrace.rs:34:9
[INFO] [stderr]      9:     0x562c2c77f507 - std::panicking::default_hook::{{closure}}::h8a1d2ee00185001a
[INFO] [stderr]     10:     0x562c2c77f26f - std::panicking::default_hook::h6038f2eba384e475
[INFO] [stderr]                                  at /rustc/82e1608dfa6e0b5569232559e3d385fea5a93112/library/std/src/panicking.rs:292:9
[INFO] [stderr]     11:     0x562c2c77f988 - std::panicking::rust_panic_with_hook::h2b5517d590cab22e
[INFO] [stderr]                                  at /rustc/82e1608dfa6e0b5569232559e3d385fea5a93112/library/std/src/panicking.rs:779:13
[INFO] [stderr]     12:     0x562c2c77f86e - std::panicking::begin_panic_handler::{{closure}}::h233112c06e0ef43e
[INFO] [stderr]                                  at /rustc/82e1608dfa6e0b5569232559e3d385fea5a93112/library/std/src/panicking.rs:657:13
[INFO] [stderr]     13:     0x562c2c77e6d6 - std::sys_common::backtrace::__rust_end_short_backtrace::h6e893f24d7ebbff8
[INFO] [stderr]                                  at /rustc/82e1608dfa6e0b5569232559e3d385fea5a93112/library/std/src/sys_common/backtrace.rs:170:18
[INFO] [stderr]     14:     0x562c2c77f5d2 - rust_begin_unwind
[INFO] [stderr]                                  at /rustc/82e1608dfa6e0b5569232559e3d385fea5a93112/library/std/src/panicking.rs:645:5
[INFO] [stderr]     15:     0x562c2c72a255 - core::panicking::panic_fmt::hbf0e066aabfa482c
[INFO] [stderr]                                  at /rustc/82e1608dfa6e0b5569232559e3d385fea5a93112/library/core/src/panicking.rs:72:14
[INFO] [stderr]     16:     0x562c2c72b97b - build_script_build::generate_self_schema::h9875d8b2c64f76fb
[INFO] [stderr]     17:     0x562c2c72ba45 - build_script_build::main::hdfd7e3ada750ae89
[INFO] [stderr]     18:     0x562c2c72ae43 - core::ops::function::FnOnce::call_once::h128caec188e522e2
[INFO] [stderr]     19:     0x562c2c72ab36 - std::sys_common::backtrace::__rust_begin_short_backtrace::h3b0e31c2267ec076
[INFO] [stderr]     20:     0x562c2c72ab89 - std::rt::lang_start::{{closure}}::h3ceed17e207d0326
[INFO] [stderr]     21:     0x562c2c7785c7 - core::ops::function::impls::<impl core::ops::function::FnOnce<A> for &F>::call_once::hd95060ecd5e1ca24
[INFO] [stderr]                                  at /rustc/82e1608dfa6e0b5569232559e3d385fea5a93112/library/core/src/ops/function.rs:284:13
[INFO] [stderr]     22:     0x562c2c7785c7 - std::panicking::try::do_call::h6e8cf51db32a6e4b
[INFO] [stderr]                                  at /rustc/82e1608dfa6e0b5569232559e3d385fea5a93112/library/std/src/panicking.rs:552:40
[INFO] [stderr]     23:     0x562c2c7785c7 - std::panicking::try::h3a52eefe24fe3c29
[INFO] [stderr]                                  at /rustc/82e1608dfa6e0b5569232559e3d385fea5a93112/library/std/src/panicking.rs:516:19
[INFO] [stderr]     24:     0x562c2c7785c7 - std::panic::catch_unwind::h24c28c23c02c3841
[INFO] [stderr]                                  at /rustc/82e1608dfa6e0b5569232559e3d385fea5a93112/library/std/src/panic.rs:142:14
[INFO] [stderr]     25:     0x562c2c7785c7 - std::rt::lang_start_internal::{{closure}}::h705d3c9cbc06ef47
[INFO] [stderr]                                  at /rustc/82e1608dfa6e0b5569232559e3d385fea5a93112/library/std/src/rt.rs:148:48
[INFO] [stderr]     26:     0x562c2c7785c7 - std::panicking::try::do_call::ha21f52ba13158470
[INFO] [stderr]                                  at /rustc/82e1608dfa6e0b5569232559e3d385fea5a93112/library/std/src/panicking.rs:552:40
[INFO] [stderr]     27:     0x562c2c7785c7 - std::panicking::try::h5581346bf6aeb1f8
[INFO] [stderr]                                  at /rustc/82e1608dfa6e0b5569232559e3d385fea5a93112/library/std/src/panicking.rs:516:19
[INFO] [stderr]     28:     0x562c2c7785c7 - std::panic::catch_unwind::h7919645a6b72e25b
[INFO] [stderr]                                  at /rustc/82e1608dfa6e0b5569232559e3d385fea5a93112/library/std/src/panic.rs:142:14
[INFO] [stderr]     29:     0x562c2c7785c7 - std::rt::lang_start_internal::h12de51168669836e
[INFO] [stderr]                                  at /rustc/82e1608dfa6e0b5569232559e3d385fea5a93112/library/std/src/rt.rs:148:20
[INFO] [stderr]     30:     0x562c2c72ab67 - std::rt::lang_start::hc8805c582961a37b
[INFO] [stderr]     31:     0x562c2c72bba5 - main
[INFO] [stderr]     32:     0x7fe7cdf13d90 - <unknown>
[INFO] [stderr]     33:     0x7fe7cdf13e40 - __libc_start_main
[INFO] [stderr]     34:     0x562c2c72aa65 - _start
[INFO] [stderr]     35:                0x0 - <unknown>
[INFO] [stderr] warning: build failed, waiting for other jobs to finish...
[INFO] running `Command { std: "docker" "inspect" "67cccb35a1f0aa0e82cca55fd021a4efd5c44608c011a72e2a4f4fb1be613d4b", kill_on_drop: false }`
[INFO] running `Command { std: "docker" "rm" "-f" "67cccb35a1f0aa0e82cca55fd021a4efd5c44608c011a72e2a4f4fb1be613d4b", kill_on_drop: false }`
[INFO] [stdout] 67cccb35a1f0aa0e82cca55fd021a4efd5c44608c011a72e2a4f4fb1be613d4b
[INFO] documenting AvalancheHQ/pydantic-core-test against beta-2023-12-22 for beta-1.76-rustdoc-1
[INFO] running `Command { std: "git" "clone" "/workspace/cache/git-repos/https%3A%2F%2Fgithub.com%2FAvalancheHQ%2Fpydantic-core-test" "/workspace/builds/worker-1-tc2/source", kill_on_drop: false }`
[INFO] [stderr] Cloning into '/workspace/builds/worker-1-tc2/source'...
[INFO] [stderr] done.
[INFO] validating manifest of git repo https://github.com/AvalancheHQ/pydantic-core-test on toolchain beta-2023-12-22
[INFO] running `Command { std: CARGO_HOME="/workspace/cargo-home" RUSTUP_HOME="/workspace/rustup-home" "/workspace/cargo-home/bin/cargo" "+beta-2023-12-22" "metadata" "--manifest-path" "Cargo.toml" "--no-deps", kill_on_drop: false }`
[INFO] removed /workspace/builds/worker-1-tc2/source/.cargo/config.toml
[INFO] started tweaking git repo https://github.com/AvalancheHQ/pydantic-core-test
[INFO] finished tweaking git repo https://github.com/AvalancheHQ/pydantic-core-test
[INFO] tweaked toml for git repo https://github.com/AvalancheHQ/pydantic-core-test written to /workspace/builds/worker-1-tc2/source/Cargo.toml
[INFO] crate git repo https://github.com/AvalancheHQ/pydantic-core-test already has a lockfile, it will not be regenerated
[INFO] running `Command { std: CARGO_HOME="/workspace/cargo-home" RUSTUP_HOME="/workspace/rustup-home" "/workspace/cargo-home/bin/cargo" "+beta-2023-12-22" "fetch" "--manifest-path" "Cargo.toml", kill_on_drop: false }`
[INFO] running `Command { std: "docker" "create" "-v" "/var/lib/crater-agent-workspace/builds/worker-1-tc2/target:/opt/rustwide/target:rw,Z" "-v" "/var/lib/crater-agent-workspace/builds/worker-1-tc2/source:/opt/rustwide/workdir:ro,Z" "-v" "/var/lib/crater-agent-workspace/cargo-home:/opt/rustwide/cargo-home:ro,Z" "-v" "/var/lib/crater-agent-workspace/rustup-home:/opt/rustwide/rustup-home:ro,Z" "-e" "SOURCE_DIR=/opt/rustwide/workdir" "-e" "CARGO_TARGET_DIR=/opt/rustwide/target" "-e" "CARGO_HOME=/opt/rustwide/cargo-home" "-e" "RUSTUP_HOME=/opt/rustwide/rustup-home" "-w" "/opt/rustwide/workdir" "-m" "1610612736" "--user" "0:0" "--network" "none" "ghcr.io/rust-lang/crates-build-env/linux@sha256:2788e3201cd34a07e3172128adcd8b3090168a8e3bcc40d7c032b9dda1df7d1c" "/opt/rustwide/cargo-home/bin/cargo" "+beta-2023-12-22" "metadata" "--no-deps" "--format-version=1", kill_on_drop: false }`
[INFO] [stdout] 4736ab2e65ab1ff558e11b50587dfcff7720b6a5699de9fcd918c573ca831fcc
[INFO] running `Command { std: "docker" "start" "-a" "4736ab2e65ab1ff558e11b50587dfcff7720b6a5699de9fcd918c573ca831fcc", kill_on_drop: false }`
[INFO] running `Command { std: "docker" "inspect" "4736ab2e65ab1ff558e11b50587dfcff7720b6a5699de9fcd918c573ca831fcc", kill_on_drop: false }`
[INFO] running `Command { std: "docker" "rm" "-f" "4736ab2e65ab1ff558e11b50587dfcff7720b6a5699de9fcd918c573ca831fcc", kill_on_drop: false }`
[INFO] [stdout] 4736ab2e65ab1ff558e11b50587dfcff7720b6a5699de9fcd918c573ca831fcc
[INFO] running `Command { std: "docker" "create" "-v" "/var/lib/crater-agent-workspace/builds/worker-1-tc2/target:/opt/rustwide/target:rw,Z" "-v" "/var/lib/crater-agent-workspace/builds/worker-1-tc2/source:/opt/rustwide/workdir:ro,Z" "-v" "/var/lib/crater-agent-workspace/cargo-home:/opt/rustwide/cargo-home:ro,Z" "-v" "/var/lib/crater-agent-workspace/rustup-home:/opt/rustwide/rustup-home:ro,Z" "-e" "SOURCE_DIR=/opt/rustwide/workdir" "-e" "CARGO_TARGET_DIR=/opt/rustwide/target" "-e" "CARGO_INCREMENTAL=0" "-e" "RUST_BACKTRACE=full" "-e" "RUSTFLAGS=--cap-lints=warn" "-e" "RUSTDOCFLAGS=--cap-lints=warn" "-e" "CARGO_HOME=/opt/rustwide/cargo-home" "-e" "RUSTUP_HOME=/opt/rustwide/rustup-home" "-w" "/opt/rustwide/workdir" "-m" "1610612736" "--user" "0:0" "--network" "none" "ghcr.io/rust-lang/crates-build-env/linux@sha256:2788e3201cd34a07e3172128adcd8b3090168a8e3bcc40d7c032b9dda1df7d1c" "/opt/rustwide/cargo-home/bin/cargo" "+beta-2023-12-22" "doc" "--frozen" "--no-deps" "--document-private-items" "--message-format=json", kill_on_drop: false }`
[INFO] [stdout] 0f358fe1b285045904474e552623d818fff3071353cf3cb10a0b9a4b3d8e4b53
[INFO] running `Command { std: "docker" "start" "-a" "0f358fe1b285045904474e552623d818fff3071353cf3cb10a0b9a4b3d8e4b53", kill_on_drop: false }`
[INFO] [stderr]    Compiling target-lexicon v0.12.9
[INFO] [stderr]    Compiling proc-macro2 v1.0.64
[INFO] [stderr]    Compiling python3-dll-a v0.2.9
[INFO] [stderr]    Compiling unicode-ident v1.0.10
[INFO] [stderr]    Compiling quote v1.0.29
[INFO] [stderr]    Compiling num-traits v0.2.15
[INFO] [stderr]    Compiling syn v1.0.109
[INFO] [stderr]    Compiling rustversion v1.0.13
[INFO] [stderr]    Compiling num-integer v0.1.45
[INFO] [stderr]    Compiling cc v1.0.79
[INFO] [stderr]    Compiling num-bigint v0.4.3
[INFO] [stderr]    Compiling memoffset v0.9.0
[INFO] [stderr]     Checking scopeguard v1.1.0
[INFO] [stderr]     Checking lock_api v0.4.10
[INFO] [stderr]     Checking aho-corasick v1.0.2
[INFO] [stderr]    Compiling ahash v0.8.3
[INFO] [stderr]    Compiling pyo3-build-config v0.19.2
[INFO] [stderr]    Compiling serde_json v1.0.104
[INFO] [stderr]    Compiling syn v2.0.28
[INFO] [stderr]     Checking hashbrown v0.14.0
[INFO] [stderr]     Checking parking_lot v0.12.1
[INFO] [stderr]    Compiling libmimalloc-sys v0.1.33
[INFO] [stderr]     Checking getrandom v0.2.10
[INFO] [stderr]     Checking once_cell v1.18.0
[INFO] [stderr]     Checking regex-automata v0.3.6
[INFO] [stderr]    Compiling indoc v1.0.9
[INFO] [stderr]     Checking indexmap v2.0.0
[INFO] [stderr]     Checking itoa v1.0.8
[INFO] [stderr]     Checking unindent v0.1.11
[INFO] [stderr]     Checking ryu v1.0.14
[INFO] [stderr]     Checking mimalloc v0.1.37
[INFO] [stderr]     Checking uuid v1.4.1
[INFO] [stderr]    Compiling pyo3-ffi v0.19.2
[INFO] [stderr]    Compiling pyo3 v0.19.2
[INFO] [stderr]    Compiling pydantic-core v2.4.0 (/opt/rustwide/workdir)
[INFO] [stderr] error: failed to run custom build command for `pydantic-core v2.4.0 (/opt/rustwide/workdir)`
[INFO] [stderr] note: To improve backtraces for build dependencies, set the CARGO_PROFILE_DEV_BUILD_OVERRIDE_DEBUG=true environment variable to enable debug information generation.
[INFO] [stderr] 
[INFO] [stderr] Caused by:
[INFO] [stderr]   process didn't exit successfully: `/opt/rustwide/target/debug/build/pydantic-core-983a890762b9bda4/build-script-build` (exit status: 101)
[INFO] [stderr]   --- stdout
[INFO] [stderr]   cargo:rustc-cfg=Py_3_6
[INFO] [stderr]   cargo:rustc-cfg=Py_3_7
[INFO] [stderr]   cargo:rustc-cfg=Py_3_8
[INFO] [stderr]   cargo:rustc-cfg=Py_3_9
[INFO] [stderr]   cargo:rustc-cfg=Py_3_10
[INFO] [stderr]   cargo:rerun-if-changed=python/pydantic_core/core_schema.py
[INFO] [stderr]   cargo:rerun-if-changed=generate_self_schema.py
[INFO] [stderr] 
[INFO] [stderr]   --- stderr
[INFO] [stderr]   Traceback (most recent call last):
[INFO] [stderr]     File "/opt/rustwide/workdir/generate_self_schema.py", line 16, in <module>
[INFO] [stderr]       from typing_extensions import get_args, get_origin, is_typeddict
[INFO] [stderr]   ModuleNotFoundError: No module named 'typing_extensions'
[INFO] [stderr]   thread 'main' panicked at build.rs:29:9:
[INFO] [stderr]   generate_self_schema.py failed with exit status: 1
[INFO] [stderr]   stack backtrace:
[INFO] [stderr]      0:     0x562f16a75a06 - std::backtrace_rs::backtrace::libunwind::trace::h261606ad26a499c1
[INFO] [stderr]                                  at /rustc/0e09125c6c3c2fd70d7de961bcf0e51575235fad/library/std/src/../../backtrace/src/backtrace/libunwind.rs:104:5
[INFO] [stderr]      1:     0x562f16a75a06 - std::backtrace_rs::backtrace::trace_unsynchronized::hd183f0625477fb28
[INFO] [stderr]                                  at /rustc/0e09125c6c3c2fd70d7de961bcf0e51575235fad/library/std/src/../../backtrace/src/backtrace/mod.rs:66:5
[INFO] [stderr]      2:     0x562f16a75a06 - std::sys_common::backtrace::_print_fmt::hd7f8fef21b4eda67
[INFO] [stderr]                                  at /rustc/0e09125c6c3c2fd70d7de961bcf0e51575235fad/library/std/src/sys_common/backtrace.rs:68:5
[INFO] [stderr]      3:     0x562f16a75a06 - <std::sys_common::backtrace::_print::DisplayBacktrace as core::fmt::Display>::fmt::h623d9b51f2f453f1
[INFO] [stderr]                                  at /rustc/0e09125c6c3c2fd70d7de961bcf0e51575235fad/library/std/src/sys_common/backtrace.rs:44:22
[INFO] [stderr]      4:     0x562f16a98b70 - core::fmt::rt::Argument::fmt::h9f417ac76a86f368
[INFO] [stderr]                                  at /rustc/0e09125c6c3c2fd70d7de961bcf0e51575235fad/library/core/src/fmt/rt.rs:142:9
[INFO] [stderr]      5:     0x562f16a98b70 - core::fmt::write::hc9b6faf4ac2aeff7
[INFO] [stderr]                                  at /rustc/0e09125c6c3c2fd70d7de961bcf0e51575235fad/library/core/src/fmt/mod.rs:1120:17
[INFO] [stderr]      6:     0x562f16a7391f - std::io::Write::write_fmt::hfead1eee52c2e65e
[INFO] [stderr]                                  at /rustc/0e09125c6c3c2fd70d7de961bcf0e51575235fad/library/std/src/io/mod.rs:1810:15
[INFO] [stderr]      7:     0x562f16a757e4 - std::sys_common::backtrace::_print::hd5d66399c7df88a2
[INFO] [stderr]                                  at /rustc/0e09125c6c3c2fd70d7de961bcf0e51575235fad/library/std/src/sys_common/backtrace.rs:47:5
[INFO] [stderr]      8:     0x562f16a757e4 - std::sys_common::backtrace::print::he81ed2da642d37e5
[INFO] [stderr]                                  at /rustc/0e09125c6c3c2fd70d7de961bcf0e51575235fad/library/std/src/sys_common/backtrace.rs:34:9
[INFO] [stderr]      9:     0x562f16a76d47 - std::panicking::default_hook::{{closure}}::h85773f4fa117163d
[INFO] [stderr]     10:     0x562f16a76aa9 - std::panicking::default_hook::h6a1694a91d09b278
[INFO] [stderr]                                  at /rustc/0e09125c6c3c2fd70d7de961bcf0e51575235fad/library/std/src/panicking.rs:292:9
[INFO] [stderr]     11:     0x562f16a771d8 - std::panicking::rust_panic_with_hook::h0a7ad96e90f7145b
[INFO] [stderr]                                  at /rustc/0e09125c6c3c2fd70d7de961bcf0e51575235fad/library/std/src/panicking.rs:779:13
[INFO] [stderr]     12:     0x562f16a770b2 - std::panicking::begin_panic_handler::{{closure}}::h7919090525c6485e
[INFO] [stderr]                                  at /rustc/0e09125c6c3c2fd70d7de961bcf0e51575235fad/library/std/src/panicking.rs:657:13
[INFO] [stderr]     13:     0x562f16a75f06 - std::sys_common::backtrace::__rust_end_short_backtrace::hf3289479464f7dfe
[INFO] [stderr]                                  at /rustc/0e09125c6c3c2fd70d7de961bcf0e51575235fad/library/std/src/sys_common/backtrace.rs:171:18
[INFO] [stderr]     14:     0x562f16a76e10 - rust_begin_unwind
[INFO] [stderr]                                  at /rustc/0e09125c6c3c2fd70d7de961bcf0e51575235fad/library/std/src/panicking.rs:645:5
[INFO] [stderr]     15:     0x562f16a21245 - core::panicking::panic_fmt::hcc9f77c5c132af55
[INFO] [stderr]                                  at /rustc/0e09125c6c3c2fd70d7de961bcf0e51575235fad/library/core/src/panicking.rs:72:14
[INFO] [stderr]     16:     0x562f16a2297b - build_script_build::generate_self_schema::hcb7b2aaf09c5c174
[INFO] [stderr]     17:     0x562f16a22a35 - build_script_build::main::h32d593de578e916b
[INFO] [stderr]     18:     0x562f16a21e73 - core::ops::function::FnOnce::call_once::hac5fc8c95d1f84db
[INFO] [stderr]     19:     0x562f16a21b36 - std::sys_common::backtrace::__rust_begin_short_backtrace::ha4fb7f64a82299f3
[INFO] [stderr]     20:     0x562f16a21b89 - std::rt::lang_start::{{closure}}::hdcbc03d03ca1eb9f
[INFO] [stderr]     21:     0x562f16a6fbc1 - core::ops::function::impls::<impl core::ops::function::FnOnce<A> for &F>::call_once::h4eb4c5e1620f29b0
[INFO] [stderr]                                  at /rustc/0e09125c6c3c2fd70d7de961bcf0e51575235fad/library/core/src/ops/function.rs:284:13
[INFO] [stderr]     22:     0x562f16a6fbc1 - std::panicking::try::do_call::h73fd26535faffcdf
[INFO] [stderr]                                  at /rustc/0e09125c6c3c2fd70d7de961bcf0e51575235fad/library/std/src/panicking.rs:552:40
[INFO] [stderr]     23:     0x562f16a6fbc1 - std::panicking::try::h77ff1d98f0fb9f39
[INFO] [stderr]                                  at /rustc/0e09125c6c3c2fd70d7de961bcf0e51575235fad/library/std/src/panicking.rs:516:19
[INFO] [stderr]     24:     0x562f16a6fbc1 - std::panic::catch_unwind::hab3caf2448b95e37
[INFO] [stderr]                                  at /rustc/0e09125c6c3c2fd70d7de961bcf0e51575235fad/library/std/src/panic.rs:142:14
[INFO] [stderr]     25:     0x562f16a6fbc1 - std::rt::lang_start_internal::{{closure}}::h8086711f9c783f78
[INFO] [stderr]                                  at /rustc/0e09125c6c3c2fd70d7de961bcf0e51575235fad/library/std/src/rt.rs:148:48
[INFO] [stderr]     26:     0x562f16a6fbc1 - std::panicking::try::do_call::hf920d4dc291cd6ca
[INFO] [stderr]                                  at /rustc/0e09125c6c3c2fd70d7de961bcf0e51575235fad/library/std/src/panicking.rs:552:40
[INFO] [stderr]     27:     0x562f16a6fbc1 - std::panicking::try::h2b806ccc0a85db74
[INFO] [stderr]                                  at /rustc/0e09125c6c3c2fd70d7de961bcf0e51575235fad/library/std/src/panicking.rs:516:19
[INFO] [stderr]     28:     0x562f16a6fbc1 - std::panic::catch_unwind::h038489539c507df2
[INFO] [stderr]                                  at /rustc/0e09125c6c3c2fd70d7de961bcf0e51575235fad/library/std/src/panic.rs:142:14
[INFO] [stderr]     29:     0x562f16a6fbc1 - std::rt::lang_start_internal::h28503b88912e8a5c
[INFO] [stderr]                                  at /rustc/0e09125c6c3c2fd70d7de961bcf0e51575235fad/library/std/src/rt.rs:148:20
[INFO] [stderr]     30:     0x562f16a21b67 - std::rt::lang_start::h78d12c364c226684
[INFO] [stderr]     31:     0x562f16a22b95 - main
[INFO] [stderr]     32:     0x7faa7789bd90 - <unknown>
[INFO] [stderr]     33:     0x7faa7789be40 - __libc_start_main
[INFO] [stderr]     34:     0x562f16a21a65 - _start
[INFO] [stderr]     35:                0x0 - <unknown>
[INFO] [stderr] warning: build failed, waiting for other jobs to finish...
[INFO] running `Command { std: "docker" "inspect" "0f358fe1b285045904474e552623d818fff3071353cf3cb10a0b9a4b3d8e4b53", kill_on_drop: false }`
[INFO] running `Command { std: "docker" "rm" "-f" "0f358fe1b285045904474e552623d818fff3071353cf3cb10a0b9a4b3d8e4b53", kill_on_drop: false }`
[INFO] [stdout] 0f358fe1b285045904474e552623d818fff3071353cf3cb10a0b9a4b3d8e4b53
