[INFO] cloning repository https://github.com/Assasans/mosaik
[INFO] running `Command { std: "git" "-c" "credential.helper=" "-c" "credential.helper=/workspace/cargo-home/bin/git-credential-null" "clone" "--bare" "https://github.com/Assasans/mosaik" "/workspace/cache/git-repos/https%3A%2F%2Fgithub.com%2FAssasans%2Fmosaik", kill_on_drop: false }`
[INFO] [stderr] Cloning into bare repository '/workspace/cache/git-repos/https%3A%2F%2Fgithub.com%2FAssasans%2Fmosaik'...
[INFO] running `Command { std: "git" "rev-parse" "HEAD", kill_on_drop: false }`
[INFO] [stdout] e645e7f936444a2b1b4652a3fd17bb71a7eb6050
[INFO] documenting Assasans/mosaik against 1.75.0 for beta-1.76-rustdoc-1
[INFO] running `Command { std: "git" "clone" "/workspace/cache/git-repos/https%3A%2F%2Fgithub.com%2FAssasans%2Fmosaik" "/workspace/builds/worker-6-tc1/source", kill_on_drop: false }`
[INFO] [stderr] Cloning into '/workspace/builds/worker-6-tc1/source'...
[INFO] [stderr] done.
[INFO] validating manifest of git repo https://github.com/Assasans/mosaik on toolchain 1.75.0
[INFO] running `Command { std: CARGO_HOME="/workspace/cargo-home" RUSTUP_HOME="/workspace/rustup-home" "/workspace/cargo-home/bin/cargo" "+1.75.0" "metadata" "--manifest-path" "Cargo.toml" "--no-deps", kill_on_drop: false }`
[INFO] started tweaking git repo https://github.com/Assasans/mosaik
[INFO] finished tweaking git repo https://github.com/Assasans/mosaik
[INFO] tweaked toml for git repo https://github.com/Assasans/mosaik written to /workspace/builds/worker-6-tc1/source/Cargo.toml
[INFO] crate git repo https://github.com/Assasans/mosaik already has a lockfile, it will not be regenerated
[INFO] running `Command { std: CARGO_HOME="/workspace/cargo-home" RUSTUP_HOME="/workspace/rustup-home" "/workspace/cargo-home/bin/cargo" "+1.75.0" "fetch" "--manifest-path" "Cargo.toml", kill_on_drop: false }`
[INFO] [stderr]     Updating crates.io index
[INFO] [stderr]     Updating git repository `https://github.com/serenity-rs/poise`
[INFO] [stderr]  Downloading crates ...
[INFO] [stderr]   Downloaded typemap_rev v0.3.0
[INFO] [stderr]   Downloaded levenshtein v1.0.5
[INFO] [stderr]   Downloaded cargo-platform v0.1.5
[INFO] [stderr]   Downloaded typesize-derive v0.1.3
[INFO] [stderr]   Downloaded uwl v0.6.0
[INFO] [stderr]   Downloaded typesize v0.1.3
[INFO] [stderr]   Downloaded command_attr v0.5.1
[INFO] [stderr]   Downloaded pnet_macros v0.31.0
[INFO] [stderr]   Downloaded mini-moka v0.10.2
[INFO] [stderr]   Downloaded tracy-client-sys v0.22.0
[INFO] [stderr]   Downloaded serenity v0.12.0
[INFO] [stderr]   Downloaded audiopus_sys v0.2.2
[INFO] [stderr]   Downloaded tracy-client v0.16.4
[INFO] [stderr]   Downloaded tracing-tracy v0.10.4
[INFO] [stderr]   Downloaded pnet_base v0.31.0
[INFO] [stderr]   Downloaded opus v0.3.0
[INFO] [stderr]   Downloaded discortp v0.5.0
[INFO] [stderr]   Downloaded pnet_macros_support v0.31.0
[INFO] running `Command { std: "docker" "create" "-v" "/var/lib/crater-agent-workspace/builds/worker-6-tc1/target:/opt/rustwide/target:rw,Z" "-v" "/var/lib/crater-agent-workspace/builds/worker-6-tc1/source:/opt/rustwide/workdir:ro,Z" "-v" "/var/lib/crater-agent-workspace/cargo-home:/opt/rustwide/cargo-home:ro,Z" "-v" "/var/lib/crater-agent-workspace/rustup-home:/opt/rustwide/rustup-home:ro,Z" "-e" "SOURCE_DIR=/opt/rustwide/workdir" "-e" "CARGO_TARGET_DIR=/opt/rustwide/target" "-e" "CARGO_HOME=/opt/rustwide/cargo-home" "-e" "RUSTUP_HOME=/opt/rustwide/rustup-home" "-w" "/opt/rustwide/workdir" "-m" "1610612736" "--user" "0:0" "--network" "none" "ghcr.io/rust-lang/crates-build-env/linux@sha256:2788e3201cd34a07e3172128adcd8b3090168a8e3bcc40d7c032b9dda1df7d1c" "/opt/rustwide/cargo-home/bin/cargo" "+1.75.0" "metadata" "--no-deps" "--format-version=1", kill_on_drop: false }`
[INFO] [stdout] 91c1e319075fed3fb38e6bfbbb498e5347e3facda3e0230ed041f5eec4556ae7
[INFO] running `Command { std: "docker" "start" "-a" "91c1e319075fed3fb38e6bfbbb498e5347e3facda3e0230ed041f5eec4556ae7", kill_on_drop: false }`
[INFO] running `Command { std: "docker" "inspect" "91c1e319075fed3fb38e6bfbbb498e5347e3facda3e0230ed041f5eec4556ae7", kill_on_drop: false }`
[INFO] running `Command { std: "docker" "rm" "-f" "91c1e319075fed3fb38e6bfbbb498e5347e3facda3e0230ed041f5eec4556ae7", kill_on_drop: false }`
[INFO] [stdout] 91c1e319075fed3fb38e6bfbbb498e5347e3facda3e0230ed041f5eec4556ae7
[INFO] running `Command { std: "docker" "create" "-v" "/var/lib/crater-agent-workspace/builds/worker-6-tc1/target:/opt/rustwide/target:rw,Z" "-v" "/var/lib/crater-agent-workspace/builds/worker-6-tc1/source:/opt/rustwide/workdir:ro,Z" "-v" "/var/lib/crater-agent-workspace/cargo-home:/opt/rustwide/cargo-home:ro,Z" "-v" "/var/lib/crater-agent-workspace/rustup-home:/opt/rustwide/rustup-home:ro,Z" "-e" "SOURCE_DIR=/opt/rustwide/workdir" "-e" "CARGO_TARGET_DIR=/opt/rustwide/target" "-e" "CARGO_INCREMENTAL=0" "-e" "RUST_BACKTRACE=full" "-e" "RUSTFLAGS=--cap-lints=warn" "-e" "RUSTDOCFLAGS=--cap-lints=warn" "-e" "CARGO_HOME=/opt/rustwide/cargo-home" "-e" "RUSTUP_HOME=/opt/rustwide/rustup-home" "-w" "/opt/rustwide/workdir" "-m" "1610612736" "--user" "0:0" "--network" "none" "ghcr.io/rust-lang/crates-build-env/linux@sha256:2788e3201cd34a07e3172128adcd8b3090168a8e3bcc40d7c032b9dda1df7d1c" "/opt/rustwide/cargo-home/bin/cargo" "+1.75.0" "doc" "--frozen" "--no-deps" "--document-private-items" "--message-format=json", kill_on_drop: false }`
[INFO] [stdout] 00e8cff933fe4a21ae6c27b3ff49c8b089e3f9cccc2b25617bf6ab3d5215b3fc
[INFO] running `Command { std: "docker" "start" "-a" "00e8cff933fe4a21ae6c27b3ff49c8b089e3f9cccc2b25617bf6ab3d5215b3fc", kill_on_drop: false }`
[INFO] [stderr]    Compiling proc-macro2 v1.0.70
[INFO] [stderr]    Compiling libc v0.2.150
[INFO] [stderr]     Checking once_cell v1.19.0
[INFO] [stderr]     Checking smallvec v1.11.2
[INFO] [stderr]    Compiling serde v1.0.193
[INFO] [stderr]     Checking bytes v1.5.0
[INFO] [stderr]     Checking itoa v1.0.10
[INFO] [stderr]    Compiling futures-core v0.3.29
[INFO] [stderr]    Compiling vcpkg v0.2.15
[INFO] [stderr]     Checking futures-sink v0.3.29
[INFO] [stderr]    Compiling futures-channel v0.3.29
[INFO] [stderr]    Compiling futures-task v0.3.29
[INFO] [stderr]     Checking crypto-common v0.1.6
[INFO] [stderr]     Checking spin v0.9.8
[INFO] [stderr]    Compiling futures-util v0.3.29
[INFO] [stderr]    Compiling memchr v2.6.4
[INFO] [stderr]     Checking futures-io v0.3.29
[INFO] [stderr]    Compiling openssl v0.10.61
[INFO] [stderr]     Checking tracing-core v0.1.32
[INFO] [stderr]     Checking percent-encoding v2.3.1
[INFO] [stderr]     Checking foreign-types-shared v0.1.1
[INFO] [stderr]     Checking unicode-normalization v0.1.22
[INFO] [stderr]     Checking foreign-types v0.3.2
[INFO] [stderr]     Checking bitflags v2.4.1
[INFO] [stderr]    Compiling log v0.4.20
[INFO] [stderr]     Checking unicode-bidi v0.3.14
[INFO] [stderr]     Checking form_urlencoded v1.2.1
[INFO] [stderr]     Checking untrusted v0.9.0
[INFO] [stderr]     Checking cpufeatures v0.2.11
[INFO] [stderr]     Checking http v0.2.11
[INFO] [stderr]    Compiling native-tls v0.2.11
[INFO] [stderr]    Compiling regex-syntax v0.8.2
[INFO] [stderr]     Checking block-buffer v0.10.4
[INFO] [stderr]     Checking hashbrown v0.14.3
[INFO] [stderr]     Checking miniz_oxide v0.7.1
[INFO] [stderr]    Compiling unicase v2.7.0
[INFO] [stderr]    Compiling rustls v0.21.10
[INFO] [stderr]     Checking digest v0.10.7
[INFO] [stderr]    Compiling clang-sys v1.6.1
[INFO] [stderr]    Compiling prettyplease v0.2.15
[INFO] [stderr]     Checking zeroize v1.7.0
[INFO] [stderr]     Checking sha1 v0.10.6
[INFO] [stderr]    Compiling aho-corasick v1.1.2
[INFO] [stderr]     Checking idna v0.5.0
[INFO] [stderr]    Compiling rustix v0.38.27
[INFO] [stderr]     Checking data-encoding v2.5.0
[INFO] [stderr]    Compiling num-integer v0.1.45
[INFO] [stderr]    Compiling quote v1.0.33
[INFO] [stderr]    Compiling serde_json v1.0.108
[INFO] [stderr]    Compiling linux-raw-sys v0.4.12
[INFO] [stderr]    Compiling syn v2.0.39
[INFO] [stderr]     Checking indexmap v2.1.0
[INFO] [stderr]    Compiling syn v1.0.109
[INFO] [stderr]    Compiling crossbeam-utils v0.8.16
[INFO] [stderr]     Checking try-lock v0.2.5
[INFO] [stderr]    Compiling cc v1.0.83
[INFO] [stderr]     Checking getrandom v0.2.11
[INFO] [stderr]     Checking parking_lot_core v0.9.9
[INFO] [stderr]     Checking socket2 v0.5.5
[INFO] [stderr]     Checking mio v0.8.10
[INFO] [stderr]     Checking signal-hook-registry v1.4.1
[INFO] [stderr]     Checking num_cpus v1.16.0
[INFO] [stderr]     Checking gimli v0.28.1
[INFO] [stderr]     Checking rand_core v0.6.4
[INFO] [stderr]    Compiling nom v7.1.3
[INFO] [stderr]     Checking http-body v0.4.6
[INFO] [stderr]     Checking parking_lot v0.12.1
[INFO] [stderr]     Checking want v0.3.1
[INFO] [stderr]     Checking socket2 v0.4.10
[INFO] [stderr]     Checking rand_chacha v0.3.1
[INFO] [stderr]     Checking object v0.32.1
[INFO] [stderr]    Compiling bindgen v0.66.1
[INFO] [stderr]    Compiling home v0.5.5
[INFO] [stderr]     Checking httpdate v1.0.3
[INFO] [stderr]    Compiling either v1.9.0
[INFO] [stderr]     Checking rand v0.8.5
[INFO] [stderr]    Compiling anyhow v1.0.75
[INFO] [stderr]     Checking rustc-demangle v0.1.23
[INFO] [stderr]    Compiling mime_guess v2.0.4
[INFO] [stderr]    Compiling cmake v0.1.50
[INFO] [stderr]     Checking inout v0.1.3
[INFO] [stderr]     Checking no-std-net v0.6.0
[INFO] [stderr]    Compiling shlex v1.2.0
[INFO] [stderr]     Checking subtle v2.5.0
[INFO] [stderr]     Checking cipher v0.4.4
[INFO] [stderr]     Checking universal-hash v0.5.1
[INFO] [stderr]     Checking pnet_base v0.31.0
[INFO] [stderr]    Compiling rustfft v6.1.0
[INFO] [stderr]     Checking strength_reduce v0.2.4
[INFO] [stderr]     Checking mime v0.3.17
[INFO] [stderr]     Checking powerfmt v0.2.0
[INFO] [stderr]    Compiling async-trait v0.1.74
[INFO] [stderr]     Checking webpki-roots v0.25.3
[INFO] [stderr]     Checking poly1305 v0.8.0
[INFO] [stderr]     Checking transpose v0.2.2
[INFO] [stderr]    Compiling regex-automata v0.4.3
[INFO] [stderr]     Checking salsa20 v0.10.2
[INFO] [stderr]     Checking rustls-pemfile v1.0.4
[INFO] [stderr]    Compiling openssl-sys v0.9.97
[INFO] [stderr]    Compiling ring v0.17.7
[INFO] [stderr]    Compiling backtrace v0.3.69
[INFO] [stderr]    Compiling audiopus_sys v0.2.2
[INFO] [stderr]    Compiling tracy-client-sys v0.22.0
[INFO] [stderr]     Checking pnet_macros_support v0.31.0
[INFO] [stderr]     Checking primal-check v0.3.3
[INFO] [stderr]     Checking nanorand v0.7.0
[INFO] [stderr]     Checking num-complex v0.4.4
[INFO] [stderr]    Compiling cexpr v0.6.0
[INFO] [stderr]     Checking aead v0.5.2
[INFO] [stderr]     Checking encoding_rs v0.8.33
[INFO] [stderr]     Checking time-core v0.1.2
[INFO] [stderr]    Compiling serenity v0.12.0
[INFO] [stderr]    Compiling which v4.4.2
[INFO] [stderr]     Checking ipnet v2.9.0
[INFO] [stderr]     Checking iana-time-zone v0.1.58
[INFO] [stderr]     Checking addr2line v0.21.0
[INFO] [stderr]     Checking xsalsa20poly1305 v0.9.1
[INFO] [stderr]     Checking opus v0.3.0
[INFO] [stderr]     Checking flate2 v1.0.28
[INFO] [stderr]     Checking ringbuf v0.3.3
[INFO] [stderr]     Checking fxhash v0.2.1
[INFO] [stderr]     Checking tracing-log v0.2.0
[INFO] [stderr]     Checking thread_local v1.1.7
[INFO] [stderr]     Checking spin_sleep v1.1.1
[INFO] [stderr]     Checking uwl v0.6.0
[INFO] [stderr]     Checking levenshtein v1.0.5
[INFO] [stderr]     Checking typemap_rev v0.3.0
[INFO] [stderr]     Checking concurrent-queue v2.4.0
[INFO] [stderr]     Checking unsafe-libyaml v0.2.9
[INFO] [stderr]     Checking debug-ignore v1.0.5
[INFO] [stderr]     Checking async-channel v1.9.0
[INFO] [stderr]    Compiling darling_core v0.20.3
[INFO] [stderr]    Compiling regex v1.10.2
[INFO] [stderr]    Compiling pnet_macros v0.31.0
[INFO] [stderr]    Compiling command_attr v0.5.1
[INFO] [stderr]    Compiling derivative v2.2.0
[INFO] [stderr]    Compiling serde_derive v1.0.193
[INFO] [stderr]    Compiling tokio-macros v2.2.0
[INFO] [stderr]    Compiling futures-macro v0.3.29
[INFO] [stderr]    Compiling tracing-attributes v0.1.27
[INFO] [stderr]    Compiling openssl-macros v0.1.1
[INFO] [stderr]    Compiling thiserror-impl v1.0.50
[INFO] [stderr]    Compiling pin-project-internal v1.1.3
[INFO] [stderr]     Checking rustls-webpki v0.101.7
[INFO] [stderr]     Checking sct v0.7.1
[INFO] [stderr]     Checking tokio v1.35.0
[INFO] [stderr]     Checking tracy-client v0.16.4
[INFO] [stderr]    Compiling darling_macro v0.20.3
[INFO] [stderr]     Checking discortp v0.5.0
[INFO] [stderr]     Checking thiserror v1.0.50
[INFO] [stderr]     Checking pin-project v1.1.3
[INFO] [stderr]     Checking flume v0.10.14
[INFO] [stderr]     Checking realfft v3.3.0
[INFO] [stderr]     Checking tracing v0.1.40
[INFO] [stderr]     Checking rubato v0.12.0
[INFO] [stderr]     Checking tracing-subscriber v0.3.18
[INFO] [stderr]    Compiling darling v0.20.3
[INFO] [stderr]    Compiling poise_macros v0.6.0 (https://github.com/serenity-rs/poise?rev=v0.6.0#84a88cfd)
[INFO] [stderr]     Checking tracing-tracy v0.10.4
[INFO] [stderr]     Checking futures v0.3.29
[INFO] [stderr]    Compiling decoder v0.1.0 (/opt/rustwide/workdir/decoder)
[INFO] [stderr]     Checking tokio-util v0.7.10
[INFO] [stderr]     Checking tokio-native-tls v0.3.1
[INFO] [stderr]     Checking tokio-rustls v0.24.1
[INFO] [stderr]     Checking utils v0.1.0 (/opt/rustwide/workdir/utils)
[INFO] [stderr]  Documenting utils v0.1.0 (/opt/rustwide/workdir/utils)
[INFO] [stderr]     Checking h2 v0.3.22
[INFO] [stderr]     Checking url v2.5.0
[INFO] [stderr]     Checking deranged v0.3.10
[INFO] [stderr]     Checking serde_urlencoded v0.7.1
[INFO] [stderr]     Checking arrayvec v0.7.4
[INFO] [stderr]     Checking secrecy v0.8.0
[INFO] [stderr]     Checking chrono v0.4.31
[INFO] [stderr]     Checking dashmap v5.5.3
[INFO] [stderr]     Checking serde_yaml v0.9.27
[INFO] [stderr]     Checking tungstenite v0.19.0
[INFO] [stderr]     Checking tungstenite v0.20.1
[INFO] [stderr]     Checking time v0.3.30
[INFO] [stderr]     Checking tokio-tungstenite v0.19.0
[INFO] [stderr]     Checking tokio-tungstenite v0.20.1
[INFO] [stderr]     Checking voice v0.1.0 (/opt/rustwide/workdir/voice)
[INFO] [stderr]  Documenting voice v0.1.0 (/opt/rustwide/workdir/voice)
[INFO] [stdout] warning: variants `Normal` and `Lite` are never constructed
[INFO] [stdout]   --> voice/src/lib.rs:71:3
[INFO] [stdout]    |
[INFO] [stdout] 70 | enum VoiceCipherMode {
[INFO] [stdout]    |      --------------- variants in this enum
[INFO] [stdout] 71 |   Normal,
[INFO] [stdout]    |   ^^^^^^
[INFO] [stdout] 72 |   Suffix,
[INFO] [stdout] 73 |   Lite
[INFO] [stdout]    |   ^^^^
[INFO] [stdout]    |
[INFO] [stdout]    = note: `VoiceCipherMode` has a derived impl for the trait `Debug`, but this is intentionally ignored during dead code analysis
[INFO] [stdout]    = note: `#[warn(dead_code)]` on by default
[INFO] [stdout] 
[INFO] [stdout] 
[INFO] [stderr] error: failed to run custom build command for `decoder v0.1.0 (/opt/rustwide/workdir/decoder)`
[INFO] [stderr] note: To improve backtraces for build dependencies, set the CARGO_PROFILE_DEV_BUILD_OVERRIDE_DEBUG=true environment variable to enable debug information generation.
[INFO] [stderr] 
[INFO] [stderr] Caused by:
[INFO] [stderr]   process didn't exit successfully: `/opt/rustwide/target/debug/build/decoder-f8d61f2249c21302/build-script-build` (exit status: 101)
[INFO] [stderr]   --- stdout
[INFO] [stderr]   cargo:rustc-link-search=native=/opt/rustwide/workdir/decoder/build
[INFO] [stderr]   cargo:rustc-link-lib=dylib=mosaik-decoder
[INFO] [stderr]   cargo:rerun-if-changed=src
[INFO] [stderr]   cargo:rerun-if-env-changed=TARGET
[INFO] [stderr]   cargo:rerun-if-env-changed=BINDGEN_EXTRA_CLANG_ARGS_x86_64-unknown-linux-gnu
[INFO] [stderr]   cargo:rerun-if-env-changed=BINDGEN_EXTRA_CLANG_ARGS_x86_64_unknown_linux_gnu
[INFO] [stderr]   cargo:rerun-if-env-changed=BINDGEN_EXTRA_CLANG_ARGS
[INFO] [stderr] 
[INFO] [stderr]   --- stderr
[INFO] [stderr]   src/Decoder.h:76:44: error: no member named 'ch_layout' in 'AVFrame'
[INFO] [stderr]   src/Decoder.h:131:17: error: no member named 'ch_layout' in 'AVCodecContext'
[INFO] [stderr]   src/Decoder.h:131:36: error: use of undeclared identifier 'AV_CHANNEL_ORDER_UNSPEC'
[INFO] [stderr]   src/Decoder.h:132:43: error: no member named 'ch_layout' in 'AVCodecContext'
[INFO] [stderr]   src/Decoder.h:132:63: error: no member named 'ch_layout' in 'AVCodecContext'
[INFO] [stderr]   src/Decoder.h:136:42: error: no member named 'ch_layout' in 'AVCodecContext'
[INFO] [stderr]   src/Decoder.h:205:42: error: no member named 'ch_layout' in 'AVFilterLink'
[INFO] [stderr]   src/Decoder.h:237:11: error: no matching function for call to 'av_find_best_stream'
[INFO] [stderr]   /usr/include/x86_64-linux-gnu/libavformat/avformat.h:2297:5: note: candidate function not viable: no known conversion from 'const AVCodec **' to 'AVCodec **' for 5th argument
[INFO] [stderr]   src/Decoder.h:336:22: error: no member named 'ch_layout' in 'AVFrame'
[INFO] [stderr]   src/Decoder.h:336:34: error: use of undeclared identifier 'AV_CHANNEL_LAYOUT_STEREO'
[INFO] [stderr]   src/Decoder.h:349:27: error: no member named 'ch_layout' in 'AVFrame'
[INFO] [stderr]   src/Decoder.h:352:31: error: no member named 'ch_layout' in 'AVFrame'
[INFO] [stderr]   src/Decoder.h:391:60: error: no member named 'ch_layout' in 'AVFrame'
[INFO] [stderr]   src/Decoder.h:423:16: error: no member named 'ch_layout' in 'AVFrame'
[INFO] [stderr]   src/Decoder.h:423:28: error: use of undeclared identifier 'AV_CHANNEL_LAYOUT_STEREO'
[INFO] [stderr]   src/Decoder.h:443:56: error: no member named 'ch_layout' in 'AVFrame'
[INFO] [stderr]   src/Decoder.h:474:41: error: no member named 'time_base' in 'AVFrame'
[INFO] [stderr]   thread 'main' panicked at decoder/build.rs:19:6:
[INFO] [stderr]   Unable to generate bindings: ClangDiagnostic("src/Decoder.h:76:44: error: no member named 'ch_layout' in 'AVFrame'\nsrc/Decoder.h:131:17: error: no member named 'ch_layout' in 'AVCodecContext'\nsrc/Decoder.h:131:36: error: use of undeclared identifier 'AV_CHANNEL_ORDER_UNSPEC'\nsrc/Decoder.h:132:43: error: no member named 'ch_layout' in 'AVCodecContext'\nsrc/Decoder.h:132:63: error: no member named 'ch_layout' in 'AVCodecContext'\nsrc/Decoder.h:136:42: error: no member named 'ch_layout' in 'AVCodecContext'\nsrc/Decoder.h:205:42: error: no member named 'ch_layout' in 'AVFilterLink'\nsrc/Decoder.h:237:11: error: no matching function for call to 'av_find_best_stream'\nsrc/Decoder.h:336:22: error: no member named 'ch_layout' in 'AVFrame'\nsrc/Decoder.h:336:34: error: use of undeclared identifier 'AV_CHANNEL_LAYOUT_STEREO'\nsrc/Decoder.h:349:27: error: no member named 'ch_layout' in 'AVFrame'\nsrc/Decoder.h:352:31: error: no member named 'ch_layout' in 'AVFrame'\nsrc/Decoder.h:391:60: error: no member named 'ch_layout' in 'AVFrame'\nsrc/Decoder.h:423:16: error: no member named 'ch_layout' in 'AVFrame'\nsrc/Decoder.h:423:28: error: use of undeclared identifier 'AV_CHANNEL_LAYOUT_STEREO'\nsrc/Decoder.h:443:56: error: no member named 'ch_layout' in 'AVFrame'\nsrc/Decoder.h:474:41: error: no member named 'time_base' in 'AVFrame'\n")
[INFO] [stderr]   stack backtrace:
[INFO] [stderr]      0:     0x5568ee4b3dcc - std::backtrace_rs::backtrace::libunwind::trace::ha637c64ce894333a
[INFO] [stderr]                                  at /rustc/82e1608dfa6e0b5569232559e3d385fea5a93112/library/std/src/../../backtrace/src/backtrace/libunwind.rs:104:5
[INFO] [stderr]      1:     0x5568ee4b3dcc - std::backtrace_rs::backtrace::trace_unsynchronized::h47f62dea28e0c88d
[INFO] [stderr]                                  at /rustc/82e1608dfa6e0b5569232559e3d385fea5a93112/library/std/src/../../backtrace/src/backtrace/mod.rs:66:5
[INFO] [stderr]      2:     0x5568ee4b3dcc - std::sys_common::backtrace::_print_fmt::h9eef0abe20ede486
[INFO] [stderr]                                  at /rustc/82e1608dfa6e0b5569232559e3d385fea5a93112/library/std/src/sys_common/backtrace.rs:67:5
[INFO] [stderr]      3:     0x5568ee4b3dcc - <std::sys_common::backtrace::_print::DisplayBacktrace as core::fmt::Display>::fmt::hed7f999df88cc644
[INFO] [stderr]                                  at /rustc/82e1608dfa6e0b5569232559e3d385fea5a93112/library/std/src/sys_common/backtrace.rs:44:22
[INFO] [stderr]      4:     0x5568ee4de4e0 - core::fmt::rt::Argument::fmt::h1539a9308b8d058d
[INFO] [stderr]                                  at /rustc/82e1608dfa6e0b5569232559e3d385fea5a93112/library/core/src/fmt/rt.rs:142:9
[INFO] [stderr]      5:     0x5568ee4de4e0 - core::fmt::write::h3a39390d8560d9c9
[INFO] [stderr]                                  at /rustc/82e1608dfa6e0b5569232559e3d385fea5a93112/library/core/src/fmt/mod.rs:1120:17
[INFO] [stderr]      6:     0x5568ee4b139f - std::io::Write::write_fmt::h5fc9997dfe05f882
[INFO] [stderr]                                  at /rustc/82e1608dfa6e0b5569232559e3d385fea5a93112/library/std/src/io/mod.rs:1762:15
[INFO] [stderr]      7:     0x5568ee4b3bb4 - std::sys_common::backtrace::_print::h894006fb5c6f3d45
[INFO] [stderr]                                  at /rustc/82e1608dfa6e0b5569232559e3d385fea5a93112/library/std/src/sys_common/backtrace.rs:47:5
[INFO] [stderr]      8:     0x5568ee4b3bb4 - std::sys_common::backtrace::print::h23a2d212c6fff936
[INFO] [stderr]                                  at /rustc/82e1608dfa6e0b5569232559e3d385fea5a93112/library/std/src/sys_common/backtrace.rs:34:9
[INFO] [stderr]      9:     0x5568ee4b51b7 - std::panicking::default_hook::{{closure}}::h8a1d2ee00185001a
[INFO] [stderr]     10:     0x5568ee4b4f1f - std::panicking::default_hook::h6038f2eba384e475
[INFO] [stderr]                                  at /rustc/82e1608dfa6e0b5569232559e3d385fea5a93112/library/std/src/panicking.rs:292:9
[INFO] [stderr]     11:     0x5568ee4b5638 - std::panicking::rust_panic_with_hook::h2b5517d590cab22e
[INFO] [stderr]                                  at /rustc/82e1608dfa6e0b5569232559e3d385fea5a93112/library/std/src/panicking.rs:779:13
[INFO] [stderr]     12:     0x5568ee4b551e - std::panicking::begin_panic_handler::{{closure}}::h233112c06e0ef43e
[INFO] [stderr]                                  at /rustc/82e1608dfa6e0b5569232559e3d385fea5a93112/library/std/src/panicking.rs:657:13
[INFO] [stderr]     13:     0x5568ee4b4296 - std::sys_common::backtrace::__rust_end_short_backtrace::h6e893f24d7ebbff8
[INFO] [stderr]                                  at /rustc/82e1608dfa6e0b5569232559e3d385fea5a93112/library/std/src/sys_common/backtrace.rs:170:18
[INFO] [stderr]     14:     0x5568ee4b5282 - rust_begin_unwind
[INFO] [stderr]                                  at /rustc/82e1608dfa6e0b5569232559e3d385fea5a93112/library/std/src/panicking.rs:645:5
[INFO] [stderr]     15:     0x5568eddd84f5 - core::panicking::panic_fmt::hbf0e066aabfa482c
[INFO] [stderr]                                  at /rustc/82e1608dfa6e0b5569232559e3d385fea5a93112/library/core/src/panicking.rs:72:14
[INFO] [stderr]     16:     0x5568eddd8ac3 - core::result::unwrap_failed::hddb4fea594200c52
[INFO] [stderr]                                  at /rustc/82e1608dfa6e0b5569232559e3d385fea5a93112/library/core/src/result.rs:1653:5
[INFO] [stderr]     17:     0x5568eddd9e92 - core::result::Result<T,E>::expect::hf93145d4beb462c2
[INFO] [stderr]     18:     0x5568edddb8d1 - build_script_build::main::h83999187b228c1da
[INFO] [stderr]     19:     0x5568eddd9803 - core::ops::function::FnOnce::call_once::he9a419158bfba5e5
[INFO] [stderr]     20:     0x5568eddd8e96 - std::sys_common::backtrace::__rust_begin_short_backtrace::h7db25e139a6799c6
[INFO] [stderr]     21:     0x5568eddd9589 - std::rt::lang_start::{{closure}}::hab9a497db78f8a8c
[INFO] [stderr]     22:     0x5568ee4acb57 - core::ops::function::impls::<impl core::ops::function::FnOnce<A> for &F>::call_once::hd95060ecd5e1ca24
[INFO] [stderr]                                  at /rustc/82e1608dfa6e0b5569232559e3d385fea5a93112/library/core/src/ops/function.rs:284:13
[INFO] [stderr]     23:     0x5568ee4acb57 - std::panicking::try::do_call::h6e8cf51db32a6e4b
[INFO] [stderr]                                  at /rustc/82e1608dfa6e0b5569232559e3d385fea5a93112/library/std/src/panicking.rs:552:40
[INFO] [stderr]     24:     0x5568ee4acb57 - std::panicking::try::h3a52eefe24fe3c29
[INFO] [stderr]                                  at /rustc/82e1608dfa6e0b5569232559e3d385fea5a93112/library/std/src/panicking.rs:516:19
[INFO] [stderr]     25:     0x5568ee4acb57 - std::panic::catch_unwind::h24c28c23c02c3841
[INFO] [stderr]                                  at /rustc/82e1608dfa6e0b5569232559e3d385fea5a93112/library/std/src/panic.rs:142:14
[INFO] [stderr]     26:     0x5568ee4acb57 - std::rt::lang_start_internal::{{closure}}::h705d3c9cbc06ef47
[INFO] [stderr]                                  at /rustc/82e1608dfa6e0b5569232559e3d385fea5a93112/library/std/src/rt.rs:148:48
[INFO] [stderr]     27:     0x5568ee4acb57 - std::panicking::try::do_call::ha21f52ba13158470
[INFO] [stderr]                                  at /rustc/82e1608dfa6e0b5569232559e3d385fea5a93112/library/std/src/panicking.rs:552:40
[INFO] [stderr]     28:     0x5568ee4acb57 - std::panicking::try::h5581346bf6aeb1f8
[INFO] [stderr]                                  at /rustc/82e1608dfa6e0b5569232559e3d385fea5a93112/library/std/src/panicking.rs:516:19
[INFO] [stderr]     29:     0x5568ee4acb57 - std::panic::catch_unwind::h7919645a6b72e25b
[INFO] [stderr]                                  at /rustc/82e1608dfa6e0b5569232559e3d385fea5a93112/library/std/src/panic.rs:142:14
[INFO] [stderr]     30:     0x5568ee4acb57 - std::rt::lang_start_internal::h12de51168669836e
[INFO] [stderr]                                  at /rustc/82e1608dfa6e0b5569232559e3d385fea5a93112/library/std/src/rt.rs:148:20
[INFO] [stderr]     31:     0x5568eddd9567 - std::rt::lang_start::h710df1818d1df14b
[INFO] [stderr]     32:     0x5568edddba75 - main
[INFO] [stderr]     33:     0x7fe5e7801d90 - <unknown>
[INFO] [stderr]     34:     0x7fe5e7801e40 - __libc_start_main
[INFO] [stderr]     35:     0x5568eddd8dc5 - _start
[INFO] [stderr]     36:                0x0 - <unknown>
[INFO] [stderr] warning: build failed, waiting for other jobs to finish...
[INFO] [stdout] warning: 1 warning emitted
[INFO] [stdout] 
[INFO] [stdout] 
[INFO] running `Command { std: "docker" "inspect" "00e8cff933fe4a21ae6c27b3ff49c8b089e3f9cccc2b25617bf6ab3d5215b3fc", kill_on_drop: false }`
[INFO] running `Command { std: "docker" "rm" "-f" "00e8cff933fe4a21ae6c27b3ff49c8b089e3f9cccc2b25617bf6ab3d5215b3fc", kill_on_drop: false }`
[INFO] [stdout] 00e8cff933fe4a21ae6c27b3ff49c8b089e3f9cccc2b25617bf6ab3d5215b3fc
