[INFO] cloning repository https://github.com/AskePit/game-levels-layouter
[INFO] running `Command { std: "git" "-c" "credential.helper=" "-c" "credential.helper=/workspace/cargo-home/bin/git-credential-null" "clone" "--bare" "https://github.com/AskePit/game-levels-layouter" "/workspace/cache/git-repos/https%3A%2F%2Fgithub.com%2FAskePit%2Fgame-levels-layouter", kill_on_drop: false }`
[INFO] [stderr] Cloning into bare repository '/workspace/cache/git-repos/https%3A%2F%2Fgithub.com%2FAskePit%2Fgame-levels-layouter'...
[INFO] running `Command { std: "git" "rev-parse" "HEAD", kill_on_drop: false }`
[INFO] [stdout] 63ca3a0b300212d2445d65c9c1c6e1bb49a65ed0
[INFO] documenting AskePit/game-levels-layouter against 1.75.0 for beta-1.76-rustdoc-1
[INFO] running `Command { std: "git" "clone" "/workspace/cache/git-repos/https%3A%2F%2Fgithub.com%2FAskePit%2Fgame-levels-layouter" "/workspace/builds/worker-2-tc1/source", kill_on_drop: false }`
[INFO] [stderr] Cloning into '/workspace/builds/worker-2-tc1/source'...
[INFO] [stderr] done.
[INFO] validating manifest of git repo https://github.com/AskePit/game-levels-layouter on toolchain 1.75.0
[INFO] running `Command { std: CARGO_HOME="/workspace/cargo-home" RUSTUP_HOME="/workspace/rustup-home" "/workspace/cargo-home/bin/cargo" "+1.75.0" "metadata" "--manifest-path" "Cargo.toml" "--no-deps", kill_on_drop: false }`
[INFO] started tweaking git repo https://github.com/AskePit/game-levels-layouter
[INFO] finished tweaking git repo https://github.com/AskePit/game-levels-layouter
[INFO] tweaked toml for git repo https://github.com/AskePit/game-levels-layouter written to /workspace/builds/worker-2-tc1/source/Cargo.toml
[INFO] crate git repo https://github.com/AskePit/game-levels-layouter already has a lockfile, it will not be regenerated
[INFO] running `Command { std: CARGO_HOME="/workspace/cargo-home" RUSTUP_HOME="/workspace/rustup-home" "/workspace/cargo-home/bin/cargo" "+1.75.0" "fetch" "--manifest-path" "Cargo.toml", kill_on_drop: false }`
[INFO] [stderr]  Downloading crates ...
[INFO] [stderr]   Downloaded num v0.3.0
[INFO] [stderr]   Downloaded num-complex v0.3.0
[INFO] [stderr]   Downloaded rayon-core v1.7.1
[INFO] [stderr]   Downloaded ron v0.6.0
[INFO] [stderr]   Downloaded num-bigint v0.3.0
[INFO] [stderr]   Downloaded rayon v1.3.1
[INFO] [stderr]   Downloaded image v0.23.7
[INFO] [stderr]   Downloaded png v0.16.6
[INFO] running `Command { std: "docker" "create" "-v" "/var/lib/crater-agent-workspace/builds/worker-2-tc1/target:/opt/rustwide/target:rw,Z" "-v" "/var/lib/crater-agent-workspace/builds/worker-2-tc1/source:/opt/rustwide/workdir:ro,Z" "-v" "/var/lib/crater-agent-workspace/cargo-home:/opt/rustwide/cargo-home:ro,Z" "-v" "/var/lib/crater-agent-workspace/rustup-home:/opt/rustwide/rustup-home:ro,Z" "-e" "SOURCE_DIR=/opt/rustwide/workdir" "-e" "CARGO_TARGET_DIR=/opt/rustwide/target" "-e" "CARGO_HOME=/opt/rustwide/cargo-home" "-e" "RUSTUP_HOME=/opt/rustwide/rustup-home" "-w" "/opt/rustwide/workdir" "-m" "1610612736" "--user" "0:0" "--network" "none" "ghcr.io/rust-lang/crates-build-env/linux@sha256:2788e3201cd34a07e3172128adcd8b3090168a8e3bcc40d7c032b9dda1df7d1c" "/opt/rustwide/cargo-home/bin/cargo" "+1.75.0" "metadata" "--no-deps" "--format-version=1", kill_on_drop: false }`
[INFO] [stdout] bd7de3bb1f4855b2695757750c3f9fa443182ae6d6e24d596d7bed312bf3673c
[INFO] running `Command { std: "docker" "start" "-a" "bd7de3bb1f4855b2695757750c3f9fa443182ae6d6e24d596d7bed312bf3673c", kill_on_drop: false }`
[INFO] running `Command { std: "docker" "inspect" "bd7de3bb1f4855b2695757750c3f9fa443182ae6d6e24d596d7bed312bf3673c", kill_on_drop: false }`
[INFO] running `Command { std: "docker" "rm" "-f" "bd7de3bb1f4855b2695757750c3f9fa443182ae6d6e24d596d7bed312bf3673c", kill_on_drop: false }`
[INFO] [stdout] bd7de3bb1f4855b2695757750c3f9fa443182ae6d6e24d596d7bed312bf3673c
[INFO] running `Command { std: "docker" "create" "-v" "/var/lib/crater-agent-workspace/builds/worker-2-tc1/target:/opt/rustwide/target:rw,Z" "-v" "/var/lib/crater-agent-workspace/builds/worker-2-tc1/source:/opt/rustwide/workdir:ro,Z" "-v" "/var/lib/crater-agent-workspace/cargo-home:/opt/rustwide/cargo-home:ro,Z" "-v" "/var/lib/crater-agent-workspace/rustup-home:/opt/rustwide/rustup-home:ro,Z" "-e" "SOURCE_DIR=/opt/rustwide/workdir" "-e" "CARGO_TARGET_DIR=/opt/rustwide/target" "-e" "CARGO_INCREMENTAL=0" "-e" "RUST_BACKTRACE=full" "-e" "RUSTFLAGS=--cap-lints=warn" "-e" "RUSTDOCFLAGS=--cap-lints=warn" "-e" "CARGO_HOME=/opt/rustwide/cargo-home" "-e" "RUSTUP_HOME=/opt/rustwide/rustup-home" "-w" "/opt/rustwide/workdir" "-m" "1610612736" "--user" "0:0" "--network" "none" "ghcr.io/rust-lang/crates-build-env/linux@sha256:2788e3201cd34a07e3172128adcd8b3090168a8e3bcc40d7c032b9dda1df7d1c" "/opt/rustwide/cargo-home/bin/cargo" "+1.75.0" "doc" "--frozen" "--no-deps" "--document-private-items" "--message-format=json", kill_on_drop: false }`
[INFO] [stdout] 4b4b40eb82da79093620a60f93ff6698cf7952a9181a0e5b5e4606ac1f92cc4d
[INFO] running `Command { std: "docker" "start" "-a" "4b4b40eb82da79093620a60f93ff6698cf7952a9181a0e5b5e4606ac1f92cc4d", kill_on_drop: false }`
[INFO] [stderr]    Compiling autocfg v1.0.0
[INFO] [stderr]    Compiling proc-macro2 v1.0.18
[INFO] [stderr]    Compiling libc v0.2.72
[INFO] [stderr]    Compiling rayon-core v1.7.1
[INFO] [stderr]    Compiling syn v1.0.34
[INFO] [stderr]     Checking adler32 v1.1.0
[INFO] [stderr]    Compiling serde_derive v1.0.114
[INFO] [stderr]    Compiling serde v1.0.114
[INFO] [stderr]     Checking miniz_oxide v0.3.7
[INFO] [stderr]     Checking deflate v0.8.6
[INFO] [stderr]    Compiling crossbeam-utils v0.7.2
[INFO] [stderr]    Compiling num-traits v0.2.12
[INFO] [stderr]    Compiling memoffset v0.5.5
[INFO] [stderr]    Compiling num-integer v0.1.43
[INFO] [stderr]    Compiling crossbeam-epoch v0.8.2
[INFO] [stderr]    Compiling num-bigint v0.3.0
[INFO] [stderr]    Compiling rayon v1.3.1
[INFO] [stderr]    Compiling num-rational v0.3.0
[INFO] [stderr]    Compiling num-iter v0.1.41
[INFO] [stderr]    Compiling quote v1.0.7
[INFO] [stderr]     Checking num_cpus v1.13.0
[INFO] [stderr]     Checking crossbeam-queue v0.2.3
[INFO] [stderr]     Checking png v0.16.6
[INFO] [stderr]     Checking tiff v0.5.0
[INFO] [stderr]     Checking bytemuck v1.2.0
[INFO] [stderr]     Checking base64 v0.12.3
[INFO] [stderr]     Checking crossbeam-deque v0.7.3
[INFO] [stderr]     Checking num-complex v0.3.0
[INFO] [stdout] error[E0308]: mismatched types
[INFO] [stdout]    --> /opt/rustwide/cargo-home/registry/src/index.crates.io-6f17d22bba15001f/num-bigint-0.3.0/src/biguint.rs:198:19
[INFO] [stdout]     |
[INFO] [stdout] 198 |         .div_ceil(&big_digit::BITS.into())
[INFO] [stdout]     |          -------- ^^^^^^^^^^^^^^^^^^^^^^^ expected `u64`, found `&_`
[INFO] [stdout]     |          |
[INFO] [stdout]     |          arguments to this method are incorrect
[INFO] [stdout]     |
[INFO] [stdout]     = note:   expected type `u64`
[INFO] [stdout]             found reference `&_`
[INFO] [stdout] note: method defined here
[INFO] [stdout]    --> /rustc/82e1608dfa6e0b5569232559e3d385fea5a93112/library/core/src/num/mod.rs:1169:5
[INFO] [stdout]     = note: this error originates in the macro `uint_impl` (in Nightly builds, run with -Z macro-backtrace for more info)
[INFO] [stdout] help: consider removing the borrow
[INFO] [stdout]     |
[INFO] [stdout] 198 -         .div_ceil(&big_digit::BITS.into())
[INFO] [stdout] 198 +         .div_ceil(big_digit::BITS.into())
[INFO] [stdout]     |
[INFO] [stdout] 
[INFO] [stdout] 
[INFO] [stdout] error[E0308]: mismatched types
[INFO] [stdout]     --> /opt/rustwide/cargo-home/registry/src/index.crates.io-6f17d22bba15001f/num-bigint-0.3.0/src/biguint.rs:1700:50
[INFO] [stdout]      |
[INFO] [stdout] 1700 |             let root_scale = extra_bits.div_ceil(&n64);
[INFO] [stdout]      |                                         -------- ^^^^ expected `u64`, found `&u64`
[INFO] [stdout]      |                                         |
[INFO] [stdout]      |                                         arguments to this method are incorrect
[INFO] [stdout]      |
[INFO] [stdout] note: method defined here
[INFO] [stdout]     --> /rustc/82e1608dfa6e0b5569232559e3d385fea5a93112/library/core/src/num/mod.rs:1169:5
[INFO] [stdout]      = note: this error originates in the macro `uint_impl` (in Nightly builds, run with -Z macro-backtrace for more info)
[INFO] [stdout] help: consider removing the borrow
[INFO] [stdout]      |
[INFO] [stdout] 1700 -             let root_scale = extra_bits.div_ceil(&n64);
[INFO] [stdout] 1700 +             let root_scale = extra_bits.div_ceil(n64);
[INFO] [stdout]      |
[INFO] [stdout] 
[INFO] [stdout] 
[INFO] [stdout] error[E0308]: mismatched types
[INFO] [stdout]     --> /opt/rustwide/cargo-home/registry/src/index.crates.io-6f17d22bba15001f/num-bigint-0.3.0/src/biguint.rs:2119:19
[INFO] [stdout]      |
[INFO] [stdout] 2119 |         .div_ceil(&u64::from(bits))
[INFO] [stdout]      |          -------- ^^^^^^^^^^^^^^^^ expected `u64`, found `&u64`
[INFO] [stdout]      |          |
[INFO] [stdout]      |          arguments to this method are incorrect
[INFO] [stdout]      |
[INFO] [stdout] note: method defined here
[INFO] [stdout]     --> /rustc/82e1608dfa6e0b5569232559e3d385fea5a93112/library/core/src/num/mod.rs:1169:5
[INFO] [stdout]      = note: this error originates in the macro `uint_impl` (in Nightly builds, run with -Z macro-backtrace for more info)
[INFO] [stdout] help: consider removing the borrow
[INFO] [stdout]      |
[INFO] [stdout] 2119 -         .div_ceil(&u64::from(bits))
[INFO] [stdout] 2119 +         .div_ceil(u64::from(bits))
[INFO] [stdout]      |
[INFO] [stdout] 
[INFO] [stdout] 
[INFO] [stdout] error[E0308]: mismatched types
[INFO] [stdout]     --> /opt/rustwide/cargo-home/registry/src/index.crates.io-6f17d22bba15001f/num-bigint-0.3.0/src/biguint.rs:2147:19
[INFO] [stdout]      |
[INFO] [stdout] 2147 |         .div_ceil(&u64::from(bits))
[INFO] [stdout]      |          -------- ^^^^^^^^^^^^^^^^ expected `u64`, found `&u64`
[INFO] [stdout]      |          |
[INFO] [stdout]      |          arguments to this method are incorrect
[INFO] [stdout]      |
[INFO] [stdout] note: method defined here
[INFO] [stdout]     --> /rustc/82e1608dfa6e0b5569232559e3d385fea5a93112/library/core/src/num/mod.rs:1169:5
[INFO] [stdout]      = note: this error originates in the macro `uint_impl` (in Nightly builds, run with -Z macro-backtrace for more info)
[INFO] [stdout] help: consider removing the borrow
[INFO] [stdout]      |
[INFO] [stdout] 2147 -         .div_ceil(&u64::from(bits))
[INFO] [stdout] 2147 +         .div_ceil(u64::from(bits))
[INFO] [stdout]      |
[INFO] [stdout] 
[INFO] [stdout] 
[INFO] [stdout] error: aborting due to 4 previous errors
[INFO] [stdout] 
[INFO] [stdout] 
[INFO] [stdout] For more information about this error, try `rustc --explain E0308`.
[INFO] [stdout] 
[INFO] [stderr] error: could not compile `num-bigint` (lib) due to 5 previous errors
[INFO] [stderr] warning: build failed, waiting for other jobs to finish...
[INFO] running `Command { std: "docker" "inspect" "4b4b40eb82da79093620a60f93ff6698cf7952a9181a0e5b5e4606ac1f92cc4d", kill_on_drop: false }`
[INFO] running `Command { std: "docker" "rm" "-f" "4b4b40eb82da79093620a60f93ff6698cf7952a9181a0e5b5e4606ac1f92cc4d", kill_on_drop: false }`
[INFO] [stdout] 4b4b40eb82da79093620a60f93ff6698cf7952a9181a0e5b5e4606ac1f92cc4d
[INFO] documenting AskePit/game-levels-layouter against beta-2023-12-22 for beta-1.76-rustdoc-1
[INFO] running `Command { std: "git" "clone" "/workspace/cache/git-repos/https%3A%2F%2Fgithub.com%2FAskePit%2Fgame-levels-layouter" "/workspace/builds/worker-2-tc2/source", kill_on_drop: false }`
[INFO] [stderr] Cloning into '/workspace/builds/worker-2-tc2/source'...
[INFO] [stderr] done.
[INFO] validating manifest of git repo https://github.com/AskePit/game-levels-layouter on toolchain beta-2023-12-22
[INFO] running `Command { std: CARGO_HOME="/workspace/cargo-home" RUSTUP_HOME="/workspace/rustup-home" "/workspace/cargo-home/bin/cargo" "+beta-2023-12-22" "metadata" "--manifest-path" "Cargo.toml" "--no-deps", kill_on_drop: false }`
[INFO] started tweaking git repo https://github.com/AskePit/game-levels-layouter
[INFO] finished tweaking git repo https://github.com/AskePit/game-levels-layouter
[INFO] tweaked toml for git repo https://github.com/AskePit/game-levels-layouter written to /workspace/builds/worker-2-tc2/source/Cargo.toml
[INFO] crate git repo https://github.com/AskePit/game-levels-layouter already has a lockfile, it will not be regenerated
[INFO] running `Command { std: CARGO_HOME="/workspace/cargo-home" RUSTUP_HOME="/workspace/rustup-home" "/workspace/cargo-home/bin/cargo" "+beta-2023-12-22" "fetch" "--manifest-path" "Cargo.toml", kill_on_drop: false }`
[INFO] running `Command { std: "docker" "create" "-v" "/var/lib/crater-agent-workspace/builds/worker-2-tc2/target:/opt/rustwide/target:rw,Z" "-v" "/var/lib/crater-agent-workspace/builds/worker-2-tc2/source:/opt/rustwide/workdir:ro,Z" "-v" "/var/lib/crater-agent-workspace/cargo-home:/opt/rustwide/cargo-home:ro,Z" "-v" "/var/lib/crater-agent-workspace/rustup-home:/opt/rustwide/rustup-home:ro,Z" "-e" "SOURCE_DIR=/opt/rustwide/workdir" "-e" "CARGO_TARGET_DIR=/opt/rustwide/target" "-e" "CARGO_HOME=/opt/rustwide/cargo-home" "-e" "RUSTUP_HOME=/opt/rustwide/rustup-home" "-w" "/opt/rustwide/workdir" "-m" "1610612736" "--user" "0:0" "--network" "none" "ghcr.io/rust-lang/crates-build-env/linux@sha256:2788e3201cd34a07e3172128adcd8b3090168a8e3bcc40d7c032b9dda1df7d1c" "/opt/rustwide/cargo-home/bin/cargo" "+beta-2023-12-22" "metadata" "--no-deps" "--format-version=1", kill_on_drop: false }`
[INFO] [stdout] 32e2fd8b12511eff35a09d89cd18973e60eb8fc210710f2fdbf4b19e15d60880
[INFO] running `Command { std: "docker" "start" "-a" "32e2fd8b12511eff35a09d89cd18973e60eb8fc210710f2fdbf4b19e15d60880", kill_on_drop: false }`
[INFO] running `Command { std: "docker" "inspect" "32e2fd8b12511eff35a09d89cd18973e60eb8fc210710f2fdbf4b19e15d60880", kill_on_drop: false }`
[INFO] running `Command { std: "docker" "rm" "-f" "32e2fd8b12511eff35a09d89cd18973e60eb8fc210710f2fdbf4b19e15d60880", kill_on_drop: false }`
[INFO] [stdout] 32e2fd8b12511eff35a09d89cd18973e60eb8fc210710f2fdbf4b19e15d60880
[INFO] running `Command { std: "docker" "create" "-v" "/var/lib/crater-agent-workspace/builds/worker-2-tc2/target:/opt/rustwide/target:rw,Z" "-v" "/var/lib/crater-agent-workspace/builds/worker-2-tc2/source:/opt/rustwide/workdir:ro,Z" "-v" "/var/lib/crater-agent-workspace/cargo-home:/opt/rustwide/cargo-home:ro,Z" "-v" "/var/lib/crater-agent-workspace/rustup-home:/opt/rustwide/rustup-home:ro,Z" "-e" "SOURCE_DIR=/opt/rustwide/workdir" "-e" "CARGO_TARGET_DIR=/opt/rustwide/target" "-e" "CARGO_INCREMENTAL=0" "-e" "RUST_BACKTRACE=full" "-e" "RUSTFLAGS=--cap-lints=warn" "-e" "RUSTDOCFLAGS=--cap-lints=warn" "-e" "CARGO_HOME=/opt/rustwide/cargo-home" "-e" "RUSTUP_HOME=/opt/rustwide/rustup-home" "-w" "/opt/rustwide/workdir" "-m" "1610612736" "--user" "0:0" "--network" "none" "ghcr.io/rust-lang/crates-build-env/linux@sha256:2788e3201cd34a07e3172128adcd8b3090168a8e3bcc40d7c032b9dda1df7d1c" "/opt/rustwide/cargo-home/bin/cargo" "+beta-2023-12-22" "doc" "--frozen" "--no-deps" "--document-private-items" "--message-format=json", kill_on_drop: false }`
[INFO] [stdout] 7e6e6b4d25d3ad14dbff07ca01ca8e8057917c32fbe1815e61636edb0618734d
[INFO] running `Command { std: "docker" "start" "-a" "7e6e6b4d25d3ad14dbff07ca01ca8e8057917c32fbe1815e61636edb0618734d", kill_on_drop: false }`
[INFO] [stderr]    Compiling autocfg v1.0.0
[INFO] [stderr]    Compiling proc-macro2 v1.0.18
[INFO] [stderr]    Compiling libc v0.2.72
[INFO] [stderr]    Compiling rayon-core v1.7.1
[INFO] [stderr]     Checking adler32 v1.1.0
[INFO] [stderr]    Compiling syn v1.0.34
[INFO] [stderr]    Compiling serde_derive v1.0.114
[INFO] [stderr]    Compiling serde v1.0.114
[INFO] [stderr]     Checking miniz_oxide v0.3.7
[INFO] [stderr]     Checking deflate v0.8.6
[INFO] [stderr]     Checking bytemuck v1.2.0
[INFO] [stderr]    Compiling num-traits v0.2.12
[INFO] [stderr]    Compiling crossbeam-utils v0.7.2
[INFO] [stderr]    Compiling memoffset v0.5.5
[INFO] [stderr]    Compiling num-integer v0.1.43
[INFO] [stderr]    Compiling crossbeam-epoch v0.8.2
[INFO] [stderr]    Compiling num-bigint v0.3.0
[INFO] [stderr]    Compiling num-rational v0.3.0
[INFO] [stderr]    Compiling rayon v1.3.1
[INFO] [stderr]    Compiling num-iter v0.1.41
[INFO] [stderr]    Compiling quote v1.0.7
[INFO] [stderr]     Checking num_cpus v1.13.0
[INFO] [stderr]     Checking crossbeam-queue v0.2.3
[INFO] [stderr]     Checking png v0.16.6
[INFO] [stderr]     Checking tiff v0.5.0
[INFO] [stderr]     Checking base64 v0.12.3
[INFO] [stderr]     Checking crossbeam-deque v0.7.3
[INFO] [stderr]     Checking num-complex v0.3.0
[INFO] [stdout] error[E0308]: mismatched types
[INFO] [stdout]    --> /opt/rustwide/cargo-home/registry/src/index.crates.io-6f17d22bba15001f/num-bigint-0.3.0/src/biguint.rs:198:19
[INFO] [stdout]     |
[INFO] [stdout] 198 |         .div_ceil(&big_digit::BITS.into())
[INFO] [stdout]     |          -------- ^^^^^^^^^^^^^^^^^^^^^^^ expected `u64`, found `&_`
[INFO] [stdout]     |          |
[INFO] [stdout]     |          arguments to this method are incorrect
[INFO] [stdout]     |
[INFO] [stdout]     = note:   expected type `u64`
[INFO] [stdout]             found reference `&_`
[INFO] [stdout] note: method defined here
[INFO] [stdout]    --> /rustc/0e09125c6c3c2fd70d7de961bcf0e51575235fad/library/core/src/num/mod.rs:1169:5
[INFO] [stdout]     = note: this error originates in the macro `uint_impl` (in Nightly builds, run with -Z macro-backtrace for more info)
[INFO] [stdout] help: consider removing the borrow
[INFO] [stdout]     |
[INFO] [stdout] 198 -         .div_ceil(&big_digit::BITS.into())
[INFO] [stdout] 198 +         .div_ceil(big_digit::BITS.into())
[INFO] [stdout]     |
[INFO] [stdout] 
[INFO] [stdout] 
[INFO] [stdout] error[E0308]: mismatched types
[INFO] [stdout]     --> /opt/rustwide/cargo-home/registry/src/index.crates.io-6f17d22bba15001f/num-bigint-0.3.0/src/biguint.rs:1700:50
[INFO] [stdout]      |
[INFO] [stdout] 1700 |             let root_scale = extra_bits.div_ceil(&n64);
[INFO] [stdout]      |                                         -------- ^^^^ expected `u64`, found `&u64`
[INFO] [stdout]      |                                         |
[INFO] [stdout]      |                                         arguments to this method are incorrect
[INFO] [stdout]      |
[INFO] [stdout] note: method defined here
[INFO] [stdout]     --> /rustc/0e09125c6c3c2fd70d7de961bcf0e51575235fad/library/core/src/num/mod.rs:1169:5
[INFO] [stdout]      = note: this error originates in the macro `uint_impl` (in Nightly builds, run with -Z macro-backtrace for more info)
[INFO] [stdout] help: consider removing the borrow
[INFO] [stdout]      |
[INFO] [stdout] 1700 -             let root_scale = extra_bits.div_ceil(&n64);
[INFO] [stdout] 1700 +             let root_scale = extra_bits.div_ceil(n64);
[INFO] [stdout]      |
[INFO] [stdout] 
[INFO] [stdout] 
[INFO] [stdout] error[E0308]: mismatched types
[INFO] [stdout]     --> /opt/rustwide/cargo-home/registry/src/index.crates.io-6f17d22bba15001f/num-bigint-0.3.0/src/biguint.rs:2119:19
[INFO] [stdout]      |
[INFO] [stdout] 2119 |         .div_ceil(&u64::from(bits))
[INFO] [stdout]      |          -------- ^^^^^^^^^^^^^^^^ expected `u64`, found `&u64`
[INFO] [stdout]      |          |
[INFO] [stdout]      |          arguments to this method are incorrect
[INFO] [stdout]      |
[INFO] [stdout] note: method defined here
[INFO] [stdout]     --> /rustc/0e09125c6c3c2fd70d7de961bcf0e51575235fad/library/core/src/num/mod.rs:1169:5
[INFO] [stdout]      = note: this error originates in the macro `uint_impl` (in Nightly builds, run with -Z macro-backtrace for more info)
[INFO] [stdout] help: consider removing the borrow
[INFO] [stdout]      |
[INFO] [stdout] 2119 -         .div_ceil(&u64::from(bits))
[INFO] [stdout] 2119 +         .div_ceil(u64::from(bits))
[INFO] [stdout]      |
[INFO] [stdout] 
[INFO] [stdout] 
[INFO] [stdout] error[E0308]: mismatched types
[INFO] [stdout]     --> /opt/rustwide/cargo-home/registry/src/index.crates.io-6f17d22bba15001f/num-bigint-0.3.0/src/biguint.rs:2147:19
[INFO] [stdout]      |
[INFO] [stdout] 2147 |         .div_ceil(&u64::from(bits))
[INFO] [stdout]      |          -------- ^^^^^^^^^^^^^^^^ expected `u64`, found `&u64`
[INFO] [stdout]      |          |
[INFO] [stdout]      |          arguments to this method are incorrect
[INFO] [stdout]      |
[INFO] [stdout] note: method defined here
[INFO] [stdout]     --> /rustc/0e09125c6c3c2fd70d7de961bcf0e51575235fad/library/core/src/num/mod.rs:1169:5
[INFO] [stdout]      = note: this error originates in the macro `uint_impl` (in Nightly builds, run with -Z macro-backtrace for more info)
[INFO] [stdout] help: consider removing the borrow
[INFO] [stdout]      |
[INFO] [stdout] 2147 -         .div_ceil(&u64::from(bits))
[INFO] [stdout] 2147 +         .div_ceil(u64::from(bits))
[INFO] [stdout]      |
[INFO] [stdout] 
[INFO] [stdout] 
[INFO] [stdout] error: aborting due to 4 previous errors
[INFO] [stdout] 
[INFO] [stdout] 
[INFO] [stdout] For more information about this error, try `rustc --explain E0308`.
[INFO] [stdout] 
[INFO] [stderr] error: could not compile `num-bigint` (lib) due to 5 previous errors
[INFO] [stderr] warning: build failed, waiting for other jobs to finish...
[INFO] running `Command { std: "docker" "inspect" "7e6e6b4d25d3ad14dbff07ca01ca8e8057917c32fbe1815e61636edb0618734d", kill_on_drop: false }`
[INFO] running `Command { std: "docker" "rm" "-f" "7e6e6b4d25d3ad14dbff07ca01ca8e8057917c32fbe1815e61636edb0618734d", kill_on_drop: false }`
[INFO] [stdout] 7e6e6b4d25d3ad14dbff07ca01ca8e8057917c32fbe1815e61636edb0618734d
