[INFO] cloning repository https://github.com/ArrowMaxGithub/Rust-vJoy-Manager
[INFO] running `Command { std: "git" "-c" "credential.helper=" "-c" "credential.helper=/workspace/cargo-home/bin/git-credential-null" "clone" "--bare" "https://github.com/ArrowMaxGithub/Rust-vJoy-Manager" "/workspace/cache/git-repos/https%3A%2F%2Fgithub.com%2FArrowMaxGithub%2FRust-vJoy-Manager", kill_on_drop: false }`
[INFO] [stderr] Cloning into bare repository '/workspace/cache/git-repos/https%3A%2F%2Fgithub.com%2FArrowMaxGithub%2FRust-vJoy-Manager'...
[INFO] running `Command { std: "git" "rev-parse" "HEAD", kill_on_drop: false }`
[INFO] [stdout] 7376668b9ceb538d37ad2ce166f9b4bda9c27106
[INFO] documenting ArrowMaxGithub/Rust-vJoy-Manager against 1.75.0 for beta-1.76-rustdoc-1
[INFO] running `Command { std: "git" "clone" "/workspace/cache/git-repos/https%3A%2F%2Fgithub.com%2FArrowMaxGithub%2FRust-vJoy-Manager" "/workspace/builds/worker-7-tc1/source", kill_on_drop: false }`
[INFO] [stderr] Cloning into '/workspace/builds/worker-7-tc1/source'...
[INFO] [stderr] done.
[INFO] validating manifest of git repo https://github.com/ArrowMaxGithub/Rust-vJoy-Manager on toolchain 1.75.0
[INFO] running `Command { std: CARGO_HOME="/workspace/cargo-home" RUSTUP_HOME="/workspace/rustup-home" "/workspace/cargo-home/bin/cargo" "+1.75.0" "metadata" "--manifest-path" "Cargo.toml" "--no-deps", kill_on_drop: false }`
[INFO] started tweaking git repo https://github.com/ArrowMaxGithub/Rust-vJoy-Manager
[INFO] finished tweaking git repo https://github.com/ArrowMaxGithub/Rust-vJoy-Manager
[INFO] tweaked toml for git repo https://github.com/ArrowMaxGithub/Rust-vJoy-Manager written to /workspace/builds/worker-7-tc1/source/Cargo.toml
[INFO] crate git repo https://github.com/ArrowMaxGithub/Rust-vJoy-Manager already has a lockfile, it will not be regenerated
[INFO] running `Command { std: CARGO_HOME="/workspace/cargo-home" RUSTUP_HOME="/workspace/rustup-home" "/workspace/cargo-home/bin/cargo" "+1.75.0" "fetch" "--manifest-path" "Cargo.toml", kill_on_drop: false }`
[INFO] [stderr]     Updating crates.io index
[INFO] [stderr]  Downloading crates ...
[INFO] [stderr]   Downloaded ash-window v0.12.0
[INFO] [stderr]   Downloaded vjoy-sys v0.4.1
[INFO] [stderr]   Downloaded profiling-procmacros v1.0.8
[INFO] [stderr]   Downloaded raw-window-metal v0.3.1
[INFO] [stderr]   Downloaded egui-winit v0.21.1
[INFO] [stderr]   Downloaded nalgebra-glm v0.18.0
[INFO] [stderr]   Downloaded tracy-client v0.15.2
[INFO] [stderr]   Downloaded tracy-client-sys v0.21.0
[INFO] [stderr]   Downloaded egui_extras v0.21.0
[INFO] [stderr]   Downloaded ringbuffer v0.13.0
[INFO] [stderr]   Downloaded vjoy v0.6.0
[INFO] [stderr]   Downloaded egui_file v0.8.2
[INFO] [stderr]   Downloaded vku v0.2.0
[INFO] [stderr]   Downloaded vma v0.3.0
[INFO] running `Command { std: "docker" "create" "-v" "/var/lib/crater-agent-workspace/builds/worker-7-tc1/target:/opt/rustwide/target:rw,Z" "-v" "/var/lib/crater-agent-workspace/builds/worker-7-tc1/source:/opt/rustwide/workdir:ro,Z" "-v" "/var/lib/crater-agent-workspace/cargo-home:/opt/rustwide/cargo-home:ro,Z" "-v" "/var/lib/crater-agent-workspace/rustup-home:/opt/rustwide/rustup-home:ro,Z" "-e" "SOURCE_DIR=/opt/rustwide/workdir" "-e" "CARGO_TARGET_DIR=/opt/rustwide/target" "-e" "CARGO_HOME=/opt/rustwide/cargo-home" "-e" "RUSTUP_HOME=/opt/rustwide/rustup-home" "-w" "/opt/rustwide/workdir" "-m" "1610612736" "--user" "0:0" "--network" "none" "ghcr.io/rust-lang/crates-build-env/linux@sha256:2788e3201cd34a07e3172128adcd8b3090168a8e3bcc40d7c032b9dda1df7d1c" "/opt/rustwide/cargo-home/bin/cargo" "+1.75.0" "metadata" "--no-deps" "--format-version=1", kill_on_drop: false }`
[INFO] [stdout] cf43666a2c720ea892f0ac53f1985035e34846ac9588d2c828920dced9d87d98
[INFO] running `Command { std: "docker" "start" "-a" "cf43666a2c720ea892f0ac53f1985035e34846ac9588d2c828920dced9d87d98", kill_on_drop: false }`
[INFO] running `Command { std: "docker" "inspect" "cf43666a2c720ea892f0ac53f1985035e34846ac9588d2c828920dced9d87d98", kill_on_drop: false }`
[INFO] running `Command { std: "docker" "rm" "-f" "cf43666a2c720ea892f0ac53f1985035e34846ac9588d2c828920dced9d87d98", kill_on_drop: false }`
[INFO] [stdout] cf43666a2c720ea892f0ac53f1985035e34846ac9588d2c828920dced9d87d98
[INFO] running `Command { std: "docker" "create" "-v" "/var/lib/crater-agent-workspace/builds/worker-7-tc1/target:/opt/rustwide/target:rw,Z" "-v" "/var/lib/crater-agent-workspace/builds/worker-7-tc1/source:/opt/rustwide/workdir:ro,Z" "-v" "/var/lib/crater-agent-workspace/cargo-home:/opt/rustwide/cargo-home:ro,Z" "-v" "/var/lib/crater-agent-workspace/rustup-home:/opt/rustwide/rustup-home:ro,Z" "-e" "SOURCE_DIR=/opt/rustwide/workdir" "-e" "CARGO_TARGET_DIR=/opt/rustwide/target" "-e" "CARGO_INCREMENTAL=0" "-e" "RUST_BACKTRACE=full" "-e" "RUSTFLAGS=--cap-lints=warn" "-e" "RUSTDOCFLAGS=--cap-lints=warn" "-e" "CARGO_HOME=/opt/rustwide/cargo-home" "-e" "RUSTUP_HOME=/opt/rustwide/rustup-home" "-w" "/opt/rustwide/workdir" "-m" "1610612736" "--user" "0:0" "--network" "none" "ghcr.io/rust-lang/crates-build-env/linux@sha256:2788e3201cd34a07e3172128adcd8b3090168a8e3bcc40d7c032b9dda1df7d1c" "/opt/rustwide/cargo-home/bin/cargo" "+1.75.0" "doc" "--frozen" "--no-deps" "--document-private-items" "--message-format=json", kill_on_drop: false }`
[INFO] [stdout] 26fb56f70ed988f444a540766b1201e2d0049e15435409c492f6c21ce1d9186e
[INFO] running `Command { std: "docker" "start" "-a" "26fb56f70ed988f444a540766b1201e2d0049e15435409c492f6c21ce1d9186e", kill_on_drop: false }`
[INFO] [stderr]    Compiling libc v0.2.140
[INFO] [stderr]    Compiling proc-macro2 v1.0.55
[INFO] [stderr]    Compiling unicode-ident v1.0.8
[INFO] [stderr]    Compiling quote v1.0.26
[INFO] [stderr]     Checking scopeguard v1.1.0
[INFO] [stderr]     Checking smallvec v1.10.0
[INFO] [stderr]     Checking libloading v0.7.4
[INFO] [stderr]    Compiling memoffset v0.6.5
[INFO] [stderr]    Compiling pkg-config v0.3.26
[INFO] [stderr]     Checking once_cell v1.17.1
[INFO] [stderr]    Compiling syn v1.0.109
[INFO] [stderr]    Compiling xml-rs v0.8.4
[INFO] [stderr]    Compiling lock_api v0.4.9
[INFO] [stderr]     Checking log v0.4.19
[INFO] [stderr]     Checking bytemuck v1.13.1
[INFO] [stderr]    Compiling cfg-if v1.0.0
[INFO] [stderr]    Compiling crossbeam-utils v0.8.15
[INFO] [stderr]    Compiling thiserror v1.0.40
[INFO] [stderr]    Compiling wayland-sys v0.29.5
[INFO] [stderr]     Checking dlib v0.5.0
[INFO] [stderr]    Compiling syn v2.0.13
[INFO] [stderr]    Compiling wayland-scanner v0.29.5
[INFO] [stderr]    Compiling memoffset v0.8.0
[INFO] [stderr]    Compiling num-traits v0.2.15
[INFO] [stderr]     Checking adler v1.0.2
[INFO] [stderr]     Checking miniz_oxide v0.6.2
[INFO] [stderr]    Compiling crossbeam-epoch v0.9.14
[INFO] [stderr]    Compiling glob v0.3.1
[INFO] [stderr]    Compiling parking_lot_core v0.9.7
[INFO] [stderr]     Checking ttf-parser v0.18.1
[INFO] [stderr]    Compiling memchr v2.5.0
[INFO] [stderr]     Checking nix v0.24.3
[INFO] [stderr]    Compiling clang-sys v1.6.1
[INFO] [stderr]    Compiling slotmap v1.0.6
[INFO] [stderr]    Compiling wayland-client v0.29.5
[INFO] [stderr]     Checking ab_glyph_rasterizer v0.1.8
[INFO] [stderr]     Checking minimal-lexical v0.2.1
[INFO] [stderr]     Checking downcast-rs v1.2.0
[INFO] [stderr]     Checking scoped-tls v1.0.1
[INFO] [stderr]    Compiling serde_derive v1.0.160
[INFO] [stderr]     Checking nom v7.1.3
[INFO] [stderr]    Compiling wayland-protocols v0.29.5
[INFO] [stderr]     Checking flate2 v1.0.25
[INFO] [stderr]     Checking owned_ttf_parser v0.18.1
[INFO] [stderr]     Checking ab_glyph v0.2.20
[INFO] [stderr]    Compiling thiserror-impl v1.0.40
[INFO] [stderr]    Compiling ahash v0.8.3
[INFO] [stderr]    Compiling rayon-core v1.11.0
[INFO] [stderr]    Compiling serde v1.0.160
[INFO] [stderr]     Checking xcursor v0.3.4
[INFO] [stderr]     Checking parking_lot v0.12.1
[INFO] [stderr]     Checking crossbeam-deque v0.8.3
[INFO] [stderr]     Checking num_cpus v1.15.0
[INFO] [stderr]     Checking nix v0.25.1
[INFO] [stderr]     Checking wayland-commons v0.29.5
[INFO] [stderr]     Checking crossbeam-channel v0.5.7
[INFO] [stderr]    Compiling smithay-client-toolkit v0.16.0
[INFO] [stderr]     Checking vec_map v0.8.2
[INFO] [stderr]    Compiling either v1.8.1
[INFO] [stderr]    Compiling bindgen v0.64.0
[INFO] [stderr]    Compiling regex-syntax v0.6.29
[INFO] [stderr]    Compiling io-lifetimes v1.0.10
[INFO] [stderr]    Compiling cexpr v0.6.0
[INFO] [stderr]     Checking calloop v0.10.5
[INFO] [stderr]     Checking wayland-cursor v0.29.5
[INFO] [stderr]    Compiling which v4.4.0
[INFO] [stderr]     Checking png v0.17.7
[INFO] [stderr]     Checking memmap2 v0.5.10
[INFO] [stderr]    Compiling cmake v0.1.50
[INFO] [stderr]     Checking tracing-core v0.1.30
[INFO] [stderr]    Compiling num-rational v0.4.1
[INFO] [stderr]    Compiling version-compare v0.1.1
[INFO] [stderr]    Compiling ash v0.37.3+1.3.251
[INFO] [stderr]    Compiling lazycell v1.3.0
[INFO] [stderr]    Compiling rustix v0.37.7
[INFO] [stderr]    Compiling regex v1.7.3
[INFO] [stderr]    Compiling rustc-hash v1.1.0
[INFO] [stderr]    Compiling shlex v1.1.0
[INFO] [stderr]    Compiling paste v1.0.12
[INFO] [stderr]    Compiling lazy_static v1.4.0
[INFO] [stderr]     Checking percent-encoding v2.2.0
[INFO] [stderr]    Compiling futures-core v0.3.28
[INFO] [stderr]     Checking pin-project-lite v0.2.9
[INFO] [stderr]     Checking ecolor v0.21.0
[INFO] [stderr]     Checking emath v0.21.0
[INFO] [stderr]    Compiling peeking_take_while v0.1.2
[INFO] [stderr]    Compiling bitflags v1.3.2
[INFO] [stderr]     Checking nohash-hasher v0.2.0
[INFO] [stderr]     Checking strict-num v0.1.0
[INFO] [stderr]     Checking tracing v0.1.37
[INFO] [stderr]     Checking tiny-skia-path v0.8.3
[INFO] [stderr]     Checking epaint v0.21.0
[INFO] [stderr]    Compiling sdl2-sys v0.35.2
[INFO] [stderr]    Compiling pin-project-internal v1.0.12
[INFO] [stderr]     Checking num-integer v0.1.45
[INFO] [stderr]     Checking unicode-normalization v0.1.22
[INFO] [stderr]     Checking getrandom v0.2.9
[INFO] [stderr]     Checking safe_arch v0.6.0
[INFO] [stderr]    Compiling x11-dl v2.21.0
[INFO] [stderr]    Compiling rustversion v1.0.12
[INFO] [stderr]     Checking linux-raw-sys v0.3.1
[INFO] [stderr]     Checking raw-window-handle v0.5.2
[INFO] [stderr]    Compiling cfg_aliases v0.1.1
[INFO] [stderr]     Checking arrayvec v0.7.2
[INFO] [stderr]     Checking unicode-bidi v0.3.13
[INFO] [stderr]     Checking tiny-skia v0.8.3
[INFO] [stderr]     Checking idna v0.3.0
[INFO] [stderr]     Checking pin-project v1.0.12
[INFO] [stderr]    Compiling winit v0.28.3
[INFO] [stderr]     Checking rayon v1.7.0
[INFO] [stderr]     Checking wide v0.7.8
[INFO] [stderr]     Checking nanorand v0.7.0
[INFO] [stderr]     Checking egui v0.21.0
[INFO] [stderr]     Checking form_urlencoded v1.1.0
[INFO] [stderr]     Checking x11rb-protocol v0.10.0
[INFO] [stderr]     Checking num-complex v0.4.3
[INFO] [stderr]     Checking approx v0.5.1
[INFO] [stderr]     Checking gethostname v0.2.3
[INFO] [stderr]     Checking dirs-sys v0.3.7
[INFO] [stderr]    Compiling vma v0.3.0
[INFO] [stderr]     Checking spin v0.9.8
[INFO] [stderr]     Checking aho-corasick v0.7.20
[INFO] [stderr]     Checking rawpointer v0.2.1
[INFO] [stderr]     Checking weezl v0.1.7
[INFO] [stderr]     Checking simd-adler32 v0.3.5
[INFO] [stderr]     Checking futures-sink v0.3.28
[INFO] [stderr]     Checking flume v0.10.14
[INFO] [stderr]     Checking zune-inflate v0.2.53
[INFO] [stderr]     Checking matrixmultiply v0.3.2
[INFO] [stderr]     Checking dirs v4.0.0
[INFO] [stderr]     Checking simba v0.8.1
[INFO] [stderr]     Checking url v2.3.1
[INFO] [stderr]     Checking jpeg-decoder v0.3.0
[INFO] [stderr]     Checking serde_spanned v0.6.1
[INFO] [stderr]    Compiling vjoy-sys v0.4.1
[INFO] [stderr]     Checking toml_datetime v0.6.1
[INFO] [stderr]     Checking is-terminal v0.4.7
[INFO] [stderr]     Checking x11rb v0.10.1
[INFO] [stderr]    Compiling profiling-procmacros v1.0.8
[INFO] [stderr]     Checking mio v0.8.6
[INFO] [stderr]     Checking instant v0.1.12
[INFO] [stderr]     Checking color_quant v1.1.0
[INFO] [stderr]    Compiling sdl2 v0.35.2
[INFO] [stderr]     Checking bit_field v0.10.2
[INFO] [stderr]     Checking winnow v0.4.1
[INFO] [stderr]     Checking humantime v2.1.0
[INFO] [stderr] error: failed to run custom build command for `vjoy-sys v0.4.1`
[INFO] [stderr] note: To improve backtraces for build dependencies, set the CARGO_PROFILE_DEV_BUILD_OVERRIDE_DEBUG=true environment variable to enable debug information generation.
[INFO] [stderr] 
[INFO] [stderr] Caused by:
[INFO] [stderr]   process didn't exit successfully: `/opt/rustwide/target/debug/build/vjoy-sys-11cb2a605282ecf6/build-script-build` (exit status: 101)
[INFO] [stderr]   --- stdout
[INFO] [stderr]   cargo:rustc-link-lib[KIND:dylib]=vJoyInterface
[INFO] [stderr]   cargo:rerun-if-changed=vjoy/wrapper.h
[INFO] [stderr] 
[INFO] [stderr]   --- stderr
[INFO] [stderr]   vjoy/vjoyinterface.h:128:15: warning: '__stdcall' calling convention is not supported for this target [-Wignored-attributes]
[INFO] [stderr]   vjoy/vjoyinterface.h:276:15: warning: '__stdcall' calling convention is not supported for this target [-Wignored-attributes]
[INFO] [stderr]   vjoy/vjoyinterface.h:293:2: error: '__declspec' attributes are not enabled; use '-fdeclspec' or '-fms-extensions' to enable support for __declspec attributes
[INFO] [stderr]   vjoy/vjoyinterface.h:294:2: error: '__declspec' attributes are not enabled; use '-fdeclspec' or '-fms-extensions' to enable support for __declspec attributes
[INFO] [stderr]   vjoy/vjoyinterface.h:295:2: error: '__declspec' attributes are not enabled; use '-fdeclspec' or '-fms-extensions' to enable support for __declspec attributes
[INFO] [stderr]   vjoy/vjoyinterface.h:296:2: error: '__declspec' attributes are not enabled; use '-fdeclspec' or '-fms-extensions' to enable support for __declspec attributes
[INFO] [stderr]   vjoy/vjoyinterface.h:297:2: error: '__declspec' attributes are not enabled; use '-fdeclspec' or '-fms-extensions' to enable support for __declspec attributes
[INFO] [stderr]   vjoy/vjoyinterface.h:298:2: error: '__declspec' attributes are not enabled; use '-fdeclspec' or '-fms-extensions' to enable support for __declspec attributes
[INFO] [stderr]   vjoy/vjoyinterface.h:299:2: error: '__declspec' attributes are not enabled; use '-fdeclspec' or '-fms-extensions' to enable support for __declspec attributes
[INFO] [stderr]   vjoy/vjoyinterface.h:300:2: error: '__declspec' attributes are not enabled; use '-fdeclspec' or '-fms-extensions' to enable support for __declspec attributes
[INFO] [stderr]   vjoy/vjoyinterface.h:301:2: error: '__declspec' attributes are not enabled; use '-fdeclspec' or '-fms-extensions' to enable support for __declspec attributes
[INFO] [stderr]   vjoy/vjoyinterface.h:302:2: error: '__declspec' attributes are not enabled; use '-fdeclspec' or '-fms-extensions' to enable support for __declspec attributes
[INFO] [stderr]   vjoy/vjoyinterface.h:306:2: error: '__declspec' attributes are not enabled; use '-fdeclspec' or '-fms-extensions' to enable support for __declspec attributes
[INFO] [stderr]   vjoy/vjoyinterface.h:307:2: error: '__declspec' attributes are not enabled; use '-fdeclspec' or '-fms-extensions' to enable support for __declspec attributes
[INFO] [stderr]   vjoy/vjoyinterface.h:308:2: error: '__declspec' attributes are not enabled; use '-fdeclspec' or '-fms-extensions' to enable support for __declspec attributes
[INFO] [stderr]   vjoy/vjoyinterface.h:309:2: error: '__declspec' attributes are not enabled; use '-fdeclspec' or '-fms-extensions' to enable support for __declspec attributes
[INFO] [stderr]   vjoy/vjoyinterface.h:310:2: error: '__declspec' attributes are not enabled; use '-fdeclspec' or '-fms-extensions' to enable support for __declspec attributes
[INFO] [stderr]   vjoy/vjoyinterface.h:311:2: error: '__declspec' attributes are not enabled; use '-fdeclspec' or '-fms-extensions' to enable support for __declspec attributes
[INFO] [stderr]   vjoy/vjoyinterface.h:312:2: error: '__declspec' attributes are not enabled; use '-fdeclspec' or '-fms-extensions' to enable support for __declspec attributes
[INFO] [stderr]   vjoy/vjoyinterface.h:314:2: error: '__declspec' attributes are not enabled; use '-fdeclspec' or '-fms-extensions' to enable support for __declspec attributes
[INFO] [stderr]   vjoy/vjoyinterface.h:316:2: error: '__declspec' attributes are not enabled; use '-fdeclspec' or '-fms-extensions' to enable support for __declspec attributes
[INFO] [stderr]   fatal error: too many errors emitted, stopping now [-ferror-limit=]
[INFO] [stderr]   clang diag: vjoy/vjoyinterface.h:128:15: warning: '__stdcall' calling convention is not supported for this target [-Wignored-attributes]
[INFO] [stderr]   clang diag: vjoy/vjoyinterface.h:276:15: warning: '__stdcall' calling convention is not supported for this target [-Wignored-attributes]
[INFO] [stderr]   thread 'main' panicked at /opt/rustwide/cargo-home/registry/src/index.crates.io-6f17d22bba15001f/vjoy-sys-0.4.1/build.rs:56:10:
[INFO] [stderr]   Unable to generate bindings: ClangDiagnostic("vjoy/vjoyinterface.h:293:2: error: '__declspec' attributes are not enabled; use '-fdeclspec' or '-fms-extensions' to enable support for __declspec attributes\nvjoy/vjoyinterface.h:294:2: error: '__declspec' attributes are not enabled; use '-fdeclspec' or '-fms-extensions' to enable support for __declspec attributes\nvjoy/vjoyinterface.h:295:2: error: '__declspec' attributes are not enabled; use '-fdeclspec' or '-fms-extensions' to enable support for __declspec attributes\nvjoy/vjoyinterface.h:296:2: error: '__declspec' attributes are not enabled; use '-fdeclspec' or '-fms-extensions' to enable support for __declspec attributes\nvjoy/vjoyinterface.h:297:2: error: '__declspec' attributes are not enabled; use '-fdeclspec' or '-fms-extensions' to enable support for __declspec attributes\nvjoy/vjoyinterface.h:298:2: error: '__declspec' attributes are not enabled; use '-fdeclspec' or '-fms-extensions' to enable support for __declspec attributes\nvjoy/vjoyinterface.h:299:2: error: '__declspec' attributes are not enabled; use '-fdeclspec' or '-fms-extensions' to enable support for __declspec attributes\nvjoy/vjoyinterface.h:300:2: error: '__declspec' attributes are not enabled; use '-fdeclspec' or '-fms-extensions' to enable support for __declspec attributes\nvjoy/vjoyinterface.h:301:2: error: '__declspec' attributes are not enabled; use '-fdeclspec' or '-fms-extensions' to enable support for __declspec attributes\nvjoy/vjoyinterface.h:302:2: error: '__declspec' attributes are not enabled; use '-fdeclspec' or '-fms-extensions' to enable support for __declspec attributes\nvjoy/vjoyinterface.h:306:2: error: '__declspec' attributes are not enabled; use '-fdeclspec' or '-fms-extensions' to enable support for __declspec attributes\nvjoy/vjoyinterface.h:307:2: error: '__declspec' attributes are not enabled; use '-fdeclspec' or '-fms-extensions' to enable support for __declspec attributes\nvjoy/vjoyinterface.h:308:2: error: '__declspec' attributes are not enabled; use '-fdeclspec' or '-fms-extensions' to enable support for __declspec attributes\nvjoy/vjoyinterface.h:309:2: error: '__declspec' attributes are not enabled; use '-fdeclspec' or '-fms-extensions' to enable support for __declspec attributes\nvjoy/vjoyinterface.h:310:2: error: '__declspec' attributes are not enabled; use '-fdeclspec' or '-fms-extensions' to enable support for __declspec attributes\nvjoy/vjoyinterface.h:311:2: error: '__declspec' attributes are not enabled; use '-fdeclspec' or '-fms-extensions' to enable support for __declspec attributes\nvjoy/vjoyinterface.h:312:2: error: '__declspec' attributes are not enabled; use '-fdeclspec' or '-fms-extensions' to enable support for __declspec attributes\nvjoy/vjoyinterface.h:314:2: error: '__declspec' attributes are not enabled; use '-fdeclspec' or '-fms-extensions' to enable support for __declspec attributes\nvjoy/vjoyinterface.h:316:2: error: '__declspec' attributes are not enabled; use '-fdeclspec' or '-fms-extensions' to enable support for __declspec attributes\nfatal error: too many errors emitted, stopping now [-ferror-limit=]\n")
[INFO] [stderr]   stack backtrace:
[INFO] [stderr]      0:     0x55601d118a8c - std::backtrace_rs::backtrace::libunwind::trace::ha637c64ce894333a
[INFO] [stderr]                                  at /rustc/82e1608dfa6e0b5569232559e3d385fea5a93112/library/std/src/../../backtrace/src/backtrace/libunwind.rs:104:5
[INFO] [stderr]      1:     0x55601d118a8c - std::backtrace_rs::backtrace::trace_unsynchronized::h47f62dea28e0c88d
[INFO] [stderr]                                  at /rustc/82e1608dfa6e0b5569232559e3d385fea5a93112/library/std/src/../../backtrace/src/backtrace/mod.rs:66:5
[INFO] [stderr]      2:     0x55601d118a8c - std::sys_common::backtrace::_print_fmt::h9eef0abe20ede486
[INFO] [stderr]                                  at /rustc/82e1608dfa6e0b5569232559e3d385fea5a93112/library/std/src/sys_common/backtrace.rs:67:5
[INFO] [stderr]      3:     0x55601d118a8c - <std::sys_common::backtrace::_print::DisplayBacktrace as core::fmt::Display>::fmt::hed7f999df88cc644
[INFO] [stderr]                                  at /rustc/82e1608dfa6e0b5569232559e3d385fea5a93112/library/std/src/sys_common/backtrace.rs:44:22
[INFO] [stderr]      4:     0x55601d143060 - core::fmt::rt::Argument::fmt::h1539a9308b8d058d
[INFO] [stderr]                                  at /rustc/82e1608dfa6e0b5569232559e3d385fea5a93112/library/core/src/fmt/rt.rs:142:9
[INFO] [stderr]      5:     0x55601d143060 - core::fmt::write::h3a39390d8560d9c9
[INFO] [stderr]                                  at /rustc/82e1608dfa6e0b5569232559e3d385fea5a93112/library/core/src/fmt/mod.rs:1120:17
[INFO] [stderr]      6:     0x55601d11605f - std::io::Write::write_fmt::h5fc9997dfe05f882
[INFO] [stderr]                                  at /rustc/82e1608dfa6e0b5569232559e3d385fea5a93112/library/std/src/io/mod.rs:1762:15
[INFO] [stderr]      7:     0x55601d118874 - std::sys_common::backtrace::_print::h894006fb5c6f3d45
[INFO] [stderr]                                  at /rustc/82e1608dfa6e0b5569232559e3d385fea5a93112/library/std/src/sys_common/backtrace.rs:47:5
[INFO] [stderr]      8:     0x55601d118874 - std::sys_common::backtrace::print::h23a2d212c6fff936
[INFO] [stderr]                                  at /rustc/82e1608dfa6e0b5569232559e3d385fea5a93112/library/std/src/sys_common/backtrace.rs:34:9
[INFO] [stderr]      9:     0x55601d119e77 - std::panicking::default_hook::{{closure}}::h8a1d2ee00185001a
[INFO] [stderr]     10:     0x55601d119bdf - std::panicking::default_hook::h6038f2eba384e475
[INFO] [stderr]                                  at /rustc/82e1608dfa6e0b5569232559e3d385fea5a93112/library/std/src/panicking.rs:292:9
[INFO] [stderr]     11:     0x55601d11a2f8 - std::panicking::rust_panic_with_hook::h2b5517d590cab22e
[INFO] [stderr]                                  at /rustc/82e1608dfa6e0b5569232559e3d385fea5a93112/library/std/src/panicking.rs:779:13
[INFO] [stderr]     12:     0x55601d11a1de - std::panicking::begin_panic_handler::{{closure}}::h233112c06e0ef43e
[INFO] [stderr]                                  at /rustc/82e1608dfa6e0b5569232559e3d385fea5a93112/library/std/src/panicking.rs:657:13
[INFO] [stderr]     13:     0x55601d118f56 - std::sys_common::backtrace::__rust_end_short_backtrace::h6e893f24d7ebbff8
[INFO] [stderr]                                  at /rustc/82e1608dfa6e0b5569232559e3d385fea5a93112/library/std/src/sys_common/backtrace.rs:170:18
[INFO] [stderr]     14:     0x55601d119f42 - rust_begin_unwind
[INFO] [stderr]                                  at /rustc/82e1608dfa6e0b5569232559e3d385fea5a93112/library/std/src/panicking.rs:645:5
[INFO] [stderr]     15:     0x55601cc224f5 - core::panicking::panic_fmt::hbf0e066aabfa482c
[INFO] [stderr]                                  at /rustc/82e1608dfa6e0b5569232559e3d385fea5a93112/library/core/src/panicking.rs:72:14
[INFO] [stderr]     16:     0x55601cc22ac3 - core::result::unwrap_failed::hddb4fea594200c52
[INFO] [stderr]                                  at /rustc/82e1608dfa6e0b5569232559e3d385fea5a93112/library/core/src/result.rs:1653:5
[INFO] [stderr]     17:     0x55601cc23ee2 - core::result::Result<T,E>::expect::h08c83f74688c52f3
[INFO] [stderr]     18:     0x55601cc260ab - build_script_build::main::hbf6c7350860a759b
[INFO] [stderr]     19:     0x55601cc23843 - core::ops::function::FnOnce::call_once::h5105053b40bb30ef
[INFO] [stderr]     20:     0x55601cc22e96 - std::sys_common::backtrace::__rust_begin_short_backtrace::h45c4a406f85147d0
[INFO] [stderr]     21:     0x55601cc23589 - std::rt::lang_start::{{closure}}::hbc3e8f93ba08c78e
[INFO] [stderr]     22:     0x55601d111a27 - core::ops::function::impls::<impl core::ops::function::FnOnce<A> for &F>::call_once::hd95060ecd5e1ca24
[INFO] [stderr]                                  at /rustc/82e1608dfa6e0b5569232559e3d385fea5a93112/library/core/src/ops/function.rs:284:13
[INFO] [stderr]     23:     0x55601d111a27 - std::panicking::try::do_call::h6e8cf51db32a6e4b
[INFO] [stderr]                                  at /rustc/82e1608dfa6e0b5569232559e3d385fea5a93112/library/std/src/panicking.rs:552:40
[INFO] [stderr]     24:     0x55601d111a27 - std::panicking::try::h3a52eefe24fe3c29
[INFO] [stderr]                                  at /rustc/82e1608dfa6e0b5569232559e3d385fea5a93112/library/std/src/panicking.rs:516:19
[INFO] [stderr]     25:     0x55601d111a27 - std::panic::catch_unwind::h24c28c23c02c3841
[INFO] [stderr]                                  at /rustc/82e1608dfa6e0b5569232559e3d385fea5a93112/library/std/src/panic.rs:142:14
[INFO] [stderr]     26:     0x55601d111a27 - std::rt::lang_start_internal::{{closure}}::h705d3c9cbc06ef47
[INFO] [stderr]                                  at /rustc/82e1608dfa6e0b5569232559e3d385fea5a93112/library/std/src/rt.rs:148:48
[INFO] [stderr]     27:     0x55601d111a27 - std::panicking::try::do_call::ha21f52ba13158470
[INFO] [stderr]                                  at /rustc/82e1608dfa6e0b5569232559e3d385fea5a93112/library/std/src/panicking.rs:552:40
[INFO] [stderr]     28:     0x55601d111a27 - std::panicking::try::h5581346bf6aeb1f8
[INFO] [stderr]                                  at /rustc/82e1608dfa6e0b5569232559e3d385fea5a93112/library/std/src/panicking.rs:516:19
[INFO] [stderr]     29:     0x55601d111a27 - std::panic::catch_unwind::h7919645a6b72e25b
[INFO] [stderr]                                  at /rustc/82e1608dfa6e0b5569232559e3d385fea5a93112/library/std/src/panic.rs:142:14
[INFO] [stderr]     30:     0x55601d111a27 - std::rt::lang_start_internal::h12de51168669836e
[INFO] [stderr]                                  at /rustc/82e1608dfa6e0b5569232559e3d385fea5a93112/library/std/src/rt.rs:148:20
[INFO] [stderr]     31:     0x55601cc23567 - std::rt::lang_start::h59452bc2ab40cee8
[INFO] [stderr]     32:     0x55601cc262c5 - main
[INFO] [stderr]     33:     0x7f945c3acd90 - <unknown>
[INFO] [stderr]     34:     0x7f945c3ace40 - __libc_start_main
[INFO] [stderr]     35:     0x55601cc22dc5 - _start
[INFO] [stderr]     36:                0x0 - <unknown>
[INFO] [stderr] warning: build failed, waiting for other jobs to finish...
[INFO] running `Command { std: "docker" "inspect" "26fb56f70ed988f444a540766b1201e2d0049e15435409c492f6c21ce1d9186e", kill_on_drop: false }`
[INFO] running `Command { std: "docker" "rm" "-f" "26fb56f70ed988f444a540766b1201e2d0049e15435409c492f6c21ce1d9186e", kill_on_drop: false }`
[INFO] [stdout] 26fb56f70ed988f444a540766b1201e2d0049e15435409c492f6c21ce1d9186e
[INFO] documenting ArrowMaxGithub/Rust-vJoy-Manager against beta-2023-12-22 for beta-1.76-rustdoc-1
[INFO] running `Command { std: "git" "clone" "/workspace/cache/git-repos/https%3A%2F%2Fgithub.com%2FArrowMaxGithub%2FRust-vJoy-Manager" "/workspace/builds/worker-7-tc2/source", kill_on_drop: false }`
[INFO] [stderr] Cloning into '/workspace/builds/worker-7-tc2/source'...
[INFO] [stderr] done.
[INFO] validating manifest of git repo https://github.com/ArrowMaxGithub/Rust-vJoy-Manager on toolchain beta-2023-12-22
[INFO] running `Command { std: CARGO_HOME="/workspace/cargo-home" RUSTUP_HOME="/workspace/rustup-home" "/workspace/cargo-home/bin/cargo" "+beta-2023-12-22" "metadata" "--manifest-path" "Cargo.toml" "--no-deps", kill_on_drop: false }`
[INFO] started tweaking git repo https://github.com/ArrowMaxGithub/Rust-vJoy-Manager
[INFO] finished tweaking git repo https://github.com/ArrowMaxGithub/Rust-vJoy-Manager
[INFO] tweaked toml for git repo https://github.com/ArrowMaxGithub/Rust-vJoy-Manager written to /workspace/builds/worker-7-tc2/source/Cargo.toml
[INFO] crate git repo https://github.com/ArrowMaxGithub/Rust-vJoy-Manager already has a lockfile, it will not be regenerated
[INFO] running `Command { std: CARGO_HOME="/workspace/cargo-home" RUSTUP_HOME="/workspace/rustup-home" "/workspace/cargo-home/bin/cargo" "+beta-2023-12-22" "fetch" "--manifest-path" "Cargo.toml", kill_on_drop: false }`
[INFO] running `Command { std: "docker" "create" "-v" "/var/lib/crater-agent-workspace/builds/worker-7-tc2/target:/opt/rustwide/target:rw,Z" "-v" "/var/lib/crater-agent-workspace/builds/worker-7-tc2/source:/opt/rustwide/workdir:ro,Z" "-v" "/var/lib/crater-agent-workspace/cargo-home:/opt/rustwide/cargo-home:ro,Z" "-v" "/var/lib/crater-agent-workspace/rustup-home:/opt/rustwide/rustup-home:ro,Z" "-e" "SOURCE_DIR=/opt/rustwide/workdir" "-e" "CARGO_TARGET_DIR=/opt/rustwide/target" "-e" "CARGO_HOME=/opt/rustwide/cargo-home" "-e" "RUSTUP_HOME=/opt/rustwide/rustup-home" "-w" "/opt/rustwide/workdir" "-m" "1610612736" "--user" "0:0" "--network" "none" "ghcr.io/rust-lang/crates-build-env/linux@sha256:2788e3201cd34a07e3172128adcd8b3090168a8e3bcc40d7c032b9dda1df7d1c" "/opt/rustwide/cargo-home/bin/cargo" "+beta-2023-12-22" "metadata" "--no-deps" "--format-version=1", kill_on_drop: false }`
[INFO] [stdout] b88217acd9bd9fa633eeb8b8987d584f2c04fffa9ffae084436aede3bdf35585
[INFO] running `Command { std: "docker" "start" "-a" "b88217acd9bd9fa633eeb8b8987d584f2c04fffa9ffae084436aede3bdf35585", kill_on_drop: false }`
[INFO] running `Command { std: "docker" "inspect" "b88217acd9bd9fa633eeb8b8987d584f2c04fffa9ffae084436aede3bdf35585", kill_on_drop: false }`
[INFO] running `Command { std: "docker" "rm" "-f" "b88217acd9bd9fa633eeb8b8987d584f2c04fffa9ffae084436aede3bdf35585", kill_on_drop: false }`
[INFO] [stdout] b88217acd9bd9fa633eeb8b8987d584f2c04fffa9ffae084436aede3bdf35585
[INFO] running `Command { std: "docker" "create" "-v" "/var/lib/crater-agent-workspace/builds/worker-7-tc2/target:/opt/rustwide/target:rw,Z" "-v" "/var/lib/crater-agent-workspace/builds/worker-7-tc2/source:/opt/rustwide/workdir:ro,Z" "-v" "/var/lib/crater-agent-workspace/cargo-home:/opt/rustwide/cargo-home:ro,Z" "-v" "/var/lib/crater-agent-workspace/rustup-home:/opt/rustwide/rustup-home:ro,Z" "-e" "SOURCE_DIR=/opt/rustwide/workdir" "-e" "CARGO_TARGET_DIR=/opt/rustwide/target" "-e" "CARGO_INCREMENTAL=0" "-e" "RUST_BACKTRACE=full" "-e" "RUSTFLAGS=--cap-lints=warn" "-e" "RUSTDOCFLAGS=--cap-lints=warn" "-e" "CARGO_HOME=/opt/rustwide/cargo-home" "-e" "RUSTUP_HOME=/opt/rustwide/rustup-home" "-w" "/opt/rustwide/workdir" "-m" "1610612736" "--user" "0:0" "--network" "none" "ghcr.io/rust-lang/crates-build-env/linux@sha256:2788e3201cd34a07e3172128adcd8b3090168a8e3bcc40d7c032b9dda1df7d1c" "/opt/rustwide/cargo-home/bin/cargo" "+beta-2023-12-22" "doc" "--frozen" "--no-deps" "--document-private-items" "--message-format=json", kill_on_drop: false }`
[INFO] [stdout] 11cc623cb8bdb3e8beb5cff8a455559dec0289f14b43faac22a8ba74c8cbcea1
[INFO] running `Command { std: "docker" "start" "-a" "11cc623cb8bdb3e8beb5cff8a455559dec0289f14b43faac22a8ba74c8cbcea1", kill_on_drop: false }`
[INFO] [stderr]    Compiling libc v0.2.140
[INFO] [stderr]    Compiling proc-macro2 v1.0.55
[INFO] [stderr]    Compiling unicode-ident v1.0.8
[INFO] [stderr]    Compiling quote v1.0.26
[INFO] [stderr]     Checking scopeguard v1.1.0
[INFO] [stderr]     Checking smallvec v1.10.0
[INFO] [stderr]     Checking libloading v0.7.4
[INFO] [stderr]    Compiling memoffset v0.6.5
[INFO] [stderr]     Checking once_cell v1.17.1
[INFO] [stderr]    Compiling pkg-config v0.3.26
[INFO] [stderr]    Compiling syn v1.0.109
[INFO] [stderr]    Compiling xml-rs v0.8.4
[INFO] [stderr]    Compiling lock_api v0.4.9
[INFO] [stderr]    Compiling cfg-if v1.0.0
[INFO] [stderr]     Checking bytemuck v1.13.1
[INFO] [stderr]     Checking log v0.4.19
[INFO] [stderr]    Compiling crossbeam-utils v0.8.15
[INFO] [stderr]    Compiling thiserror v1.0.40
[INFO] [stderr]     Checking dlib v0.5.0
[INFO] [stderr]    Compiling num-traits v0.2.15
[INFO] [stderr]    Compiling wayland-sys v0.29.5
[INFO] [stderr]    Compiling memoffset v0.8.0
[INFO] [stderr]    Compiling syn v2.0.13
[INFO] [stderr]    Compiling wayland-scanner v0.29.5
[INFO] [stderr]     Checking adler v1.0.2
[INFO] [stderr]     Checking miniz_oxide v0.6.2
[INFO] [stderr]    Compiling crossbeam-epoch v0.9.14
[INFO] [stderr]     Checking nix v0.24.3
[INFO] [stderr]     Checking ttf-parser v0.18.1
[INFO] [stderr]    Compiling memchr v2.5.0
[INFO] [stderr]    Compiling parking_lot_core v0.9.7
[INFO] [stderr]    Compiling glob v0.3.1
[INFO] [stderr]    Compiling wayland-client v0.29.5
[INFO] [stderr]    Compiling slotmap v1.0.6
[INFO] [stderr]    Compiling clang-sys v1.6.1
[INFO] [stderr]     Checking scoped-tls v1.0.1
[INFO] [stderr]     Checking downcast-rs v1.2.0
[INFO] [stderr]     Checking minimal-lexical v0.2.1
[INFO] [stderr]     Checking ab_glyph_rasterizer v0.1.8
[INFO] [stderr]    Compiling serde_derive v1.0.160
[INFO] [stderr]     Checking nom v7.1.3
[INFO] [stderr]     Checking owned_ttf_parser v0.18.1
[INFO] [stderr]     Checking flate2 v1.0.25
[INFO] [stderr]     Checking ab_glyph v0.2.20
[INFO] [stderr]    Compiling wayland-protocols v0.29.5
[INFO] [stderr]    Compiling thiserror-impl v1.0.40
[INFO] [stderr]    Compiling ahash v0.8.3
[INFO] [stderr]    Compiling serde v1.0.160
[INFO] [stderr]     Checking wayland-commons v0.29.5
[INFO] [stderr]    Compiling rayon-core v1.11.0
[INFO] [stderr]     Checking xcursor v0.3.4
[INFO] [stderr]     Checking parking_lot v0.12.1
[INFO] [stderr]     Checking crossbeam-deque v0.8.3
[INFO] [stderr]     Checking crossbeam-channel v0.5.7
[INFO] [stderr]     Checking nix v0.25.1
[INFO] [stderr]     Checking num_cpus v1.15.0
[INFO] [stderr]    Compiling smithay-client-toolkit v0.16.0
[INFO] [stderr]    Compiling bindgen v0.64.0
[INFO] [stderr]     Checking vec_map v0.8.2
[INFO] [stderr]    Compiling regex-syntax v0.6.29
[INFO] [stderr]    Compiling io-lifetimes v1.0.10
[INFO] [stderr]    Compiling either v1.8.1
[INFO] [stderr]    Compiling which v4.4.0
[INFO] [stderr]    Compiling cexpr v0.6.0
[INFO] [stderr]     Checking calloop v0.10.5
[INFO] [stderr]     Checking wayland-cursor v0.29.5
[INFO] [stderr]     Checking png v0.17.7
[INFO] [stderr]     Checking memmap2 v0.5.10
[INFO] [stderr]    Compiling cmake v0.1.50
[INFO] [stderr]     Checking tracing-core v0.1.30
[INFO] [stderr]    Compiling num-rational v0.4.1
[INFO] [stderr]    Compiling regex v1.7.3
[INFO] [stderr]    Compiling lazy_static v1.4.0
[INFO] [stderr]    Compiling rustix v0.37.7
[INFO] [stderr]    Compiling bitflags v1.3.2
[INFO] [stderr]    Compiling futures-core v0.3.28
[INFO] [stderr]    Compiling version-compare v0.1.1
[INFO] [stderr]    Compiling ash v0.37.3+1.3.251
[INFO] [stderr]    Compiling peeking_take_while v0.1.2
[INFO] [stderr]     Checking strict-num v0.1.0
[INFO] [stderr]     Checking pin-project-lite v0.2.9
[INFO] [stderr]    Compiling rustc-hash v1.1.0
[INFO] [stderr]    Compiling shlex v1.1.0
[INFO] [stderr]    Compiling lazycell v1.3.0
[INFO] [stderr]     Checking nohash-hasher v0.2.0
[INFO] [stderr]     Checking ecolor v0.21.0
[INFO] [stderr]     Checking percent-encoding v2.2.0
[INFO] [stderr]    Compiling paste v1.0.12
[INFO] [stderr]     Checking emath v0.21.0
[INFO] [stderr]     Checking tracing v0.1.37
[INFO] [stderr]     Checking tiny-skia-path v0.8.3
[INFO] [stderr]     Checking epaint v0.21.0
[INFO] [stderr]    Compiling sdl2-sys v0.35.2
[INFO] [stderr]    Compiling pin-project-internal v1.0.12
[INFO] [stderr]     Checking num-integer v0.1.45
[INFO] [stderr]     Checking unicode-normalization v0.1.22
[INFO] [stderr]     Checking getrandom v0.2.9
[INFO] [stderr]    Compiling x11-dl v2.21.0
[INFO] [stderr]     Checking safe_arch v0.6.0
[INFO] [stderr]     Checking arrayvec v0.7.2
[INFO] [stderr]     Checking raw-window-handle v0.5.2
[INFO] [stderr]    Compiling cfg_aliases v0.1.1
[INFO] [stderr]     Checking unicode-bidi v0.3.13
[INFO] [stderr]     Checking linux-raw-sys v0.3.1
[INFO] [stderr]    Compiling rustversion v1.0.12
[INFO] [stderr]     Checking idna v0.3.0
[INFO] [stderr]     Checking rayon v1.7.0
[INFO] [stderr]     Checking tiny-skia v0.8.3
[INFO] [stderr]     Checking pin-project v1.0.12
[INFO] [stderr]    Compiling winit v0.28.3
[INFO] [stderr]     Checking wide v0.7.8
[INFO] [stderr]     Checking nanorand v0.7.0
[INFO] [stderr]     Checking egui v0.21.0
[INFO] [stderr]     Checking form_urlencoded v1.1.0
[INFO] [stderr]     Checking x11rb-protocol v0.10.0
[INFO] [stderr]     Checking approx v0.5.1
[INFO] [stderr]     Checking num-complex v0.4.3
[INFO] [stderr]     Checking gethostname v0.2.3
[INFO] [stderr]     Checking dirs-sys v0.3.7
[INFO] [stderr]    Compiling vma v0.3.0
[INFO] [stderr]     Checking spin v0.9.8
[INFO] [stderr]     Checking aho-corasick v0.7.20
[INFO] [stderr]     Checking simd-adler32 v0.3.5
[INFO] [stderr]     Checking futures-sink v0.3.28
[INFO] [stderr]     Checking weezl v0.1.7
[INFO] [stderr]     Checking rawpointer v0.2.1
[INFO] [stderr]     Checking matrixmultiply v0.3.2
[INFO] [stderr]     Checking flume v0.10.14
[INFO] [stderr]     Checking zune-inflate v0.2.53
[INFO] [stderr]     Checking simba v0.8.1
[INFO] [stderr]     Checking dirs v4.0.0
[INFO] [stderr]     Checking url v2.3.1
[INFO] [stderr]     Checking jpeg-decoder v0.3.0
[INFO] [stderr]    Compiling vjoy-sys v0.4.1
[INFO] [stderr]     Checking x11rb v0.10.1
[INFO] [stderr]     Checking toml_datetime v0.6.1
[INFO] [stderr]     Checking serde_spanned v0.6.1
[INFO] [stderr]     Checking is-terminal v0.4.7
[INFO] [stderr]    Compiling profiling-procmacros v1.0.8
[INFO] [stderr] error: failed to run custom build command for `vjoy-sys v0.4.1`
[INFO] [stderr] note: To improve backtraces for build dependencies, set the CARGO_PROFILE_DEV_BUILD_OVERRIDE_DEBUG=true environment variable to enable debug information generation.
[INFO] [stderr] 
[INFO] [stderr] Caused by:
[INFO] [stderr]   process didn't exit successfully: `/opt/rustwide/target/debug/build/vjoy-sys-f20d8757ce25484f/build-script-build` (exit status: 101)
[INFO] [stderr]   --- stdout
[INFO] [stderr]   cargo:rustc-link-lib[KIND:dylib]=vJoyInterface
[INFO] [stderr]   cargo:rerun-if-changed=vjoy/wrapper.h
[INFO] [stderr] 
[INFO] [stderr]   --- stderr
[INFO] [stderr]   vjoy/vjoyinterface.h:128:15: warning: '__stdcall' calling convention is not supported for this target [-Wignored-attributes]
[INFO] [stderr]   vjoy/vjoyinterface.h:276:15: warning: '__stdcall' calling convention is not supported for this target [-Wignored-attributes]
[INFO] [stderr]   vjoy/vjoyinterface.h:293:2: error: '__declspec' attributes are not enabled; use '-fdeclspec' or '-fms-extensions' to enable support for __declspec attributes
[INFO] [stderr]   vjoy/vjoyinterface.h:294:2: error: '__declspec' attributes are not enabled; use '-fdeclspec' or '-fms-extensions' to enable support for __declspec attributes
[INFO] [stderr]   vjoy/vjoyinterface.h:295:2: error: '__declspec' attributes are not enabled; use '-fdeclspec' or '-fms-extensions' to enable support for __declspec attributes
[INFO] [stderr]   vjoy/vjoyinterface.h:296:2: error: '__declspec' attributes are not enabled; use '-fdeclspec' or '-fms-extensions' to enable support for __declspec attributes
[INFO] [stderr]   vjoy/vjoyinterface.h:297:2: error: '__declspec' attributes are not enabled; use '-fdeclspec' or '-fms-extensions' to enable support for __declspec attributes
[INFO] [stderr]   vjoy/vjoyinterface.h:298:2: error: '__declspec' attributes are not enabled; use '-fdeclspec' or '-fms-extensions' to enable support for __declspec attributes
[INFO] [stderr]   vjoy/vjoyinterface.h:299:2: error: '__declspec' attributes are not enabled; use '-fdeclspec' or '-fms-extensions' to enable support for __declspec attributes
[INFO] [stderr]   vjoy/vjoyinterface.h:300:2: error: '__declspec' attributes are not enabled; use '-fdeclspec' or '-fms-extensions' to enable support for __declspec attributes
[INFO] [stderr]   vjoy/vjoyinterface.h:301:2: error: '__declspec' attributes are not enabled; use '-fdeclspec' or '-fms-extensions' to enable support for __declspec attributes
[INFO] [stderr]   vjoy/vjoyinterface.h:302:2: error: '__declspec' attributes are not enabled; use '-fdeclspec' or '-fms-extensions' to enable support for __declspec attributes
[INFO] [stderr]   vjoy/vjoyinterface.h:306:2: error: '__declspec' attributes are not enabled; use '-fdeclspec' or '-fms-extensions' to enable support for __declspec attributes
[INFO] [stderr]   vjoy/vjoyinterface.h:307:2: error: '__declspec' attributes are not enabled; use '-fdeclspec' or '-fms-extensions' to enable support for __declspec attributes
[INFO] [stderr]   vjoy/vjoyinterface.h:308:2: error: '__declspec' attributes are not enabled; use '-fdeclspec' or '-fms-extensions' to enable support for __declspec attributes
[INFO] [stderr]   vjoy/vjoyinterface.h:309:2: error: '__declspec' attributes are not enabled; use '-fdeclspec' or '-fms-extensions' to enable support for __declspec attributes
[INFO] [stderr]   vjoy/vjoyinterface.h:310:2: error: '__declspec' attributes are not enabled; use '-fdeclspec' or '-fms-extensions' to enable support for __declspec attributes
[INFO] [stderr]   vjoy/vjoyinterface.h:311:2: error: '__declspec' attributes are not enabled; use '-fdeclspec' or '-fms-extensions' to enable support for __declspec attributes
[INFO] [stderr]   vjoy/vjoyinterface.h:312:2: error: '__declspec' attributes are not enabled; use '-fdeclspec' or '-fms-extensions' to enable support for __declspec attributes
[INFO] [stderr]   vjoy/vjoyinterface.h:314:2: error: '__declspec' attributes are not enabled; use '-fdeclspec' or '-fms-extensions' to enable support for __declspec attributes
[INFO] [stderr]   vjoy/vjoyinterface.h:316:2: error: '__declspec' attributes are not enabled; use '-fdeclspec' or '-fms-extensions' to enable support for __declspec attributes
[INFO] [stderr]   fatal error: too many errors emitted, stopping now [-ferror-limit=]
[INFO] [stderr]   clang diag: vjoy/vjoyinterface.h:128:15: warning: '__stdcall' calling convention is not supported for this target [-Wignored-attributes]
[INFO] [stderr]   clang diag: vjoy/vjoyinterface.h:276:15: warning: '__stdcall' calling convention is not supported for this target [-Wignored-attributes]
[INFO] [stderr]   thread 'main' panicked at /opt/rustwide/cargo-home/registry/src/index.crates.io-6f17d22bba15001f/vjoy-sys-0.4.1/build.rs:56:10:
[INFO] [stderr]   Unable to generate bindings: ClangDiagnostic("vjoy/vjoyinterface.h:293:2: error: '__declspec' attributes are not enabled; use '-fdeclspec' or '-fms-extensions' to enable support for __declspec attributes\nvjoy/vjoyinterface.h:294:2: error: '__declspec' attributes are not enabled; use '-fdeclspec' or '-fms-extensions' to enable support for __declspec attributes\nvjoy/vjoyinterface.h:295:2: error: '__declspec' attributes are not enabled; use '-fdeclspec' or '-fms-extensions' to enable support for __declspec attributes\nvjoy/vjoyinterface.h:296:2: error: '__declspec' attributes are not enabled; use '-fdeclspec' or '-fms-extensions' to enable support for __declspec attributes\nvjoy/vjoyinterface.h:297:2: error: '__declspec' attributes are not enabled; use '-fdeclspec' or '-fms-extensions' to enable support for __declspec attributes\nvjoy/vjoyinterface.h:298:2: error: '__declspec' attributes are not enabled; use '-fdeclspec' or '-fms-extensions' to enable support for __declspec attributes\nvjoy/vjoyinterface.h:299:2: error: '__declspec' attributes are not enabled; use '-fdeclspec' or '-fms-extensions' to enable support for __declspec attributes\nvjoy/vjoyinterface.h:300:2: error: '__declspec' attributes are not enabled; use '-fdeclspec' or '-fms-extensions' to enable support for __declspec attributes\nvjoy/vjoyinterface.h:301:2: error: '__declspec' attributes are not enabled; use '-fdeclspec' or '-fms-extensions' to enable support for __declspec attributes\nvjoy/vjoyinterface.h:302:2: error: '__declspec' attributes are not enabled; use '-fdeclspec' or '-fms-extensions' to enable support for __declspec attributes\nvjoy/vjoyinterface.h:306:2: error: '__declspec' attributes are not enabled; use '-fdeclspec' or '-fms-extensions' to enable support for __declspec attributes\nvjoy/vjoyinterface.h:307:2: error: '__declspec' attributes are not enabled; use '-fdeclspec' or '-fms-extensions' to enable support for __declspec attributes\nvjoy/vjoyinterface.h:308:2: error: '__declspec' attributes are not enabled; use '-fdeclspec' or '-fms-extensions' to enable support for __declspec attributes\nvjoy/vjoyinterface.h:309:2: error: '__declspec' attributes are not enabled; use '-fdeclspec' or '-fms-extensions' to enable support for __declspec attributes\nvjoy/vjoyinterface.h:310:2: error: '__declspec' attributes are not enabled; use '-fdeclspec' or '-fms-extensions' to enable support for __declspec attributes\nvjoy/vjoyinterface.h:311:2: error: '__declspec' attributes are not enabled; use '-fdeclspec' or '-fms-extensions' to enable support for __declspec attributes\nvjoy/vjoyinterface.h:312:2: error: '__declspec' attributes are not enabled; use '-fdeclspec' or '-fms-extensions' to enable support for __declspec attributes\nvjoy/vjoyinterface.h:314:2: error: '__declspec' attributes are not enabled; use '-fdeclspec' or '-fms-extensions' to enable support for __declspec attributes\nvjoy/vjoyinterface.h:316:2: error: '__declspec' attributes are not enabled; use '-fdeclspec' or '-fms-extensions' to enable support for __declspec attributes\nfatal error: too many errors emitted, stopping now [-ferror-limit=]\n")
[INFO] [stderr]   stack backtrace:
[INFO] [stderr]      0:     0x563748675746 - std::backtrace_rs::backtrace::libunwind::trace::h261606ad26a499c1
[INFO] [stderr]                                  at /rustc/0e09125c6c3c2fd70d7de961bcf0e51575235fad/library/std/src/../../backtrace/src/backtrace/libunwind.rs:104:5
[INFO] [stderr]      1:     0x563748675746 - std::backtrace_rs::backtrace::trace_unsynchronized::hd183f0625477fb28
[INFO] [stderr]                                  at /rustc/0e09125c6c3c2fd70d7de961bcf0e51575235fad/library/std/src/../../backtrace/src/backtrace/mod.rs:66:5
[INFO] [stderr]      2:     0x563748675746 - std::sys_common::backtrace::_print_fmt::hd7f8fef21b4eda67
[INFO] [stderr]                                  at /rustc/0e09125c6c3c2fd70d7de961bcf0e51575235fad/library/std/src/sys_common/backtrace.rs:68:5
[INFO] [stderr]      3:     0x563748675746 - <std::sys_common::backtrace::_print::DisplayBacktrace as core::fmt::Display>::fmt::h623d9b51f2f453f1
[INFO] [stderr]                                  at /rustc/0e09125c6c3c2fd70d7de961bcf0e51575235fad/library/std/src/sys_common/backtrace.rs:44:22
[INFO] [stderr]      4:     0x56374869f030 - core::fmt::rt::Argument::fmt::h9f417ac76a86f368
[INFO] [stderr]                                  at /rustc/0e09125c6c3c2fd70d7de961bcf0e51575235fad/library/core/src/fmt/rt.rs:142:9
[INFO] [stderr]      5:     0x56374869f030 - core::fmt::write::hc9b6faf4ac2aeff7
[INFO] [stderr]                                  at /rustc/0e09125c6c3c2fd70d7de961bcf0e51575235fad/library/core/src/fmt/mod.rs:1120:17
[INFO] [stderr]      6:     0x563748672ebf - std::io::Write::write_fmt::hfead1eee52c2e65e
[INFO] [stderr]                                  at /rustc/0e09125c6c3c2fd70d7de961bcf0e51575235fad/library/std/src/io/mod.rs:1810:15
[INFO] [stderr]      7:     0x563748675524 - std::sys_common::backtrace::_print::hd5d66399c7df88a2
[INFO] [stderr]                                  at /rustc/0e09125c6c3c2fd70d7de961bcf0e51575235fad/library/std/src/sys_common/backtrace.rs:47:5
[INFO] [stderr]      8:     0x563748675524 - std::sys_common::backtrace::print::he81ed2da642d37e5
[INFO] [stderr]                                  at /rustc/0e09125c6c3c2fd70d7de961bcf0e51575235fad/library/std/src/sys_common/backtrace.rs:34:9
[INFO] [stderr]      9:     0x563748676bf7 - std::panicking::default_hook::{{closure}}::h85773f4fa117163d
[INFO] [stderr]     10:     0x563748676959 - std::panicking::default_hook::h6a1694a91d09b278
[INFO] [stderr]                                  at /rustc/0e09125c6c3c2fd70d7de961bcf0e51575235fad/library/std/src/panicking.rs:292:9
[INFO] [stderr]     11:     0x563748677088 - std::panicking::rust_panic_with_hook::h0a7ad96e90f7145b
[INFO] [stderr]                                  at /rustc/0e09125c6c3c2fd70d7de961bcf0e51575235fad/library/std/src/panicking.rs:779:13
[INFO] [stderr]     12:     0x563748676f62 - std::panicking::begin_panic_handler::{{closure}}::h7919090525c6485e
[INFO] [stderr]                                  at /rustc/0e09125c6c3c2fd70d7de961bcf0e51575235fad/library/std/src/panicking.rs:657:13
[INFO] [stderr]     13:     0x563748675c46 - std::sys_common::backtrace::__rust_end_short_backtrace::hf3289479464f7dfe
[INFO] [stderr]                                  at /rustc/0e09125c6c3c2fd70d7de961bcf0e51575235fad/library/std/src/sys_common/backtrace.rs:171:18
[INFO] [stderr]     14:     0x563748676cc0 - rust_begin_unwind
[INFO] [stderr]                                  at /rustc/0e09125c6c3c2fd70d7de961bcf0e51575235fad/library/std/src/panicking.rs:645:5
[INFO] [stderr]     15:     0x5637481664f5 - core::panicking::panic_fmt::hcc9f77c5c132af55
[INFO] [stderr]                                  at /rustc/0e09125c6c3c2fd70d7de961bcf0e51575235fad/library/core/src/panicking.rs:72:14
[INFO] [stderr]     16:     0x563748166ad3 - core::result::unwrap_failed::hbe14f498be1452f9
[INFO] [stderr]                                  at /rustc/0e09125c6c3c2fd70d7de961bcf0e51575235fad/library/core/src/result.rs:1649:5
[INFO] [stderr]     17:     0x563748167ed0 - core::result::Result<T,E>::expect::h8bd86e1dcd479d28
[INFO] [stderr]     18:     0x56374816a0fb - build_script_build::main::h1802fb9be0aba6c0
[INFO] [stderr]     19:     0x5637481677f3 - core::ops::function::FnOnce::call_once::h866b84bb0f1a7b39
[INFO] [stderr]     20:     0x563748166ea6 - std::sys_common::backtrace::__rust_begin_short_backtrace::h7b8d897dd34f5eb7
[INFO] [stderr]     21:     0x563748167589 - std::rt::lang_start::{{closure}}::h040b0410a7e37a42
[INFO] [stderr]     22:     0x56374866e5f1 - core::ops::function::impls::<impl core::ops::function::FnOnce<A> for &F>::call_once::h4eb4c5e1620f29b0
[INFO] [stderr]                                  at /rustc/0e09125c6c3c2fd70d7de961bcf0e51575235fad/library/core/src/ops/function.rs:284:13
[INFO] [stderr]     23:     0x56374866e5f1 - std::panicking::try::do_call::h73fd26535faffcdf
[INFO] [stderr]                                  at /rustc/0e09125c6c3c2fd70d7de961bcf0e51575235fad/library/std/src/panicking.rs:552:40
[INFO] [stderr]     24:     0x56374866e5f1 - std::panicking::try::h77ff1d98f0fb9f39
[INFO] [stderr]                                  at /rustc/0e09125c6c3c2fd70d7de961bcf0e51575235fad/library/std/src/panicking.rs:516:19
[INFO] [stderr]     25:     0x56374866e5f1 - std::panic::catch_unwind::hab3caf2448b95e37
[INFO] [stderr]                                  at /rustc/0e09125c6c3c2fd70d7de961bcf0e51575235fad/library/std/src/panic.rs:142:14
[INFO] [stderr]     26:     0x56374866e5f1 - std::rt::lang_start_internal::{{closure}}::h8086711f9c783f78
[INFO] [stderr]                                  at /rustc/0e09125c6c3c2fd70d7de961bcf0e51575235fad/library/std/src/rt.rs:148:48
[INFO] [stderr]     27:     0x56374866e5f1 - std::panicking::try::do_call::hf920d4dc291cd6ca
[INFO] [stderr]                                  at /rustc/0e09125c6c3c2fd70d7de961bcf0e51575235fad/library/std/src/panicking.rs:552:40
[INFO] [stderr]     28:     0x56374866e5f1 - std::panicking::try::h2b806ccc0a85db74
[INFO] [stderr]                                  at /rustc/0e09125c6c3c2fd70d7de961bcf0e51575235fad/library/std/src/panicking.rs:516:19
[INFO] [stderr]     29:     0x56374866e5f1 - std::panic::catch_unwind::h038489539c507df2
[INFO] [stderr]                                  at /rustc/0e09125c6c3c2fd70d7de961bcf0e51575235fad/library/std/src/panic.rs:142:14
[INFO] [stderr]     30:     0x56374866e5f1 - std::rt::lang_start_internal::h28503b88912e8a5c
[INFO] [stderr]                                  at /rustc/0e09125c6c3c2fd70d7de961bcf0e51575235fad/library/std/src/rt.rs:148:20
[INFO] [stderr]     31:     0x563748167567 - std::rt::lang_start::h6de1634eefa2fd88
[INFO] [stderr]     32:     0x56374816a305 - main
[INFO] [stderr]     33:     0x7f19a1d23d90 - <unknown>
[INFO] [stderr]     34:     0x7f19a1d23e40 - __libc_start_main
[INFO] [stderr]     35:     0x563748166dd5 - _start
[INFO] [stderr]     36:                0x0 - <unknown>
[INFO] [stderr] warning: build failed, waiting for other jobs to finish...
[INFO] running `Command { std: "docker" "inspect" "11cc623cb8bdb3e8beb5cff8a455559dec0289f14b43faac22a8ba74c8cbcea1", kill_on_drop: false }`
[INFO] running `Command { std: "docker" "rm" "-f" "11cc623cb8bdb3e8beb5cff8a455559dec0289f14b43faac22a8ba74c8cbcea1", kill_on_drop: false }`
[INFO] [stdout] 11cc623cb8bdb3e8beb5cff8a455559dec0289f14b43faac22a8ba74c8cbcea1
