[INFO] cloning repository https://github.com/Archsx/learn-actix-demo
[INFO] running `Command { std: "git" "-c" "credential.helper=" "-c" "credential.helper=/workspace/cargo-home/bin/git-credential-null" "clone" "--bare" "https://github.com/Archsx/learn-actix-demo" "/workspace/cache/git-repos/https%3A%2F%2Fgithub.com%2FArchsx%2Flearn-actix-demo", kill_on_drop: false }`
[INFO] [stderr] Cloning into bare repository '/workspace/cache/git-repos/https%3A%2F%2Fgithub.com%2FArchsx%2Flearn-actix-demo'...
[INFO] running `Command { std: "git" "rev-parse" "HEAD", kill_on_drop: false }`
[INFO] [stdout] 712d6f297ce2d8b77debf826ccbdd289e94b7bf7
[INFO] documenting Archsx/learn-actix-demo against 1.75.0 for beta-1.76-rustdoc-1
[INFO] running `Command { std: "git" "clone" "/workspace/cache/git-repos/https%3A%2F%2Fgithub.com%2FArchsx%2Flearn-actix-demo" "/workspace/builds/worker-4-tc1/source", kill_on_drop: false }`
[INFO] [stderr] Cloning into '/workspace/builds/worker-4-tc1/source'...
[INFO] [stderr] done.
[INFO] validating manifest of git repo https://github.com/Archsx/learn-actix-demo on toolchain 1.75.0
[INFO] running `Command { std: CARGO_HOME="/workspace/cargo-home" RUSTUP_HOME="/workspace/rustup-home" "/workspace/cargo-home/bin/cargo" "+1.75.0" "metadata" "--manifest-path" "Cargo.toml" "--no-deps", kill_on_drop: false }`
[INFO] started tweaking git repo https://github.com/Archsx/learn-actix-demo
[INFO] finished tweaking git repo https://github.com/Archsx/learn-actix-demo
[INFO] tweaked toml for git repo https://github.com/Archsx/learn-actix-demo written to /workspace/builds/worker-4-tc1/source/Cargo.toml
[INFO] crate git repo https://github.com/Archsx/learn-actix-demo already has a lockfile, it will not be regenerated
[INFO] running `Command { std: CARGO_HOME="/workspace/cargo-home" RUSTUP_HOME="/workspace/rustup-home" "/workspace/cargo-home/bin/cargo" "+1.75.0" "fetch" "--manifest-path" "Cargo.toml", kill_on_drop: false }`
[INFO] [stderr] warning: virtual workspace defaulting to `resolver = "1"` despite one or more workspace members being on edition 2021 which implies `resolver = "2"`
[INFO] [stderr] note: to keep the current resolver, specify `workspace.resolver = "1"` in the workspace root's manifest
[INFO] [stderr] note: to use the edition 2021 resolver, specify `workspace.resolver = "2"` in the workspace root's manifest
[INFO] [stderr] note: for more details see https://doc.rust-lang.org/cargo/reference/resolver.html#resolver-versions
[INFO] [stderr]  Downloading crates ...
[INFO] [stderr]   Downloaded stringprep v0.1.3
[INFO] running `Command { std: "docker" "create" "-v" "/var/lib/crater-agent-workspace/builds/worker-4-tc1/target:/opt/rustwide/target:rw,Z" "-v" "/var/lib/crater-agent-workspace/builds/worker-4-tc1/source:/opt/rustwide/workdir:ro,Z" "-v" "/var/lib/crater-agent-workspace/cargo-home:/opt/rustwide/cargo-home:ro,Z" "-v" "/var/lib/crater-agent-workspace/rustup-home:/opt/rustwide/rustup-home:ro,Z" "-e" "SOURCE_DIR=/opt/rustwide/workdir" "-e" "CARGO_TARGET_DIR=/opt/rustwide/target" "-e" "CARGO_HOME=/opt/rustwide/cargo-home" "-e" "RUSTUP_HOME=/opt/rustwide/rustup-home" "-w" "/opt/rustwide/workdir" "-m" "1610612736" "--user" "0:0" "--network" "none" "ghcr.io/rust-lang/crates-build-env/linux@sha256:2788e3201cd34a07e3172128adcd8b3090168a8e3bcc40d7c032b9dda1df7d1c" "/opt/rustwide/cargo-home/bin/cargo" "+1.75.0" "metadata" "--no-deps" "--format-version=1", kill_on_drop: false }`
[INFO] [stdout] c048126bf510d9c0718627a66c4632b2b3b797ae0e7c75e168de6e6d8d571f08
[INFO] running `Command { std: "docker" "start" "-a" "c048126bf510d9c0718627a66c4632b2b3b797ae0e7c75e168de6e6d8d571f08", kill_on_drop: false }`
[INFO] running `Command { std: "docker" "inspect" "c048126bf510d9c0718627a66c4632b2b3b797ae0e7c75e168de6e6d8d571f08", kill_on_drop: false }`
[INFO] running `Command { std: "docker" "rm" "-f" "c048126bf510d9c0718627a66c4632b2b3b797ae0e7c75e168de6e6d8d571f08", kill_on_drop: false }`
[INFO] [stdout] c048126bf510d9c0718627a66c4632b2b3b797ae0e7c75e168de6e6d8d571f08
[INFO] running `Command { std: "docker" "create" "-v" "/var/lib/crater-agent-workspace/builds/worker-4-tc1/target:/opt/rustwide/target:rw,Z" "-v" "/var/lib/crater-agent-workspace/builds/worker-4-tc1/source:/opt/rustwide/workdir:ro,Z" "-v" "/var/lib/crater-agent-workspace/cargo-home:/opt/rustwide/cargo-home:ro,Z" "-v" "/var/lib/crater-agent-workspace/rustup-home:/opt/rustwide/rustup-home:ro,Z" "-e" "SOURCE_DIR=/opt/rustwide/workdir" "-e" "CARGO_TARGET_DIR=/opt/rustwide/target" "-e" "CARGO_INCREMENTAL=0" "-e" "RUST_BACKTRACE=full" "-e" "RUSTFLAGS=--cap-lints=warn" "-e" "RUSTDOCFLAGS=--cap-lints=warn" "-e" "CARGO_HOME=/opt/rustwide/cargo-home" "-e" "RUSTUP_HOME=/opt/rustwide/rustup-home" "-w" "/opt/rustwide/workdir" "-m" "1610612736" "--user" "0:0" "--network" "none" "ghcr.io/rust-lang/crates-build-env/linux@sha256:2788e3201cd34a07e3172128adcd8b3090168a8e3bcc40d7c032b9dda1df7d1c" "/opt/rustwide/cargo-home/bin/cargo" "+1.75.0" "doc" "--frozen" "--no-deps" "--document-private-items" "--message-format=json", kill_on_drop: false }`
[INFO] [stdout] bbe8d2ae70df2a43fd02f6a9a4e8becd7b86f89fbfa7e371637aa1c588383164
[INFO] running `Command { std: "docker" "start" "-a" "bbe8d2ae70df2a43fd02f6a9a4e8becd7b86f89fbfa7e371637aa1c588383164", kill_on_drop: false }`
[INFO] [stderr] warning: virtual workspace defaulting to `resolver = "1"` despite one or more workspace members being on edition 2021 which implies `resolver = "2"`
[INFO] [stderr] note: to keep the current resolver, specify `workspace.resolver = "1"` in the workspace root's manifest
[INFO] [stderr] note: to use the edition 2021 resolver, specify `workspace.resolver = "2"` in the workspace root's manifest
[INFO] [stderr] note: for more details see https://doc.rust-lang.org/cargo/reference/resolver.html#resolver-versions
[INFO] [stderr]    Compiling proc-macro2 v1.0.64
[INFO] [stderr]    Compiling unicode-ident v1.0.10
[INFO] [stderr]    Compiling quote v1.0.29
[INFO] [stderr]     Checking pin-project-lite v0.2.10
[INFO] [stderr]    Compiling once_cell v1.18.0
[INFO] [stderr]    Compiling libc v0.2.147
[INFO] [stderr]    Compiling tokio v1.29.1
[INFO] [stderr]     Checking log v0.4.19
[INFO] [stderr]    Compiling serde v1.0.171
[INFO] [stderr]     Checking lock_api v0.4.10
[INFO] [stderr]    Compiling futures-task v0.3.28
[INFO] [stderr]    Compiling ahash v0.7.6
[INFO] [stderr]    Compiling bytes v1.4.0
[INFO] [stderr]    Compiling futures-util v0.3.28
[INFO] [stderr]    Compiling generic-array v0.14.7
[INFO] [stderr]    Compiling parking_lot_core v0.8.6
[INFO] [stderr]     Checking itoa v1.0.8
[INFO] [stderr]     Checking mio v0.8.8
[INFO] [stderr]    Compiling scopeguard v1.1.0
[INFO] [stderr]     Checking parking_lot v0.12.1
[INFO] [stderr]     Checking subtle v2.5.0
[INFO] [stderr]    Compiling spin v0.5.2
[INFO] [stderr]    Compiling untrusted v0.7.1
[INFO] [stderr]     Checking digest v0.10.7
[INFO] [stderr]     Checking tracing-core v0.1.31
[INFO] [stderr]    Compiling tinyvec_macros v0.1.1
[INFO] [stderr]    Compiling serde_json v1.0.100
[INFO] [stderr]    Compiling syn v1.0.109
[INFO] [stderr]    Compiling futures-core v0.3.28
[INFO] [stderr]    Compiling tinyvec v1.6.0
[INFO] [stderr]    Compiling thiserror v1.0.43
[INFO] [stderr]    Compiling crossbeam-queue v0.3.8
[INFO] [stderr]    Compiling instant v0.1.12
[INFO] [stderr]    Compiling base64 v0.13.1
[INFO] [stderr]    Compiling unicode-bidi v0.3.13
[INFO] [stderr]    Compiling num-traits v0.2.15
[INFO] [stderr]    Compiling aho-corasick v1.0.2
[INFO] [stderr]    Compiling crypto-common v0.1.6
[INFO] [stderr]    Compiling block-buffer v0.10.4
[INFO] [stderr]     Checking ryu v1.0.14
[INFO] [stderr]     Checking tracing v0.1.37
[INFO] [stderr]    Compiling either v1.8.1
[INFO] [stderr]    Compiling regex-syntax v0.7.4
[INFO] [stderr]    Compiling futures-sink v0.3.28
[INFO] [stderr]     Checking local-waker v0.1.3
[INFO] [stderr]    Compiling jobserver v0.1.26
[INFO] [stderr]    Compiling getrandom v0.2.10
[INFO] [stderr]    Compiling parking_lot_core v0.9.8
[INFO] [stderr]    Compiling socket2 v0.4.9
[INFO] [stderr]    Compiling signal-hook-registry v1.4.1
[INFO] [stderr]    Compiling num_cpus v1.16.0
[INFO] [stderr]    Compiling syn v2.0.25
[INFO] [stderr]    Compiling cc v1.0.79
[INFO] [stderr]    Compiling rand_core v0.6.4
[INFO] [stderr]    Compiling unicode-normalization v0.1.22
[INFO] [stderr]     Checking alloc-no-stdlib v2.0.4
[INFO] [stderr]    Compiling zstd-safe v6.0.6
[INFO] [stderr]    Compiling ppv-lite86 v0.2.17
[INFO] [stderr]    Compiling percent-encoding v2.3.0
[INFO] [stderr]     Checking http v0.2.9
[INFO] [stderr]    Compiling parking_lot v0.11.2
[INFO] [stderr]    Compiling hashbrown v0.11.2
[INFO] [stderr]    Compiling form_urlencoded v1.2.0
[INFO] [stderr]    Compiling nom v7.1.3
[INFO] [stderr]    Compiling idna v0.4.0
[INFO] [stderr]     Checking alloc-stdlib v0.2.2
[INFO] [stderr]    Compiling hmac v0.12.1
[INFO] [stderr]    Compiling rand_chacha v0.3.1
[INFO] [stderr]    Compiling dirs-sys v0.3.7
[INFO] [stderr]    Compiling time v0.1.45
[INFO] [stderr]    Compiling itertools v0.10.5
[INFO] [stderr]    Compiling ring v0.16.20
[INFO] [stderr]    Compiling zstd-sys v2.0.8+zstd.1.5.5
[INFO] [stderr]    Compiling crossbeam-utils v0.8.16
[INFO] [stderr]    Compiling regex-automata v0.3.2
[INFO] [stderr]    Compiling time-core v0.1.1
[INFO] [stderr]    Compiling unicode_categories v0.1.1
[INFO] [stderr]    Compiling iana-time-zone v0.1.57
[INFO] [stderr]     Checking miniz_oxide v0.7.1
[INFO] [stderr]    Compiling indexmap v1.9.3
[INFO] [stderr]    Compiling time-macros v0.2.10
[INFO] [stderr]    Compiling sqlformat v0.1.8
[INFO] [stderr]     Checking url v2.4.0
[INFO] [stderr]    Compiling rand v0.8.5
[INFO] [stderr]    Compiling hashlink v0.7.0
[INFO] [stderr]    Compiling dirs v4.0.0
[INFO] [stderr]    Compiling hkdf v0.12.3
[INFO] [stderr]     Checking tokio-util v0.7.8
[INFO] [stderr]     Checking brotli-decompressor v2.3.4
[INFO] [stderr]    Compiling futures-intrusive v0.4.2
[INFO] [stderr]    Compiling stringprep v0.1.3
[INFO] [stderr]    Compiling atoi v0.4.0
[INFO] [stderr]    Compiling sha-1 v0.10.1
[INFO] [stderr]    Compiling sha2 v0.10.7
[INFO] [stderr]    Compiling md-5 v0.10.5
[INFO] [stderr]     Checking actix-utils v3.0.1
[INFO] [stderr]    Compiling futures-channel v0.3.28
[INFO] [stderr]    Compiling regex v1.9.1
[INFO] [stderr]    Compiling bytestring v1.3.0
[INFO] [stderr]     Checking actix-service v2.0.2
[INFO] [stderr]    Compiling cookie v0.16.2
[INFO] [stderr]    Compiling hex v0.4.3
[INFO] [stderr]    Compiling whoami v1.4.1
[INFO] [stderr]    Compiling convert_case v0.4.0
[INFO] [stderr]    Compiling event-listener v2.5.3
[INFO] [stderr]    Compiling byteorder v1.4.3
[INFO] [stderr]    Compiling tokio-stream v0.1.14
[INFO] [stderr]     Checking time v0.3.23
[INFO] [stderr]     Checking brotli v3.3.4
[INFO] [stderr]    Compiling heck v0.4.1
[INFO] [stderr]     Checking actix-codec v0.5.1
[INFO] [stderr]     Checking h2 v0.3.20
[INFO] [stderr]     Checking flate2 v1.0.26
[INFO] [stderr]     Checking ahash v0.8.3
[INFO] [stderr]     Checking local-channel v0.1.3
[INFO] [stderr]     Checking sha1 v0.10.5
[INFO] [stderr]    Compiling dotenv v0.15.0
[INFO] [stderr]     Checking language-tags v0.3.2
[INFO] [stderr]    Compiling serde_derive v1.0.171
[INFO] [stderr]    Compiling thiserror-impl v1.0.43
[INFO] [stderr]    Compiling actix-macros v0.2.4
[INFO] [stderr]    Compiling webpki v0.21.4
[INFO] [stderr]    Compiling sct v0.6.1
[INFO] [stderr]    Compiling rustls v0.19.1
[INFO] [stderr]    Compiling webpki-roots v0.21.1
[INFO] [stderr]    Compiling derive_more v0.99.17
[INFO] [stderr]     Checking actix-rt v2.8.0
[INFO] [stderr]     Checking actix-server v2.2.0
[INFO] [stderr]    Compiling tokio-rustls v0.22.0
[INFO] [stderr]    Compiling sqlx-rt v0.5.13
[INFO] [stderr]     Checking zstd v0.12.4
[INFO] [stderr]     Checking actix-http v3.3.1
[INFO] [stderr]     Checking chrono v0.4.26
[INFO] [stderr]     Checking actix-router v0.5.1
[INFO] [stderr]     Checking serde_urlencoded v0.7.1
[INFO] [stderr]     Checking sqlx-core v0.5.13
[INFO] [stderr]    Compiling actix-web-codegen v4.2.0
[INFO] [stderr]     Checking actix-web v4.3.1
[INFO] [stderr]    Compiling sqlx-macros v0.5.13
[INFO] [stderr]     Checking sqlx v0.5.13
[INFO] [stderr]  Documenting webservice v0.1.0 (/opt/rustwide/workdir/webservice)
[INFO] [stdout] error: error communicating with database: Connection refused (os error 111)
[INFO] [stdout]   --> webservice/src/bin/../db_access.rs:13:16
[INFO] [stdout]    |
[INFO] [stdout] 13 |       let rows = sqlx::query!(
[INFO] [stdout]    |  ________________^
[INFO] [stdout] 14 | |         r#"SELECT id,teacher_id,name,time FROM course where id = $1"#,
[INFO] [stdout] 15 | |         teacher_id
[INFO] [stdout] 16 | |     )
[INFO] [stdout]    | |_____^
[INFO] [stdout]    |
[INFO] [stdout]    = note: this error originates in the macro `$crate::sqlx_macros::expand_query` which comes from the expansion of the macro `sqlx::query` (in Nightly builds, run with -Z macro-backtrace for more info)
[INFO] [stdout] 
[INFO] [stdout] 
[INFO] [stdout] error: error communicating with database: Connection refused (os error 111)
[INFO] [stdout]   --> webservice/src/bin/../db_access.rs:38:15
[INFO] [stdout]    |
[INFO] [stdout] 38 |       let row = sqlx::query!(
[INFO] [stdout]    |  _______________^
[INFO] [stdout] 39 | |         r#"SELECT id, teacher_id, name, time FROM course WHERE teacher_id = $1 and id = $2"#,
[INFO] [stdout] 40 | |         teacher_id,
[INFO] [stdout] 41 | |         course_id
[INFO] [stdout] 42 | |     )
[INFO] [stdout]    | |_____^
[INFO] [stdout]    |
[INFO] [stdout]    = note: this error originates in the macro `$crate::sqlx_macros::expand_query` which comes from the expansion of the macro `sqlx::query` (in Nightly builds, run with -Z macro-backtrace for more info)
[INFO] [stdout] 
[INFO] [stdout] 
[INFO] [stdout] error: error communicating with database: Connection refused (os error 111)
[INFO] [stdout]   --> webservice/src/bin/../db_access.rs:56:15
[INFO] [stdout]    |
[INFO] [stdout] 56 |       let row = sqlx::query!(
[INFO] [stdout]    |  _______________^
[INFO] [stdout] 57 | |         r#"INSERT INTO course (teacher_id,name) VALUES ($1,$2) RETURNING id,teacher_id,name,time"#,
[INFO] [stdout] 58 | |         new_course.teacher_id,
[INFO] [stdout] 59 | |         new_course.name
[INFO] [stdout] 60 | |     )
[INFO] [stdout]    | |_____^
[INFO] [stdout]    |
[INFO] [stdout]    = note: this error originates in the macro `$crate::sqlx_macros::expand_query` which comes from the expansion of the macro `sqlx::query` (in Nightly builds, run with -Z macro-backtrace for more info)
[INFO] [stdout] 
[INFO] [stdout] 
[INFO] [stdout] warning: unnecessary parentheses around type
[INFO] [stdout]   --> webservice/src/bin/../handlers.rs:66:23
[INFO] [stdout]    |
[INFO] [stdout] 66 |     params: web::Path<(usize)>, // params里面其实是一个元组，元组里面就一个元素，是usize类型,注意，这里的逗号不能省略，加了才表示元组                                        ...
[INFO] [stdout]    |                       ^     ^
[INFO] [stdout]    |
[INFO] [stdout]    = note: `#[warn(unused_parens)]` on by default
[INFO] [stdout] help: remove these parentheses
[INFO] [stdout]    |
[INFO] [stdout] 66 -     params: web::Path<(usize)>, // params里面其实是一个元组，元组里面就一个元素，是usize类型,注意，这里的逗号不能省略，加了才表示元组
[INFO] [stdout] 66 +     params: web::Path<usize>, // params里面其实是一个元组，元组里面就一个元素，是usize类型,注意，这里的逗号不能省略，加了才表示元组
[INFO] [stdout]    |
[INFO] [stdout] 
[INFO] [stdout] 
[INFO] [stdout] error: aborting due to 3 previous errors; 1 warning emitted
[INFO] [stdout] 
[INFO] [stdout] 
[INFO] [stderr] error: could not document `webservice`
[INFO] [stderr] 
[INFO] [stderr] Caused by:
[INFO] [stderr]   process didn't exit successfully: `/opt/rustwide/rustup-home/toolchains/1.75.0-x86_64-unknown-linux-gnu/bin/rustdoc --edition=2021 --crate-type bin --crate-name teacher_service webservice/src/bin/teacher-service.rs -o /opt/rustwide/target/doc --error-format=json --json=diagnostic-rendered-ansi,artifacts,future-incompat --document-private-items '-Arustdoc::private-intra-doc-links' -C metadata=0f4fb3fa7ed5e7c4 -L dependency=/opt/rustwide/target/debug/deps --extern actix_rt=/opt/rustwide/target/debug/deps/libactix_rt-de4e7fc181bca4cc.rmeta --extern actix_web=/opt/rustwide/target/debug/deps/libactix_web-6030de82b4cb9d0f.rmeta --extern chrono=/opt/rustwide/target/debug/deps/libchrono-2af175bfc4e422f3.rmeta --extern dotenv=/opt/rustwide/target/debug/deps/libdotenv-5c7b155fb9ea380a.rmeta --extern serde=/opt/rustwide/target/debug/deps/libserde-78b593f20c4edccf.rmeta --extern sqlx=/opt/rustwide/target/debug/deps/libsqlx-06cbe5b06e18fe4e.rmeta --cap-lints=warn --crate-version 0.1.0` (exit status: 1)
[INFO] [stderr] warning: build failed, waiting for other jobs to finish...
[INFO] running `Command { std: "docker" "inspect" "bbe8d2ae70df2a43fd02f6a9a4e8becd7b86f89fbfa7e371637aa1c588383164", kill_on_drop: false }`
[INFO] running `Command { std: "docker" "rm" "-f" "bbe8d2ae70df2a43fd02f6a9a4e8becd7b86f89fbfa7e371637aa1c588383164", kill_on_drop: false }`
[INFO] [stdout] bbe8d2ae70df2a43fd02f6a9a4e8becd7b86f89fbfa7e371637aa1c588383164
