[INFO] cloning repository https://github.com/AquaEBM/svf
[INFO] running `Command { std: "git" "-c" "credential.helper=" "-c" "credential.helper=/workspace/cargo-home/bin/git-credential-null" "clone" "--bare" "https://github.com/AquaEBM/svf" "/workspace/cache/git-repos/https%3A%2F%2Fgithub.com%2FAquaEBM%2Fsvf", kill_on_drop: false }`
[INFO] [stderr] Cloning into bare repository '/workspace/cache/git-repos/https%3A%2F%2Fgithub.com%2FAquaEBM%2Fsvf'...
[INFO] running `Command { std: "git" "rev-parse" "HEAD", kill_on_drop: false }`
[INFO] [stdout] 054be8585ae0a1d25971407be1d9f85ca3f6f828
[INFO] documenting AquaEBM/svf against 1.75.0 for beta-1.76-rustdoc-1
[INFO] running `Command { std: "git" "clone" "/workspace/cache/git-repos/https%3A%2F%2Fgithub.com%2FAquaEBM%2Fsvf" "/workspace/builds/worker-3-tc1/source", kill_on_drop: false }`
[INFO] [stderr] Cloning into '/workspace/builds/worker-3-tc1/source'...
[INFO] [stderr] done.
[INFO] validating manifest of git repo https://github.com/AquaEBM/svf on toolchain 1.75.0
[INFO] running `Command { std: CARGO_HOME="/workspace/cargo-home" RUSTUP_HOME="/workspace/rustup-home" "/workspace/cargo-home/bin/cargo" "+1.75.0" "metadata" "--manifest-path" "Cargo.toml" "--no-deps", kill_on_drop: false }`
[INFO] removed /workspace/builds/worker-3-tc1/source/.cargo/config.toml
[INFO] started tweaking git repo https://github.com/AquaEBM/svf
[INFO] finished tweaking git repo https://github.com/AquaEBM/svf
[INFO] tweaked toml for git repo https://github.com/AquaEBM/svf written to /workspace/builds/worker-3-tc1/source/Cargo.toml
[INFO] crate git repo https://github.com/AquaEBM/svf already has a lockfile, it will not be regenerated
[INFO] running `Command { std: CARGO_HOME="/workspace/cargo-home" RUSTUP_HOME="/workspace/rustup-home" "/workspace/cargo-home/bin/cargo" "+1.75.0" "fetch" "--manifest-path" "Cargo.toml", kill_on_drop: false }`
[INFO] [stderr]     Updating git repository `https://github.com/robbert-vdh/nih-plug.git`
[INFO] [stderr]     Updating git repository `https://github.com/AquaEBM/plugin_util.git`
[INFO] [stderr]     Updating git repository `https://github.com/RustAudio/baseview.git`
[INFO] [stderr]     Updating git repository `https://github.com/robbert-vdh/clap-sys.git`
[INFO] [stderr]     Updating crates.io index
[INFO] [stderr]     Updating git repository `https://github.com/robbert-vdh/vst3-sys.git`
[INFO] [stderr]     Updating git repository `https://github.com/robbert-vdh/nih_plug_assets.git`
[INFO] [stderr]     Updating git repository `https://github.com/robbert-vdh/vizia.git`
[INFO] [stderr]     Updating git repository `https://github.com/rust-lang/portable-simd.git`
[INFO] [stderr]     Updating git repository `https://github.com/pop-os/cosmic-text`
[INFO] [stderr]  Downloading crates ...
[INFO] [stderr]   Downloaded thiserror v1.0.53
[INFO] [stderr]   Downloaded unic-langid-macros-impl v0.9.4
[INFO] [stderr]   Downloaded sys-locale v0.3.1
[INFO] [stderr]   Downloaded unic-langid-macros v0.9.4
[INFO] [stderr]   Downloaded fontdb v0.14.1
[INFO] [stderr]   Downloaded thiserror-impl v1.0.53
[INFO] [stderr]   Downloaded jack-sys v0.5.1
[INFO] [stderr]   Downloaded rtrb v0.2.3
[INFO] [stderr]   Downloaded keyboard-types v0.6.2
[INFO] [stderr]   Downloaded futures-lite v2.1.0
[INFO] [stderr]   Downloaded xcb-util v0.3.0
[INFO] [stderr]   Downloaded anyhow v1.0.78
[INFO] [stderr]   Downloaded swash v0.1.8
[INFO] [stderr]   Downloaded winnow v0.5.31
[INFO] [stderr]   Downloaded syn v2.0.43
[INFO] [stderr]   Downloaded proc-macro2 v1.0.72
[INFO] [stderr]   Downloaded morphorm v0.6.4
[INFO] [stderr]   Downloaded clap v4.4.12
[INFO] [stderr]   Downloaded jack v0.11.4
[INFO] [stderr]   Downloaded yazi v0.1.6
[INFO] [stderr]   Downloaded async-trait v0.1.76
[INFO] [stderr]   Downloaded event-listener v4.0.1
[INFO] [stderr]   Downloaded zeno v0.2.3
[INFO] [stderr]   Downloaded nih_log v0.3.1
[INFO] [stderr]   Downloaded midi-consts v0.1.0
[INFO] [stderr]   Downloaded async-task v4.6.0
[INFO] running `Command { std: "docker" "create" "-v" "/var/lib/crater-agent-workspace/builds/worker-3-tc1/target:/opt/rustwide/target:rw,Z" "-v" "/var/lib/crater-agent-workspace/builds/worker-3-tc1/source:/opt/rustwide/workdir:ro,Z" "-v" "/var/lib/crater-agent-workspace/cargo-home:/opt/rustwide/cargo-home:ro,Z" "-v" "/var/lib/crater-agent-workspace/rustup-home:/opt/rustwide/rustup-home:ro,Z" "-e" "SOURCE_DIR=/opt/rustwide/workdir" "-e" "CARGO_TARGET_DIR=/opt/rustwide/target" "-e" "CARGO_HOME=/opt/rustwide/cargo-home" "-e" "RUSTUP_HOME=/opt/rustwide/rustup-home" "-w" "/opt/rustwide/workdir" "-m" "1610612736" "--user" "0:0" "--network" "none" "ghcr.io/rust-lang/crates-build-env/linux@sha256:2788e3201cd34a07e3172128adcd8b3090168a8e3bcc40d7c032b9dda1df7d1c" "/opt/rustwide/cargo-home/bin/cargo" "+1.75.0" "metadata" "--no-deps" "--format-version=1", kill_on_drop: false }`
[INFO] [stdout] 037c27c89731330757475e82db81ac451c635dc1765e54328092d1337a874995
[INFO] running `Command { std: "docker" "start" "-a" "037c27c89731330757475e82db81ac451c635dc1765e54328092d1337a874995", kill_on_drop: false }`
[INFO] running `Command { std: "docker" "inspect" "037c27c89731330757475e82db81ac451c635dc1765e54328092d1337a874995", kill_on_drop: false }`
[INFO] running `Command { std: "docker" "rm" "-f" "037c27c89731330757475e82db81ac451c635dc1765e54328092d1337a874995", kill_on_drop: false }`
[INFO] [stdout] 037c27c89731330757475e82db81ac451c635dc1765e54328092d1337a874995
[INFO] running `Command { std: "docker" "create" "-v" "/var/lib/crater-agent-workspace/builds/worker-3-tc1/target:/opt/rustwide/target:rw,Z" "-v" "/var/lib/crater-agent-workspace/builds/worker-3-tc1/source:/opt/rustwide/workdir:ro,Z" "-v" "/var/lib/crater-agent-workspace/cargo-home:/opt/rustwide/cargo-home:ro,Z" "-v" "/var/lib/crater-agent-workspace/rustup-home:/opt/rustwide/rustup-home:ro,Z" "-e" "SOURCE_DIR=/opt/rustwide/workdir" "-e" "CARGO_TARGET_DIR=/opt/rustwide/target" "-e" "CARGO_INCREMENTAL=0" "-e" "RUST_BACKTRACE=full" "-e" "RUSTFLAGS=--cap-lints=warn" "-e" "RUSTDOCFLAGS=--cap-lints=warn" "-e" "CARGO_HOME=/opt/rustwide/cargo-home" "-e" "RUSTUP_HOME=/opt/rustwide/rustup-home" "-w" "/opt/rustwide/workdir" "-m" "1610612736" "--user" "0:0" "--network" "none" "ghcr.io/rust-lang/crates-build-env/linux@sha256:2788e3201cd34a07e3172128adcd8b3090168a8e3bcc40d7c032b9dda1df7d1c" "/opt/rustwide/cargo-home/bin/cargo" "+1.75.0" "doc" "--frozen" "--no-deps" "--document-private-items" "--message-format=json", kill_on_drop: false }`
[INFO] [stdout] 38c1ebdac5ec9ccd1b9d5c4caa806967987fc9cd3e41ce5a97fc48c262eb0058
[INFO] running `Command { std: "docker" "start" "-a" "38c1ebdac5ec9ccd1b9d5c4caa806967987fc9cd3e41ce5a97fc48c262eb0058", kill_on_drop: false }`
[INFO] [stderr]    Compiling proc-macro2 v1.0.72
[INFO] [stderr]    Compiling libc v0.2.151
[INFO] [stderr]    Compiling syn v1.0.109
[INFO] [stderr]    Compiling pkg-config v0.3.28
[INFO] [stderr]    Compiling ppv-lite86 v0.2.17
[INFO] [stderr]    Compiling proc-macro-hack v0.5.20+deprecated
[INFO] [stderr]     Checking log v0.4.20
[INFO] [stderr]    Compiling siphasher v0.3.11
[INFO] [stderr]    Compiling memoffset v0.6.5
[INFO] [stderr]    Compiling getrandom v0.1.16
[INFO] [stderr]    Compiling num-bigint v0.4.4
[INFO] [stderr]     Checking itoa v1.0.10
[INFO] [stderr]    Compiling num-rational v0.4.1
[INFO] [stderr]     Checking num-integer v0.1.45
[INFO] [stderr]    Compiling libm v0.2.8
[INFO] [stderr]    Compiling crossbeam-utils v0.8.18
[INFO] [stderr]     Checking fdeflate v0.3.3
[INFO] [stderr]    Compiling phf_shared v0.8.0
[INFO] [stderr]    Compiling phf_shared v0.10.0
[INFO] [stderr]     Checking keyboard-types v0.6.2
[INFO] [stderr]     Checking ttf-parser v0.18.1
[INFO] [stderr]     Checking dtoa v1.0.9
[INFO] [stderr]    Compiling slotmap v1.0.7
[INFO] [stderr]     Checking unicode-segmentation v1.10.1
[INFO] [stderr]    Compiling bitflags v1.3.2
[INFO] [stderr]     Checking png v0.17.10
[INFO] [stderr]     Checking unicode-bidi v0.3.14
[INFO] [stderr]     Checking dtoa-short v0.3.4
[INFO] [stderr]    Compiling thiserror v1.0.53
[INFO] [stderr]    Compiling rustix v0.38.28
[INFO] [stderr]     Checking matches v0.1.10
[INFO] [stderr]     Checking phf v0.8.0
[INFO] [stderr]     Checking fxhash v0.2.1
[INFO] [stderr]    Compiling x11 v2.21.0
[INFO] [stderr]    Compiling alsa-sys v0.3.1
[INFO] [stderr]    Compiling jack-sys v0.5.1
[INFO] [stderr]     Checking rgb v0.8.37
[INFO] [stderr]    Compiling quote v1.0.33
[INFO] [stderr]    Compiling getrandom v0.2.11
[INFO] [stderr]    Compiling xcb v0.9.0
[INFO] [stderr]    Compiling rand_core v0.5.1
[INFO] [stderr]    Compiling syn v2.0.43
[INFO] [stderr]    Compiling rand_core v0.6.4
[INFO] [stderr]     Checking generational-arena v0.2.9
[INFO] [stderr]     Checking morphorm v0.6.4
[INFO] [stderr]    Compiling parking_lot_core v0.9.9
[INFO] [stderr]    Compiling rand_chacha v0.2.2
[INFO] [stderr]    Compiling rand_chacha v0.3.1
[INFO] [stderr]    Compiling rand_pcg v0.2.1
[INFO] [stderr]     Checking vizia_id v0.1.0 (https://github.com/robbert-vdh/vizia.git?tag=patched-2023-12-30#0a4af199)
[INFO] [stderr]     Checking lru v0.10.1
[INFO] [stderr]     Checking glow v0.12.3
[INFO] [stderr]     Checking imgref v1.10.0
[INFO] [stderr]     Checking linux-raw-sys v0.4.12
[INFO] [stderr]     Checking utf8parse v0.2.1
[INFO] [stderr]    Compiling rand v0.7.3
[INFO] [stderr]     Checking rustc-hash v1.1.0
[INFO] [stderr]     Checking precomputed-hash v0.1.1
[INFO] [stderr]    Compiling rand v0.8.5
[INFO] [stderr]     Checking anstyle-parse v0.2.3
[INFO] [stderr]     Checking type-map v0.4.0
[INFO] [stderr]    Compiling cc v1.0.83
[INFO] [stderr]     Checking zeno v0.2.3
[INFO] [stderr]     Checking ttf-parser v0.19.2
[INFO] [stderr]     Checking yazi v0.1.6
[INFO] [stderr]     Checking self_cell v1.0.3
[INFO] [stderr]     Checking anstyle v1.0.4
[INFO] [stderr]     Checking nix v0.24.3
[INFO] [stderr]     Checking gethostname v0.2.3
[INFO] [stderr]     Checking nix v0.22.3
[INFO] [stderr]     Checking memmap2 v0.6.2
[INFO] [stderr]    Compiling phf_generator v0.8.0
[INFO] [stderr]     Checking image v0.24.7
[INFO] [stderr]    Compiling phf_generator v0.10.0
[INFO] [stderr]    Compiling phf_codegen v0.8.0
[INFO] [stderr]    Compiling serde v1.0.193
[INFO] [stderr]     Checking rustybuzz v0.7.0
[INFO] [stderr]     Checking colorchoice v1.0.0
[INFO] [stderr]     Checking anstyle-query v1.0.2
[INFO] [stderr]     Checking powerfmt v0.2.0
[INFO] [stderr]    Compiling selectors v0.23.0 (https://github.com/robbert-vdh/vizia.git?tag=patched-2023-12-30#0a4af199)
[INFO] [stderr]    Compiling time-core v0.1.2
[INFO] [stderr]     Checking raw-window-handle v0.5.2
[INFO] [stderr]     Checking deranged v0.3.11
[INFO] [stderr]     Checking terminal_size v0.3.0
[INFO] [stderr]    Compiling time-macros v0.2.16
[INFO] [stderr]     Checking anstream v0.6.5
[INFO] [stderr]     Checking swash v0.1.8
[INFO] [stderr]     Checking self_cell v0.10.3
[INFO] [stderr]     Checking vizia_input v0.1.0 (https://github.com/robbert-vdh/vizia.git?tag=patched-2023-12-30#0a4af199)
[INFO] [stderr]    Compiling backtrace v0.3.69
[INFO] [stderr]     Checking crossbeam-epoch v0.9.17
[INFO] [stderr]     Checking libloading v0.7.4
[INFO] [stderr]    Compiling jack v0.11.4
[INFO] [stderr]     Checking iana-time-zone v0.1.59
[INFO] [stderr]    Compiling cpal v0.15.2
[INFO] [stderr]     Checking aliasable v0.1.3
[INFO] [stderr]     Checking sys-locale v0.3.1
[INFO] [stderr]     Checking num_threads v0.1.6
[INFO] [stderr]     Checking unicode-linebreak v0.1.5
[INFO] [stderr]     Checking accesskit v0.11.2
[INFO] [stderr]    Compiling anyhow v1.0.78
[INFO] [stderr]     Checking rangemap v1.4.0
[INFO] [stderr]     Checking strsim v0.10.0
[INFO] [stderr]    Compiling serde_json v1.0.108
[INFO] [stderr]     Checking memchr v2.7.1
[INFO] [stderr]     Checking gimli v0.28.1
[INFO] [stderr]     Checking clap_lex v0.6.0
[INFO] [stderr]     Checking fontdb v0.14.1
[INFO] [stderr]     Checking crossbeam-deque v0.8.4
[INFO] [stderr]     Checking clap_builder v4.4.12
[INFO] [stderr]     Checking chrono v0.4.31
[INFO] [stderr]     Checking parking_lot v0.12.1
[INFO] [stderr]     Checking atty v0.2.14
[INFO] [stderr]     Checking vizia_storage v0.1.0 (https://github.com/robbert-vdh/vizia.git?tag=patched-2023-12-30#0a4af199)
[INFO] [stderr]     Checking crossbeam-queue v0.3.10
[INFO] [stderr]     Checking crossbeam-channel v0.5.10
[INFO] [stderr]     Checking object v0.32.2
[INFO] [stderr]    Compiling num-iter v0.1.43
[INFO] [stderr]     Checking instant v0.1.12
[INFO] [stderr]     Checking cache-padded v1.3.0
[INFO] [stderr]     Checking dasp_sample v0.11.0
[INFO] [stderr]     Checking once_cell v1.19.0
[INFO] [stderr]     Checking termcolor v1.4.0
[INFO] [stderr]     Checking ryu v1.0.16
[INFO] [stderr]     Checking crossbeam v0.8.3
[INFO] [stderr]     Checking rtrb v0.2.3
[INFO] [stderr]     Checking midi-consts v0.1.0
[INFO] [stderr]     Checking femtovg v0.7.1
[INFO] [stderr]     Checking anymap v1.0.0-beta.2
[INFO] [stderr]     Checking widestring v1.0.2
[INFO] [stderr]     Checking atomic_float v0.1.0
[INFO] [stderr]     Checking atomic_refcell v0.1.13
[INFO] [stderr]     Checking clap-sys v0.3.0 (https://github.com/robbert-vdh/clap-sys.git?branch=feature/cstr-macro#523a5f8a)
[INFO] [stderr]     Checking num-complex v0.4.4
[INFO] [stderr]     Checking core_simd v0.1.0 (https://github.com/rust-lang/portable-simd.git#1273da65)
[INFO] [stderr]     Checking nih_plug_assets v0.1.0 (https://github.com/robbert-vdh/nih_plug_assets.git#a04e3279)
[INFO] [stderr]    Compiling vst3-com-macros-support v0.2.0 (https://github.com/robbert-vdh/vst3-sys.git?branch=fix/drop-box-from-raw#b3ff4d77)
[INFO] [stdout] error[E0554]: `#![feature]` may not be used on the stable release channel
[INFO] [stdout]   --> /opt/rustwide/cargo-home/git/checkouts/portable-simd-311bd65e6952a0da/1273da6/crates/core_simd/src/lib.rs:2:1
[INFO] [stdout]    |
[INFO] [stdout] 2  | / #![feature(
[INFO] [stdout] 3  | |     const_refs_to_cell,
[INFO] [stdout] 4  | |     const_maybe_uninit_as_mut_ptr,
[INFO] [stdout] 5  | |     const_mut_refs,
[INFO] [stdout] ...  |
[INFO] [stdout] 16 | |     ptr_metadata
[INFO] [stdout] 17 | | )]
[INFO] [stdout]    | |__^
[INFO] [stdout] 
[INFO] [stdout] 
[INFO] [stderr]     Checking time v0.3.31
[INFO] [stdout] error[E0554]: `#![feature]` may not be used on the stable release channel
[INFO] [stdout]  --> /opt/rustwide/cargo-home/git/checkouts/portable-simd-311bd65e6952a0da/1273da6/crates/core_simd/src/lib.rs:4:5
[INFO] [stdout]   |
[INFO] [stdout] 4 |     const_maybe_uninit_as_mut_ptr,
[INFO] [stdout]   |     ^^^^^^^^^^^^^^^^^^^^^^^^^^^^^
[INFO] [stdout] 
[INFO] [stdout] 
[INFO] [stdout] error[E0554]: `#![feature]` may not be used on the stable release channel
[INFO] [stdout]  --> /opt/rustwide/cargo-home/git/checkouts/portable-simd-311bd65e6952a0da/1273da6/crates/core_simd/src/lib.rs:6:5
[INFO] [stdout]   |
[INFO] [stdout] 6 |     convert_float_to_int,
[INFO] [stdout]   |     ^^^^^^^^^^^^^^^^^^^^
[INFO] [stdout] 
[INFO] [stdout] 
[INFO] [stdout] error[E0554]: `#![feature]` may not be used on the stable release channel
[INFO] [stdout]   --> /opt/rustwide/cargo-home/git/checkouts/portable-simd-311bd65e6952a0da/1273da6/crates/core_simd/src/lib.rs:14:5
[INFO] [stdout]    |
[INFO] [stdout] 14 |     stdsimd,
[INFO] [stdout]    |     ^^^^^^^
[INFO] [stdout] 
[INFO] [stdout] 
[INFO] [stdout] error[E0554]: `#![feature]` may not be used on the stable release channel
[INFO] [stdout]   --> /opt/rustwide/cargo-home/git/checkouts/portable-simd-311bd65e6952a0da/1273da6/crates/core_simd/src/lib.rs:16:5
[INFO] [stdout]    |
[INFO] [stdout] 16 |     ptr_metadata
[INFO] [stdout]    |     ^^^^^^^^^^^^
[INFO] [stdout] 
[INFO] [stdout] 
[INFO] [stderr]     Checking num v0.4.1
[INFO] [stdout] error: aborting due to 5 previous errors
[INFO] [stdout] 
[INFO] [stdout] 
[INFO] [stdout] For more information about this error, try `rustc --explain E0554`.
[INFO] [stdout] 
[INFO] [stderr] error: could not compile `core_simd` (lib) due to 6 previous errors
[INFO] [stderr] warning: build failed, waiting for other jobs to finish...
[INFO] running `Command { std: "docker" "inspect" "38c1ebdac5ec9ccd1b9d5c4caa806967987fc9cd3e41ce5a97fc48c262eb0058", kill_on_drop: false }`
[INFO] running `Command { std: "docker" "rm" "-f" "38c1ebdac5ec9ccd1b9d5c4caa806967987fc9cd3e41ce5a97fc48c262eb0058", kill_on_drop: false }`
[INFO] [stdout] 38c1ebdac5ec9ccd1b9d5c4caa806967987fc9cd3e41ce5a97fc48c262eb0058
[INFO] documenting AquaEBM/svf against beta-2023-12-22 for beta-1.76-rustdoc-1
[INFO] running `Command { std: "git" "clone" "/workspace/cache/git-repos/https%3A%2F%2Fgithub.com%2FAquaEBM%2Fsvf" "/workspace/builds/worker-3-tc2/source", kill_on_drop: false }`
[INFO] [stderr] Cloning into '/workspace/builds/worker-3-tc2/source'...
[INFO] [stderr] done.
[INFO] validating manifest of git repo https://github.com/AquaEBM/svf on toolchain beta-2023-12-22
[INFO] running `Command { std: CARGO_HOME="/workspace/cargo-home" RUSTUP_HOME="/workspace/rustup-home" "/workspace/cargo-home/bin/cargo" "+beta-2023-12-22" "metadata" "--manifest-path" "Cargo.toml" "--no-deps", kill_on_drop: false }`
[INFO] removed /workspace/builds/worker-3-tc2/source/.cargo/config.toml
[INFO] started tweaking git repo https://github.com/AquaEBM/svf
[INFO] finished tweaking git repo https://github.com/AquaEBM/svf
[INFO] tweaked toml for git repo https://github.com/AquaEBM/svf written to /workspace/builds/worker-3-tc2/source/Cargo.toml
[INFO] crate git repo https://github.com/AquaEBM/svf already has a lockfile, it will not be regenerated
[INFO] running `Command { std: CARGO_HOME="/workspace/cargo-home" RUSTUP_HOME="/workspace/rustup-home" "/workspace/cargo-home/bin/cargo" "+beta-2023-12-22" "fetch" "--manifest-path" "Cargo.toml", kill_on_drop: false }`
[INFO] running `Command { std: "docker" "create" "-v" "/var/lib/crater-agent-workspace/builds/worker-3-tc2/target:/opt/rustwide/target:rw,Z" "-v" "/var/lib/crater-agent-workspace/builds/worker-3-tc2/source:/opt/rustwide/workdir:ro,Z" "-v" "/var/lib/crater-agent-workspace/cargo-home:/opt/rustwide/cargo-home:ro,Z" "-v" "/var/lib/crater-agent-workspace/rustup-home:/opt/rustwide/rustup-home:ro,Z" "-e" "SOURCE_DIR=/opt/rustwide/workdir" "-e" "CARGO_TARGET_DIR=/opt/rustwide/target" "-e" "CARGO_HOME=/opt/rustwide/cargo-home" "-e" "RUSTUP_HOME=/opt/rustwide/rustup-home" "-w" "/opt/rustwide/workdir" "-m" "1610612736" "--user" "0:0" "--network" "none" "ghcr.io/rust-lang/crates-build-env/linux@sha256:2788e3201cd34a07e3172128adcd8b3090168a8e3bcc40d7c032b9dda1df7d1c" "/opt/rustwide/cargo-home/bin/cargo" "+beta-2023-12-22" "metadata" "--no-deps" "--format-version=1", kill_on_drop: false }`
[INFO] [stdout] fd061a56b550af4f176f391e1ee1951404f59e8a7062ed42faa73283b39e39cf
[INFO] running `Command { std: "docker" "start" "-a" "fd061a56b550af4f176f391e1ee1951404f59e8a7062ed42faa73283b39e39cf", kill_on_drop: false }`
[INFO] running `Command { std: "docker" "inspect" "fd061a56b550af4f176f391e1ee1951404f59e8a7062ed42faa73283b39e39cf", kill_on_drop: false }`
[INFO] running `Command { std: "docker" "rm" "-f" "fd061a56b550af4f176f391e1ee1951404f59e8a7062ed42faa73283b39e39cf", kill_on_drop: false }`
[INFO] [stdout] fd061a56b550af4f176f391e1ee1951404f59e8a7062ed42faa73283b39e39cf
[INFO] running `Command { std: "docker" "create" "-v" "/var/lib/crater-agent-workspace/builds/worker-3-tc2/target:/opt/rustwide/target:rw,Z" "-v" "/var/lib/crater-agent-workspace/builds/worker-3-tc2/source:/opt/rustwide/workdir:ro,Z" "-v" "/var/lib/crater-agent-workspace/cargo-home:/opt/rustwide/cargo-home:ro,Z" "-v" "/var/lib/crater-agent-workspace/rustup-home:/opt/rustwide/rustup-home:ro,Z" "-e" "SOURCE_DIR=/opt/rustwide/workdir" "-e" "CARGO_TARGET_DIR=/opt/rustwide/target" "-e" "CARGO_INCREMENTAL=0" "-e" "RUST_BACKTRACE=full" "-e" "RUSTFLAGS=--cap-lints=warn" "-e" "RUSTDOCFLAGS=--cap-lints=warn" "-e" "CARGO_HOME=/opt/rustwide/cargo-home" "-e" "RUSTUP_HOME=/opt/rustwide/rustup-home" "-w" "/opt/rustwide/workdir" "-m" "1610612736" "--user" "0:0" "--network" "none" "ghcr.io/rust-lang/crates-build-env/linux@sha256:2788e3201cd34a07e3172128adcd8b3090168a8e3bcc40d7c032b9dda1df7d1c" "/opt/rustwide/cargo-home/bin/cargo" "+beta-2023-12-22" "doc" "--frozen" "--no-deps" "--document-private-items" "--message-format=json", kill_on_drop: false }`
[INFO] [stdout] 534a0882fdc0404b1bac240ce32209d64d0317493d1bef5a0bf85a39f33e7960
[INFO] running `Command { std: "docker" "start" "-a" "534a0882fdc0404b1bac240ce32209d64d0317493d1bef5a0bf85a39f33e7960", kill_on_drop: false }`
[INFO] [stderr]    Compiling proc-macro2 v1.0.72
[INFO] [stderr]    Compiling libc v0.2.151
[INFO] [stderr]    Compiling syn v1.0.109
[INFO] [stderr]    Compiling pkg-config v0.3.28
[INFO] [stderr]    Compiling proc-macro-hack v0.5.20+deprecated
[INFO] [stderr]    Compiling ppv-lite86 v0.2.17
[INFO] [stderr]    Compiling siphasher v0.3.11
[INFO] [stderr]     Checking log v0.4.20
[INFO] [stderr]    Compiling memoffset v0.6.5
[INFO] [stderr]    Compiling getrandom v0.1.16
[INFO] [stderr]    Compiling num-bigint v0.4.4
[INFO] [stderr]     Checking itoa v1.0.10
[INFO] [stderr]    Compiling num-rational v0.4.1
[INFO] [stderr]     Checking num-integer v0.1.45
[INFO] [stderr]    Compiling libm v0.2.8
[INFO] [stderr]    Compiling phf_shared v0.10.0
[INFO] [stderr]    Compiling phf_shared v0.8.0
[INFO] [stderr]    Compiling crossbeam-utils v0.8.18
[INFO] [stderr]     Checking fdeflate v0.3.3
[INFO] [stderr]     Checking keyboard-types v0.6.2
[INFO] [stderr]     Checking ttf-parser v0.18.1
[INFO] [stderr]     Checking dtoa v1.0.9
[INFO] [stderr]    Compiling slotmap v1.0.7
[INFO] [stderr]    Compiling thiserror v1.0.53
[INFO] [stderr]     Checking dtoa-short v0.3.4
[INFO] [stderr]     Checking unicode-segmentation v1.10.1
[INFO] [stderr]     Checking matches v0.1.10
[INFO] [stderr]    Compiling rustix v0.38.28
[INFO] [stderr]     Checking png v0.17.10
[INFO] [stderr]     Checking unicode-bidi v0.3.14
[INFO] [stderr]    Compiling bitflags v1.3.2
[INFO] [stderr]     Checking phf v0.8.0
[INFO] [stderr]    Compiling getrandom v0.2.11
[INFO] [stderr]    Compiling xcb v0.9.0
[INFO] [stderr]    Compiling quote v1.0.33
[INFO] [stderr]    Compiling rand_core v0.5.1
[INFO] [stderr]    Compiling rand_core v0.6.4
[INFO] [stderr]    Compiling x11 v2.21.0
[INFO] [stderr]    Compiling alsa-sys v0.3.1
[INFO] [stderr]    Compiling jack-sys v0.5.1
[INFO] [stderr]     Checking fxhash v0.2.1
[INFO] [stderr]     Checking rgb v0.8.37
[INFO] [stderr]    Compiling rand_chacha v0.3.1
[INFO] [stderr]    Compiling rand_chacha v0.2.2
[INFO] [stderr]    Compiling rand_pcg v0.2.1
[INFO] [stderr]    Compiling syn v2.0.43
[INFO] [stderr]     Checking morphorm v0.6.4
[INFO] [stderr]     Checking generational-arena v0.2.9
[INFO] [stderr]     Checking lru v0.10.1
[INFO] [stderr]     Checking rustc-hash v1.1.0
[INFO] [stderr]    Compiling rand v0.8.5
[INFO] [stderr]     Checking precomputed-hash v0.1.1
[INFO] [stderr]    Compiling rand v0.7.3
[INFO] [stderr]    Compiling parking_lot_core v0.9.9
[INFO] [stderr]     Checking imgref v1.10.0
[INFO] [stderr]     Checking glow v0.12.3
[INFO] [stderr]     Checking utf8parse v0.2.1
[INFO] [stderr]     Checking linux-raw-sys v0.4.12
[INFO] [stderr]     Checking vizia_id v0.1.0 (https://github.com/robbert-vdh/vizia.git?tag=patched-2023-12-30#0a4af199)
[INFO] [stderr]     Checking anstyle-parse v0.2.3
[INFO] [stderr]     Checking type-map v0.4.0
[INFO] [stderr]    Compiling cc v1.0.83
[INFO] [stderr]     Checking raw-window-handle v0.5.2
[INFO] [stderr]     Checking ttf-parser v0.19.2
[INFO] [stderr]     Checking anstyle-query v1.0.2
[INFO] [stderr]     Checking powerfmt v0.2.0
[INFO] [stderr]    Compiling serde v1.0.193
[INFO] [stderr]     Checking nix v0.24.3
[INFO] [stderr]     Checking gethostname v0.2.3
[INFO] [stderr]     Checking memmap2 v0.6.2
[INFO] [stderr]     Checking nix v0.22.3
[INFO] [stderr]     Checking yazi v0.1.6
[INFO] [stderr]    Compiling phf_generator v0.10.0
[INFO] [stderr]     Checking image v0.24.7
[INFO] [stderr]     Checking zeno v0.2.3
[INFO] [stderr]     Checking colorchoice v1.0.0
[INFO] [stderr]     Checking self_cell v1.0.3
[INFO] [stderr]     Checking anstyle v1.0.4
[INFO] [stderr]    Compiling time-core v0.1.2
[INFO] [stderr]     Checking terminal_size v0.3.0
[INFO] [stderr]    Compiling phf_generator v0.8.0
[INFO] [stderr]    Compiling time-macros v0.2.16
[INFO] [stderr]     Checking anstream v0.6.5
[INFO] [stderr]    Compiling phf_codegen v0.8.0
[INFO] [stderr]     Checking swash v0.1.8
[INFO] [stderr]     Checking rustybuzz v0.7.0
[INFO] [stderr]     Checking self_cell v0.10.3
[INFO] [stderr]    Compiling selectors v0.23.0 (https://github.com/robbert-vdh/vizia.git?tag=patched-2023-12-30#0a4af199)
[INFO] [stderr]     Checking deranged v0.3.11
[INFO] [stderr]    Compiling backtrace v0.3.69
[INFO] [stderr]     Checking vizia_input v0.1.0 (https://github.com/robbert-vdh/vizia.git?tag=patched-2023-12-30#0a4af199)
[INFO] [stderr]     Checking crossbeam-epoch v0.9.17
[INFO] [stderr]     Checking libloading v0.7.4
[INFO] [stderr]     Checking sys-locale v0.3.1
[INFO] [stderr]    Compiling anyhow v1.0.78
[INFO] [stderr]     Checking accesskit v0.11.2
[INFO] [stderr]    Compiling serde_json v1.0.108
[INFO] [stderr]    Compiling jack v0.11.4
[INFO] [stderr]     Checking aliasable v0.1.3
[INFO] [stderr]     Checking rangemap v1.4.0
[INFO] [stderr]     Checking num_threads v0.1.6
[INFO] [stderr]     Checking gimli v0.28.1
[INFO] [stderr]     Checking strsim v0.10.0
[INFO] [stderr]     Checking memchr v2.7.1
[INFO] [stderr]     Checking unicode-linebreak v0.1.5
[INFO] [stderr]     Checking iana-time-zone v0.1.59
[INFO] [stderr]    Compiling cpal v0.15.2
[INFO] [stderr]     Checking clap_lex v0.6.0
[INFO] [stderr]     Checking fontdb v0.14.1
[INFO] [stderr]     Checking clap_builder v4.4.12
[INFO] [stderr]     Checking chrono v0.4.31
[INFO] [stderr]     Checking crossbeam-deque v0.8.4
[INFO] [stderr]     Checking parking_lot v0.12.1
[INFO] [stderr]     Checking atty v0.2.14
[INFO] [stderr]     Checking vizia_storage v0.1.0 (https://github.com/robbert-vdh/vizia.git?tag=patched-2023-12-30#0a4af199)
[INFO] [stderr]     Checking crossbeam-queue v0.3.10
[INFO] [stderr]     Checking crossbeam-channel v0.5.10
[INFO] [stderr]    Compiling num-iter v0.1.43
[INFO] [stderr]     Checking instant v0.1.12
[INFO] [stderr]     Checking cache-padded v1.3.0
[INFO] [stderr]     Checking once_cell v1.19.0
[INFO] [stderr]     Checking object v0.32.2
[INFO] [stderr]     Checking dasp_sample v0.11.0
[INFO] [stderr]     Checking ryu v1.0.16
[INFO] [stderr]     Checking termcolor v1.4.0
[INFO] [stderr]     Checking time v0.3.31
[INFO] [stderr]     Checking crossbeam v0.8.3
[INFO] [stderr]     Checking rtrb v0.2.3
[INFO] [stderr]     Checking anymap v1.0.0-beta.2
[INFO] [stderr]     Checking atomic_float v0.1.0
[INFO] [stderr]     Checking clap-sys v0.3.0 (https://github.com/robbert-vdh/clap-sys.git?branch=feature/cstr-macro#523a5f8a)
[INFO] [stderr]     Checking atomic_refcell v0.1.13
[INFO] [stderr]     Checking widestring v1.0.2
[INFO] [stderr]     Checking midi-consts v0.1.0
[INFO] [stderr]    Compiling vst3-com-macros-support v0.2.0 (https://github.com/robbert-vdh/vst3-sys.git?branch=fix/drop-box-from-raw#b3ff4d77)
[INFO] [stderr]     Checking num-complex v0.4.4
[INFO] [stderr]     Checking core_simd v0.1.0 (https://github.com/rust-lang/portable-simd.git#1273da65)
[INFO] [stderr]     Checking nih_plug_assets v0.1.0 (https://github.com/robbert-vdh/nih_plug_assets.git#a04e3279)
[INFO] [stderr]     Checking femtovg v0.7.1
[INFO] [stdout] error[E0554]: `#![feature]` may not be used on the beta release channel
[INFO] [stdout]   --> /opt/rustwide/cargo-home/git/checkouts/portable-simd-311bd65e6952a0da/1273da6/crates/core_simd/src/lib.rs:2:1
[INFO] [stdout]    |
[INFO] [stdout] 2  | / #![feature(
[INFO] [stdout] 3  | |     const_refs_to_cell,
[INFO] [stdout] 4  | |     const_maybe_uninit_as_mut_ptr,
[INFO] [stdout] 5  | |     const_mut_refs,
[INFO] [stdout] ...  |
[INFO] [stdout] 16 | |     ptr_metadata
[INFO] [stdout] 17 | | )]
[INFO] [stdout]    | |__^
[INFO] [stdout] 
[INFO] [stdout] 
[INFO] [stderr]     Checking x11rb-protocol v0.10.0
[INFO] [stderr]     Checking alsa v0.7.1
[INFO] [stdout] error[E0554]: `#![feature]` may not be used on the beta release channel
[INFO] [stdout]  --> /opt/rustwide/cargo-home/git/checkouts/portable-simd-311bd65e6952a0da/1273da6/crates/core_simd/src/lib.rs:4:5
[INFO] [stdout]   |
[INFO] [stdout] 4 |     const_maybe_uninit_as_mut_ptr,
[INFO] [stdout]   |     ^^^^^^^^^^^^^^^^^^^^^^^^^^^^^
[INFO] [stdout] 
[INFO] [stdout] 
[INFO] [stdout] error[E0554]: `#![feature]` may not be used on the beta release channel
[INFO] [stdout]  --> /opt/rustwide/cargo-home/git/checkouts/portable-simd-311bd65e6952a0da/1273da6/crates/core_simd/src/lib.rs:6:5
[INFO] [stdout]   |
[INFO] [stdout] 6 |     convert_float_to_int,
[INFO] [stdout]   |     ^^^^^^^^^^^^^^^^^^^^
[INFO] [stdout] 
[INFO] [stdout] 
[INFO] [stdout] error[E0554]: `#![feature]` may not be used on the beta release channel
[INFO] [stdout]   --> /opt/rustwide/cargo-home/git/checkouts/portable-simd-311bd65e6952a0da/1273da6/crates/core_simd/src/lib.rs:14:5
[INFO] [stdout]    |
[INFO] [stdout] 14 |     stdsimd,
[INFO] [stdout]    |     ^^^^^^^
[INFO] [stdout] 
[INFO] [stdout] 
[INFO] [stdout] error[E0554]: `#![feature]` may not be used on the beta release channel
[INFO] [stdout]   --> /opt/rustwide/cargo-home/git/checkouts/portable-simd-311bd65e6952a0da/1273da6/crates/core_simd/src/lib.rs:16:5
[INFO] [stdout]    |
[INFO] [stdout] 16 |     ptr_metadata
[INFO] [stdout]    |     ^^^^^^^^^^^^
[INFO] [stdout] 
[INFO] [stdout] 
[INFO] [stdout] error: aborting due to 5 previous errors
[INFO] [stdout] 
[INFO] [stdout] 
[INFO] [stdout] For more information about this error, try `rustc --explain E0554`.
[INFO] [stdout] 
[INFO] [stderr] error: could not compile `core_simd` (lib) due to 6 previous errors
[INFO] [stderr] warning: build failed, waiting for other jobs to finish...
[INFO] running `Command { std: "docker" "inspect" "534a0882fdc0404b1bac240ce32209d64d0317493d1bef5a0bf85a39f33e7960", kill_on_drop: false }`
[INFO] running `Command { std: "docker" "rm" "-f" "534a0882fdc0404b1bac240ce32209d64d0317493d1bef5a0bf85a39f33e7960", kill_on_drop: false }`
[INFO] [stdout] 534a0882fdc0404b1bac240ce32209d64d0317493d1bef5a0bf85a39f33e7960
