[INFO] cloning repository https://github.com/AppleFlavored/js2cpu
[INFO] running `Command { std: "git" "-c" "credential.helper=" "-c" "credential.helper=/workspace/cargo-home/bin/git-credential-null" "clone" "--bare" "https://github.com/AppleFlavored/js2cpu" "/workspace/cache/git-repos/https%3A%2F%2Fgithub.com%2FAppleFlavored%2Fjs2cpu", kill_on_drop: false }`
[INFO] [stderr] Cloning into bare repository '/workspace/cache/git-repos/https%3A%2F%2Fgithub.com%2FAppleFlavored%2Fjs2cpu'...
[INFO] running `Command { std: "git" "rev-parse" "HEAD", kill_on_drop: false }`
[INFO] [stdout] 555d2dd6a816cdc2a91cfd3439677063efc16bf9
[INFO] documenting AppleFlavored/js2cpu against 1.75.0 for beta-1.76-rustdoc-1
[INFO] running `Command { std: "git" "clone" "/workspace/cache/git-repos/https%3A%2F%2Fgithub.com%2FAppleFlavored%2Fjs2cpu" "/workspace/builds/worker-3-tc1/source", kill_on_drop: false }`
[INFO] [stderr] Cloning into '/workspace/builds/worker-3-tc1/source'...
[INFO] [stderr] done.
[INFO] validating manifest of git repo https://github.com/AppleFlavored/js2cpu on toolchain 1.75.0
[INFO] running `Command { std: CARGO_HOME="/workspace/cargo-home" RUSTUP_HOME="/workspace/rustup-home" "/workspace/cargo-home/bin/cargo" "+1.75.0" "metadata" "--manifest-path" "Cargo.toml" "--no-deps", kill_on_drop: false }`
[INFO] removed /workspace/builds/worker-3-tc1/source/rust-toolchain.toml
[INFO] started tweaking git repo https://github.com/AppleFlavored/js2cpu
[INFO] finished tweaking git repo https://github.com/AppleFlavored/js2cpu
[INFO] tweaked toml for git repo https://github.com/AppleFlavored/js2cpu written to /workspace/builds/worker-3-tc1/source/Cargo.toml
[INFO] crate git repo https://github.com/AppleFlavored/js2cpu already has a lockfile, it will not be regenerated
[INFO] running `Command { std: CARGO_HOME="/workspace/cargo-home" RUSTUP_HOME="/workspace/rustup-home" "/workspace/cargo-home/bin/cargo" "+1.75.0" "fetch" "--manifest-path" "Cargo.toml", kill_on_drop: false }`
[INFO] [stderr]     Blocking waiting for file lock on package cache
[INFO] [stderr]     Updating crates.io index
[INFO] [stderr]  Downloading crates ...
[INFO] [stderr]   Downloaded ryu-js v0.2.2
[INFO] [stderr]   Downloaded ordered-float v3.6.0
[INFO] [stderr]   Downloaded unicode-id-start v1.1.0
[INFO] [stderr]   Downloaded compact_str v0.7.0
[INFO] [stderr]   Downloaded rustix v0.37.3
[INFO] [stderr]   Downloaded oxc_diagnostics v0.0.5
[INFO] [stderr]   Downloaded oxc_allocator v0.0.1
[INFO] [stderr]   Downloaded oxc_ast v0.0.5
[INFO] [stderr]   Downloaded oxc_parser v0.0.5
[INFO] running `Command { std: "docker" "create" "-v" "/var/lib/crater-agent-workspace/builds/worker-3-tc1/target:/opt/rustwide/target:rw,Z" "-v" "/var/lib/crater-agent-workspace/builds/worker-3-tc1/source:/opt/rustwide/workdir:ro,Z" "-v" "/var/lib/crater-agent-workspace/cargo-home:/opt/rustwide/cargo-home:ro,Z" "-v" "/var/lib/crater-agent-workspace/rustup-home:/opt/rustwide/rustup-home:ro,Z" "-e" "SOURCE_DIR=/opt/rustwide/workdir" "-e" "CARGO_TARGET_DIR=/opt/rustwide/target" "-e" "CARGO_HOME=/opt/rustwide/cargo-home" "-e" "RUSTUP_HOME=/opt/rustwide/rustup-home" "-w" "/opt/rustwide/workdir" "-m" "1610612736" "--user" "0:0" "--network" "none" "ghcr.io/rust-lang/crates-build-env/linux@sha256:2788e3201cd34a07e3172128adcd8b3090168a8e3bcc40d7c032b9dda1df7d1c" "/opt/rustwide/cargo-home/bin/cargo" "+1.75.0" "metadata" "--no-deps" "--format-version=1", kill_on_drop: false }`
[INFO] [stdout] 926db533a840d4daafa7c5bc066a28043c2830b205297bf1494857a872723cfd
[INFO] running `Command { std: "docker" "start" "-a" "926db533a840d4daafa7c5bc066a28043c2830b205297bf1494857a872723cfd", kill_on_drop: false }`
[INFO] running `Command { std: "docker" "inspect" "926db533a840d4daafa7c5bc066a28043c2830b205297bf1494857a872723cfd", kill_on_drop: false }`
[INFO] running `Command { std: "docker" "rm" "-f" "926db533a840d4daafa7c5bc066a28043c2830b205297bf1494857a872723cfd", kill_on_drop: false }`
[INFO] [stdout] 926db533a840d4daafa7c5bc066a28043c2830b205297bf1494857a872723cfd
[INFO] running `Command { std: "docker" "create" "-v" "/var/lib/crater-agent-workspace/builds/worker-3-tc1/target:/opt/rustwide/target:rw,Z" "-v" "/var/lib/crater-agent-workspace/builds/worker-3-tc1/source:/opt/rustwide/workdir:ro,Z" "-v" "/var/lib/crater-agent-workspace/cargo-home:/opt/rustwide/cargo-home:ro,Z" "-v" "/var/lib/crater-agent-workspace/rustup-home:/opt/rustwide/rustup-home:ro,Z" "-e" "SOURCE_DIR=/opt/rustwide/workdir" "-e" "CARGO_TARGET_DIR=/opt/rustwide/target" "-e" "CARGO_INCREMENTAL=0" "-e" "RUST_BACKTRACE=full" "-e" "RUSTFLAGS=--cap-lints=warn" "-e" "RUSTDOCFLAGS=--cap-lints=warn" "-e" "CARGO_HOME=/opt/rustwide/cargo-home" "-e" "RUSTUP_HOME=/opt/rustwide/rustup-home" "-w" "/opt/rustwide/workdir" "-m" "1610612736" "--user" "0:0" "--network" "none" "ghcr.io/rust-lang/crates-build-env/linux@sha256:2788e3201cd34a07e3172128adcd8b3090168a8e3bcc40d7c032b9dda1df7d1c" "/opt/rustwide/cargo-home/bin/cargo" "+1.75.0" "doc" "--frozen" "--no-deps" "--document-private-items" "--message-format=json", kill_on_drop: false }`
[INFO] [stdout] eddedcbcd312d2473e08448ad0d3203db7173188a5092d223695d30a747af3dd
[INFO] running `Command { std: "docker" "start" "-a" "eddedcbcd312d2473e08448ad0d3203db7173188a5092d223695d30a747af3dd", kill_on_drop: false }`
[INFO] [stderr]    Compiling version_check v0.9.4
[INFO] [stderr]    Compiling autocfg v1.1.0
[INFO] [stderr]    Compiling libc v0.2.139
[INFO] [stderr]    Compiling proc-macro2 v1.0.56
[INFO] [stderr]    Compiling quote v1.0.26
[INFO] [stderr]    Compiling unicode-ident v1.0.8
[INFO] [stderr]    Compiling memchr v2.5.0
[INFO] [stderr]    Compiling cfg-if v1.0.0
[INFO] [stderr]    Compiling io-lifetimes v1.0.6
[INFO] [stderr]    Compiling once_cell v1.17.1
[INFO] [stderr]    Compiling rustix v0.37.3
[INFO] [stderr]     Checking bitflags v1.3.2
[INFO] [stderr]    Compiling crc32fast v1.3.2
[INFO] [stderr]     Checking linux-raw-sys v0.3.1
[INFO] [stderr]    Compiling regex-syntax v0.6.29
[INFO] [stderr]     Checking adler v1.0.2
[INFO] [stderr]     Checking miniz_oxide v0.6.2
[INFO] [stderr]     Checking hashbrown v0.12.3
[INFO] [stderr]    Compiling cc v1.0.79
[INFO] [stderr]     Checking gimli v0.27.2
[INFO] [stderr]    Compiling rustversion v1.0.12
[INFO] [stderr]     Checking rustc-demangle v0.1.22
[INFO] [stderr]     Checking flate2 v1.0.25
[INFO] [stderr]    Compiling indexmap v1.9.3
[INFO] [stderr]    Compiling ahash v0.7.6
[INFO] [stderr]    Compiling ahash v0.8.3
[INFO] [stderr]    Compiling num-traits v0.2.15
[INFO] [stderr]    Compiling thiserror v1.0.40
[INFO] [stderr]     Checking smawk v0.3.1
[INFO] [stderr]     Checking unicode-width v0.1.10
[INFO] [stderr]    Compiling proc-macro-error-attr v1.0.4
[INFO] [stderr]    Compiling aho-corasick v0.7.20
[INFO] [stderr]    Compiling num-integer v0.1.45
[INFO] [stderr]    Compiling syn v1.0.109
[INFO] [stderr]    Compiling serde v1.0.160
[INFO] [stderr]     Checking is_ci v1.1.1
[INFO] [stderr]    Compiling proc-macro-error v1.0.4
[INFO] [stderr]     Checking hashbrown v0.13.2
[INFO] [stderr]    Compiling num-bigint v0.4.3
[INFO] [stderr]     Checking owo-colors v3.5.0
[INFO] [stderr]    Compiling getrandom v0.2.9
[INFO] [stderr]    Compiling syn v2.0.15
[INFO] [stderr]     Checking terminal_size v0.1.17
[INFO] [stderr]     Checking itoa v1.0.6
[INFO] [stderr]     Checking object v0.30.3
[INFO] [stderr]     Checking static_assertions v1.1.0
[INFO] [stderr]     Checking ryu v1.0.12
[INFO] [stderr]     Checking bumpalo v3.12.0
[INFO] [stderr]     Checking ryu-js v0.2.2
[INFO] [stderr]    Compiling backtrace v0.3.67
[INFO] [stderr]     Checking ordered-float v3.6.0
[INFO] [stderr]    Compiling heck v0.4.1
[INFO] [stderr]    Compiling regex v1.7.3
[INFO] [stderr]     Checking os_str_bytes v6.4.1
[INFO] [stderr]     Checking castaway v0.2.2
[INFO] [stderr]     Checking compact_str v0.7.0
[INFO] [stderr]     Checking rustc-hash v1.1.0
[INFO] [stderr]     Checking unicode-id-start v1.1.0
[INFO] [stderr]     Checking strsim v0.10.0
[INFO] [stderr]     Checking lazy_static v1.4.0
[INFO] [stderr]     Checking termcolor v1.2.0
[INFO] [stderr]     Checking clap_lex v0.3.2
[INFO] [stderr]     Checking iced-x86 v1.18.0
[INFO] [stderr]     Checking addr2line v0.19.0
[INFO] [stderr]     Checking is-terminal v0.4.7
[INFO] [stderr]     Checking supports-unicode v2.0.0
[INFO] [stderr]     Checking supports-color v2.0.0
[INFO] [stderr]     Checking supports-hyperlinks v2.0.0
[INFO] [stderr]    Compiling thiserror-impl v1.0.40
[INFO] [stderr]    Compiling miette-derive v5.7.0
[INFO] [stderr]    Compiling unicode-linebreak v0.1.4
[INFO] [stderr]     Checking oxc_allocator v0.0.1
[INFO] [stderr]     Checking backtrace-ext v0.2.1
[INFO] [stderr]    Compiling clap_derive v4.1.8
[INFO] [stderr]     Checking textwrap v0.15.2
[INFO] [stderr]     Checking textwrap v0.16.0
[INFO] [stderr]     Checking miette v5.7.0
[INFO] [stderr]     Checking oxc_ast v0.0.5
[INFO] [stderr]     Checking oxc_diagnostics v0.0.5
[INFO] [stdout] error[E0554]: `#![feature]` may not be used on the stable release channel
[INFO] [stdout]  --> /opt/rustwide/cargo-home/registry/src/index.crates.io-6f17d22bba15001f/oxc_ast-0.0.5/src/lib.rs:5:1
[INFO] [stdout]   |
[INFO] [stdout] 5 | #![feature(let_chains)]
[INFO] [stdout]   | ^^^^^^^^^^^^^^^^^^^^^^^
[INFO] [stdout] 
[INFO] [stdout] 
[INFO] [stdout] error[E0554]: `#![feature]` may not be used on the stable release channel
[INFO] [stdout]  --> /opt/rustwide/cargo-home/registry/src/index.crates.io-6f17d22bba15001f/oxc_ast-0.0.5/src/lib.rs:6:1
[INFO] [stdout]   |
[INFO] [stdout] 6 | #![feature(is_some_and)]
[INFO] [stdout]   | ^^^^^^^^^^^^^^^^^^^^^^^^
[INFO] [stdout] 
[INFO] [stdout] 
[INFO] [stdout] error[E0554]: `#![feature]` may not be used on the stable release channel
[INFO] [stdout]  --> /opt/rustwide/cargo-home/registry/src/index.crates.io-6f17d22bba15001f/oxc_ast-0.0.5/src/lib.rs:6:12
[INFO] [stdout]   |
[INFO] [stdout] 6 | #![feature(is_some_and)]
[INFO] [stdout]   |            ^^^^^^^^^^^
[INFO] [stdout] 
[INFO] [stdout] 
[INFO] [stderr]     Checking clap v4.1.8
[INFO] [stdout] error: aborting due to 3 previous errors
[INFO] [stdout] 
[INFO] [stdout] 
[INFO] [stdout] For more information about this error, try `rustc --explain E0554`.
[INFO] [stdout] 
[INFO] [stderr] error: could not compile `oxc_ast` (lib) due to 4 previous errors
[INFO] [stderr] warning: build failed, waiting for other jobs to finish...
[INFO] running `Command { std: "docker" "inspect" "eddedcbcd312d2473e08448ad0d3203db7173188a5092d223695d30a747af3dd", kill_on_drop: false }`
[INFO] running `Command { std: "docker" "rm" "-f" "eddedcbcd312d2473e08448ad0d3203db7173188a5092d223695d30a747af3dd", kill_on_drop: false }`
[INFO] [stdout] eddedcbcd312d2473e08448ad0d3203db7173188a5092d223695d30a747af3dd
[INFO] documenting AppleFlavored/js2cpu against beta-2023-12-22 for beta-1.76-rustdoc-1
[INFO] running `Command { std: "git" "clone" "/workspace/cache/git-repos/https%3A%2F%2Fgithub.com%2FAppleFlavored%2Fjs2cpu" "/workspace/builds/worker-3-tc2/source", kill_on_drop: false }`
[INFO] [stderr] Cloning into '/workspace/builds/worker-3-tc2/source'...
[INFO] [stderr] done.
[INFO] validating manifest of git repo https://github.com/AppleFlavored/js2cpu on toolchain beta-2023-12-22
[INFO] running `Command { std: CARGO_HOME="/workspace/cargo-home" RUSTUP_HOME="/workspace/rustup-home" "/workspace/cargo-home/bin/cargo" "+beta-2023-12-22" "metadata" "--manifest-path" "Cargo.toml" "--no-deps", kill_on_drop: false }`
[INFO] removed /workspace/builds/worker-3-tc2/source/rust-toolchain.toml
[INFO] started tweaking git repo https://github.com/AppleFlavored/js2cpu
[INFO] finished tweaking git repo https://github.com/AppleFlavored/js2cpu
[INFO] tweaked toml for git repo https://github.com/AppleFlavored/js2cpu written to /workspace/builds/worker-3-tc2/source/Cargo.toml
[INFO] crate git repo https://github.com/AppleFlavored/js2cpu already has a lockfile, it will not be regenerated
[INFO] running `Command { std: CARGO_HOME="/workspace/cargo-home" RUSTUP_HOME="/workspace/rustup-home" "/workspace/cargo-home/bin/cargo" "+beta-2023-12-22" "fetch" "--manifest-path" "Cargo.toml", kill_on_drop: false }`
[INFO] [stderr]     Blocking waiting for file lock on package cache
[INFO] [stderr]     Blocking waiting for file lock on package cache
[INFO] running `Command { std: "docker" "create" "-v" "/var/lib/crater-agent-workspace/builds/worker-3-tc2/target:/opt/rustwide/target:rw,Z" "-v" "/var/lib/crater-agent-workspace/builds/worker-3-tc2/source:/opt/rustwide/workdir:ro,Z" "-v" "/var/lib/crater-agent-workspace/cargo-home:/opt/rustwide/cargo-home:ro,Z" "-v" "/var/lib/crater-agent-workspace/rustup-home:/opt/rustwide/rustup-home:ro,Z" "-e" "SOURCE_DIR=/opt/rustwide/workdir" "-e" "CARGO_TARGET_DIR=/opt/rustwide/target" "-e" "CARGO_HOME=/opt/rustwide/cargo-home" "-e" "RUSTUP_HOME=/opt/rustwide/rustup-home" "-w" "/opt/rustwide/workdir" "-m" "1610612736" "--user" "0:0" "--network" "none" "ghcr.io/rust-lang/crates-build-env/linux@sha256:2788e3201cd34a07e3172128adcd8b3090168a8e3bcc40d7c032b9dda1df7d1c" "/opt/rustwide/cargo-home/bin/cargo" "+beta-2023-12-22" "metadata" "--no-deps" "--format-version=1", kill_on_drop: false }`
[INFO] [stdout] d071d77b4e8a6b529723140e1d7f71af787fde606afc24f632841d002a511147
[INFO] running `Command { std: "docker" "start" "-a" "d071d77b4e8a6b529723140e1d7f71af787fde606afc24f632841d002a511147", kill_on_drop: false }`
[INFO] running `Command { std: "docker" "inspect" "d071d77b4e8a6b529723140e1d7f71af787fde606afc24f632841d002a511147", kill_on_drop: false }`
[INFO] running `Command { std: "docker" "rm" "-f" "d071d77b4e8a6b529723140e1d7f71af787fde606afc24f632841d002a511147", kill_on_drop: false }`
[INFO] [stdout] d071d77b4e8a6b529723140e1d7f71af787fde606afc24f632841d002a511147
[INFO] running `Command { std: "docker" "create" "-v" "/var/lib/crater-agent-workspace/builds/worker-3-tc2/target:/opt/rustwide/target:rw,Z" "-v" "/var/lib/crater-agent-workspace/builds/worker-3-tc2/source:/opt/rustwide/workdir:ro,Z" "-v" "/var/lib/crater-agent-workspace/cargo-home:/opt/rustwide/cargo-home:ro,Z" "-v" "/var/lib/crater-agent-workspace/rustup-home:/opt/rustwide/rustup-home:ro,Z" "-e" "SOURCE_DIR=/opt/rustwide/workdir" "-e" "CARGO_TARGET_DIR=/opt/rustwide/target" "-e" "CARGO_INCREMENTAL=0" "-e" "RUST_BACKTRACE=full" "-e" "RUSTFLAGS=--cap-lints=warn" "-e" "RUSTDOCFLAGS=--cap-lints=warn" "-e" "CARGO_HOME=/opt/rustwide/cargo-home" "-e" "RUSTUP_HOME=/opt/rustwide/rustup-home" "-w" "/opt/rustwide/workdir" "-m" "1610612736" "--user" "0:0" "--network" "none" "ghcr.io/rust-lang/crates-build-env/linux@sha256:2788e3201cd34a07e3172128adcd8b3090168a8e3bcc40d7c032b9dda1df7d1c" "/opt/rustwide/cargo-home/bin/cargo" "+beta-2023-12-22" "doc" "--frozen" "--no-deps" "--document-private-items" "--message-format=json", kill_on_drop: false }`
[INFO] [stdout] 796675f1ef31d5ab6fb56ced4fa3471a2a37e9f422dc45670cfbd4ea2d184707
[INFO] running `Command { std: "docker" "start" "-a" "796675f1ef31d5ab6fb56ced4fa3471a2a37e9f422dc45670cfbd4ea2d184707", kill_on_drop: false }`
[INFO] [stderr]    Compiling version_check v0.9.4
[INFO] [stderr]    Compiling autocfg v1.1.0
[INFO] [stderr]    Compiling proc-macro2 v1.0.56
[INFO] [stderr]    Compiling libc v0.2.139
[INFO] [stderr]    Compiling quote v1.0.26
[INFO] [stderr]    Compiling unicode-ident v1.0.8
[INFO] [stderr]    Compiling memchr v2.5.0
[INFO] [stderr]     Checking cfg-if v1.0.0
[INFO] [stderr]    Compiling io-lifetimes v1.0.6
[INFO] [stderr]    Compiling rustix v0.37.3
[INFO] [stderr]    Compiling once_cell v1.17.1
[INFO] [stderr]     Checking linux-raw-sys v0.3.1
[INFO] [stderr]     Checking bitflags v1.3.2
[INFO] [stderr]    Compiling regex-syntax v0.6.29
[INFO] [stderr]    Compiling crc32fast v1.3.2
[INFO] [stderr]     Checking adler v1.0.2
[INFO] [stderr]     Checking hashbrown v0.12.3
[INFO] [stderr]     Checking miniz_oxide v0.6.2
[INFO] [stderr]    Compiling cc v1.0.79
[INFO] [stderr]    Compiling ahash v0.7.6
[INFO] [stderr]    Compiling ahash v0.8.3
[INFO] [stderr]    Compiling indexmap v1.9.3
[INFO] [stderr]    Compiling num-traits v0.2.15
[INFO] [stderr]     Checking gimli v0.27.2
[INFO] [stderr]    Compiling rustversion v1.0.12
[INFO] [stderr]     Checking rustc-demangle v0.1.22
[INFO] [stderr]     Checking flate2 v1.0.25
[INFO] [stderr]     Checking smawk v0.3.1
[INFO] [stderr]     Checking unicode-width v0.1.10
[INFO] [stderr]    Compiling thiserror v1.0.40
[INFO] [stderr]     Checking hashbrown v0.13.2
[INFO] [stderr]    Compiling num-integer v0.1.45
[INFO] [stderr]    Compiling aho-corasick v0.7.20
[INFO] [stderr]    Compiling syn v2.0.15
[INFO] [stderr]    Compiling getrandom v0.2.9
[INFO] [stderr]    Compiling proc-macro-error-attr v1.0.4
[INFO] [stderr]     Checking is_ci v1.1.1
[INFO] [stderr]    Compiling syn v1.0.109
[INFO] [stderr]    Compiling serde v1.0.160
[INFO] [stderr]    Compiling num-bigint v0.4.3
[INFO] [stderr]    Compiling proc-macro-error v1.0.4
[INFO] [stderr]     Checking owo-colors v3.5.0
[INFO] [stderr]     Checking object v0.30.3
[INFO] [stderr]     Checking itoa v1.0.6
[INFO] [stderr]     Checking terminal_size v0.1.17
[INFO] [stderr]     Checking ryu v1.0.12
[INFO] [stderr]     Checking bumpalo v3.12.0
[INFO] [stderr]     Checking static_assertions v1.1.0
[INFO] [stderr]    Compiling backtrace v0.3.67
[INFO] [stderr]    Compiling heck v0.4.1
[INFO] [stderr]     Checking os_str_bytes v6.4.1
[INFO] [stderr]    Compiling regex v1.7.3
[INFO] [stderr]     Checking rustc-hash v1.1.0
[INFO] [stderr]     Checking ryu-js v0.2.2
[INFO] [stderr]     Checking clap_lex v0.3.2
[INFO] [stderr]     Checking lazy_static v1.4.0
[INFO] [stderr]     Checking castaway v0.2.2
[INFO] [stderr]     Checking unicode-id-start v1.1.0
[INFO] [stderr]     Checking strsim v0.10.0
[INFO] [stderr]     Checking termcolor v1.2.0
[INFO] [stderr]     Checking iced-x86 v1.18.0
[INFO] [stderr]     Checking compact_str v0.7.0
[INFO] [stderr]     Checking ordered-float v3.6.0
[INFO] [stderr]    Compiling thiserror-impl v1.0.40
[INFO] [stderr]    Compiling miette-derive v5.7.0
[INFO] [stderr]     Checking addr2line v0.19.0
[INFO] [stderr]     Checking is-terminal v0.4.7
[INFO] [stderr]     Checking supports-unicode v2.0.0
[INFO] [stderr]     Checking supports-hyperlinks v2.0.0
[INFO] [stderr]     Checking supports-color v2.0.0
[INFO] [stderr]    Compiling unicode-linebreak v0.1.4
[INFO] [stderr]     Checking oxc_allocator v0.0.1
[INFO] [stderr]    Compiling clap_derive v4.1.8
[INFO] [stderr]     Checking backtrace-ext v0.2.1
[INFO] [stderr]     Checking textwrap v0.15.2
[INFO] [stderr]     Checking textwrap v0.16.0
[INFO] [stderr]     Checking miette v5.7.0
[INFO] [stderr]     Checking oxc_ast v0.0.5
[INFO] [stderr]     Checking oxc_diagnostics v0.0.5
[INFO] [stdout] error[E0554]: `#![feature]` may not be used on the beta release channel
[INFO] [stdout]  --> /opt/rustwide/cargo-home/registry/src/index.crates.io-6f17d22bba15001f/oxc_ast-0.0.5/src/lib.rs:5:1
[INFO] [stdout]   |
[INFO] [stdout] 5 | #![feature(let_chains)]
[INFO] [stdout]   | ^^^^^^^^^^^^^^^^^^^^^^^
[INFO] [stdout] 
[INFO] [stdout] 
[INFO] [stdout] error[E0554]: `#![feature]` may not be used on the beta release channel
[INFO] [stdout]  --> /opt/rustwide/cargo-home/registry/src/index.crates.io-6f17d22bba15001f/oxc_ast-0.0.5/src/lib.rs:6:1
[INFO] [stdout]   |
[INFO] [stdout] 6 | #![feature(is_some_and)]
[INFO] [stdout]   | ^^^^^^^^^^^^^^^^^^^^^^^^
[INFO] [stdout] 
[INFO] [stdout] 
[INFO] [stdout] error[E0554]: `#![feature]` may not be used on the beta release channel
[INFO] [stdout]  --> /opt/rustwide/cargo-home/registry/src/index.crates.io-6f17d22bba15001f/oxc_ast-0.0.5/src/lib.rs:6:12
[INFO] [stdout]   |
[INFO] [stdout] 6 | #![feature(is_some_and)]
[INFO] [stdout]   |            ^^^^^^^^^^^
[INFO] [stdout] 
[INFO] [stdout] 
[INFO] [stdout] error: aborting due to 3 previous errors
[INFO] [stdout] 
[INFO] [stdout] 
[INFO] [stdout] For more information about this error, try `rustc --explain E0554`.
[INFO] [stdout] 
[INFO] [stderr] error: could not compile `oxc_ast` (lib) due to 4 previous errors
[INFO] [stderr] warning: build failed, waiting for other jobs to finish...
[INFO] running `Command { std: "docker" "inspect" "796675f1ef31d5ab6fb56ced4fa3471a2a37e9f422dc45670cfbd4ea2d184707", kill_on_drop: false }`
[INFO] running `Command { std: "docker" "rm" "-f" "796675f1ef31d5ab6fb56ced4fa3471a2a37e9f422dc45670cfbd4ea2d184707", kill_on_drop: false }`
[INFO] [stdout] 796675f1ef31d5ab6fb56ced4fa3471a2a37e9f422dc45670cfbd4ea2d184707
