[INFO] cloning repository https://github.com/AndrewGaspar/rust-breakout
[INFO] running `Command { std: "git" "-c" "credential.helper=" "-c" "credential.helper=/workspace/cargo-home/bin/git-credential-null" "clone" "--bare" "https://github.com/AndrewGaspar/rust-breakout" "/workspace/cache/git-repos/https%3A%2F%2Fgithub.com%2FAndrewGaspar%2Frust-breakout", kill_on_drop: false }`
[INFO] [stderr] Cloning into bare repository '/workspace/cache/git-repos/https%3A%2F%2Fgithub.com%2FAndrewGaspar%2Frust-breakout'...
[INFO] running `Command { std: "git" "rev-parse" "HEAD", kill_on_drop: false }`
[INFO] [stdout] 4552fa8640c9a31ce5732a5d9da74956e9cf11b8
[INFO] documenting AndrewGaspar/rust-breakout against 1.75.0 for beta-1.76-rustdoc-1
[INFO] running `Command { std: "git" "clone" "/workspace/cache/git-repos/https%3A%2F%2Fgithub.com%2FAndrewGaspar%2Frust-breakout" "/workspace/builds/worker-7-tc1/source", kill_on_drop: false }`
[INFO] [stderr] Cloning into '/workspace/builds/worker-7-tc1/source'...
[INFO] [stderr] done.
[INFO] validating manifest of git repo https://github.com/AndrewGaspar/rust-breakout on toolchain 1.75.0
[INFO] running `Command { std: CARGO_HOME="/workspace/cargo-home" RUSTUP_HOME="/workspace/rustup-home" "/workspace/cargo-home/bin/cargo" "+1.75.0" "metadata" "--manifest-path" "Cargo.toml" "--no-deps", kill_on_drop: false }`
[INFO] started tweaking git repo https://github.com/AndrewGaspar/rust-breakout
[INFO] finished tweaking git repo https://github.com/AndrewGaspar/rust-breakout
[INFO] tweaked toml for git repo https://github.com/AndrewGaspar/rust-breakout written to /workspace/builds/worker-7-tc1/source/Cargo.toml
[INFO] crate git repo https://github.com/AndrewGaspar/rust-breakout already has a lockfile, it will not be regenerated
[INFO] running `Command { std: CARGO_HOME="/workspace/cargo-home" RUSTUP_HOME="/workspace/rustup-home" "/workspace/cargo-home/bin/cargo" "+1.75.0" "fetch" "--manifest-path" "Cargo.toml", kill_on_drop: false }`
[INFO] [stderr]     Updating crates.io index
[INFO] [stderr]  Downloading crates ...
[INFO] [stderr]   Downloaded nodrop v0.1.12
[INFO] [stderr]   Downloaded cfg-if v0.1.3
[INFO] [stderr]   Downloaded gfx v0.17.1
[INFO] [stderr]   Downloaded gfx_gl v0.5.0
[INFO] [stderr]   Downloaded ordered-float v0.5.0
[INFO] [stderr]   Downloaded wayland-commons v0.20.10
[INFO] [stderr]   Downloaded x11-dl v2.18.0
[INFO] [stderr]   Downloaded stable_deref_trait v1.1.0
[INFO] [stderr]   Downloaded smallvec v0.6.2
[INFO] [stderr]   Downloaded gfx_device_gl v0.15.3
[INFO] [stderr]   Downloaded log v0.4.2
[INFO] [stderr]   Downloaded rusttype v0.6.2
[INFO] [stderr]   Downloaded rand v0.5.1
[INFO] [stderr]   Downloaded winapi v0.3.5
[INFO] [stderr]   Downloaded backtrace-sys v0.1.23
[INFO] [stderr]   Downloaded unicode-normalization v0.1.7
[INFO] [stderr]   Downloaded image v0.19.0
[INFO] [stderr]   Downloaded itertools v0.7.8
[INFO] [stderr]   Downloaded syn v0.14.2
[INFO] [stderr]   Downloaded nix v0.11.0
[INFO] [stderr]   Downloaded rayon v1.0.1
[INFO] [stderr]   Downloaded deflate v0.7.18
[INFO] [stderr]   Downloaded winit v0.15.1
[INFO] [stderr]   Downloaded libc v0.2.42
[INFO] [stderr]   Downloaded approx v0.2.0
[INFO] [stderr]   Downloaded gfx_glyph v0.11.0
[INFO] [stderr]   Downloaded wayland-client v0.20.10
[INFO] [stderr]   Downloaded wayland-scanner v0.20.10
[INFO] [stderr]   Downloaded twox-hash v1.1.0
[INFO] [stderr]   Downloaded core-foundation-sys v0.6.0
[INFO] [stderr]   Downloaded core-foundation v0.6.0
[INFO] [stderr]   Downloaded gleam v0.5.1
[INFO] [stderr]   Downloaded cgl v0.2.2
[INFO] [stderr]   Downloaded inflate v0.4.2
[INFO] [stderr]   Downloaded wayland-sys v0.20.10
[INFO] [stderr]   Downloaded rayon-core v1.4.0
[INFO] [stderr]   Downloaded smithay-client-toolkit v0.2.3
[INFO] [stderr]   Downloaded cc v1.0.17
[INFO] [stderr]   Downloaded syn v0.10.8
[INFO] [stderr]   Downloaded glutin v0.16.0
[INFO] [stderr]   Downloaded wayland-protocols v0.20.10
[INFO] [stderr]   Downloaded rand_core v0.2.1
[INFO] [stderr]   Downloaded rand v0.4.2
[INFO] [stderr]   Downloaded stb_truetype v0.2.2
[INFO] [stderr]   Downloaded rand v0.3.22
[INFO] [stderr]   Downloaded gfx_core v0.8.2
[INFO] [stderr]   Downloaded shared_library v0.1.8
[INFO] [stderr]   Downloaded backtrace v0.3.8
[INFO] [stderr]   Downloaded num-integer v0.1.38
[INFO] [stderr]   Downloaded proc-macro2 v0.4.6
[INFO] [stderr]   Downloaded quote v0.6.3
[INFO] [stderr]   Downloaded bitflags v1.0.3
[INFO] [stderr]   Downloaded parking_lot v0.5.5
[INFO] [stderr]   Downloaded downcast-rs v1.0.3
[INFO] [stderr]   Downloaded jpeg-decoder v0.1.15
[INFO] [stderr]   Downloaded num-derive v0.2.2
[INFO] [stderr]   Downloaded num-traits v0.2.4
[INFO] [stderr]   Downloaded rustc-demangle v0.1.8
[INFO] [stderr]   Downloaded gfx_window_glutin v0.24.0
[INFO] [stderr]   Downloaded gif v0.10.0
[INFO] [stderr]   Downloaded num_cpus v1.8.0
[INFO] [stderr]   Downloaded byteorder v1.2.3
[INFO] [stderr]   Downloaded num-iter v0.1.37
[INFO] [stderr]   Downloaded pkg-config v0.3.11
[INFO] [stderr]   Downloaded derivative v1.0.0
[INFO] [stderr]   Downloaded objc v0.2.2
[INFO] [stderr]   Downloaded tempfile v3.0.2
[INFO] [stderr]   Downloaded arrayvec v0.4.7
[INFO] [stderr]   Downloaded lazy_static v1.0.1
[INFO] [stderr]   Downloaded adler32 v1.0.2
[INFO] running `Command { std: "docker" "create" "-v" "/var/lib/crater-agent-workspace/builds/worker-7-tc1/target:/opt/rustwide/target:rw,Z" "-v" "/var/lib/crater-agent-workspace/builds/worker-7-tc1/source:/opt/rustwide/workdir:ro,Z" "-v" "/var/lib/crater-agent-workspace/cargo-home:/opt/rustwide/cargo-home:ro,Z" "-v" "/var/lib/crater-agent-workspace/rustup-home:/opt/rustwide/rustup-home:ro,Z" "-e" "SOURCE_DIR=/opt/rustwide/workdir" "-e" "CARGO_TARGET_DIR=/opt/rustwide/target" "-e" "CARGO_HOME=/opt/rustwide/cargo-home" "-e" "RUSTUP_HOME=/opt/rustwide/rustup-home" "-w" "/opt/rustwide/workdir" "-m" "1610612736" "--user" "0:0" "--network" "none" "ghcr.io/rust-lang/crates-build-env/linux@sha256:2788e3201cd34a07e3172128adcd8b3090168a8e3bcc40d7c032b9dda1df7d1c" "/opt/rustwide/cargo-home/bin/cargo" "+1.75.0" "metadata" "--no-deps" "--format-version=1", kill_on_drop: false }`
[INFO] [stdout] 32cfb69aff2e7ebdc1da87e31196dcc5800ace59e8d55be4a9b40d6868685989
[INFO] running `Command { std: "docker" "start" "-a" "32cfb69aff2e7ebdc1da87e31196dcc5800ace59e8d55be4a9b40d6868685989", kill_on_drop: false }`
[INFO] running `Command { std: "docker" "inspect" "32cfb69aff2e7ebdc1da87e31196dcc5800ace59e8d55be4a9b40d6868685989", kill_on_drop: false }`
[INFO] running `Command { std: "docker" "rm" "-f" "32cfb69aff2e7ebdc1da87e31196dcc5800ace59e8d55be4a9b40d6868685989", kill_on_drop: false }`
[INFO] [stdout] 32cfb69aff2e7ebdc1da87e31196dcc5800ace59e8d55be4a9b40d6868685989
[INFO] running `Command { std: "docker" "create" "-v" "/var/lib/crater-agent-workspace/builds/worker-7-tc1/target:/opt/rustwide/target:rw,Z" "-v" "/var/lib/crater-agent-workspace/builds/worker-7-tc1/source:/opt/rustwide/workdir:ro,Z" "-v" "/var/lib/crater-agent-workspace/cargo-home:/opt/rustwide/cargo-home:ro,Z" "-v" "/var/lib/crater-agent-workspace/rustup-home:/opt/rustwide/rustup-home:ro,Z" "-e" "SOURCE_DIR=/opt/rustwide/workdir" "-e" "CARGO_TARGET_DIR=/opt/rustwide/target" "-e" "CARGO_INCREMENTAL=0" "-e" "RUST_BACKTRACE=full" "-e" "RUSTFLAGS=--cap-lints=warn" "-e" "RUSTDOCFLAGS=--cap-lints=warn" "-e" "CARGO_HOME=/opt/rustwide/cargo-home" "-e" "RUSTUP_HOME=/opt/rustwide/rustup-home" "-w" "/opt/rustwide/workdir" "-m" "1610612736" "--user" "0:0" "--network" "none" "ghcr.io/rust-lang/crates-build-env/linux@sha256:2788e3201cd34a07e3172128adcd8b3090168a8e3bcc40d7c032b9dda1df7d1c" "/opt/rustwide/cargo-home/bin/cargo" "+1.75.0" "doc" "--frozen" "--no-deps" "--document-private-items" "--message-format=json", kill_on_drop: false }`
[INFO] [stdout] e71f9aef54ff6bedbc39e89c404401640457b223bfd732eae242eb9375fb2429
[INFO] running `Command { std: "docker" "start" "-a" "e71f9aef54ff6bedbc39e89c404401640457b223bfd732eae242eb9375fb2429", kill_on_drop: false }`
[INFO] [stderr]     Checking libc v0.2.42
[INFO] [stderr]    Compiling bitflags v1.0.3
[INFO] [stderr]     Checking cfg-if v0.1.3
[INFO] [stderr]    Compiling cc v1.0.17
[INFO] [stderr]     Checking lazy_static v1.0.1
[INFO] [stderr]    Compiling num-traits v0.2.4
[INFO] [stderr]     Checking byteorder v1.2.3
[INFO] [stderr]    Compiling khronos_api v2.2.0
[INFO] [stderr]    Compiling xml-rs v0.7.0
[INFO] [stderr]     Checking void v1.0.2
[INFO] [stderr]    Compiling log v0.4.2
[INFO] [stderr]     Checking nodrop v0.1.12
[INFO] [stderr]     Checking arrayvec v0.4.7
[INFO] [stderr]    Compiling either v1.5.0
[INFO] [stderr]     Checking downcast-rs v1.0.3
[INFO] [stderr]    Compiling quote v0.3.15
[INFO] [stderr]    Compiling itertools v0.5.10
[INFO] [stderr]     Checking rand v0.4.2
[INFO] [stderr]     Checking crossbeam-utils v0.2.2
[INFO] [stderr]    Compiling syn v0.10.8
[INFO] [stderr]    Compiling wayland-scanner v0.20.10
[INFO] [stderr]    Compiling gl_generator v0.9.0
[INFO] [stderr]     Checking memoffset v0.2.1
[INFO] [stderr]    Compiling libloading v0.5.0
[INFO] [stderr]    Compiling pkg-config v0.3.11
[INFO] [stderr]     Checking scopeguard v0.3.3
[INFO] [stderr]    Compiling num-integer v0.1.38
[INFO] [stderr]    Compiling nix v0.11.0
[INFO] [stderr]     Checking crossbeam-epoch v0.3.1
[INFO] [stderr]    Compiling wayland-client v0.20.10
[INFO] [stderr]    Compiling wayland-protocols v0.20.10
[INFO] [stderr]     Checking draw_state v0.8.0
[INFO] [stderr]    Compiling unicode-xid v0.1.0
[INFO] [stderr]     Checking stable_deref_trait v1.1.0
[INFO] [stderr]     Checking smallvec v0.6.2
[INFO] [stderr]     Checking dlib v0.4.1
[INFO] [stderr]     Checking remove_dir_all v0.5.1
[INFO] [stderr]    Compiling x11-dl v2.18.0
[INFO] [stderr]     Checking wayland-sys v0.20.10
[INFO] [stderr]    Compiling rayon-core v1.4.0
[INFO] [stderr]     Checking tempfile v3.0.2
[INFO] [stderr]     Checking parking_lot_core v0.2.14
[INFO] [stderr]     Checking wayland-commons v0.20.10
[INFO] [stderr]     Checking owning_ref v0.3.3
[INFO] [stderr]    Compiling proc-macro2 v0.4.6
[INFO] [stderr]     Checking crossbeam-deque v0.2.0
[INFO] [stderr]    Compiling gfx_gl v0.5.0
[INFO] [stderr]    Compiling backtrace-sys v0.1.23
[INFO] [stderr]     Checking num_cpus v1.8.0
[INFO] [stderr]     Checking memmap v0.6.2
[INFO] [stderr]     Checking adler32 v1.0.2
[INFO] [stderr]    Compiling num-iter v0.1.37
[INFO] [stderr]    Compiling quote v0.6.3
[INFO] [stderr]     Checking parking_lot v0.5.5
[INFO] [stderr]    Compiling glutin v0.16.0
[INFO] [stderr]     Checking num-traits v0.1.43
[INFO] [stderr]     Checking shared_library v0.1.8
[INFO] [stderr]     Checking unreachable v0.1.1
[INFO] [stderr]     Checking osmesa-sys v0.1.2
[INFO] [stderr]     Checking ordered-float v0.5.0
[INFO] [stderr]    Compiling syn v0.14.2
[INFO] [stderr]     Checking rayon v1.0.1
[INFO] [stderr]    Compiling derivative v1.0.0
[INFO] [stderr]     Checking deflate v0.7.18
[INFO] [stderr]     Checking inflate v0.4.2
[INFO] [stderr]     Checking approx v0.2.0
[INFO] [stderr]     Checking rand v0.3.22
[INFO] [stderr]     Checking rustc-hash v1.0.1
[INFO] [stderr]     Checking smithay-client-toolkit v0.2.3
[INFO] [stderr]     Checking stb_truetype v0.2.2
[INFO] [stderr]     Checking lzw v0.10.0
[INFO] [stderr]     Checking color_quant v1.0.1
[INFO] [stderr]     Checking rand_core v0.2.1
[INFO] [stderr]     Checking linked-hash-map v0.5.1
[INFO] [stderr]     Checking rustc-demangle v0.1.8
[INFO] [stderr]     Checking rand v0.5.1
[INFO] [stderr]     Checking rusttype v0.6.2
[INFO] [stderr]     Checking backtrace v0.3.8
[INFO] [stderr]     Checking gif v0.10.0
[INFO] [stderr]     Checking winit v0.15.1
[INFO] [stderr]     Checking jpeg-decoder v0.1.15
[INFO] [stderr]     Checking twox-hash v1.1.0
[INFO] [stderr]     Checking png v0.12.0
[INFO] [stdout] error[E0214]: parenthesized type parameters may only be used with a `Fn` trait
[INFO] [stdout]   --> /opt/rustwide/cargo-home/registry/src/index.crates.io-6f17d22bba15001f/twox-hash-1.1.0/src/number_streams.rs:67:23
[INFO] [stdout]    |
[INFO] [stdout] 67 |     fn count(self) -> usize() {
[INFO] [stdout]    |                       ^^^^^^^ only `Fn` traits may use parentheses
[INFO] [stdout] ...
[INFO] [stdout] 74 | number_stream!(U32FromBytes, u32, U32_BYTES);
[INFO] [stdout]    | -------------------------------------------- in this macro invocation
[INFO] [stdout]    |
[INFO] [stdout]    = note: this error originates in the macro `number_stream` (in Nightly builds, run with -Z macro-backtrace for more info)
[INFO] [stdout] 
[INFO] [stdout] 
[INFO] [stdout] error[E0214]: parenthesized type parameters may only be used with a `Fn` trait
[INFO] [stdout]   --> /opt/rustwide/cargo-home/registry/src/index.crates.io-6f17d22bba15001f/twox-hash-1.1.0/src/number_streams.rs:67:23
[INFO] [stdout]    |
[INFO] [stdout] 67 |     fn count(self) -> usize() {
[INFO] [stdout]    |                       ^^^^^^^ only `Fn` traits may use parentheses
[INFO] [stdout] ...
[INFO] [stdout] 75 | number_stream!(U64FromBytes, u64, U64_BYTES);
[INFO] [stdout]    | -------------------------------------------- in this macro invocation
[INFO] [stdout]    |
[INFO] [stdout]    = note: this error originates in the macro `number_stream` (in Nightly builds, run with -Z macro-backtrace for more info)
[INFO] [stdout] 
[INFO] [stdout] 
[INFO] [stdout] error: aborting due to 2 previous errors
[INFO] [stdout] 
[INFO] [stdout] 
[INFO] [stdout] For more information about this error, try `rustc --explain E0214`.
[INFO] [stdout] 
[INFO] [stderr] error: could not compile `twox-hash` (lib) due to 3 previous errors
[INFO] [stderr] warning: build failed, waiting for other jobs to finish...
[INFO] running `Command { std: "docker" "inspect" "e71f9aef54ff6bedbc39e89c404401640457b223bfd732eae242eb9375fb2429", kill_on_drop: false }`
[INFO] running `Command { std: "docker" "rm" "-f" "e71f9aef54ff6bedbc39e89c404401640457b223bfd732eae242eb9375fb2429", kill_on_drop: false }`
[INFO] [stdout] e71f9aef54ff6bedbc39e89c404401640457b223bfd732eae242eb9375fb2429
[INFO] documenting AndrewGaspar/rust-breakout against beta-2023-12-22 for beta-1.76-rustdoc-1
[INFO] running `Command { std: "git" "clone" "/workspace/cache/git-repos/https%3A%2F%2Fgithub.com%2FAndrewGaspar%2Frust-breakout" "/workspace/builds/worker-7-tc2/source", kill_on_drop: false }`
[INFO] [stderr] Cloning into '/workspace/builds/worker-7-tc2/source'...
[INFO] [stderr] done.
[INFO] validating manifest of git repo https://github.com/AndrewGaspar/rust-breakout on toolchain beta-2023-12-22
[INFO] running `Command { std: CARGO_HOME="/workspace/cargo-home" RUSTUP_HOME="/workspace/rustup-home" "/workspace/cargo-home/bin/cargo" "+beta-2023-12-22" "metadata" "--manifest-path" "Cargo.toml" "--no-deps", kill_on_drop: false }`
[INFO] started tweaking git repo https://github.com/AndrewGaspar/rust-breakout
[INFO] finished tweaking git repo https://github.com/AndrewGaspar/rust-breakout
[INFO] tweaked toml for git repo https://github.com/AndrewGaspar/rust-breakout written to /workspace/builds/worker-7-tc2/source/Cargo.toml
[INFO] crate git repo https://github.com/AndrewGaspar/rust-breakout already has a lockfile, it will not be regenerated
[INFO] running `Command { std: CARGO_HOME="/workspace/cargo-home" RUSTUP_HOME="/workspace/rustup-home" "/workspace/cargo-home/bin/cargo" "+beta-2023-12-22" "fetch" "--manifest-path" "Cargo.toml", kill_on_drop: false }`
[INFO] running `Command { std: "docker" "create" "-v" "/var/lib/crater-agent-workspace/builds/worker-7-tc2/target:/opt/rustwide/target:rw,Z" "-v" "/var/lib/crater-agent-workspace/builds/worker-7-tc2/source:/opt/rustwide/workdir:ro,Z" "-v" "/var/lib/crater-agent-workspace/cargo-home:/opt/rustwide/cargo-home:ro,Z" "-v" "/var/lib/crater-agent-workspace/rustup-home:/opt/rustwide/rustup-home:ro,Z" "-e" "SOURCE_DIR=/opt/rustwide/workdir" "-e" "CARGO_TARGET_DIR=/opt/rustwide/target" "-e" "CARGO_HOME=/opt/rustwide/cargo-home" "-e" "RUSTUP_HOME=/opt/rustwide/rustup-home" "-w" "/opt/rustwide/workdir" "-m" "1610612736" "--user" "0:0" "--network" "none" "ghcr.io/rust-lang/crates-build-env/linux@sha256:2788e3201cd34a07e3172128adcd8b3090168a8e3bcc40d7c032b9dda1df7d1c" "/opt/rustwide/cargo-home/bin/cargo" "+beta-2023-12-22" "metadata" "--no-deps" "--format-version=1", kill_on_drop: false }`
[INFO] [stdout] a70ce36648df54c3f1b1b844d1f828e20fea4b6f13bc5e1a90d3f92c9bc38f02
[INFO] running `Command { std: "docker" "start" "-a" "a70ce36648df54c3f1b1b844d1f828e20fea4b6f13bc5e1a90d3f92c9bc38f02", kill_on_drop: false }`
[INFO] running `Command { std: "docker" "inspect" "a70ce36648df54c3f1b1b844d1f828e20fea4b6f13bc5e1a90d3f92c9bc38f02", kill_on_drop: false }`
[INFO] running `Command { std: "docker" "rm" "-f" "a70ce36648df54c3f1b1b844d1f828e20fea4b6f13bc5e1a90d3f92c9bc38f02", kill_on_drop: false }`
[INFO] [stdout] a70ce36648df54c3f1b1b844d1f828e20fea4b6f13bc5e1a90d3f92c9bc38f02
[INFO] running `Command { std: "docker" "create" "-v" "/var/lib/crater-agent-workspace/builds/worker-7-tc2/target:/opt/rustwide/target:rw,Z" "-v" "/var/lib/crater-agent-workspace/builds/worker-7-tc2/source:/opt/rustwide/workdir:ro,Z" "-v" "/var/lib/crater-agent-workspace/cargo-home:/opt/rustwide/cargo-home:ro,Z" "-v" "/var/lib/crater-agent-workspace/rustup-home:/opt/rustwide/rustup-home:ro,Z" "-e" "SOURCE_DIR=/opt/rustwide/workdir" "-e" "CARGO_TARGET_DIR=/opt/rustwide/target" "-e" "CARGO_INCREMENTAL=0" "-e" "RUST_BACKTRACE=full" "-e" "RUSTFLAGS=--cap-lints=warn" "-e" "RUSTDOCFLAGS=--cap-lints=warn" "-e" "CARGO_HOME=/opt/rustwide/cargo-home" "-e" "RUSTUP_HOME=/opt/rustwide/rustup-home" "-w" "/opt/rustwide/workdir" "-m" "1610612736" "--user" "0:0" "--network" "none" "ghcr.io/rust-lang/crates-build-env/linux@sha256:2788e3201cd34a07e3172128adcd8b3090168a8e3bcc40d7c032b9dda1df7d1c" "/opt/rustwide/cargo-home/bin/cargo" "+beta-2023-12-22" "doc" "--frozen" "--no-deps" "--document-private-items" "--message-format=json", kill_on_drop: false }`
[INFO] [stdout] a8e674682dab2172ba0913b09459ae78372288add186b470d4dbdf063094bef7
[INFO] running `Command { std: "docker" "start" "-a" "a8e674682dab2172ba0913b09459ae78372288add186b470d4dbdf063094bef7", kill_on_drop: false }`
[INFO] [stderr]     Checking libc v0.2.42
[INFO] [stderr]    Compiling bitflags v1.0.3
[INFO] [stderr]     Checking cfg-if v0.1.3
[INFO] [stderr]    Compiling cc v1.0.17
[INFO] [stderr]     Checking lazy_static v1.0.1
[INFO] [stderr]    Compiling num-traits v0.2.4
[INFO] [stderr]     Checking byteorder v1.2.3
[INFO] [stderr]    Compiling xml-rs v0.7.0
[INFO] [stderr]    Compiling khronos_api v2.2.0
[INFO] [stderr]     Checking nodrop v0.1.12
[INFO] [stderr]    Compiling log v0.4.2
[INFO] [stderr]     Checking void v1.0.2
[INFO] [stderr]     Checking arrayvec v0.4.7
[INFO] [stderr]     Checking downcast-rs v1.0.3
[INFO] [stderr]    Compiling quote v0.3.15
[INFO] [stderr]    Compiling either v1.5.0
[INFO] [stderr]     Checking rand v0.4.2
[INFO] [stderr]     Checking crossbeam-utils v0.2.2
[INFO] [stderr]    Compiling syn v0.10.8
[INFO] [stderr]    Compiling itertools v0.5.10
[INFO] [stderr]    Compiling nix v0.11.0
[INFO] [stderr]     Checking scopeguard v0.3.3
[INFO] [stderr]    Compiling wayland-scanner v0.20.10
[INFO] [stderr]    Compiling gl_generator v0.9.0
[INFO] [stderr]    Compiling pkg-config v0.3.11
[INFO] [stderr]    Compiling num-integer v0.1.38
[INFO] [stderr]    Compiling libloading v0.5.0
[INFO] [stderr]     Checking memoffset v0.2.1
[INFO] [stderr]     Checking crossbeam-epoch v0.3.1
[INFO] [stderr]     Checking draw_state v0.8.0
[INFO] [stderr]    Compiling wayland-client v0.20.10
[INFO] [stderr]    Compiling wayland-protocols v0.20.10
[INFO] [stderr]     Checking smallvec v0.6.2
[INFO] [stderr]    Compiling rayon-core v1.4.0
[INFO] [stderr]    Compiling x11-dl v2.18.0
[INFO] [stderr]     Checking stable_deref_trait v1.1.0
[INFO] [stderr]     Checking remove_dir_all v0.5.1
[INFO] [stderr]    Compiling unicode-xid v0.1.0
[INFO] [stderr]     Checking tempfile v3.0.2
[INFO] [stderr]    Compiling proc-macro2 v0.4.6
[INFO] [stderr]     Checking owning_ref v0.3.3
[INFO] [stderr]     Checking dlib v0.4.1
[INFO] [stderr]     Checking parking_lot_core v0.2.14
[INFO] [stderr]    Compiling gfx_gl v0.5.0
[INFO] [stderr]     Checking wayland-sys v0.20.10
[INFO] [stderr]     Checking wayland-commons v0.20.10
[INFO] [stderr]     Checking crossbeam-deque v0.2.0
[INFO] [stderr]    Compiling backtrace-sys v0.1.23
[INFO] [stderr]     Checking memmap v0.6.2
[INFO] [stderr]     Checking num_cpus v1.8.0
[INFO] [stderr]    Compiling num-iter v0.1.37
[INFO] [stderr]     Checking adler32 v1.0.2
[INFO] [stderr]    Compiling quote v0.6.3
[INFO] [stderr]     Checking parking_lot v0.5.5
[INFO] [stderr]    Compiling glutin v0.16.0
[INFO] [stderr]     Checking num-traits v0.1.43
[INFO] [stderr]     Checking shared_library v0.1.8
[INFO] [stderr]     Checking unreachable v0.1.1
[INFO] [stderr]     Checking osmesa-sys v0.1.2
[INFO] [stderr]     Checking ordered-float v0.5.0
[INFO] [stderr]    Compiling syn v0.14.2
[INFO] [stderr]     Checking rayon v1.0.1
[INFO] [stderr]    Compiling derivative v1.0.0
[INFO] [stderr]     Checking inflate v0.4.2
[INFO] [stderr]     Checking deflate v0.7.18
[INFO] [stderr]     Checking approx v0.2.0
[INFO] [stderr]     Checking rand v0.3.22
[INFO] [stderr]     Checking smithay-client-toolkit v0.2.3
[INFO] [stderr]     Checking stb_truetype v0.2.2
[INFO] [stderr]     Checking rustc-hash v1.0.1
[INFO] [stderr]     Checking color_quant v1.0.1
[INFO] [stderr]     Checking linked-hash-map v0.5.1
[INFO] [stderr]     Checking lzw v0.10.0
[INFO] [stderr]     Checking rand_core v0.2.1
[INFO] [stderr]     Checking rustc-demangle v0.1.8
[INFO] [stderr]     Checking gif v0.10.0
[INFO] [stderr]     Checking backtrace v0.3.8
[INFO] [stderr]     Checking rand v0.5.1
[INFO] [stderr]     Checking winit v0.15.1
[INFO] [stderr]     Checking rusttype v0.6.2
[INFO] [stderr]     Checking png v0.12.0
[INFO] [stderr]     Checking twox-hash v1.1.0
[INFO] [stdout] error[E0214]: parenthesized type parameters may only be used with a `Fn` trait
[INFO] [stdout]   --> /opt/rustwide/cargo-home/registry/src/index.crates.io-6f17d22bba15001f/twox-hash-1.1.0/src/number_streams.rs:67:23
[INFO] [stdout]    |
[INFO] [stdout] 67 |     fn count(self) -> usize() {
[INFO] [stdout]    |                       ^^^^^^^ only `Fn` traits may use parentheses
[INFO] [stdout] ...
[INFO] [stdout] 74 | number_stream!(U32FromBytes, u32, U32_BYTES);
[INFO] [stdout]    | -------------------------------------------- in this macro invocation
[INFO] [stdout]    |
[INFO] [stdout]    = note: this error originates in the macro `number_stream` (in Nightly builds, run with -Z macro-backtrace for more info)
[INFO] [stdout] 
[INFO] [stdout] 
[INFO] [stdout] error[E0214]: parenthesized type parameters may only be used with a `Fn` trait
[INFO] [stdout]   --> /opt/rustwide/cargo-home/registry/src/index.crates.io-6f17d22bba15001f/twox-hash-1.1.0/src/number_streams.rs:67:23
[INFO] [stdout]    |
[INFO] [stdout] 67 |     fn count(self) -> usize() {
[INFO] [stdout]    |                       ^^^^^^^ only `Fn` traits may use parentheses
[INFO] [stdout] ...
[INFO] [stdout] 75 | number_stream!(U64FromBytes, u64, U64_BYTES);
[INFO] [stdout]    | -------------------------------------------- in this macro invocation
[INFO] [stdout]    |
[INFO] [stdout]    = note: this error originates in the macro `number_stream` (in Nightly builds, run with -Z macro-backtrace for more info)
[INFO] [stdout] 
[INFO] [stdout] 
[INFO] [stdout] error: aborting due to 2 previous errors
[INFO] [stdout] 
[INFO] [stdout] 
[INFO] [stdout] For more information about this error, try `rustc --explain E0214`.
[INFO] [stdout] 
[INFO] [stderr] error: could not compile `twox-hash` (lib) due to 3 previous errors
[INFO] [stderr] warning: build failed, waiting for other jobs to finish...
[INFO] running `Command { std: "docker" "inspect" "a8e674682dab2172ba0913b09459ae78372288add186b470d4dbdf063094bef7", kill_on_drop: false }`
[INFO] running `Command { std: "docker" "rm" "-f" "a8e674682dab2172ba0913b09459ae78372288add186b470d4dbdf063094bef7", kill_on_drop: false }`
[INFO] [stdout] a8e674682dab2172ba0913b09459ae78372288add186b470d4dbdf063094bef7
