[INFO] cloning repository https://github.com/Amovane/evm-token-indexer
[INFO] running `Command { std: "git" "-c" "credential.helper=" "-c" "credential.helper=/workspace/cargo-home/bin/git-credential-null" "clone" "--bare" "https://github.com/Amovane/evm-token-indexer" "/workspace/cache/git-repos/https%3A%2F%2Fgithub.com%2FAmovane%2Fevm-token-indexer", kill_on_drop: false }`
[INFO] [stderr] Cloning into bare repository '/workspace/cache/git-repos/https%3A%2F%2Fgithub.com%2FAmovane%2Fevm-token-indexer'...
[INFO] running `Command { std: "git" "rev-parse" "HEAD", kill_on_drop: false }`
[INFO] [stdout] 9a28088a88b53c76ce22f603ae8d79fe70edb0e2
[INFO] documenting Amovane/evm-token-indexer against 1.75.0 for beta-1.76-rustdoc-1
[INFO] running `Command { std: "git" "clone" "/workspace/cache/git-repos/https%3A%2F%2Fgithub.com%2FAmovane%2Fevm-token-indexer" "/workspace/builds/worker-3-tc1/source", kill_on_drop: false }`
[INFO] [stderr] Cloning into '/workspace/builds/worker-3-tc1/source'...
[INFO] [stderr] done.
[INFO] validating manifest of git repo https://github.com/Amovane/evm-token-indexer on toolchain 1.75.0
[INFO] running `Command { std: CARGO_HOME="/workspace/cargo-home" RUSTUP_HOME="/workspace/rustup-home" "/workspace/cargo-home/bin/cargo" "+1.75.0" "metadata" "--manifest-path" "Cargo.toml" "--no-deps", kill_on_drop: false }`
[INFO] removed /workspace/builds/worker-3-tc1/source/.cargo/config.toml
[INFO] started tweaking git repo https://github.com/Amovane/evm-token-indexer
[INFO] finished tweaking git repo https://github.com/Amovane/evm-token-indexer
[INFO] tweaked toml for git repo https://github.com/Amovane/evm-token-indexer written to /workspace/builds/worker-3-tc1/source/Cargo.toml
[INFO] crate git repo https://github.com/Amovane/evm-token-indexer already has a lockfile, it will not be regenerated
[INFO] running `Command { std: CARGO_HOME="/workspace/cargo-home" RUSTUP_HOME="/workspace/rustup-home" "/workspace/cargo-home/bin/cargo" "+1.75.0" "fetch" "--manifest-path" "Cargo.toml", kill_on_drop: false }`
[INFO] [stderr]     Blocking waiting for file lock on package cache
[INFO] [stderr]     Updating git repository `https://github.com/Brendonovich/prisma-client-rust`
[INFO] [stderr]     Updating git repository `https://github.com/Brendonovich/prisma-engines`
[INFO] [stderr]     Updating crates.io index
[INFO] [stderr]     Updating git repository `https://github.com/Brendonovich/quaint`
[INFO] [stderr]     Updating git repository `https://github.com/prisma/graphql-parser`
[INFO] [stderr]     Updating git repository `https://github.com/prisma/mobc`
[INFO] [stderr]     Updating git repository `https://github.com/pimeys/rust-postgres`
[INFO] [stderr]  Downloading crates ...
[INFO] [stderr]   Downloaded base36 v0.0.1
[INFO] [stderr]   Downloaded sketches-ddsketch v0.1.3
[INFO] [stderr]   Downloaded cuid v1.3.1
[INFO] [stderr]   Downloaded pest_meta v2.7.1
[INFO] [stderr]   Downloaded metrics-macros v0.5.1
[INFO] [stderr]   Downloaded metrics v0.18.1
[INFO] [stderr]   Downloaded pest_generator v2.7.1
[INFO] [stderr]   Downloaded cuid2 v0.1.0
[INFO] [stderr]   Downloaded winnow v0.5.1
[INFO] [stderr]   Downloaded serde_derive v1.0.178
[INFO] [stderr]   Downloaded pest v2.7.1
[INFO] [stderr]   Downloaded metrics-util v0.12.1
[INFO] [stderr]   Downloaded bigint v4.4.3
[INFO] [stderr]   Downloaded serde v1.0.178
[INFO] [stderr]   Downloaded jsonrpc-core v17.1.0
[INFO] [stderr]   Downloaded pest_derive v2.7.1
[INFO] [stderr]   Downloaded stringprep v0.1.3
[INFO] [stderr]   Downloaded metrics v0.19.0
[INFO] [stderr]   Downloaded metrics-util v0.13.0
[INFO] [stderr]   Downloaded metrics-exporter-prometheus v0.10.0
[INFO] [stderr]   Downloaded atomic-shim v0.2.0
[INFO] [stderr]   Downloaded connection-string v0.1.13
[INFO] running `Command { std: "docker" "create" "-v" "/var/lib/crater-agent-workspace/builds/worker-3-tc1/target:/opt/rustwide/target:rw,Z" "-v" "/var/lib/crater-agent-workspace/builds/worker-3-tc1/source:/opt/rustwide/workdir:ro,Z" "-v" "/var/lib/crater-agent-workspace/cargo-home:/opt/rustwide/cargo-home:ro,Z" "-v" "/var/lib/crater-agent-workspace/rustup-home:/opt/rustwide/rustup-home:ro,Z" "-e" "SOURCE_DIR=/opt/rustwide/workdir" "-e" "CARGO_TARGET_DIR=/opt/rustwide/target" "-e" "CARGO_HOME=/opt/rustwide/cargo-home" "-e" "RUSTUP_HOME=/opt/rustwide/rustup-home" "-w" "/opt/rustwide/workdir" "-m" "1610612736" "--user" "0:0" "--network" "none" "ghcr.io/rust-lang/crates-build-env/linux@sha256:2788e3201cd34a07e3172128adcd8b3090168a8e3bcc40d7c032b9dda1df7d1c" "/opt/rustwide/cargo-home/bin/cargo" "+1.75.0" "metadata" "--no-deps" "--format-version=1", kill_on_drop: false }`
[INFO] [stdout] 062f96ec9118b560e666e5c21a023b30d31be701484bbfd9eae48bcd30256f27
[INFO] running `Command { std: "docker" "start" "-a" "062f96ec9118b560e666e5c21a023b30d31be701484bbfd9eae48bcd30256f27", kill_on_drop: false }`
[INFO] running `Command { std: "docker" "inspect" "062f96ec9118b560e666e5c21a023b30d31be701484bbfd9eae48bcd30256f27", kill_on_drop: false }`
[INFO] running `Command { std: "docker" "rm" "-f" "062f96ec9118b560e666e5c21a023b30d31be701484bbfd9eae48bcd30256f27", kill_on_drop: false }`
[INFO] [stdout] 062f96ec9118b560e666e5c21a023b30d31be701484bbfd9eae48bcd30256f27
[INFO] running `Command { std: "docker" "create" "-v" "/var/lib/crater-agent-workspace/builds/worker-3-tc1/target:/opt/rustwide/target:rw,Z" "-v" "/var/lib/crater-agent-workspace/builds/worker-3-tc1/source:/opt/rustwide/workdir:ro,Z" "-v" "/var/lib/crater-agent-workspace/cargo-home:/opt/rustwide/cargo-home:ro,Z" "-v" "/var/lib/crater-agent-workspace/rustup-home:/opt/rustwide/rustup-home:ro,Z" "-e" "SOURCE_DIR=/opt/rustwide/workdir" "-e" "CARGO_TARGET_DIR=/opt/rustwide/target" "-e" "CARGO_INCREMENTAL=0" "-e" "RUST_BACKTRACE=full" "-e" "RUSTFLAGS=--cap-lints=warn" "-e" "RUSTDOCFLAGS=--cap-lints=warn" "-e" "CARGO_HOME=/opt/rustwide/cargo-home" "-e" "RUSTUP_HOME=/opt/rustwide/rustup-home" "-w" "/opt/rustwide/workdir" "-m" "1610612736" "--user" "0:0" "--network" "none" "ghcr.io/rust-lang/crates-build-env/linux@sha256:2788e3201cd34a07e3172128adcd8b3090168a8e3bcc40d7c032b9dda1df7d1c" "/opt/rustwide/cargo-home/bin/cargo" "+1.75.0" "doc" "--frozen" "--no-deps" "--document-private-items" "--message-format=json", kill_on_drop: false }`
[INFO] [stdout] 4e120b322e7ee1cbea6a9ca77d810898430f1706b07588be5d6c627b90b513fa
[INFO] running `Command { std: "docker" "start" "-a" "4e120b322e7ee1cbea6a9ca77d810898430f1706b07588be5d6c627b90b513fa", kill_on_drop: false }`
[INFO] [stderr]    Compiling proc-macro2 v1.0.66
[INFO] [stderr]    Compiling unicode-ident v1.0.11
[INFO] [stderr]    Compiling serde v1.0.178
[INFO] [stderr]    Compiling serde_derive v1.0.178
[INFO] [stderr]    Compiling libc v0.2.147
[INFO] [stderr]    Compiling generic-array v0.14.7
[INFO] [stderr]    Compiling syn v1.0.109
[INFO] [stderr]     Checking zeroize v1.6.0
[INFO] [stderr]    Compiling memchr v2.5.0
[INFO] [stderr]     Checking subtle v2.5.0
[INFO] [stderr]     Checking const-oid v0.9.4
[INFO] [stderr]    Compiling thiserror v1.0.44
[INFO] [stderr]    Compiling cc v1.0.79
[INFO] [stderr]     Checking itoa v1.0.9
[INFO] [stderr]     Checking ppv-lite86 v0.2.17
[INFO] [stderr]    Compiling libm v0.2.7
[INFO] [stderr]     Checking getrandom v0.2.10
[INFO] [stderr]     Checking crypto-common v0.1.6
[INFO] [stderr]     Checking block-buffer v0.10.4
[INFO] [stderr]    Compiling quote v1.0.32
[INFO] [stderr]     Checking rand_core v0.6.4
[INFO] [stderr]    Compiling num-traits v0.2.16
[INFO] [stderr]     Checking digest v0.10.7
[INFO] [stderr]    Compiling syn v2.0.27
[INFO] [stderr]     Checking rand_chacha v0.3.1
[INFO] [stderr]     Checking rand v0.8.5
[INFO] [stderr]    Compiling ahash v0.7.6
[INFO] [stderr]     Checking equivalent v1.0.1
[INFO] [stderr]     Checking hashbrown v0.14.0
[INFO] [stderr]     Checking smallvec v1.11.0
[INFO] [stderr]    Compiling serde_json v1.0.104
[INFO] [stderr]     Checking ryu v1.0.15
[INFO] [stderr]     Checking pin-project-lite v0.2.10
[INFO] [stderr]    Compiling rustix v0.38.4
[INFO] [stderr]     Checking bitflags v2.3.3
[INFO] [stderr]     Checking linux-raw-sys v0.4.3
[INFO] [stderr]    Compiling futures-core v0.3.28
[INFO] [stderr]     Checking indexmap v2.0.0
[INFO] [stderr]    Compiling lock_api v0.4.10
[INFO] [stderr]     Checking scopeguard v1.2.0
[INFO] [stderr]     Checking tinyvec_macros v0.1.1
[INFO] [stderr]    Compiling futures-channel v0.3.28
[INFO] [stderr]     Checking futures-sink v0.3.28
[INFO] [stderr]     Checking cpufeatures v0.2.9
[INFO] [stderr]     Checking tinyvec v1.6.0
[INFO] [stderr]     Checking log v0.4.19
[INFO] [stderr]     Checking percent-encoding v2.3.0
[INFO] [stderr]     Checking bytes v1.4.0
[INFO] [stderr]    Compiling futures-task v0.3.28
[INFO] [stderr]     Checking fnv v1.0.7
[INFO] [stderr]     Checking unicode-bidi v0.3.13
[INFO] [stderr]    Compiling parking_lot_core v0.9.8
[INFO] [stderr]     Checking hashbrown v0.12.3
[INFO] [stderr]     Checking num_cpus v1.16.0
[INFO] [stderr]    Compiling indexmap v1.9.3
[INFO] [stderr]     Checking unicode-normalization v0.1.22
[INFO] [stderr]    Compiling slab v0.4.8
[INFO] [stderr]     Checking aho-corasick v1.0.2
[INFO] [stderr]     Checking time v0.1.45
[INFO] [stderr]     Checking tracing-core v0.1.31
[INFO] [stderr]    Compiling tokio v1.29.1
[INFO] [stderr]    Compiling futures-util v0.3.28
[INFO] [stderr]     Checking keccak v0.1.4
[INFO] [stderr]     Checking iana-time-zone v0.1.57
[INFO] [stderr]     Checking regex-syntax v0.7.4
[INFO] [stderr]     Checking chrono v0.4.26
[INFO] [stderr]     Checking sha3 v0.10.8
[INFO] [stderr]     Checking parking_lot v0.12.1
[INFO] [stderr]     Checking hmac v0.12.1
[INFO] [stderr]     Checking mio v0.8.8
[INFO] [stderr]     Checking signal-hook-registry v1.4.1
[INFO] [stderr]     Checking socket2 v0.4.9
[INFO] [stderr]     Checking pin-utils v0.1.0
[INFO] [stderr]     Checking futures-io v0.3.28
[INFO] [stderr]    Compiling serde_spanned v0.6.3
[INFO] [stderr]    Compiling toml_datetime v0.6.3
[INFO] [stderr]    Compiling winnow v0.5.1
[INFO] [stderr]     Checking form_urlencoded v1.2.0
[INFO] [stderr]     Checking sha2 v0.10.7
[INFO] [stderr]     Checking either v1.9.0
[INFO] [stderr]     Checking idna v0.4.0
[INFO] [stderr]    Compiling num-integer v0.1.45
[INFO] [stderr]     Checking hex v0.4.3
[INFO] [stderr]     Checking fastrand v2.0.0
[INFO] [stderr]     Checking url v2.4.0
[INFO] [stderr]     Checking tempfile v3.7.0
[INFO] [stderr]    Compiling num-bigint v0.4.3
[INFO] [stderr]    Compiling unicode-xid v0.2.4
[INFO] [stderr]    Compiling pkg-config v0.3.27
[INFO] [stderr]    Compiling backtrace v0.3.68
[INFO] [stderr]     Checking regex-automata v0.3.3
[INFO] [stderr]    Compiling openssl-sys v0.9.90
[INFO] [stderr]    Compiling crunchy v0.2.2
[INFO] [stderr]    Compiling toml_edit v0.19.14
[INFO] [stderr]     Checking bit-vec v0.6.3
[INFO] [stderr]    Compiling wasm-bindgen-shared v0.2.87
[INFO] [stderr]     Checking is-terminal v0.4.9
[INFO] [stderr]     Checking uuid v1.4.1
[INFO] [stderr]    Compiling ucd-trie v0.1.6
[INFO] [stderr]    Compiling async-trait v0.1.72
[INFO] [stderr]    Compiling openssl v0.10.55
[INFO] [stderr]     Checking foreign-types-shared v0.1.1
[INFO] [stderr]    Compiling bumpalo v3.13.0
[INFO] [stderr]     Checking miniz_oxide v0.7.1
[INFO] [stderr]    Compiling wasm-bindgen-backend v0.2.87
[INFO] [stderr]     Checking foreign-types v0.3.2
[INFO] [stderr]    Compiling thiserror-impl v1.0.44
[INFO] [stderr]    Compiling futures-macro v0.3.28
[INFO] [stderr]    Compiling tokio-macros v2.1.0
[INFO] [stderr]    Compiling tracing-attributes v0.1.26
[INFO] [stderr]    Compiling impl-trait-for-tuples v0.2.2
[INFO] [stderr]     Checking regex v1.9.1
[INFO] [stderr]    Compiling proc-macro-crate v1.3.1
[INFO] [stderr]    Compiling rlp-derive v0.1.0
[INFO] [stderr]    Compiling openssl-macros v0.1.1
[INFO] [stderr]    Compiling pest v2.7.1
[INFO] [stderr]     Checking tracing v0.1.37
[INFO] [stderr]    Compiling indoc v1.0.9
[INFO] [stderr]    Compiling native-tls v0.2.11
[INFO] [stderr]     Checking gimli v0.27.3
[INFO] [stderr]    Compiling parity-scale-codec-derive v3.6.4
[INFO] [stderr]    Compiling pest_meta v2.7.1
[INFO] [stderr]    Compiling wasm-bindgen-macro-support v0.2.87
[INFO] [stderr]    Compiling pest_generator v2.7.1
[INFO] [stderr]     Checking tokio-util v0.7.8
[INFO] [stderr]     Checking bigdecimal v0.3.1
[INFO] [stderr]     Checking colored v2.0.4
[INFO] [stderr]     Checking addr2line v0.20.0
[INFO] [stderr]     Checking itertools v0.10.5
[INFO] [stderr]     Checking object v0.31.1
[INFO] [stderr]    Compiling num-rational v0.4.1
[INFO] [stderr]    Compiling num-iter v0.1.43
[INFO] [stderr]     Checking base64 v0.13.1
[INFO] [stderr]    Compiling wasm-bindgen v0.2.87
[INFO] [stderr]     Checking rustc-demangle v0.1.23
[INFO] [stderr]    Compiling failure_derive v0.1.8
[INFO] [stderr]     Checking base64 v0.12.3
[INFO] [stderr]     Checking openssl-probe v0.1.5
[INFO] [stderr]    Compiling pest_derive v2.7.1
[INFO] [stderr]     Checking diagnostics v0.1.0 (https://github.com/Brendonovich/prisma-engines?tag=pcr-0.6.5#7cc20cc5)
[INFO] [stderr]    Compiling wasm-bindgen-macro v0.2.87
[INFO] [stderr]    Compiling scale-info-derive v2.9.0
[INFO] [stderr]    Compiling derive_more v0.99.17
[INFO] [stderr]    Compiling enumflags2_derive v0.7.7
[INFO] [stderr]    Compiling synstructure v0.12.6
[INFO] [stderr]     Checking wait-timeout v0.2.0
[INFO] [stderr]     Checking quick-error v1.2.3
[INFO] [stderr]    Compiling crunchy v0.1.6
[INFO] [stderr]     Checking schema-ast v0.1.0 (https://github.com/Brendonovich/prisma-engines?tag=pcr-0.6.5#7cc20cc5)
[INFO] [stderr]     Checking rusty-fork v0.3.0
[INFO] [stderr]     Checking tokio-native-tls v0.3.1
[INFO] [stderr]     Checking enumflags2 v0.7.7
[INFO] [stderr]    Compiling serde_repr v0.1.16
[INFO] [stderr]     Checking bit-set v0.5.3
[INFO] [stderr]     Checking num-complex v0.4.3
[INFO] [stderr]     Checking rand_xorshift v0.3.0
[INFO] [stderr]     Checking regex-syntax v0.6.29
[INFO] [stderr]     Checking unarray v0.1.4
[INFO] [stderr]    Compiling tiny-keccak v2.0.2
[INFO] [stderr]     Checking num v0.4.1
[INFO] [stderr]     Checking parser-database v0.1.0 (https://github.com/Brendonovich/prisma-engines?tag=pcr-0.6.5#7cc20cc5)
[INFO] [stderr]     Checking js-sys v0.3.64
[INFO] [stderr]     Checking prisma-value v0.1.0 (https://github.com/Brendonovich/prisma-engines?tag=pcr-0.6.5#7cc20cc5)
[INFO] [stderr]     Checking lsp-types v0.91.1
[INFO] [stderr]    Compiling metrics-macros v0.5.1
[INFO] [stderr]     Checking connection-string v0.1.13
[INFO] [stderr]     Checking base-x v0.2.11
[INFO] [stderr]     Checking match_cfg v0.1.0
[INFO] [stderr]     Checking hostname v0.3.1
[INFO] [stderr]     Checking bigint v4.4.3
[INFO] [stderr]     Checking failure v0.1.8
[INFO] [stderr]    Compiling ring v0.16.20
[INFO] [stderr]     Checking base36 v0.0.1
[INFO] [stderr]     Checking send_wrapper v0.4.0
[INFO] [stderr]     Checking overload v0.1.1
[INFO] [stderr]     Checking nu-ansi-term v0.46.0
[INFO] [stderr]     Checking tracing-log v0.1.3
[INFO] [stderr]     Checking proptest v1.2.0
[INFO] [stderr]     Checking http v0.2.9
[INFO] [stderr]     Checking sharded-slab v0.1.4
[INFO] [stderr]     Checking thread_local v1.1.7
[INFO] [stderr]    Compiling psl v0.1.0 (https://github.com/Brendonovich/prisma-engines?tag=pcr-0.6.5#7cc20cc5)
[INFO] [stderr]    Compiling metrics v0.18.1
[INFO] [stderr]    Compiling httparse v1.8.0
[INFO] [stderr]     Checking tracing-subscriber v0.3.17
[INFO] [stderr]     Checking futures-executor v0.3.28
[INFO] [stderr]    Compiling pin-project-internal v1.1.2
[INFO] [stderr]     Checking stringprep v0.1.3
[INFO] [stderr]     Checking md-5 v0.10.5
[INFO] [stderr]     Checking untrusted v0.7.1
[INFO] [stderr]     Checking gloo-timers v0.2.6
[INFO] [stderr]     Checking spin v0.5.2
[INFO] [stderr]     Checking fallible-iterator v0.2.0
[INFO] [stderr]     Checking futures-timer v3.0.2
[INFO] [stderr]     Checking phf_shared v0.11.2
[INFO] [stderr]     Checking postgres-protocol v0.6.4 (https://github.com/pimeys/rust-postgres?branch=pgbouncer-mode#74f0847e)
[INFO] [stderr]     Checking der v0.7.7
[INFO] [stderr]    Compiling proc-macro-error-attr v1.0.4
[INFO] [stderr]     Checking rustc-hex v2.1.0
[INFO] [stderr]    Compiling crossbeam-utils v0.8.16
[INFO] [stderr]     Checking postgres-types v0.2.4 (https://github.com/pimeys/rust-postgres?branch=pgbouncer-mode#74f0847e)
[INFO] [stderr]     Checking phf v0.11.2
[INFO] [stderr]    Compiling proc-macro-error v1.0.4
[INFO] [stderr]    Compiling camino v1.1.6
[INFO] [stderr]     Checking cuid2 v0.1.0
[INFO] [stderr]    Compiling rustversion v1.0.14
[INFO] [stderr]     Checking cuid v1.3.1
[INFO] [stderr]     Checking arrayvec v0.7.4
[INFO] [stderr]     Checking pin-project v1.1.2
[INFO] [stderr]    Compiling semver v1.0.18
[INFO] [stderr]     Checking byte-slice-cast v1.2.2
[INFO] [stderr]     Checking try-lock v0.2.4
[INFO] [stderr]     Checking minimal-lexical v0.2.1
[INFO] [stderr]     Checking want v0.3.1
[INFO] [stderr]     Checking parity-scale-codec v3.6.4
[INFO] [stderr]     Checking tokio-postgres v0.7.7 (https://github.com/pimeys/rust-postgres?branch=pgbouncer-mode#74f0847e)
[INFO] [stderr]     Checking rlp v0.5.2
[INFO] [stderr]     Checking nom v7.1.3
[INFO] [stderr]     Checking futures v0.3.28
[INFO] [stderr]     Checking h2 v0.3.20
[INFO] [stderr]     Checking spki v0.7.2
[INFO] [stderr]     Checking http-body v0.4.5
[INFO] [stderr]     Checking ff v0.13.0
[INFO] [stderr]     Checking static_assertions v1.1.0
[INFO] [stderr]     Checking httpdate v1.0.2
[INFO] [stderr]     Checking base16ct v0.2.0
[INFO] [stderr]     Checking tower-service v0.3.2
[INFO] [stderr]     Checking linked-hash-map v0.5.6
[INFO] [stderr]     Checking unicode_categories v0.1.1
[INFO] [stderr]     Checking sec1 v0.7.3
[INFO] [stderr]     Checking group v0.13.0
[INFO] [stderr]     Checking lru-cache v0.1.2
[INFO] [stderr]     Checking pkcs8 v0.10.2
[INFO] [stderr]     Checking tracing-futures v0.2.5
[INFO] [stderr]     Checking mobc v0.7.3 (https://github.com/prisma/mobc?tag=1.0.6#80462c48)
[INFO] [stderr]     Checking crypto-bigint v0.5.2
[INFO] [stderr]    Compiling auto_impl v1.1.0
[INFO] [stderr]     Checking fixed-hash v0.8.0
[INFO] [stderr]     Checking postgres-native-tls v0.5.0 (https://github.com/pimeys/rust-postgres?branch=pgbouncer-mode#74f0847e)
[INFO] [stderr]     Checking impl-codec v0.6.0
[INFO] [stderr]     Checking scale-info v2.9.0
[INFO] [stderr]     Checking impl-rlp v0.3.0
[INFO] [stderr]    Compiling open-fastrlp-derive v0.1.1
[INFO] [stderr]    Compiling strum_macros v0.25.1
[INFO] [stderr]    Compiling num_enum_derive v0.6.1
[INFO] [stderr]     Checking sqlformat v0.2.1
[INFO] [stderr]     Checking rfc6979 v0.4.0
[INFO] [stderr]     Checking elliptic-curve v0.13.5
[INFO] [stderr]     Checking impl-serde v0.4.0
[INFO] [stderr]     Checking hyper v0.14.27
[INFO] [stderr]     Checking signature v2.1.0
[INFO] [stderr]    Compiling anyhow v1.0.72
[INFO] [stderr]     Checking ecdsa v0.16.8
[INFO] [stderr]     Checking uint v0.9.5
[INFO] [stderr]    Compiling user-facing-error-macros v0.1.0 (https://github.com/Brendonovich/prisma-engines?tag=pcr-0.6.5#7cc20cc5)
[INFO] [stderr]     Checking quaint v0.2.0-alpha.13 (https://github.com/Brendonovich/quaint?tag=0.6.5#2bf0c362)
[INFO] [stderr]     Checking block-buffer v0.9.0
[INFO] [stderr]     Checking digest v0.9.0
[INFO] [stderr]    Compiling byteorder v1.4.3
[INFO] [stderr]     Checking ipnet v2.8.0
[INFO] [stderr]     Checking opaque-debug v0.3.0
[INFO] [stderr]    Compiling rustls v0.21.5
[INFO] [stderr]     Checking sha2 v0.9.9
[INFO] [stderr]     Checking ethbloom v0.13.0
[INFO] [stderr]     Checking k256 v0.13.1
[INFO] [stderr]     Checking primitive-types v0.12.1
[INFO] [stderr]     Checking sct v0.7.0
[INFO] [stderr]     Checking rustls-webpki v0.101.2
[INFO] [stderr]    Compiling memoffset v0.9.0
[INFO] [stderr]     Checking base64 v0.21.2
[INFO] [stderr]     Checking ethereum-types v0.14.1
[INFO] [stderr]    Compiling crossbeam-epoch v0.9.15
[INFO] [stderr]    Compiling getrandom v0.1.16
[INFO] [stderr]     Checking parking_lot_core v0.8.6
[INFO] [stderr]     Checking webpki v0.22.0
[INFO] [stderr]     Checking user-facing-errors v0.1.0 (https://github.com/Brendonovich/prisma-engines?tag=pcr-0.6.5#7cc20cc5)
[INFO] [stderr]     Checking cargo-platform v0.1.3
[INFO] [stderr]     Checking raw-cpuid v10.7.0
[INFO] [stderr]     Checking inout v0.1.3
[INFO] [stderr]    Compiling metrics v0.19.0
[INFO] [stderr]     Checking cipher v0.4.4
[INFO] [stderr]     Checking tokio-rustls v0.24.1
[INFO] [stderr]     Checking cargo_metadata v0.15.4
[INFO] [stderr]     Checking parking_lot v0.11.2
[INFO] [stderr]     Checking quanta v0.9.3
[INFO] [stderr]     Checking psl-core v0.1.0 (https://github.com/Brendonovich/prisma-engines?tag=pcr-0.6.5#7cc20cc5)
[INFO] [stderr]     Checking open-fastrlp v0.1.4
[INFO] [stderr]     Checking ethabi v18.0.0
[INFO] [stderr]     Checking strum v0.25.0
[INFO] [stderr]     Checking num_enum v0.6.1
[INFO] [stderr]     Checking hashbrown v0.11.2
[INFO] [stderr]     Checking builtin-psl-connectors v0.1.0 (https://github.com/Brendonovich/prisma-engines?tag=pcr-0.6.5#7cc20cc5)
[INFO] [stderr]     Checking dml v0.1.0 (https://github.com/Brendonovich/prisma-engines?tag=pcr-0.6.5#7cc20cc5)
[INFO] [stderr]     Checking sketches-ddsketch v0.1.3
[INFO] [stderr]    Compiling eyre v0.6.8
[INFO] [stderr]    Compiling prettyplease v0.2.12
[INFO] [stderr]     Checking atomic-shim v0.2.0
[INFO] [stderr]     Checking prisma-models v0.0.0 (https://github.com/Brendonovich/prisma-engines?tag=pcr-0.6.5#7cc20cc5)
[INFO] [stderr]     Checking ethers-core v2.0.8
[INFO] [stderr]     Checking rand_core v0.5.1
[INFO] [stderr]     Checking crossbeam-channel v0.5.8
[INFO] [stderr]     Checking nibble_vec v0.1.0
[INFO] [stderr]     Checking ordered-float v2.10.0
[INFO] [stderr]    Compiling unicode-segmentation v1.10.1
[INFO] [stderr]     Checking endian-type v0.1.2
[INFO] [stderr]     Checking radix_trie v0.2.1
[INFO] [stderr]     Checking opentelemetry v0.17.0
[INFO] [stderr]     Checking metrics-util v0.13.0
[INFO] [stderr]     Checking rand_chacha v0.2.2
[INFO] [stderr]     Checking schema v0.1.0 (https://github.com/Brendonovich/prisma-engines?tag=pcr-0.6.5#7cc20cc5)
[INFO] [stderr]     Checking hyper-rustls v0.24.1
[INFO] [stderr]     Checking webpki-roots v0.22.6
[INFO] [stderr]     Checking hyper-tls v0.5.0
[INFO] [stderr]     Checking rustls-pemfile v1.0.3
[INFO] [stderr]     Checking bs58 v0.4.0
[INFO] [stderr]     Checking serde_urlencoded v0.7.1
[INFO] [stderr]     Checking ripemd v0.1.3
[INFO] [stderr]     Checking aho-corasick v0.7.20
[INFO] [stderr]     Checking encoding_rs v0.8.32
[INFO] [stderr]    Compiling adler v1.0.2
[INFO] [stderr]     Checking mime v0.3.17
[INFO] [stderr]     Checking bech32 v0.7.3
[INFO] [stderr]    Compiling crossbeam-queue v0.3.8
[INFO] [stderr]     Checking metrics-util v0.12.1
[INFO] [stderr]     Checking coins-core v0.8.3
[INFO] [stderr]     Checking reqwest v0.11.18
[INFO] [stderr]     Checking tracing-opentelemetry v0.17.4
[INFO] [stderr]     Checking schema-builder v0.1.0 (https://github.com/Brendonovich/prisma-engines?tag=pcr-0.6.5#7cc20cc5)
[INFO] [stderr]     Checking rand v0.7.3
[INFO] [stderr]     Checking metrics-exporter-prometheus v0.10.0
[INFO] [stderr]     Checking query-connector v0.1.0 (https://github.com/Brendonovich/prisma-engines?tag=pcr-0.6.5#7cc20cc5)
[INFO] [stderr]     Checking salsa20 v0.10.2
[INFO] [stderr]     Checking rustls-webpki v0.100.1
[INFO] [stderr]     Checking tracing-error v0.2.0
[INFO] [stderr]     Checking bincode v1.3.3
[INFO] [stderr]     Checking sha1 v0.10.5
[INFO] [stderr]     Checking pbkdf2 v0.11.0
[INFO] [stderr]    Compiling indenter v0.3.3
[INFO] [stderr]     Checking ordermap v0.3.5
[INFO] [stderr]     Checking fixedbitset v0.1.9
[INFO] [stderr]     Checking data-encoding v2.4.0
[INFO] [stderr]    Compiling same-file v1.0.6
[INFO] [stderr]     Checking void v1.0.2
[INFO] [stderr]     Checking radium v0.3.0
[INFO] [stderr]     Checking unreachable v1.0.0
[INFO] [stderr]     Checking petgraph v0.4.13
[INFO] [stderr]    Compiling walkdir v2.3.3
[INFO] [stderr]     Checking coins-bip32 v0.8.3
[INFO] [stderr]     Checking bitvec v0.17.4
[INFO] [stderr]     Checking tungstenite v0.19.0
[INFO] [stderr]     Checking scrypt v0.10.0
[INFO] [stderr]    Compiling Inflector v0.11.4
[INFO] [stderr]     Checking webpki-roots v0.23.1
[INFO] [stderr]     Checking sql-query-connector v0.1.0 (https://github.com/Brendonovich/prisma-engines?tag=pcr-0.6.5#7cc20cc5)
[INFO] [stderr]     Checking query-engine-metrics v0.1.0 (https://github.com/Brendonovich/prisma-engines?tag=pcr-0.6.5#7cc20cc5)
[INFO] [stderr]    Compiling heck v0.3.3
[INFO] [stderr]     Checking introspection-connector v0.1.0 (https://github.com/Brendonovich/prisma-engines?tag=pcr-0.6.5#7cc20cc5)
[INFO] [stderr]     Checking ctr v0.9.2
[INFO] [stderr]     Checking aes v0.8.3
[INFO] [stderr]    Compiling toml v0.7.6
[INFO] [stderr]     Checking pbkdf2 v0.12.2
[INFO] [stderr]     Checking lru v0.7.8
[INFO] [stderr]    Compiling toml v0.5.11
[INFO] [stderr]     Checking uuid v0.8.2
[INFO] [stderr]     Checking ascii v0.9.3
[INFO] [stderr]    Compiling dunce v1.0.4
[INFO] [stderr]     Checking combine v3.8.1
[INFO] [stderr]     Checking hashers v1.0.1
[INFO] [stderr]     Checking eth-keystore v0.5.0
[INFO] [stderr]     Checking coins-bip39 v0.8.6
[INFO] [stderr]    Compiling json-rpc-api-build v0.1.0 (https://github.com/Brendonovich/prisma-engines?tag=pcr-0.6.5#7cc20cc5)
[INFO] [stderr]     Checking tokio-tungstenite v0.19.0
[INFO] [stderr]     Checking sql-schema-describer v0.1.0 (https://github.com/Brendonovich/prisma-engines?tag=pcr-0.6.5#7cc20cc5)
[INFO] [stderr]     Checking dmmf v0.1.0 (https://github.com/Brendonovich/prisma-engines?tag=pcr-0.6.5#7cc20cc5)
[INFO] [stderr]     Checking datamodel-renderer v0.1.0 (https://github.com/Brendonovich/prisma-engines?tag=pcr-0.6.5#7cc20cc5)
[INFO] [stderr]     Checking enr v0.8.1
[INFO] [stderr]    Compiling crc32fast v1.3.2
[INFO] [stderr]     Checking ethers-contract-abigen v2.0.8
[INFO] [stderr]     Checking ethers-providers v2.0.8
[INFO] [stderr]    Compiling migration-core v0.1.0 (https://github.com/Brendonovich/prisma-engines?tag=pcr-0.6.5#7cc20cc5)
[INFO] [stderr]     Checking ethers-signers v2.0.8
[INFO] [stderr]     Checking migration-connector v0.1.0 (https://github.com/Brendonovich/prisma-engines?tag=pcr-0.6.5#7cc20cc5)
[INFO] [stderr]     Checking sql-introspection-connector v0.1.0 (https://github.com/Brendonovich/prisma-engines?tag=pcr-0.6.5#7cc20cc5)
[INFO] [stderr]    Compiling paste v1.0.14
[INFO] [stderr]     Checking sql-ddl v0.1.0 (https://github.com/Brendonovich/prisma-engines?tag=pcr-0.6.5#7cc20cc5)
[INFO] [stderr]     Checking ethers-etherscan v2.0.8
[INFO] [stderr]    Compiling convert_case v0.6.0
[INFO] [stderr]     Checking sql-migration-connector v0.1.0 (https://github.com/Brendonovich/prisma-engines?tag=pcr-0.6.5#7cc20cc5)
[INFO] [stderr]     Checking graphql-parser v0.3.0 (https://github.com/prisma/graphql-parser#6a3f58bd)
[INFO] [stderr]     Checking jsonrpc-core v17.1.0
[INFO] [stderr]     Checking futures-locks v0.7.1
[INFO] [stderr]     Checking serde_path_to_error v0.1.14
[INFO] [stderr]    Compiling include_dir_macros v0.7.3
[INFO] [stderr]     Checking rand v0.4.6
[INFO] [stderr]     Checking dirs-sys v0.3.7
[INFO] [stderr]     Checking humantime v2.1.0
[INFO] [stderr]     Checking termcolor v1.2.0
[INFO] [stderr]     Checking convert_case v0.5.0
[INFO] [stderr]     Checking tempdir v0.3.7
[INFO] [stderr]     Checking directories v4.0.1
[INFO] [stderr]     Checking env_logger v0.10.0
[INFO] [stderr]     Checking include_dir v0.7.3
[INFO] [stderr]    Compiling prisma-client-rust-macros v0.6.8 (https://github.com/Brendonovich/prisma-client-rust?tag=0.6.8#51f0473b)
[INFO] [stderr]     Checking flate2 v1.0.26
[INFO] [stderr]     Checking ethers-addressbook v2.0.8
[INFO] [stderr]     Checking serde-value v0.7.0
[INFO] [stderr]     Checking dotenv v0.15.0
[INFO] [stderr]     Checking pretty_env_logger v0.5.0
[INFO] [stderr]    Compiling ethers-contract-derive v2.0.8
[INFO] [stderr]     Checking query-core v0.1.0 (https://github.com/Brendonovich/prisma-engines?tag=pcr-0.6.5#7cc20cc5)
[INFO] [stderr]     Checking ethers-contract v2.0.8
[INFO] [stderr]     Checking request-handlers v0.1.0 (https://github.com/Brendonovich/prisma-engines?tag=pcr-0.6.5#7cc20cc5)
[INFO] [stderr]     Checking prisma-client-rust v0.6.8 (https://github.com/Brendonovich/prisma-client-rust?tag=0.6.8#51f0473b)
[INFO] [stderr]     Checking prisma-client-rust-sdk v0.6.8 (https://github.com/Brendonovich/prisma-client-rust?tag=0.6.8#51f0473b)
[INFO] [stderr]     Checking prisma-client-rust-cli v0.6.8 (https://github.com/Brendonovich/prisma-client-rust?tag=0.6.8#51f0473b)
[INFO] [stderr]     Checking ethers-middleware v2.0.8
[INFO] [stderr]     Checking ethers v2.0.8
[INFO] [stderr]  Documenting ng v0.1.0 (/opt/rustwide/workdir)
[INFO] [stdout] error[E0583]: file not found for module `prisma`
[INFO] [stdout]  --> src/main.rs:3:1
[INFO] [stdout]   |
[INFO] [stdout] 3 | pub mod prisma;
[INFO] [stdout]   | ^^^^^^^^^^^^^^^
[INFO] [stdout]   |
[INFO] [stdout]   = help: to create the module `prisma`, create file "src/prisma.rs" or "src/prisma/mod.rs"
[INFO] [stdout]   = note: if there is a `mod prisma` elsewhere in the crate already, import it with `use crate::...` instead
[INFO] [stdout] 
[INFO] [stdout] 
[INFO] [stdout] error[E0432]: unresolved imports `crate::prisma::logs`, `crate::prisma::states`, `crate::prisma::IndexedType`
[INFO] [stdout]  --> src/indexer/logs.rs:2:12
[INFO] [stdout]   |
[INFO] [stdout] 2 |     logs::{self},
[INFO] [stdout]   |            ^^^^ no `logs` in `prisma`
[INFO] [stdout] 3 |     states, IndexedType,
[INFO] [stdout]   |     ^^^^^^  ^^^^^^^^^^^ no `IndexedType` in `prisma`
[INFO] [stdout]   |     |
[INFO] [stdout]   |     no `states` in `prisma`
[INFO] [stdout]   |
[INFO] [stdout]   = help: consider importing this module instead:
[INFO] [stdout]           crate::indexer::logs
[INFO] [stdout] 
[INFO] [stdout] 
[INFO] [stdout] error[E0432]: unresolved imports `crate::prisma::logs`, `crate::prisma::states`, `crate::prisma::tokens`, `crate::prisma::IndexedType`, `crate::prisma::Standard`
[INFO] [stdout]  --> src/indexer/tokens.rs:5:16
[INFO] [stdout]   |
[INFO] [stdout] 5 |         logs::{self},
[INFO] [stdout]   |                ^^^^ no `logs` in `prisma`
[INFO] [stdout] 6 |         states,
[INFO] [stdout]   |         ^^^^^^ no `states` in `prisma`
[INFO] [stdout] 7 |         tokens::{self},
[INFO] [stdout]   |                  ^^^^ no `tokens` in `prisma`
[INFO] [stdout] 8 |         IndexedType, Standard,
[INFO] [stdout]   |         ^^^^^^^^^^^  ^^^^^^^^ no `Standard` in `prisma`
[INFO] [stdout]   |         |
[INFO] [stdout]   |         no `IndexedType` in `prisma`
[INFO] [stdout]   |
[INFO] [stdout]   = help: consider importing this module instead:
[INFO] [stdout]           crate::indexer::logs
[INFO] [stdout]   = help: consider importing this module instead:
[INFO] [stdout]           crate::indexer::tokens
[INFO] [stdout]   = help: consider importing this variant instead:
[INFO] [stdout]           ethers::prelude::gas_oracle::GasCategory::Standard
[INFO] [stdout] 
[INFO] [stdout] 
[INFO] [stdout] error[E0432]: unresolved imports `crate::prisma::states`, `crate::prisma::Chain`, `crate::prisma::IndexedType`
[INFO] [stdout]  --> src/indexer/mod.rs:3:27
[INFO] [stdout]   |
[INFO] [stdout] 3 | use crate::prisma::{self, states, Chain, IndexedType};
[INFO] [stdout]   |                           ^^^^^^  ^^^^^  ^^^^^^^^^^^ no `IndexedType` in `prisma`
[INFO] [stdout]   |                           |       |
[INFO] [stdout]   |                           |       no `Chain` in `prisma`
[INFO] [stdout]   |                           no `states` in `prisma`
[INFO] [stdout]   |
[INFO] [stdout]   = help: consider importing one of these items instead:
[INFO] [stdout]           ethers::types::Chain
[INFO] [stdout]           eyre::Chain
[INFO] [stdout]           std::io::Chain
[INFO] [stdout]           std::iter::Chain
[INFO] [stdout]           core::iter::Chain
[INFO] [stdout] 
[INFO] [stdout] 
[INFO] [stdout] error[E0432]: unresolved import `prisma::PrismaClient`
[INFO] [stdout]  --> src/indexer/mod.rs:6:5
[INFO] [stdout]   |
[INFO] [stdout] 6 | use prisma::PrismaClient;
[INFO] [stdout]   |     ^^^^^^^^^^^^^^^^^^^^ no `PrismaClient` in `prisma`
[INFO] [stdout]   |
[INFO] [stdout] help: consider importing this trait instead
[INFO] [stdout]   |
[INFO] [stdout] 6 | use prisma_client_rust::PrismaClient;
[INFO] [stdout]   |     ~~~~~~~~~~~~~~~~~~~~~~~~~~~~~~~~
[INFO] [stdout] 
[INFO] [stdout] 
[INFO] [stdout] error[E0432]: unresolved import `crate::prisma::Chain`
[INFO] [stdout]  --> src/util.rs:1:5
[INFO] [stdout]   |
[INFO] [stdout] 1 | use crate::prisma::Chain;
[INFO] [stdout]   |     ^^^^^^^^^^^^^^^^^^^^ no `Chain` in `prisma`
[INFO] [stdout]   |
[INFO] [stdout] help: consider importing one of these items instead
[INFO] [stdout]   |
[INFO] [stdout] 1 | use core::iter::Chain;
[INFO] [stdout]   |     ~~~~~~~~~~~~~~~~~
[INFO] [stdout] 1 | use ethers::types::Chain;
[INFO] [stdout]   |     ~~~~~~~~~~~~~~~~~~~~
[INFO] [stdout] 1 | use eyre::Chain;
[INFO] [stdout]   |     ~~~~~~~~~~~
[INFO] [stdout] 1 | use std::io::Chain;
[INFO] [stdout]   |     ~~~~~~~~~~~~~~
[INFO] [stdout]     and 1 other candidate
[INFO] [stdout] 
[INFO] [stdout] 
[INFO] [stdout] error: aborting due to 6 previous errors
[INFO] [stdout] 
[INFO] [stdout] 
[INFO] [stdout] Some errors have detailed explanations: E0432, E0583.
[INFO] [stdout] 
[INFO] [stdout] For more information about an error, try `rustc --explain E0432`.
[INFO] [stdout] 
[INFO] [stderr] error: could not document `ng`
[INFO] [stderr] 
[INFO] [stderr] Caused by:
[INFO] [stderr]   process didn't exit successfully: `/opt/rustwide/rustup-home/toolchains/1.75.0-x86_64-unknown-linux-gnu/bin/rustdoc --edition=2021 --crate-type bin --crate-name indexer src/main.rs -o /opt/rustwide/target/doc --error-format=json --json=diagnostic-rendered-ansi,artifacts,future-incompat --document-private-items '-Arustdoc::private-intra-doc-links' -C metadata=1a06b3c3f78dc92c -L dependency=/opt/rustwide/target/debug/deps --extern ethers=/opt/rustwide/target/debug/deps/libethers-fa4c462bbd231f61.rmeta --extern eyre=/opt/rustwide/target/debug/deps/libeyre-340c1b64073526b8.rmeta --extern log=/opt/rustwide/target/debug/deps/liblog-e31d57e8ecf90e98.rmeta --extern pretty_env_logger=/opt/rustwide/target/debug/deps/libpretty_env_logger-3afb5a234576b066.rmeta --extern prisma_client_rust=/opt/rustwide/target/debug/deps/libprisma_client_rust-22eb98cbe278047d.rmeta --extern prisma_client_rust_cli=/opt/rustwide/target/debug/deps/libprisma_client_rust_cli-0532ded4ad9cfffa.rmeta --extern regex=/opt/rustwide/target/debug/deps/libregex-bae8d082c89b74af.rmeta --extern serde=/opt/rustwide/target/debug/deps/libserde-8cfea3022989512b.rmeta --extern tokio=/opt/rustwide/target/debug/deps/libtokio-49740279c487a62b.rmeta --cap-lints=warn --crate-version 0.1.0` (exit status: 1)
[INFO] [stderr] warning: build failed, waiting for other jobs to finish...
[INFO] running `Command { std: "docker" "inspect" "4e120b322e7ee1cbea6a9ca77d810898430f1706b07588be5d6c627b90b513fa", kill_on_drop: false }`
[INFO] running `Command { std: "docker" "rm" "-f" "4e120b322e7ee1cbea6a9ca77d810898430f1706b07588be5d6c627b90b513fa", kill_on_drop: false }`
[INFO] [stdout] 4e120b322e7ee1cbea6a9ca77d810898430f1706b07588be5d6c627b90b513fa
