[INFO] cloning repository https://github.com/AmirMahdiAmini/being
[INFO] running `Command { std: "git" "-c" "credential.helper=" "-c" "credential.helper=/workspace/cargo-home/bin/git-credential-null" "clone" "--bare" "https://github.com/AmirMahdiAmini/being" "/workspace/cache/git-repos/https%3A%2F%2Fgithub.com%2FAmirMahdiAmini%2Fbeing", kill_on_drop: false }`
[INFO] [stderr] Cloning into bare repository '/workspace/cache/git-repos/https%3A%2F%2Fgithub.com%2FAmirMahdiAmini%2Fbeing'...
[INFO] running `Command { std: "git" "rev-parse" "HEAD", kill_on_drop: false }`
[INFO] [stdout] da6a1a427a01c6634bbf8075d1bdefc43547ea28
[INFO] documenting AmirMahdiAmini/being against 1.75.0 for beta-1.76-rustdoc-1
[INFO] running `Command { std: "git" "clone" "/workspace/cache/git-repos/https%3A%2F%2Fgithub.com%2FAmirMahdiAmini%2Fbeing" "/workspace/builds/worker-7-tc1/source", kill_on_drop: false }`
[INFO] [stderr] Cloning into '/workspace/builds/worker-7-tc1/source'...
[INFO] [stderr] done.
[INFO] validating manifest of git repo https://github.com/AmirMahdiAmini/being on toolchain 1.75.0
[INFO] running `Command { std: CARGO_HOME="/workspace/cargo-home" RUSTUP_HOME="/workspace/rustup-home" "/workspace/cargo-home/bin/cargo" "+1.75.0" "metadata" "--manifest-path" "Cargo.toml" "--no-deps", kill_on_drop: false }`
[INFO] started tweaking git repo https://github.com/AmirMahdiAmini/being
[INFO] finished tweaking git repo https://github.com/AmirMahdiAmini/being
[INFO] tweaked toml for git repo https://github.com/AmirMahdiAmini/being written to /workspace/builds/worker-7-tc1/source/Cargo.toml
[INFO] crate git repo https://github.com/AmirMahdiAmini/being already has a lockfile, it will not be regenerated
[INFO] running `Command { std: CARGO_HOME="/workspace/cargo-home" RUSTUP_HOME="/workspace/rustup-home" "/workspace/cargo-home/bin/cargo" "+1.75.0" "fetch" "--manifest-path" "Cargo.toml", kill_on_drop: false }`
[INFO] [stderr]     Updating crates.io index
[INFO] [stderr]  Downloading crates ...
[INFO] [stderr]   Downloaded bcrypt v0.13.0
[INFO] [stderr]   Downloaded rustc_version_runtime v0.2.1
[INFO] [stderr]   Downloaded tonic-build v0.7.2
[INFO] [stderr]   Downloaded async-std-resolver v0.21.2
[INFO] [stderr]   Downloaded os_info v3.3.0
[INFO] [stderr]   Downloaded axum-core v0.2.4
[INFO] [stderr]   Downloaded jsonwebtoken v8.1.0
[INFO] [stderr]   Downloaded tonic v0.7.2
[INFO] [stderr]   Downloaded mongodb v2.2.1
[INFO] [stderr]   Downloaded bson v2.2.0
[INFO] [stderr]   Downloaded serde_with v1.13.0
[INFO] [stderr]   Downloaded prost-build v0.10.3
[INFO] [stderr]   Downloaded tower-http v0.3.3
[INFO] [stderr]   Downloaded axum v0.5.6
[INFO] [stderr]   Downloaded redis v0.21.5
[INFO] [stderr]   Downloaded prettyplease v0.1.10
[INFO] [stderr]   Downloaded prost-derive v0.10.1
[INFO] [stderr]   Downloaded simple_asn1 v0.6.1
[INFO] [stderr]   Downloaded prost-types v0.10.1
[INFO] [stderr]   Downloaded pem v1.0.2
[INFO] [stderr]   Downloaded prost v0.10.3
[INFO] [stderr]   Downloaded once_cell v1.11.0
[INFO] running `Command { std: "docker" "create" "-v" "/var/lib/crater-agent-workspace/builds/worker-7-tc1/target:/opt/rustwide/target:rw,Z" "-v" "/var/lib/crater-agent-workspace/builds/worker-7-tc1/source:/opt/rustwide/workdir:ro,Z" "-v" "/var/lib/crater-agent-workspace/cargo-home:/opt/rustwide/cargo-home:ro,Z" "-v" "/var/lib/crater-agent-workspace/rustup-home:/opt/rustwide/rustup-home:ro,Z" "-e" "SOURCE_DIR=/opt/rustwide/workdir" "-e" "CARGO_TARGET_DIR=/opt/rustwide/target" "-e" "CARGO_HOME=/opt/rustwide/cargo-home" "-e" "RUSTUP_HOME=/opt/rustwide/rustup-home" "-w" "/opt/rustwide/workdir" "-m" "1610612736" "--user" "0:0" "--network" "none" "ghcr.io/rust-lang/crates-build-env/linux@sha256:2788e3201cd34a07e3172128adcd8b3090168a8e3bcc40d7c032b9dda1df7d1c" "/opt/rustwide/cargo-home/bin/cargo" "+1.75.0" "metadata" "--no-deps" "--format-version=1", kill_on_drop: false }`
[INFO] [stdout] bcc88bdd111001ab1b9b49e9113209fa755a311b12821bffc686adea09d303b1
[INFO] running `Command { std: "docker" "start" "-a" "bcc88bdd111001ab1b9b49e9113209fa755a311b12821bffc686adea09d303b1", kill_on_drop: false }`
[INFO] running `Command { std: "docker" "inspect" "bcc88bdd111001ab1b9b49e9113209fa755a311b12821bffc686adea09d303b1", kill_on_drop: false }`
[INFO] running `Command { std: "docker" "rm" "-f" "bcc88bdd111001ab1b9b49e9113209fa755a311b12821bffc686adea09d303b1", kill_on_drop: false }`
[INFO] [stdout] bcc88bdd111001ab1b9b49e9113209fa755a311b12821bffc686adea09d303b1
[INFO] running `Command { std: "docker" "create" "-v" "/var/lib/crater-agent-workspace/builds/worker-7-tc1/target:/opt/rustwide/target:rw,Z" "-v" "/var/lib/crater-agent-workspace/builds/worker-7-tc1/source:/opt/rustwide/workdir:ro,Z" "-v" "/var/lib/crater-agent-workspace/cargo-home:/opt/rustwide/cargo-home:ro,Z" "-v" "/var/lib/crater-agent-workspace/rustup-home:/opt/rustwide/rustup-home:ro,Z" "-e" "SOURCE_DIR=/opt/rustwide/workdir" "-e" "CARGO_TARGET_DIR=/opt/rustwide/target" "-e" "CARGO_INCREMENTAL=0" "-e" "RUST_BACKTRACE=full" "-e" "RUSTFLAGS=--cap-lints=warn" "-e" "RUSTDOCFLAGS=--cap-lints=warn" "-e" "CARGO_HOME=/opt/rustwide/cargo-home" "-e" "RUSTUP_HOME=/opt/rustwide/rustup-home" "-w" "/opt/rustwide/workdir" "-m" "1610612736" "--user" "0:0" "--network" "none" "ghcr.io/rust-lang/crates-build-env/linux@sha256:2788e3201cd34a07e3172128adcd8b3090168a8e3bcc40d7c032b9dda1df7d1c" "/opt/rustwide/cargo-home/bin/cargo" "+1.75.0" "doc" "--frozen" "--no-deps" "--document-private-items" "--message-format=json", kill_on_drop: false }`
[INFO] [stdout] f5241880440971f7880b472e87f7d706b7750d56d30b02153c5add190dcd1451
[INFO] running `Command { std: "docker" "start" "-a" "f5241880440971f7880b472e87f7d706b7750d56d30b02153c5add190dcd1451", kill_on_drop: false }`
[INFO] [stderr]    Compiling proc-macro2 v1.0.39
[INFO] [stderr]    Compiling unicode-ident v1.0.0
[INFO] [stderr]    Compiling syn v1.0.95
[INFO] [stderr]    Compiling libc v0.2.126
[INFO] [stderr]    Compiling autocfg v1.1.0
[INFO] [stderr]    Compiling version_check v0.9.4
[INFO] [stderr]     Checking once_cell v1.11.0
[INFO] [stderr]    Compiling log v0.4.17
[INFO] [stderr]    Compiling memchr v2.5.0
[INFO] [stderr]     Checking pin-project-lite v0.2.9
[INFO] [stderr]    Compiling futures-core v0.3.21
[INFO] [stderr]    Compiling cc v1.0.73
[INFO] [stderr]    Compiling value-bag v1.0.0-alpha.9
[INFO] [stderr]     Checking futures-io v0.3.21
[INFO] [stderr]     Checking bytes v1.1.0
[INFO] [stderr]    Compiling lock_api v0.4.7
[INFO] [stderr]    Compiling parking_lot_core v0.9.3
[INFO] [stderr]     Checking scopeguard v1.1.0
[INFO] [stderr]     Checking smallvec v1.8.0
[INFO] [stderr]     Checking slab v0.4.6
[INFO] [stderr]     Checking lazy_static v1.4.0
[INFO] [stderr]     Checking futures-sink v0.3.21
[INFO] [stderr]    Compiling futures-task v0.3.21
[INFO] [stderr]     Checking pin-utils v0.1.0
[INFO] [stderr]    Compiling futures-util v0.3.21
[INFO] [stderr]     Checking itoa v1.0.2
[INFO] [stderr]    Compiling typenum v1.15.0
[INFO] [stderr]    Compiling quote v1.0.18
[INFO] [stderr]     Checking tracing-core v0.1.26
[INFO] [stderr]    Compiling indexmap v1.8.1
[INFO] [stderr]     Checking socket2 v0.4.4
[INFO] [stderr]     Checking signal-hook-registry v1.4.0
[INFO] [stderr]     Checking num_cpus v1.13.1
[INFO] [stderr]     Checking getrandom v0.2.6
[INFO] [stderr]    Compiling generic-array v0.14.5
[INFO] [stderr]     Checking ppv-lite86 v0.2.16
[INFO] [stderr]     Checking rand_core v0.6.3
[INFO] [stderr]    Compiling serde_derive v1.0.137
[INFO] [stderr]     Checking hashbrown v0.11.2
[INFO] [stderr]     Checking parking_lot v0.12.0
[INFO] [stderr]    Compiling serde v1.0.137
[INFO] [stderr]    Compiling either v1.6.1
[INFO] [stderr]    Compiling futures-channel v0.3.21
[INFO] [stderr]     Checking percent-encoding v2.1.0
[INFO] [stderr]    Compiling anyhow v1.0.57
[INFO] [stderr]     Checking rand_chacha v0.3.1
[INFO] [stderr]     Checking cache-padded v1.2.0
[INFO] [stderr]     Checking fnv v1.0.7
[INFO] [stderr]     Checking tinyvec_macros v0.1.0
[INFO] [stderr]     Checking tinyvec v1.6.0
[INFO] [stderr]     Checking http v0.2.7
[INFO] [stderr]     Checking rand v0.8.5
[INFO] [stderr]     Checking concurrent-queue v1.2.2
[INFO] [stderr]    Compiling ring v0.16.20
[INFO] [stderr]    Compiling async-trait v0.1.53
[INFO] [stderr]     Checking parking v2.0.0
[INFO] [stderr]     Checking event-listener v2.5.2
[INFO] [stderr]     Checking waker-fn v1.1.0
[INFO] [stderr]     Checking fastrand v1.7.0
[INFO] [stderr]     Checking matches v0.1.9
[INFO] [stderr]    Compiling pkg-config v0.3.25
[INFO] [stderr]     Checking unicode-normalization v0.1.19
[INFO] [stderr]    Compiling itertools v0.10.3
[INFO] [stderr]     Checking futures-lite v1.12.0
[INFO] [stderr]    Compiling num-traits v0.2.15
[INFO] [stderr]     Checking crypto-common v0.1.3
[INFO] [stderr]     Checking bitflags v1.3.2
[INFO] [stderr]    Compiling openssl-sys v0.9.73
[INFO] [stderr]     Checking unicode-bidi v0.3.8
[INFO] [stderr]    Compiling heck v0.4.0
[INFO] [stderr]     Checking http-body v0.4.4
[INFO] [stderr]     Checking form_urlencoded v1.0.1
[INFO] [stderr]    Compiling num-integer v0.1.45
[INFO] [stderr]     Checking tower-service v0.3.1
[INFO] [stderr]    Compiling httparse v1.7.1
[INFO] [stderr]     Checking base64 v0.13.0
[INFO] [stderr]     Checking spin v0.5.2
[INFO] [stderr]     Checking untrusted v0.7.1
[INFO] [stderr]     Checking idna v0.2.3
[INFO] [stderr]     Checking block-buffer v0.10.2
[INFO] [stderr]     Checking try-lock v0.2.3
[INFO] [stderr]     Checking async-task v4.2.0
[INFO] [stderr]     Checking subtle v2.4.1
[INFO] [stderr]    Compiling signal-hook v0.3.14
[INFO] [stderr]     Checking digest v0.10.3
[INFO] [stderr]    Compiling which v4.2.5
[INFO] [stderr]     Checking url v2.2.2
[INFO] [stderr]     Checking async-channel v1.6.1
[INFO] [stderr]    Compiling cmake v0.1.48
[INFO] [stderr]     Checking atomic-waker v1.0.0
[INFO] [stderr]    Compiling ident_case v1.0.1
[INFO] [stderr]    Compiling semver-parser v0.7.0
[INFO] [stderr]    Compiling strsim v0.10.0
[INFO] [stderr]     Checking ryu v1.0.10
[INFO] [stderr]     Checking httpdate v1.0.2
[INFO] [stderr]    Compiling openssl v0.10.40
[INFO] [stderr]    Compiling serde_json v1.0.81
[INFO] [stderr]     Checking foreign-types-shared v0.1.1
[INFO] [stderr]    Compiling crossbeam-utils v0.8.8
[INFO] [stderr]     Checking foreign-types v0.3.2
[INFO] [stderr]    Compiling darling_core v0.13.4
[INFO] [stderr]    Compiling prost-build v0.10.3
[INFO] [stderr]    Compiling semver v0.9.0
[INFO] [stderr]     Checking blocking v1.2.0
[INFO] [stderr]     Checking async-executor v1.4.1
[INFO] [stderr]     Checking async-mutex v1.4.0
[INFO] [stderr]     Checking match_cfg v0.1.0
[INFO] [stderr]    Compiling fixedbitset v0.4.1
[INFO] [stderr]    Compiling remove_dir_all v0.5.3
[INFO] [stderr]    Compiling regex-syntax v0.6.25
[INFO] [stderr]    Compiling native-tls v0.2.10
[INFO] [stderr]     Checking ipnet v2.5.0
[INFO] [stderr]    Compiling tempfile v3.3.0
[INFO] [stderr]    Compiling petgraph v0.6.0
[INFO] [stderr]     Checking hostname v0.3.1
[INFO] [stderr]    Compiling rustc_version v0.2.3
[INFO] [stderr]     Checking webpki v0.22.0
[INFO] [stderr]     Checking async-lock v2.5.0
[INFO] [stderr]    Compiling num-bigint v0.4.3
[INFO] [stderr]    Compiling ahash v0.7.6
[INFO] [stderr]    Compiling regex v1.5.5
[INFO] [stderr]    Compiling rustls v0.20.6
[INFO] [stderr]    Compiling rustversion v1.0.6
[INFO] [stderr]     Checking tower-layer v0.3.1
[INFO] [stderr]     Checking mime v0.3.16
[INFO] [stderr]    Compiling multimap v0.8.3
[INFO] [stderr]     Checking linked-hash-map v0.5.4
[INFO] [stderr]     Checking quick-error v1.2.3
[INFO] [stderr]     Checking openssl-probe v0.1.5
[INFO] [stderr]     Checking data-encoding v2.3.2
[INFO] [stderr]     Checking lru-cache v0.1.2
[INFO] [stderr]     Checking resolv-conf v0.7.0
[INFO] [stderr]    Compiling rustc_version_runtime v0.2.1
[INFO] [stderr]     Checking sct v0.7.0
[INFO] [stderr]    Compiling prettyplease v0.1.10
[INFO] [stderr]     Checking inout v0.1.3
[INFO] [stderr]     Checking quickcheck v1.0.3
[INFO] [stderr]     Checking time v0.1.43
[INFO] [stderr]     Checking cpufeatures v0.2.2
[INFO] [stderr]     Checking num_threads v0.1.6
[INFO] [stderr]     Checking http-range-header v0.3.0
[INFO] [stderr]    Compiling encoding_rs v0.8.31
[INFO] [stderr]    Compiling time-macros v0.2.4
[INFO] [stderr]    Compiling ctor v0.1.22
[INFO] [stderr]    Compiling tokio-macros v1.7.0
[INFO] [stderr]    Compiling futures-macro v0.3.21
[INFO] [stderr]    Compiling tracing-attributes v0.1.21
[INFO] [stderr]    Compiling prost-derive v0.10.1
[INFO] [stderr]    Compiling thiserror-impl v1.0.31
[INFO] [stderr]     Checking mio v0.8.3
[INFO] [stderr]     Checking tokio v1.18.2
[INFO] [stderr]     Checking polling v2.2.0
[INFO] [stderr]     Checking tracing v0.1.34
[INFO] [stderr]     Checking async-io v1.6.0
[INFO] [stderr]     Checking want v0.3.0
[INFO] [stderr]    Compiling pin-project-internal v1.0.10
[INFO] [stderr]    Compiling openssl-macros v0.1.0
[INFO] [stderr]     Checking async-global-executor v2.0.4
[INFO] [stderr]     Checking async-process v1.4.0
[INFO] [stderr]    Compiling prost v0.10.3
[INFO] [stderr]     Checking kv-log-macro v1.0.7
[INFO] [stderr]    Compiling async-attributes v1.1.2
[INFO] [stderr]    Compiling prost-types v0.10.1
[INFO] [stderr]     Checking thiserror v1.0.31
[INFO] [stderr]    Compiling enum-as-inner v0.4.0
[INFO] [stderr]    Compiling darling_macro v0.13.4
[INFO] [stderr]     Checking async-std v1.11.0
[INFO] [stderr]    Compiling darling v0.13.4
[INFO] [stderr]     Checking pin-project v1.0.10
[INFO] [stderr]     Checking axum-core v0.2.4
[INFO] [stderr]    Compiling serde_with_macros v1.5.2
[INFO] [stderr]     Checking time v0.3.9
[INFO] [stderr]    Compiling tonic-build v0.7.2
[INFO] [stderr]     Checking tokio-util v0.7.2
[INFO] [stderr]     Checking trust-dns-proto v0.21.2
[INFO] [stderr]     Checking tokio-native-tls v0.3.0
[INFO] [stderr]     Checking tokio-io-timeout v1.2.0
[INFO] [stderr]     Checking chrono v0.4.19
[INFO] [stderr]     Checking h2 v0.3.13
[INFO] [stderr]     Checking tower v0.4.12
[INFO] [stderr]    Compiling async-stream-impl v0.3.3
[INFO] [stderr]     Checking cipher v0.4.3
[INFO] [stderr]     Checking sha1_smol v1.0.0
[INFO] [stderr]     Checking hex v0.4.3
[INFO] [stderr]     Checking matchit v0.5.0
[INFO] [stderr]     Checking sync_wrapper v0.1.1
[INFO] [stderr]     Checking trust-dns-resolver v0.21.2
[INFO] [stderr]     Checking byteorder v1.4.3
[INFO] [stderr]     Checking tower-http v0.3.3
[INFO] [stderr]     Checking async-stream v0.3.3
[INFO] [stderr]     Checking sha1 v0.6.1
[INFO] [stderr]     Checking blowfish v0.9.1
[INFO] [stderr]    Compiling being-api v0.1.0 (/opt/rustwide/workdir)
[INFO] [stderr]     Checking combine v4.6.4
[INFO] [stderr]     Checking tokio-util v0.6.10
[INFO] [stderr]     Checking uuid v0.8.2
[INFO] [stderr]     Checking serde_bytes v0.11.6
[INFO] [stderr]     Checking tokio-rustls v0.23.4
[INFO] [stderr]     Checking async-std-resolver v0.21.2
[INFO] [stderr]     Checking serde_with v1.13.0
[INFO] [stderr]     Checking serde_urlencoded v0.7.1
[INFO] [stderr]     Checking tokio-stream v0.1.8
[INFO] [stderr]     Checking bson v2.2.0
[INFO] [stderr]     Checking simple_asn1 v0.6.1
[INFO] [stderr]     Checking tracing-futures v0.2.5
[INFO] [stderr]     Checking futures-executor v0.3.21
[INFO] [stderr]     Checking os_info v3.3.0
[INFO] [stderr]    Compiling typed-builder v0.10.0
[INFO] [stderr]    Compiling derivative v2.2.0
[INFO] [stderr]     Checking sha2 v0.10.2
[INFO] [stderr]     Checking sha-1 v0.10.0
[INFO] [stderr]     Checking hyper v0.14.18
[INFO] [stderr]     Checking webpki-roots v0.22.3
[INFO] [stderr]     Checking pbkdf2 v0.10.1
[INFO] [stderr]     Checking md-5 v0.10.1
[INFO] [stderr]     Checking hmac v0.12.1
[INFO] [stderr]     Checking rustls-pemfile v0.3.0
[INFO] [stderr]     Checking pem v1.0.2
[INFO] [stderr]     Checking stringprep v0.1.2
[INFO] [stderr]     Checking aho-corasick v0.7.18
[INFO] [stderr]     Checking take_mut v0.2.2
[INFO] [stderr]     Checking zeroize v1.5.5
[INFO] [stderr]     Checking dtoa v0.4.8
[INFO] [stderr]     Checking itoa v0.4.8
[INFO] [stderr]     Checking bcrypt v0.13.0
[INFO] [stderr]     Checking jsonwebtoken v8.1.0
[INFO] [stderr]     Checking dotenv v0.15.0
[INFO] [stderr]     Checking mongodb v2.2.1
[INFO] [stderr]     Checking redis v0.21.5
[INFO] [stderr]     Checking hyper-timeout v0.4.1
[INFO] [stderr]     Checking hyper-tls v0.5.0
[INFO] [stderr]     Checking axum v0.5.6
[INFO] [stderr]     Checking reqwest v0.11.10
[INFO] [stderr]     Checking tonic v0.7.2
[INFO] [stderr]  Documenting being-api v0.1.0 (/opt/rustwide/workdir)
[INFO] [stdout] error[E0583]: file not found for module `sms`
[INFO] [stdout]  --> src/app/pkg/mod.rs:1:1
[INFO] [stdout]   |
[INFO] [stdout] 1 | pub mod sms;
[INFO] [stdout]   | ^^^^^^^^^^^^
[INFO] [stdout]   |
[INFO] [stdout]   = help: to create the module `sms`, create file "src/app/pkg/sms.rs" or "src/app/pkg/sms/mod.rs"
[INFO] [stdout]   = note: if there is a `mod sms` elsewhere in the crate already, import it with `use crate::...` instead
[INFO] [stdout] 
[INFO] [stdout] 
[INFO] [stdout] error[E0583]: file not found for module `sms`
[INFO] [stdout]  --> src/app/pkg/mod.rs:1:1
[INFO] [stdout]   |
[INFO] [stdout] 1 | pub mod sms;
[INFO] [stdout]   | ^^^^^^^^^^^^
[INFO] [stdout]   |
[INFO] [stdout]   = help: to create the module `sms`, create file "src/app/pkg/sms.rs" or "src/app/pkg/sms/mod.rs"
[INFO] [stdout]   = note: if there is a `mod sms` elsewhere in the crate already, import it with `use crate::...` instead
[INFO] [stdout] 
[INFO] [stdout] 
[INFO] [stdout] error[E0432]: unresolved import `crate::app::pkg::sms::Message`
[INFO] [stdout]  --> src/app/services/sms.rs:1:5
[INFO] [stdout]   |
[INFO] [stdout] 1 | use crate::app::pkg::sms::Message;
[INFO] [stdout]   |     ^^^^^^^^^^^^^^^^^^^^^^^^^^^^^ no `Message` in `app::pkg::sms`
[INFO] [stdout]   |
[INFO] [stdout] help: consider importing this trait instead
[INFO] [stdout]   |
[INFO] [stdout] 1 | use prost::Message;
[INFO] [stdout]   |     ~~~~~~~~~~~~~~
[INFO] [stdout] 
[INFO] [stdout] 
[INFO] [stdout] error[E0432]: unresolved import `crate::app::pkg::sms::Message`
[INFO] [stdout]  --> src/app/services/sms.rs:1:5
[INFO] [stdout]   |
[INFO] [stdout] 1 | use crate::app::pkg::sms::Message;
[INFO] [stdout]   |     ^^^^^^^^^^^^^^^^^^^^^^^^^^^^^ no `Message` in `app::pkg::sms`
[INFO] [stdout]   |
[INFO] [stdout] help: consider importing this trait instead
[INFO] [stdout]   |
[INFO] [stdout] 1 | use prost::Message;
[INFO] [stdout]   |     ~~~~~~~~~~~~~~
[INFO] [stdout] 
[INFO] [stdout] 
[INFO] [stdout] error: aborting due to 2 previous errors
[INFO] [stdout] 
[INFO] [stdout] 
[INFO] [stdout] Some errors have detailed explanations: E0432, E0583.
[INFO] [stdout] 
[INFO] [stdout] For more information about an error, try `rustc --explain E0432`.
[INFO] [stdout] 
[INFO] [stderr] error: could not document `being-api`
[INFO] [stderr] 
[INFO] [stderr] Caused by:
[INFO] [stderr]   process didn't exit successfully: `/opt/rustwide/rustup-home/toolchains/1.75.0-x86_64-unknown-linux-gnu/bin/rustdoc --edition=2021 --crate-type lib --crate-name beinglib src/lib.rs -o /opt/rustwide/target/doc --error-format=json --json=diagnostic-rendered-ansi,artifacts,future-incompat --document-private-items -C metadata=0c0bdec8fdf7ca99 -L dependency=/opt/rustwide/target/debug/deps --extern bcrypt=/opt/rustwide/target/debug/deps/libbcrypt-fc8126a7c3709c61.rmeta --extern bson=/opt/rustwide/target/debug/deps/libbson-4f08a443e99f8a30.rmeta --extern chrono=/opt/rustwide/target/debug/deps/libchrono-46d16e60081ff5f9.rmeta --extern dotenv=/opt/rustwide/target/debug/deps/libdotenv-5c7b155fb9ea380a.rmeta --extern futures_util=/opt/rustwide/target/debug/deps/libfutures_util-6cb218122a997caf.rmeta --extern jsonwebtoken=/opt/rustwide/target/debug/deps/libjsonwebtoken-86a05d9bb2dbcd3c.rmeta --extern lazy_static=/opt/rustwide/target/debug/deps/liblazy_static-e7445b4e8703c20b.rmeta --extern mongodb=/opt/rustwide/target/debug/deps/libmongodb-a68bf7360098319c.rmeta --extern prost=/opt/rustwide/target/debug/deps/libprost-fd0653027a439f5a.rmeta --extern rand=/opt/rustwide/target/debug/deps/librand-2e156bdbceecf3bb.rmeta --extern redis=/opt/rustwide/target/debug/deps/libredis-9c7b480101ed09c9.rmeta --extern regex=/opt/rustwide/target/debug/deps/libregex-ed2fc220e2e0d44f.rmeta --extern reqwest=/opt/rustwide/target/debug/deps/libreqwest-12d9ec35477d6ec4.rmeta --extern serde=/opt/rustwide/target/debug/deps/libserde-c58b22876ac7d3d2.rmeta --extern tokio=/opt/rustwide/target/debug/deps/libtokio-e4dce0c1294fefcb.rmeta --extern tokio_stream=/opt/rustwide/target/debug/deps/libtokio_stream-77b4fcf5ab0d1b37.rmeta --extern tonic=/opt/rustwide/target/debug/deps/libtonic-eff4153083b477ec.rmeta --cap-lints=warn --crate-version 0.1.0` (exit status: 1)
[INFO] [stderr] warning: build failed, waiting for other jobs to finish...
[INFO] [stdout] error: aborting due to 2 previous errors
[INFO] [stdout] 
[INFO] [stdout] 
[INFO] [stdout] Some errors have detailed explanations: E0432, E0583.
[INFO] [stdout] 
[INFO] [stdout] For more information about an error, try `rustc --explain E0432`.
[INFO] [stdout] 
[INFO] [stderr] error: could not compile `being-api` (lib) due to 3 previous errors
[INFO] running `Command { std: "docker" "inspect" "f5241880440971f7880b472e87f7d706b7750d56d30b02153c5add190dcd1451", kill_on_drop: false }`
[INFO] running `Command { std: "docker" "rm" "-f" "f5241880440971f7880b472e87f7d706b7750d56d30b02153c5add190dcd1451", kill_on_drop: false }`
[INFO] [stdout] f5241880440971f7880b472e87f7d706b7750d56d30b02153c5add190dcd1451
[INFO] documenting AmirMahdiAmini/being against beta-2023-12-22 for beta-1.76-rustdoc-1
[INFO] running `Command { std: "git" "clone" "/workspace/cache/git-repos/https%3A%2F%2Fgithub.com%2FAmirMahdiAmini%2Fbeing" "/workspace/builds/worker-7-tc2/source", kill_on_drop: false }`
[INFO] [stderr] Cloning into '/workspace/builds/worker-7-tc2/source'...
[INFO] [stderr] done.
[INFO] validating manifest of git repo https://github.com/AmirMahdiAmini/being on toolchain beta-2023-12-22
[INFO] running `Command { std: CARGO_HOME="/workspace/cargo-home" RUSTUP_HOME="/workspace/rustup-home" "/workspace/cargo-home/bin/cargo" "+beta-2023-12-22" "metadata" "--manifest-path" "Cargo.toml" "--no-deps", kill_on_drop: false }`
[INFO] started tweaking git repo https://github.com/AmirMahdiAmini/being
[INFO] finished tweaking git repo https://github.com/AmirMahdiAmini/being
[INFO] tweaked toml for git repo https://github.com/AmirMahdiAmini/being written to /workspace/builds/worker-7-tc2/source/Cargo.toml
[INFO] crate git repo https://github.com/AmirMahdiAmini/being already has a lockfile, it will not be regenerated
[INFO] running `Command { std: CARGO_HOME="/workspace/cargo-home" RUSTUP_HOME="/workspace/rustup-home" "/workspace/cargo-home/bin/cargo" "+beta-2023-12-22" "fetch" "--manifest-path" "Cargo.toml", kill_on_drop: false }`
[INFO] running `Command { std: "docker" "create" "-v" "/var/lib/crater-agent-workspace/builds/worker-7-tc2/target:/opt/rustwide/target:rw,Z" "-v" "/var/lib/crater-agent-workspace/builds/worker-7-tc2/source:/opt/rustwide/workdir:ro,Z" "-v" "/var/lib/crater-agent-workspace/cargo-home:/opt/rustwide/cargo-home:ro,Z" "-v" "/var/lib/crater-agent-workspace/rustup-home:/opt/rustwide/rustup-home:ro,Z" "-e" "SOURCE_DIR=/opt/rustwide/workdir" "-e" "CARGO_TARGET_DIR=/opt/rustwide/target" "-e" "CARGO_HOME=/opt/rustwide/cargo-home" "-e" "RUSTUP_HOME=/opt/rustwide/rustup-home" "-w" "/opt/rustwide/workdir" "-m" "1610612736" "--user" "0:0" "--network" "none" "ghcr.io/rust-lang/crates-build-env/linux@sha256:2788e3201cd34a07e3172128adcd8b3090168a8e3bcc40d7c032b9dda1df7d1c" "/opt/rustwide/cargo-home/bin/cargo" "+beta-2023-12-22" "metadata" "--no-deps" "--format-version=1", kill_on_drop: false }`
[INFO] [stdout] da9459eef811f0c9ca16bd66291bf6030154fda0d9f3a9356969bf1a8bd234d3
[INFO] running `Command { std: "docker" "start" "-a" "da9459eef811f0c9ca16bd66291bf6030154fda0d9f3a9356969bf1a8bd234d3", kill_on_drop: false }`
[INFO] running `Command { std: "docker" "inspect" "da9459eef811f0c9ca16bd66291bf6030154fda0d9f3a9356969bf1a8bd234d3", kill_on_drop: false }`
[INFO] running `Command { std: "docker" "rm" "-f" "da9459eef811f0c9ca16bd66291bf6030154fda0d9f3a9356969bf1a8bd234d3", kill_on_drop: false }`
[INFO] [stdout] da9459eef811f0c9ca16bd66291bf6030154fda0d9f3a9356969bf1a8bd234d3
[INFO] running `Command { std: "docker" "create" "-v" "/var/lib/crater-agent-workspace/builds/worker-7-tc2/target:/opt/rustwide/target:rw,Z" "-v" "/var/lib/crater-agent-workspace/builds/worker-7-tc2/source:/opt/rustwide/workdir:ro,Z" "-v" "/var/lib/crater-agent-workspace/cargo-home:/opt/rustwide/cargo-home:ro,Z" "-v" "/var/lib/crater-agent-workspace/rustup-home:/opt/rustwide/rustup-home:ro,Z" "-e" "SOURCE_DIR=/opt/rustwide/workdir" "-e" "CARGO_TARGET_DIR=/opt/rustwide/target" "-e" "CARGO_INCREMENTAL=0" "-e" "RUST_BACKTRACE=full" "-e" "RUSTFLAGS=--cap-lints=warn" "-e" "RUSTDOCFLAGS=--cap-lints=warn" "-e" "CARGO_HOME=/opt/rustwide/cargo-home" "-e" "RUSTUP_HOME=/opt/rustwide/rustup-home" "-w" "/opt/rustwide/workdir" "-m" "1610612736" "--user" "0:0" "--network" "none" "ghcr.io/rust-lang/crates-build-env/linux@sha256:2788e3201cd34a07e3172128adcd8b3090168a8e3bcc40d7c032b9dda1df7d1c" "/opt/rustwide/cargo-home/bin/cargo" "+beta-2023-12-22" "doc" "--frozen" "--no-deps" "--document-private-items" "--message-format=json", kill_on_drop: false }`
[INFO] [stdout] 55292f4f50c62ec1f40b7bc7b5ae6bdd07011b107c74b26eacd1774945c1beeb
[INFO] running `Command { std: "docker" "start" "-a" "55292f4f50c62ec1f40b7bc7b5ae6bdd07011b107c74b26eacd1774945c1beeb", kill_on_drop: false }`
[INFO] [stderr]    Compiling proc-macro2 v1.0.39
[INFO] [stderr]    Compiling unicode-ident v1.0.0
[INFO] [stderr]    Compiling syn v1.0.95
[INFO] [stderr]    Compiling libc v0.2.126
[INFO] [stderr]    Compiling autocfg v1.1.0
[INFO] [stderr]    Compiling version_check v0.9.4
[INFO] [stderr]     Checking once_cell v1.11.0
[INFO] [stderr]    Compiling log v0.4.17
[INFO] [stderr]    Compiling memchr v2.5.0
[INFO] [stderr]     Checking pin-project-lite v0.2.9
[INFO] [stderr]    Compiling futures-core v0.3.21
[INFO] [stderr]    Compiling cc v1.0.73
[INFO] [stderr]     Checking futures-io v0.3.21
[INFO] [stderr]     Checking bytes v1.1.0
[INFO] [stderr]    Compiling value-bag v1.0.0-alpha.9
[INFO] [stderr]    Compiling lock_api v0.4.7
[INFO] [stderr]    Compiling parking_lot_core v0.9.3
[INFO] [stderr]     Checking scopeguard v1.1.0
[INFO] [stderr]     Checking smallvec v1.8.0
[INFO] [stderr]     Checking lazy_static v1.4.0
[INFO] [stderr]    Compiling quote v1.0.18
[INFO] [stderr]     Checking slab v0.4.6
[INFO] [stderr]     Checking futures-sink v0.3.21
[INFO] [stderr]    Compiling futures-task v0.3.21
[INFO] [stderr]    Compiling futures-util v0.3.21
[INFO] [stderr]     Checking itoa v1.0.2
[INFO] [stderr]     Checking socket2 v0.4.4
[INFO] [stderr]     Checking signal-hook-registry v1.4.0
[INFO] [stderr]     Checking num_cpus v1.13.1
[INFO] [stderr]     Checking getrandom v0.2.6
[INFO] [stderr]     Checking pin-utils v0.1.0
[INFO] [stderr]    Compiling typenum v1.15.0
[INFO] [stderr]     Checking tracing-core v0.1.26
[INFO] [stderr]    Compiling generic-array v0.14.5
[INFO] [stderr]     Checking rand_core v0.6.3
[INFO] [stderr]     Checking parking_lot v0.12.0
[INFO] [stderr]    Compiling indexmap v1.8.1
[INFO] [stderr]     Checking ppv-lite86 v0.2.16
[INFO] [stderr]     Checking hashbrown v0.11.2
[INFO] [stderr]    Compiling serde_derive v1.0.137
[INFO] [stderr]    Compiling serde v1.0.137
[INFO] [stderr]    Compiling either v1.6.1
[INFO] [stderr]    Compiling futures-channel v0.3.21
[INFO] [stderr]    Compiling anyhow v1.0.57
[INFO] [stderr]     Checking rand_chacha v0.3.1
[INFO] [stderr]     Checking percent-encoding v2.1.0
[INFO] [stderr]     Checking tinyvec_macros v0.1.0
[INFO] [stderr]     Checking cache-padded v1.2.0
[INFO] [stderr]     Checking fnv v1.0.7
[INFO] [stderr]     Checking tinyvec v1.6.0
[INFO] [stderr]     Checking http v0.2.7
[INFO] [stderr]     Checking concurrent-queue v1.2.2
[INFO] [stderr]     Checking rand v0.8.5
[INFO] [stderr]    Compiling ring v0.16.20
[INFO] [stderr]     Checking matches v0.1.9
[INFO] [stderr]     Checking fastrand v1.7.0
[INFO] [stderr]     Checking waker-fn v1.1.0
[INFO] [stderr]     Checking parking v2.0.0
[INFO] [stderr]    Compiling async-trait v0.1.53
[INFO] [stderr]    Compiling pkg-config v0.3.25
[INFO] [stderr]     Checking event-listener v2.5.2
[INFO] [stderr]     Checking futures-lite v1.12.0
[INFO] [stderr]    Compiling itertools v0.10.3
[INFO] [stderr]     Checking unicode-normalization v0.1.19
[INFO] [stderr]    Compiling num-traits v0.2.15
[INFO] [stderr]    Compiling openssl-sys v0.9.73
[INFO] [stderr]     Checking bitflags v1.3.2
[INFO] [stderr]     Checking unicode-bidi v0.3.8
[INFO] [stderr]    Compiling heck v0.4.0
[INFO] [stderr]     Checking crypto-common v0.1.3
[INFO] [stderr]     Checking http-body v0.4.4
[INFO] [stderr]     Checking form_urlencoded v1.0.1
[INFO] [stderr]    Compiling num-integer v0.1.45
[INFO] [stderr]     Checking base64 v0.13.0
[INFO] [stderr]    Compiling httparse v1.7.1
[INFO] [stderr]     Checking tower-service v0.3.1
[INFO] [stderr]     Checking untrusted v0.7.1
[INFO] [stderr]     Checking spin v0.5.2
[INFO] [stderr]     Checking idna v0.2.3
[INFO] [stderr]     Checking block-buffer v0.10.2
[INFO] [stderr]     Checking subtle v2.4.1
[INFO] [stderr]     Checking try-lock v0.2.3
[INFO] [stderr]     Checking async-task v4.2.0
[INFO] [stderr]    Compiling signal-hook v0.3.14
[INFO] [stderr]    Compiling which v4.2.5
[INFO] [stderr]     Checking digest v0.10.3
[INFO] [stderr]     Checking url v2.2.2
[INFO] [stderr]     Checking async-channel v1.6.1
[INFO] [stderr]    Compiling cmake v0.1.48
[INFO] [stderr]    Compiling crossbeam-utils v0.8.8
[INFO] [stderr]    Compiling strsim v0.10.0
[INFO] [stderr]    Compiling serde_json v1.0.81
[INFO] [stderr]     Checking foreign-types-shared v0.1.1
[INFO] [stderr]     Checking httpdate v1.0.2
[INFO] [stderr]    Compiling semver-parser v0.7.0
[INFO] [stderr]     Checking atomic-waker v1.0.0
[INFO] [stderr]    Compiling openssl v0.10.40
[INFO] [stderr]     Checking ryu v1.0.10
[INFO] [stderr]    Compiling ident_case v1.0.1
[INFO] [stderr]     Checking blocking v1.2.0
[INFO] [stderr]    Compiling semver v0.9.0
[INFO] [stderr]    Compiling prost-build v0.10.3
[INFO] [stderr]    Compiling darling_core v0.13.4
[INFO] [stderr]     Checking foreign-types v0.3.2
[INFO] [stderr]     Checking async-executor v1.4.1
[INFO] [stderr]     Checking async-mutex v1.4.0
[INFO] [stderr]     Checking match_cfg v0.1.0
[INFO] [stderr]    Compiling native-tls v0.2.10
[INFO] [stderr]    Compiling regex-syntax v0.6.25
[INFO] [stderr]    Compiling fixedbitset v0.4.1
[INFO] [stderr]     Checking ipnet v2.5.0
[INFO] [stderr]    Compiling remove_dir_all v0.5.3
[INFO] [stderr]    Compiling tempfile v3.3.0
[INFO] [stderr]    Compiling petgraph v0.6.0
[INFO] [stderr]     Checking webpki v0.22.0
[INFO] [stderr]     Checking hostname v0.3.1
[INFO] [stderr]    Compiling rustc_version v0.2.3
[INFO] [stderr]     Checking async-lock v2.5.0
[INFO] [stderr]    Compiling ahash v0.7.6
[INFO] [stderr]    Compiling num-bigint v0.4.3
[INFO] [stderr]    Compiling rustls v0.20.6
[INFO] [stderr]     Checking openssl-probe v0.1.5
[INFO] [stderr]     Checking quick-error v1.2.3
[INFO] [stderr]     Checking mime v0.3.16
[INFO] [stderr]    Compiling multimap v0.8.3
[INFO] [stderr]     Checking linked-hash-map v0.5.4
[INFO] [stderr]     Checking data-encoding v2.3.2
[INFO] [stderr]    Compiling rustversion v1.0.6
[INFO] [stderr]     Checking tower-layer v0.3.1
[INFO] [stderr]     Checking lru-cache v0.1.2
[INFO] [stderr]     Checking resolv-conf v0.7.0
[INFO] [stderr]    Compiling rustc_version_runtime v0.2.1
[INFO] [stderr]     Checking sct v0.7.0
[INFO] [stderr]    Compiling regex v1.5.5
[INFO] [stderr]    Compiling prettyplease v0.1.10
[INFO] [stderr]     Checking inout v0.1.3
[INFO] [stderr]     Checking quickcheck v1.0.3
[INFO] [stderr]     Checking time v0.1.43
[INFO] [stderr]    Compiling time-macros v0.2.4
[INFO] [stderr]     Checking num_threads v0.1.6
[INFO] [stderr]     Checking http-range-header v0.3.0
[INFO] [stderr]     Checking cpufeatures v0.2.2
[INFO] [stderr]    Compiling encoding_rs v0.8.31
[INFO] [stderr]     Checking chrono v0.4.19
[INFO] [stderr]     Checking cipher v0.4.3
[INFO] [stderr]     Checking sha1_smol v1.0.0
[INFO] [stderr]     Checking byteorder v1.4.3
[INFO] [stderr]     Checking hex v0.4.3
[INFO] [stderr]     Checking matchit v0.5.0
[INFO] [stderr]     Checking sync_wrapper v0.1.1
[INFO] [stderr]    Compiling ctor v0.1.22
[INFO] [stderr]    Compiling tokio-macros v1.7.0
[INFO] [stderr]    Compiling futures-macro v0.3.21
[INFO] [stderr]    Compiling tracing-attributes v0.1.21
[INFO] [stderr]    Compiling prost-derive v0.10.1
[INFO] [stderr]    Compiling thiserror-impl v1.0.31
[INFO] [stderr]    Compiling pin-project-internal v1.0.10
[INFO] [stderr]     Checking mio v0.8.3
[INFO] [stderr]     Checking tokio v1.18.2
[INFO] [stderr]     Checking polling v2.2.0
[INFO] [stderr]     Checking async-io v1.6.0
[INFO] [stderr]     Checking tracing v0.1.34
[INFO] [stderr]     Checking want v0.3.0
[INFO] [stderr]    Compiling openssl-macros v0.1.0
[INFO] [stderr]     Checking async-global-executor v2.0.4
[INFO] [stderr]     Checking async-process v1.4.0
[INFO] [stderr]     Checking thiserror v1.0.31
[INFO] [stderr]     Checking kv-log-macro v1.0.7
[INFO] [stderr]    Compiling enum-as-inner v0.4.0
[INFO] [stderr]    Compiling async-attributes v1.1.2
[INFO] [stderr]     Checking pin-project v1.0.10
[INFO] [stderr]    Compiling darling_macro v0.13.4
[INFO] [stderr]    Compiling prost v0.10.3
[INFO] [stderr]    Compiling prost-types v0.10.1
[INFO] [stderr]     Checking async-std v1.11.0
[INFO] [stderr]    Compiling darling v0.13.4
[INFO] [stderr]    Compiling serde_with_macros v1.5.2
[INFO] [stderr]     Checking axum-core v0.2.4
[INFO] [stderr]     Checking tokio-util v0.7.2
[INFO] [stderr]     Checking trust-dns-proto v0.21.2
[INFO] [stderr]    Compiling tonic-build v0.7.2
[INFO] [stderr]     Checking tokio-io-timeout v1.2.0
[INFO] [stderr]     Checking h2 v0.3.13
[INFO] [stderr]     Checking tower v0.4.12
[INFO] [stderr]     Checking time v0.3.9
[INFO] [stderr]    Compiling async-stream-impl v0.3.3
[INFO] [stderr]     Checking tokio-native-tls v0.3.0
[INFO] [stderr]     Checking combine v4.6.4
[INFO] [stderr]    Compiling being-api v0.1.0 (/opt/rustwide/workdir)
[INFO] [stderr]     Checking simple_asn1 v0.6.1
[INFO] [stderr]     Checking tokio-rustls v0.23.4
[INFO] [stderr]     Checking tower-http v0.3.3
[INFO] [stderr]     Checking tokio-util v0.6.10
[INFO] [stderr]     Checking trust-dns-resolver v0.21.2
[INFO] [stderr]     Checking tokio-stream v0.1.8
[INFO] [stderr]     Checking async-stream v0.3.3
[INFO] [stderr]     Checking futures-executor v0.3.21
[INFO] [stderr]     Checking tracing-futures v0.2.5
[INFO] [stderr]     Checking os_info v3.3.0
[INFO] [stderr]    Compiling derivative v2.2.0
[INFO] [stderr]    Compiling typed-builder v0.10.0
[INFO] [stderr]     Checking blowfish v0.9.1
[INFO] [stderr]     Checking async-std-resolver v0.21.2
[INFO] [stderr]     Checking sha1 v0.6.1
[INFO] [stderr]     Checking sha-1 v0.10.0
[INFO] [stderr]     Checking sha2 v0.10.2
[INFO] [stderr]     Checking webpki-roots v0.22.3
[INFO] [stderr]     Checking pbkdf2 v0.10.1
[INFO] [stderr]     Checking md-5 v0.10.1
[INFO] [stderr]     Checking hmac v0.12.1
[INFO] [stderr]     Checking rustls-pemfile v0.3.0
[INFO] [stderr]     Checking serde_bytes v0.11.6
[INFO] [stderr]     Checking uuid v0.8.2
[INFO] [stderr]     Checking serde_urlencoded v0.7.1
[INFO] [stderr]     Checking serde_with v1.13.0
[INFO] [stderr]     Checking pem v1.0.2
[INFO] [stderr]     Checking stringprep v0.1.2
[INFO] [stderr]     Checking aho-corasick v0.7.18
[INFO] [stderr]     Checking bson v2.2.0
[INFO] [stderr]     Checking zeroize v1.5.5
[INFO] [stderr]     Checking itoa v0.4.8
[INFO] [stderr]     Checking take_mut v0.2.2
[INFO] [stderr]     Checking dtoa v0.4.8
[INFO] [stderr]     Checking bcrypt v0.13.0
[INFO] [stderr]     Checking hyper v0.14.18
[INFO] [stderr]     Checking jsonwebtoken v8.1.0
[INFO] [stderr]     Checking dotenv v0.15.0
[INFO] [stderr]     Checking mongodb v2.2.1
[INFO] [stderr]     Checking redis v0.21.5
[INFO] [stderr]     Checking hyper-timeout v0.4.1
[INFO] [stderr]     Checking axum v0.5.6
[INFO] [stderr]     Checking hyper-tls v0.5.0
[INFO] [stderr]     Checking reqwest v0.11.10
[INFO] [stderr]     Checking tonic v0.7.2
[INFO] [stderr]  Documenting being-api v0.1.0 (/opt/rustwide/workdir)
[INFO] [stdout] error[E0583]: file not found for module `sms`
[INFO] [stdout]  --> src/app/pkg/mod.rs:1:1
[INFO] [stdout]   |
[INFO] [stdout] 1 | pub mod sms;
[INFO] [stdout]   | ^^^^^^^^^^^^
[INFO] [stdout]   |
[INFO] [stdout]   = help: to create the module `sms`, create file "src/app/pkg/sms.rs" or "src/app/pkg/sms/mod.rs"
[INFO] [stdout]   = note: if there is a `mod sms` elsewhere in the crate already, import it with `use crate::...` instead
[INFO] [stdout] 
[INFO] [stdout] 
[INFO] [stdout] error[E0583]: file not found for module `sms`
[INFO] [stdout]  --> src/app/pkg/mod.rs:1:1
[INFO] [stdout]   |
[INFO] [stdout] 1 | pub mod sms;
[INFO] [stdout]   | ^^^^^^^^^^^^
[INFO] [stdout]   |
[INFO] [stdout]   = help: to create the module `sms`, create file "src/app/pkg/sms.rs" or "src/app/pkg/sms/mod.rs"
[INFO] [stdout]   = note: if there is a `mod sms` elsewhere in the crate already, import it with `use crate::...` instead
[INFO] [stdout] 
[INFO] [stdout] 
[INFO] [stdout] error[E0432]: unresolved import `crate::app::pkg::sms::Message`
[INFO] [stdout]  --> src/app/services/sms.rs:1:5
[INFO] [stdout]   |
[INFO] [stdout] 1 | use crate::app::pkg::sms::Message;
[INFO] [stdout]   |     ^^^^^^^^^^^^^^^^^^^^^^^^^^^^^ no `Message` in `app::pkg::sms`
[INFO] [stdout]   |
[INFO] [stdout] help: consider importing this trait instead
[INFO] [stdout]   |
[INFO] [stdout] 1 | use prost::Message;
[INFO] [stdout]   |     ~~~~~~~~~~~~~~
[INFO] [stdout] 
[INFO] [stdout] 
[INFO] [stdout] error[E0432]: unresolved import `crate::app::pkg::sms::Message`
[INFO] [stdout]  --> src/app/services/sms.rs:1:5
[INFO] [stdout]   |
[INFO] [stdout] 1 | use crate::app::pkg::sms::Message;
[INFO] [stdout]   |     ^^^^^^^^^^^^^^^^^^^^^^^^^^^^^ no `Message` in `app::pkg::sms`
[INFO] [stdout]   |
[INFO] [stdout] help: consider importing this trait instead
[INFO] [stdout]   |
[INFO] [stdout] 1 | use prost::Message;
[INFO] [stdout]   |     ~~~~~~~~~~~~~~
[INFO] [stdout] 
[INFO] [stdout] 
[INFO] [stdout] error: aborting due to 2 previous errors
[INFO] [stdout] 
[INFO] [stdout] 
[INFO] [stdout] Some errors have detailed explanations: E0432, E0583.
[INFO] [stdout] 
[INFO] [stdout] For more information about an error, try `rustc --explain E0432`.
[INFO] [stdout] 
[INFO] [stderr] error: could not document `being-api`
[INFO] [stderr] 
[INFO] [stderr] Caused by:
[INFO] [stderr]   process didn't exit successfully: `/opt/rustwide/rustup-home/toolchains/beta-2023-12-22-x86_64-unknown-linux-gnu/bin/rustdoc --edition=2021 --crate-type lib --crate-name beinglib src/lib.rs -o /opt/rustwide/target/doc --error-format=json --json=diagnostic-rendered-ansi,artifacts,future-incompat --document-private-items -C metadata=1cd89ff1d94cf58e -L dependency=/opt/rustwide/target/debug/deps --extern bcrypt=/opt/rustwide/target/debug/deps/libbcrypt-67400413fb24b806.rmeta --extern bson=/opt/rustwide/target/debug/deps/libbson-09949eae0fd48c77.rmeta --extern chrono=/opt/rustwide/target/debug/deps/libchrono-a1b463b8fc781969.rmeta --extern dotenv=/opt/rustwide/target/debug/deps/libdotenv-f0e4f3654fb7f16b.rmeta --extern futures_util=/opt/rustwide/target/debug/deps/libfutures_util-c75e78db335fb456.rmeta --extern jsonwebtoken=/opt/rustwide/target/debug/deps/libjsonwebtoken-abc093fadd60d43f.rmeta --extern lazy_static=/opt/rustwide/target/debug/deps/liblazy_static-cc91e7c9c894213a.rmeta --extern mongodb=/opt/rustwide/target/debug/deps/libmongodb-e27f3d1f75cd4943.rmeta --extern prost=/opt/rustwide/target/debug/deps/libprost-d4a00d1da8b7ca5d.rmeta --extern rand=/opt/rustwide/target/debug/deps/librand-56cb3d42cd84cd15.rmeta --extern redis=/opt/rustwide/target/debug/deps/libredis-d929cca0871e1b61.rmeta --extern regex=/opt/rustwide/target/debug/deps/libregex-24e544f75f7eec4b.rmeta --extern reqwest=/opt/rustwide/target/debug/deps/libreqwest-8659785b6169373d.rmeta --extern serde=/opt/rustwide/target/debug/deps/libserde-fed439a034b0be41.rmeta --extern tokio=/opt/rustwide/target/debug/deps/libtokio-77fa008711092ee1.rmeta --extern tokio_stream=/opt/rustwide/target/debug/deps/libtokio_stream-ff7d6412bce4a27e.rmeta --extern tonic=/opt/rustwide/target/debug/deps/libtonic-c29458bd6efb4292.rmeta --cap-lints=warn --crate-version 0.1.0` (exit status: 1)
[INFO] [stderr] warning: build failed, waiting for other jobs to finish...
[INFO] [stdout] error: aborting due to 2 previous errors
[INFO] [stdout] 
[INFO] [stdout] 
[INFO] [stdout] Some errors have detailed explanations: E0432, E0583.
[INFO] [stdout] 
[INFO] [stdout] For more information about an error, try `rustc --explain E0432`.
[INFO] [stdout] 
[INFO] [stderr] error: could not compile `being-api` (lib) due to 3 previous errors
[INFO] running `Command { std: "docker" "inspect" "55292f4f50c62ec1f40b7bc7b5ae6bdd07011b107c74b26eacd1774945c1beeb", kill_on_drop: false }`
[INFO] running `Command { std: "docker" "rm" "-f" "55292f4f50c62ec1f40b7bc7b5ae6bdd07011b107c74b26eacd1774945c1beeb", kill_on_drop: false }`
[INFO] [stdout] 55292f4f50c62ec1f40b7bc7b5ae6bdd07011b107c74b26eacd1774945c1beeb
