[INFO] cloning repository https://github.com/AmaranthineCodices/rodep
[INFO] running `Command { std: "git" "-c" "credential.helper=" "-c" "credential.helper=/workspace/cargo-home/bin/git-credential-null" "clone" "--bare" "https://github.com/AmaranthineCodices/rodep" "/workspace/cache/git-repos/https%3A%2F%2Fgithub.com%2FAmaranthineCodices%2Frodep", kill_on_drop: false }`
[INFO] [stderr] Cloning into bare repository '/workspace/cache/git-repos/https%3A%2F%2Fgithub.com%2FAmaranthineCodices%2Frodep'...
[INFO] running `Command { std: "git" "rev-parse" "HEAD", kill_on_drop: false }`
[INFO] [stdout] 45033b2f60a6fa5b9bc29170265a51fe65c74ba0
[INFO] documenting AmaranthineCodices/rodep against 1.75.0 for beta-1.76-rustdoc-1
[INFO] running `Command { std: "git" "clone" "/workspace/cache/git-repos/https%3A%2F%2Fgithub.com%2FAmaranthineCodices%2Frodep" "/workspace/builds/worker-4-tc1/source", kill_on_drop: false }`
[INFO] [stderr] Cloning into '/workspace/builds/worker-4-tc1/source'...
[INFO] [stderr] done.
[INFO] validating manifest of git repo https://github.com/AmaranthineCodices/rodep on toolchain 1.75.0
[INFO] running `Command { std: CARGO_HOME="/workspace/cargo-home" RUSTUP_HOME="/workspace/rustup-home" "/workspace/cargo-home/bin/cargo" "+1.75.0" "metadata" "--manifest-path" "Cargo.toml" "--no-deps", kill_on_drop: false }`
[INFO] started tweaking git repo https://github.com/AmaranthineCodices/rodep
[INFO] finished tweaking git repo https://github.com/AmaranthineCodices/rodep
[INFO] tweaked toml for git repo https://github.com/AmaranthineCodices/rodep written to /workspace/builds/worker-4-tc1/source/Cargo.toml
[INFO] crate git repo https://github.com/AmaranthineCodices/rodep already has a lockfile, it will not be regenerated
[INFO] running `Command { std: CARGO_HOME="/workspace/cargo-home" RUSTUP_HOME="/workspace/rustup-home" "/workspace/cargo-home/bin/cargo" "+1.75.0" "fetch" "--manifest-path" "Cargo.toml", kill_on_drop: false }`
[INFO] [stderr]  Downloading crates ...
[INFO] [stderr]   Downloaded vcpkg v0.2.3
[INFO] [stderr]   Downloaded url v1.7.0
[INFO] [stderr]   Downloaded cfg-if v0.1.2
[INFO] [stderr]   Downloaded atty v0.2.8
[INFO] [stderr]   Downloaded serde_derive_internals v0.23.1
[INFO] [stderr]   Downloaded cmake v0.1.30
[INFO] [stderr]   Downloaded redox_syscall v0.1.37
[INFO] [stderr]   Downloaded num-traits v0.2.2
[INFO] [stderr]   Downloaded ucd-util v0.1.1
[INFO] [stderr]   Downloaded log v0.4.1
[INFO] [stderr]   Downloaded syn v0.13.1
[INFO] [stderr]   Downloaded libssh2-sys v0.2.6
[INFO] [stderr]   Downloaded winapi v0.3.4
[INFO] [stderr]   Downloaded curl-sys v0.4.1
[INFO] [stderr]   Downloaded serde_derive v1.0.38
[INFO] [stderr]   Downloaded serde v1.0.38
[INFO] [stderr]   Downloaded libgit2-sys v0.7.1
[INFO] [stderr]   Downloaded quote v0.5.1
[INFO] [stderr]   Downloaded regex-syntax v0.5.3
[INFO] [stderr]   Downloaded regex v0.2.10
[INFO] [stderr]   Downloaded clap v2.31.2
[INFO] [stderr]   Downloaded libc v0.2.40
[INFO] [stderr]   Downloaded git2 v0.7.1
[INFO] [stderr]   Downloaded cc v1.0.9
[INFO] [stderr]   Downloaded serde_json v1.0.14
[INFO] [stderr]   Downloaded openssl-sys v0.9.28
[INFO] [stderr]   Downloaded proc-macro2 v0.3.6
[INFO] running `Command { std: "docker" "create" "-v" "/var/lib/crater-agent-workspace/builds/worker-4-tc1/target:/opt/rustwide/target:rw,Z" "-v" "/var/lib/crater-agent-workspace/builds/worker-4-tc1/source:/opt/rustwide/workdir:ro,Z" "-v" "/var/lib/crater-agent-workspace/cargo-home:/opt/rustwide/cargo-home:ro,Z" "-v" "/var/lib/crater-agent-workspace/rustup-home:/opt/rustwide/rustup-home:ro,Z" "-e" "SOURCE_DIR=/opt/rustwide/workdir" "-e" "CARGO_TARGET_DIR=/opt/rustwide/target" "-e" "CARGO_HOME=/opt/rustwide/cargo-home" "-e" "RUSTUP_HOME=/opt/rustwide/rustup-home" "-w" "/opt/rustwide/workdir" "-m" "1610612736" "--user" "0:0" "--network" "none" "ghcr.io/rust-lang/crates-build-env/linux@sha256:2788e3201cd34a07e3172128adcd8b3090168a8e3bcc40d7c032b9dda1df7d1c" "/opt/rustwide/cargo-home/bin/cargo" "+1.75.0" "metadata" "--no-deps" "--format-version=1", kill_on_drop: false }`
[INFO] [stdout] e2b7136319719f1e0918e3b9d13a755d22c15514ad77101927e96fc5dcfbd135
[INFO] running `Command { std: "docker" "start" "-a" "e2b7136319719f1e0918e3b9d13a755d22c15514ad77101927e96fc5dcfbd135", kill_on_drop: false }`
[INFO] running `Command { std: "docker" "inspect" "e2b7136319719f1e0918e3b9d13a755d22c15514ad77101927e96fc5dcfbd135", kill_on_drop: false }`
[INFO] running `Command { std: "docker" "rm" "-f" "e2b7136319719f1e0918e3b9d13a755d22c15514ad77101927e96fc5dcfbd135", kill_on_drop: false }`
[INFO] [stdout] e2b7136319719f1e0918e3b9d13a755d22c15514ad77101927e96fc5dcfbd135
[INFO] running `Command { std: "docker" "create" "-v" "/var/lib/crater-agent-workspace/builds/worker-4-tc1/target:/opt/rustwide/target:rw,Z" "-v" "/var/lib/crater-agent-workspace/builds/worker-4-tc1/source:/opt/rustwide/workdir:ro,Z" "-v" "/var/lib/crater-agent-workspace/cargo-home:/opt/rustwide/cargo-home:ro,Z" "-v" "/var/lib/crater-agent-workspace/rustup-home:/opt/rustwide/rustup-home:ro,Z" "-e" "SOURCE_DIR=/opt/rustwide/workdir" "-e" "CARGO_TARGET_DIR=/opt/rustwide/target" "-e" "CARGO_INCREMENTAL=0" "-e" "RUST_BACKTRACE=full" "-e" "RUSTFLAGS=--cap-lints=warn" "-e" "RUSTDOCFLAGS=--cap-lints=warn" "-e" "CARGO_HOME=/opt/rustwide/cargo-home" "-e" "RUSTUP_HOME=/opt/rustwide/rustup-home" "-w" "/opt/rustwide/workdir" "-m" "1610612736" "--user" "0:0" "--network" "none" "ghcr.io/rust-lang/crates-build-env/linux@sha256:2788e3201cd34a07e3172128adcd8b3090168a8e3bcc40d7c032b9dda1df7d1c" "/opt/rustwide/cargo-home/bin/cargo" "+1.75.0" "doc" "--frozen" "--no-deps" "--document-private-items" "--message-format=json", kill_on_drop: false }`
[INFO] [stdout] ab447b374d4d6e5b35d1b29f1bdca5d06809f3c0065ec9ed04162d86931a9e51
[INFO] running `Command { std: "docker" "start" "-a" "ab447b374d4d6e5b35d1b29f1bdca5d06809f3c0065ec9ed04162d86931a9e51", kill_on_drop: false }`
[INFO] [stderr]    Compiling cc v1.0.9
[INFO] [stderr]    Compiling pkg-config v0.3.9
[INFO] [stderr]     Checking libc v0.2.40
[INFO] [stderr]     Checking matches v0.1.6
[INFO] [stderr]     Checking unicode-normalization v0.1.5
[INFO] [stderr]     Checking void v1.0.2
[INFO] [stderr]     Checking ucd-util v0.1.1
[INFO] [stderr]    Compiling proc-macro2 v0.3.6
[INFO] [stderr]     Checking unicode-bidi v0.3.4
[INFO] [stderr]     Checking unreachable v1.0.0
[INFO] [stderr]     Checking cfg-if v0.1.2
[INFO] [stderr]     Checking unicode-width v0.1.4
[INFO] [stderr]     Checking percent-encoding v1.0.1
[INFO] [stderr]     Checking bitflags v1.0.1
[INFO] [stderr]     Checking lazy_static v1.0.0
[INFO] [stderr]    Compiling regex v0.2.10
[INFO] [stderr]     Checking textwrap v0.9.0
[INFO] [stderr]     Checking idna v0.1.4
[INFO] [stderr]     Checking thread_local v0.3.5
[INFO] [stderr]     Checking memchr v2.0.1
[INFO] [stderr]    Compiling quote v0.5.1
[INFO] [stderr]     Checking aho-corasick v0.6.4
[INFO] [stderr]     Checking atty v0.2.8
[INFO] [stderr]    Compiling cmake v0.1.30
[INFO] [stderr]    Compiling syn v0.13.1
[INFO] [stderr]     Checking log v0.4.1
[INFO] [stderr]     Checking regex-syntax v0.5.3
[INFO] [stderr]     Checking itoa v0.4.1
[INFO] [stderr]     Checking ansi_term v0.11.0
[INFO] [stderr]     Checking vec_map v0.8.0
[INFO] [stderr]     Checking serde v1.0.38
[INFO] [stderr]     Checking dtoa v0.4.2
[INFO] [stderr]     Checking url v1.7.0
[INFO] [stderr]     Checking strsim v0.7.0
[INFO] [stderr]     Checking utf8-ranges v1.0.0
[INFO] [stderr]     Checking openssl-probe v0.1.2
[INFO] [stderr]     Checking num-traits v0.2.2
[INFO] [stderr]     Checking clap v2.31.2
[INFO] [stderr]    Compiling libz-sys v1.0.18
[INFO] [stderr]    Compiling openssl-sys v0.9.28
[INFO] [stdout] error[E0713]: borrow may still be in use when destructor runs
[INFO] [stdout]    --> /opt/rustwide/cargo-home/registry/src/index.crates.io-6f17d22bba15001f/url-1.7.0/src/form_urlencoded.rs:261:40
[INFO] [stdout]     |
[INFO] [stdout] 259 | impl<'a> Target for ::UrlQuery<'a> {
[INFO] [stdout]     |      -- lifetime `'a` defined here
[INFO] [stdout] 260 |     fn as_mut_string(&mut self) -> &mut String { &mut self.url.serialization }
[INFO] [stdout] 261 |     fn finish(self) -> &'a mut ::Url { self.url }
[INFO] [stdout]     |                                        ^^^^^^^^ - here, drop of `self` needs exclusive access to `*self.url`, because the type `UrlQuery<'_>` implements the `Drop` trait
[INFO] [stdout]     |                                        |
[INFO] [stdout]     |                                        returning this value requires that `*self.url` is borrowed for `'a`
[INFO] [stdout] 
[INFO] [stdout] 
[INFO] [stderr]    Compiling libssh2-sys v0.2.6
[INFO] [stdout] error: aborting due to previous error
[INFO] [stdout] 
[INFO] [stdout] 
[INFO] [stdout] For more information about this error, try `rustc --explain E0713`.
[INFO] [stdout] 
[INFO] [stderr] error: could not compile `url` (lib) due to 2 previous errors
[INFO] [stderr] warning: build failed, waiting for other jobs to finish...
[INFO] running `Command { std: "docker" "inspect" "ab447b374d4d6e5b35d1b29f1bdca5d06809f3c0065ec9ed04162d86931a9e51", kill_on_drop: false }`
[INFO] running `Command { std: "docker" "rm" "-f" "ab447b374d4d6e5b35d1b29f1bdca5d06809f3c0065ec9ed04162d86931a9e51", kill_on_drop: false }`
[INFO] [stdout] ab447b374d4d6e5b35d1b29f1bdca5d06809f3c0065ec9ed04162d86931a9e51
[INFO] documenting AmaranthineCodices/rodep against beta-2023-12-22 for beta-1.76-rustdoc-1
[INFO] running `Command { std: "git" "clone" "/workspace/cache/git-repos/https%3A%2F%2Fgithub.com%2FAmaranthineCodices%2Frodep" "/workspace/builds/worker-4-tc2/source", kill_on_drop: false }`
[INFO] [stderr] Cloning into '/workspace/builds/worker-4-tc2/source'...
[INFO] [stderr] done.
[INFO] validating manifest of git repo https://github.com/AmaranthineCodices/rodep on toolchain beta-2023-12-22
[INFO] running `Command { std: CARGO_HOME="/workspace/cargo-home" RUSTUP_HOME="/workspace/rustup-home" "/workspace/cargo-home/bin/cargo" "+beta-2023-12-22" "metadata" "--manifest-path" "Cargo.toml" "--no-deps", kill_on_drop: false }`
[INFO] started tweaking git repo https://github.com/AmaranthineCodices/rodep
[INFO] finished tweaking git repo https://github.com/AmaranthineCodices/rodep
[INFO] tweaked toml for git repo https://github.com/AmaranthineCodices/rodep written to /workspace/builds/worker-4-tc2/source/Cargo.toml
[INFO] crate git repo https://github.com/AmaranthineCodices/rodep already has a lockfile, it will not be regenerated
[INFO] running `Command { std: CARGO_HOME="/workspace/cargo-home" RUSTUP_HOME="/workspace/rustup-home" "/workspace/cargo-home/bin/cargo" "+beta-2023-12-22" "fetch" "--manifest-path" "Cargo.toml", kill_on_drop: false }`
[INFO] running `Command { std: "docker" "create" "-v" "/var/lib/crater-agent-workspace/builds/worker-4-tc2/target:/opt/rustwide/target:rw,Z" "-v" "/var/lib/crater-agent-workspace/builds/worker-4-tc2/source:/opt/rustwide/workdir:ro,Z" "-v" "/var/lib/crater-agent-workspace/cargo-home:/opt/rustwide/cargo-home:ro,Z" "-v" "/var/lib/crater-agent-workspace/rustup-home:/opt/rustwide/rustup-home:ro,Z" "-e" "SOURCE_DIR=/opt/rustwide/workdir" "-e" "CARGO_TARGET_DIR=/opt/rustwide/target" "-e" "CARGO_HOME=/opt/rustwide/cargo-home" "-e" "RUSTUP_HOME=/opt/rustwide/rustup-home" "-w" "/opt/rustwide/workdir" "-m" "1610612736" "--user" "0:0" "--network" "none" "ghcr.io/rust-lang/crates-build-env/linux@sha256:2788e3201cd34a07e3172128adcd8b3090168a8e3bcc40d7c032b9dda1df7d1c" "/opt/rustwide/cargo-home/bin/cargo" "+beta-2023-12-22" "metadata" "--no-deps" "--format-version=1", kill_on_drop: false }`
[INFO] [stdout] b34cb221df8389a6fe736625b17e1d7c76508d8cd5a866923a32cdf1dcc58072
[INFO] running `Command { std: "docker" "start" "-a" "b34cb221df8389a6fe736625b17e1d7c76508d8cd5a866923a32cdf1dcc58072", kill_on_drop: false }`
[INFO] running `Command { std: "docker" "inspect" "b34cb221df8389a6fe736625b17e1d7c76508d8cd5a866923a32cdf1dcc58072", kill_on_drop: false }`
[INFO] running `Command { std: "docker" "rm" "-f" "b34cb221df8389a6fe736625b17e1d7c76508d8cd5a866923a32cdf1dcc58072", kill_on_drop: false }`
[INFO] [stdout] b34cb221df8389a6fe736625b17e1d7c76508d8cd5a866923a32cdf1dcc58072
[INFO] running `Command { std: "docker" "create" "-v" "/var/lib/crater-agent-workspace/builds/worker-4-tc2/target:/opt/rustwide/target:rw,Z" "-v" "/var/lib/crater-agent-workspace/builds/worker-4-tc2/source:/opt/rustwide/workdir:ro,Z" "-v" "/var/lib/crater-agent-workspace/cargo-home:/opt/rustwide/cargo-home:ro,Z" "-v" "/var/lib/crater-agent-workspace/rustup-home:/opt/rustwide/rustup-home:ro,Z" "-e" "SOURCE_DIR=/opt/rustwide/workdir" "-e" "CARGO_TARGET_DIR=/opt/rustwide/target" "-e" "CARGO_INCREMENTAL=0" "-e" "RUST_BACKTRACE=full" "-e" "RUSTFLAGS=--cap-lints=warn" "-e" "RUSTDOCFLAGS=--cap-lints=warn" "-e" "CARGO_HOME=/opt/rustwide/cargo-home" "-e" "RUSTUP_HOME=/opt/rustwide/rustup-home" "-w" "/opt/rustwide/workdir" "-m" "1610612736" "--user" "0:0" "--network" "none" "ghcr.io/rust-lang/crates-build-env/linux@sha256:2788e3201cd34a07e3172128adcd8b3090168a8e3bcc40d7c032b9dda1df7d1c" "/opt/rustwide/cargo-home/bin/cargo" "+beta-2023-12-22" "doc" "--frozen" "--no-deps" "--document-private-items" "--message-format=json", kill_on_drop: false }`
[INFO] [stdout] ac64f389b5a22b7502d60b2debfd75c5ff0bc8b9e3671b091a0be689eea668a7
[INFO] running `Command { std: "docker" "start" "-a" "ac64f389b5a22b7502d60b2debfd75c5ff0bc8b9e3671b091a0be689eea668a7", kill_on_drop: false }`
[INFO] [stderr]    Compiling cc v1.0.9
[INFO] [stderr]    Compiling pkg-config v0.3.9
[INFO] [stderr]     Checking libc v0.2.40
[INFO] [stderr]     Checking matches v0.1.6
[INFO] [stderr]     Checking void v1.0.2
[INFO] [stderr]     Checking unicode-normalization v0.1.5
[INFO] [stderr]     Checking percent-encoding v1.0.1
[INFO] [stderr]    Compiling proc-macro2 v0.3.6
[INFO] [stderr]     Checking unicode-bidi v0.3.4
[INFO] [stderr]     Checking unreachable v1.0.0
[INFO] [stderr]     Checking lazy_static v1.0.0
[INFO] [stderr]     Checking unicode-width v0.1.4
[INFO] [stderr]     Checking bitflags v1.0.1
[INFO] [stderr]     Checking ucd-util v0.1.1
[INFO] [stderr]     Checking cfg-if v0.1.2
[INFO] [stderr]    Compiling regex v0.2.10
[INFO] [stderr]    Compiling quote v0.5.1
[INFO] [stderr]     Checking log v0.4.1
[INFO] [stderr]    Compiling cmake v0.1.30
[INFO] [stderr]     Checking idna v0.1.4
[INFO] [stderr]     Checking memchr v2.0.1
[INFO] [stderr]    Compiling syn v0.13.1
[INFO] [stderr]     Checking atty v0.2.8
[INFO] [stderr]     Checking aho-corasick v0.6.4
[INFO] [stderr]     Checking regex-syntax v0.5.3
[INFO] [stderr]     Checking textwrap v0.9.0
[INFO] [stderr]     Checking thread_local v0.3.5
[INFO] [stderr]     Checking strsim v0.7.0
[INFO] [stderr]     Checking dtoa v0.4.2
[INFO] [stderr]     Checking itoa v0.4.1
[INFO] [stderr]     Checking serde v1.0.38
[INFO] [stderr]     Checking vec_map v0.8.0
[INFO] [stderr]     Checking utf8-ranges v1.0.0
[INFO] [stderr]     Checking num-traits v0.2.2
[INFO] [stderr]     Checking ansi_term v0.11.0
[INFO] [stderr]     Checking openssl-probe v0.1.2
[INFO] [stderr]    Compiling libz-sys v1.0.18
[INFO] [stderr]    Compiling openssl-sys v0.9.28
[INFO] [stderr]    Compiling curl-sys v0.4.1
[INFO] [stderr]    Compiling libssh2-sys v0.2.6
[INFO] [stderr]    Compiling libgit2-sys v0.7.1
[INFO] [stderr]     Checking url v1.7.0
[INFO] [stderr]     Checking clap v2.31.2
[INFO] [stderr] error: failed to run custom build command for `openssl-sys v0.9.28`
[INFO] [stderr] note: To improve backtraces for build dependencies, set the CARGO_PROFILE_DEV_BUILD_OVERRIDE_DEBUG=true environment variable to enable debug information generation.
[INFO] [stderr] 
[INFO] [stderr] Caused by:
[INFO] [stderr]   process didn't exit successfully: `/opt/rustwide/target/debug/build/openssl-sys-f848c095279bbec9/build-script-build` (exit status: 101)
[INFO] [stderr]   --- stdout
[INFO] [stderr]   cargo:rerun-if-env-changed=X86_64_UNKNOWN_LINUX_GNU_OPENSSL_LIB_DIR
[INFO] [stderr]   cargo:rerun-if-env-changed=OPENSSL_LIB_DIR
[INFO] [stderr]   cargo:rerun-if-env-changed=X86_64_UNKNOWN_LINUX_GNU_OPENSSL_INCLUDE_DIR
[INFO] [stderr]   cargo:rerun-if-env-changed=OPENSSL_INCLUDE_DIR
[INFO] [stderr]   cargo:rerun-if-env-changed=X86_64_UNKNOWN_LINUX_GNU_OPENSSL_DIR
[INFO] [stderr]   cargo:rerun-if-env-changed=OPENSSL_DIR
[INFO] [stderr]   cargo:rustc-link-lib=ssl
[INFO] [stderr]   cargo:rustc-link-lib=crypto
[INFO] [stderr]   OPT_LEVEL = Some("0")
[INFO] [stderr]   TARGET = Some("x86_64-unknown-linux-gnu")
[INFO] [stderr]   HOST = Some("x86_64-unknown-linux-gnu")
[INFO] [stderr]   TARGET = Some("x86_64-unknown-linux-gnu")
[INFO] [stderr]   TARGET = Some("x86_64-unknown-linux-gnu")
[INFO] [stderr]   HOST = Some("x86_64-unknown-linux-gnu")
[INFO] [stderr]   CC_x86_64-unknown-linux-gnu = None
[INFO] [stderr]   CC_x86_64_unknown_linux_gnu = None
[INFO] [stderr]   HOST_CC = None
[INFO] [stderr]   CC = None
[INFO] [stderr]   HOST = Some("x86_64-unknown-linux-gnu")
[INFO] [stderr]   TARGET = Some("x86_64-unknown-linux-gnu")
[INFO] [stderr]   HOST = Some("x86_64-unknown-linux-gnu")
[INFO] [stderr]   CFLAGS_x86_64-unknown-linux-gnu = None
[INFO] [stderr]   CFLAGS_x86_64_unknown_linux_gnu = None
[INFO] [stderr]   HOST_CFLAGS = None
[INFO] [stderr]   CFLAGS = None
[INFO] [stderr]   DEBUG = Some("true")
[INFO] [stderr]   running: "cc" "-O0" "-ffunction-sections" "-fdata-sections" "-fPIC" "-g" "-m64" "-Wall" "-Wextra" "-E" "/opt/rustwide/target/debug/build/openssl-sys-e9a90c5a7528e62e/out/expando.c"
[INFO] [stderr]   exit status: 0
[INFO] [stderr]   cargo:rustc-cfg=osslconf="OPENSSL_NO_SSL3_METHOD"
[INFO] [stderr]   cargo:conf=OPENSSL_NO_SSL3_METHOD
[INFO] [stderr] 
[INFO] [stderr]   --- stderr
[INFO] [stderr]   thread 'main' panicked at /opt/rustwide/cargo-home/registry/src/index.crates.io-6f17d22bba15001f/openssl-sys-0.9.28/build.rs:509:9:
[INFO] [stderr] 
[INFO] [stderr] 
[INFO] [stderr]   This crate is only compatible with OpenSSL 1.0.1 through 1.1.1, or LibreSSL 2.5
[INFO] [stderr]   through 2.7, but a different version of OpenSSL was found. The build is now aborting
[INFO] [stderr]   due to this version mismatch.
[INFO] [stderr] 
[INFO] [stderr] 
[INFO] [stderr]   stack backtrace:
[INFO] [stderr]      0:     0x56420d472366 - std::backtrace_rs::backtrace::libunwind::trace::h261606ad26a499c1
[INFO] [stderr]                                  at /rustc/0e09125c6c3c2fd70d7de961bcf0e51575235fad/library/std/src/../../backtrace/src/backtrace/libunwind.rs:104:5
[INFO] [stderr]      1:     0x56420d472366 - std::backtrace_rs::backtrace::trace_unsynchronized::hd183f0625477fb28
[INFO] [stderr]                                  at /rustc/0e09125c6c3c2fd70d7de961bcf0e51575235fad/library/std/src/../../backtrace/src/backtrace/mod.rs:66:5
[INFO] [stderr]      2:     0x56420d472366 - std::sys_common::backtrace::_print_fmt::hd7f8fef21b4eda67
[INFO] [stderr]                                  at /rustc/0e09125c6c3c2fd70d7de961bcf0e51575235fad/library/std/src/sys_common/backtrace.rs:68:5
[INFO] [stderr]      3:     0x56420d472366 - <std::sys_common::backtrace::_print::DisplayBacktrace as core::fmt::Display>::fmt::h623d9b51f2f453f1
[INFO] [stderr]                                  at /rustc/0e09125c6c3c2fd70d7de961bcf0e51575235fad/library/std/src/sys_common/backtrace.rs:44:22
[INFO] [stderr]      4:     0x56420d497880 - core::fmt::rt::Argument::fmt::h9f417ac76a86f368
[INFO] [stderr]                                  at /rustc/0e09125c6c3c2fd70d7de961bcf0e51575235fad/library/core/src/fmt/rt.rs:142:9
[INFO] [stderr]      5:     0x56420d497880 - core::fmt::write::hc9b6faf4ac2aeff7
[INFO] [stderr]                                  at /rustc/0e09125c6c3c2fd70d7de961bcf0e51575235fad/library/core/src/fmt/mod.rs:1120:17
[INFO] [stderr]      6:     0x56420d46fdcf - std::io::Write::write_fmt::hfead1eee52c2e65e
[INFO] [stderr]                                  at /rustc/0e09125c6c3c2fd70d7de961bcf0e51575235fad/library/std/src/io/mod.rs:1810:15
[INFO] [stderr]      7:     0x56420d472144 - std::sys_common::backtrace::_print::hd5d66399c7df88a2
[INFO] [stderr]                                  at /rustc/0e09125c6c3c2fd70d7de961bcf0e51575235fad/library/std/src/sys_common/backtrace.rs:47:5
[INFO] [stderr]      8:     0x56420d472144 - std::sys_common::backtrace::print::he81ed2da642d37e5
[INFO] [stderr]                                  at /rustc/0e09125c6c3c2fd70d7de961bcf0e51575235fad/library/std/src/sys_common/backtrace.rs:34:9
[INFO] [stderr]      9:     0x56420d473a27 - std::panicking::default_hook::{{closure}}::h85773f4fa117163d
[INFO] [stderr]     10:     0x56420d473789 - std::panicking::default_hook::h6a1694a91d09b278
[INFO] [stderr]                                  at /rustc/0e09125c6c3c2fd70d7de961bcf0e51575235fad/library/std/src/panicking.rs:292:9
[INFO] [stderr]     11:     0x56420d473eb8 - std::panicking::rust_panic_with_hook::h0a7ad96e90f7145b
[INFO] [stderr]                                  at /rustc/0e09125c6c3c2fd70d7de961bcf0e51575235fad/library/std/src/panicking.rs:779:13
[INFO] [stderr]     12:     0x56420d41822e - std::panicking::begin_panic::{{closure}}::hcb7dbc657146e1bc
[INFO] [stderr]     13:     0x56420d414d1a - std::sys_common::backtrace::__rust_end_short_backtrace::h698599791721b93b
[INFO] [stderr]     14:     0x56420d4181ab - std::panicking::begin_panic::hf65bab93d97e043b
[INFO] [stderr]     15:     0x56420d409a52 - build_script_build::validate_headers::he56b07ebcad506da
[INFO] [stderr]     16:     0x56420d408945 - build_script_build::try_pkg_config::h234efba0df7bea25
[INFO] [stderr]     17:     0x56420d407aa4 - build_script_build::find_openssl_dir::h3df931a7a69c8323
[INFO] [stderr]     18:     0x56420d407918 - build_script_build::main::{{closure}}::h7a20f554311ad429
[INFO] [stderr]     19:     0x56420d40ec0f - core::option::Option<T>::unwrap_or_else::he6af95316c7a960f
[INFO] [stderr]     20:     0x56420d40698f - build_script_build::main::h61b8cfaa0a0ba0e5
[INFO] [stderr]     21:     0x56420d40bc33 - core::ops::function::FnOnce::call_once::ha244853aa0d0ca8f
[INFO] [stderr]     22:     0x56420d410266 - std::sys_common::backtrace::__rust_begin_short_backtrace::hd0f30d005f1ec71d
[INFO] [stderr]     23:     0x56420d410859 - std::rt::lang_start::{{closure}}::h89764e2e8c906463
[INFO] [stderr]     24:     0x56420d46c0c1 - core::ops::function::impls::<impl core::ops::function::FnOnce<A> for &F>::call_once::h4eb4c5e1620f29b0
[INFO] [stderr]                                  at /rustc/0e09125c6c3c2fd70d7de961bcf0e51575235fad/library/core/src/ops/function.rs:284:13
[INFO] [stderr]     25:     0x56420d46c0c1 - std::panicking::try::do_call::h73fd26535faffcdf
[INFO] [stderr]                                  at /rustc/0e09125c6c3c2fd70d7de961bcf0e51575235fad/library/std/src/panicking.rs:552:40
[INFO] [stderr]     26:     0x56420d46c0c1 - std::panicking::try::h77ff1d98f0fb9f39
[INFO] [stderr]                                  at /rustc/0e09125c6c3c2fd70d7de961bcf0e51575235fad/library/std/src/panicking.rs:516:19
[INFO] [stderr]     27:     0x56420d46c0c1 - std::panic::catch_unwind::hab3caf2448b95e37
[INFO] [stderr]                                  at /rustc/0e09125c6c3c2fd70d7de961bcf0e51575235fad/library/std/src/panic.rs:142:14
[INFO] [stderr]     28:     0x56420d46c0c1 - std::rt::lang_start_internal::{{closure}}::h8086711f9c783f78
[INFO] [stderr]                                  at /rustc/0e09125c6c3c2fd70d7de961bcf0e51575235fad/library/std/src/rt.rs:148:48
[INFO] [stderr]     29:     0x56420d46c0c1 - std::panicking::try::do_call::hf920d4dc291cd6ca
[INFO] [stderr]                                  at /rustc/0e09125c6c3c2fd70d7de961bcf0e51575235fad/library/std/src/panicking.rs:552:40
[INFO] [stderr]     30:     0x56420d46c0c1 - std::panicking::try::h2b806ccc0a85db74
[INFO] [stderr]                                  at /rustc/0e09125c6c3c2fd70d7de961bcf0e51575235fad/library/std/src/panicking.rs:516:19
[INFO] [stderr]     31:     0x56420d46c0c1 - std::panic::catch_unwind::h038489539c507df2
[INFO] [stderr]                                  at /rustc/0e09125c6c3c2fd70d7de961bcf0e51575235fad/library/std/src/panic.rs:142:14
[INFO] [stderr]     32:     0x56420d46c0c1 - std::rt::lang_start_internal::h28503b88912e8a5c
[INFO] [stderr]                                  at /rustc/0e09125c6c3c2fd70d7de961bcf0e51575235fad/library/std/src/rt.rs:148:20
[INFO] [stderr]     33:     0x56420d410837 - std::rt::lang_start::h66ac24e86223b952
[INFO] [stderr]     34:     0x56420d40b515 - main
[INFO] [stderr]     35:     0x7f21da32dd90 - <unknown>
[INFO] [stderr]     36:     0x7f21da32de40 - __libc_start_main
[INFO] [stderr]     37:     0x56420d401ea5 - _start
[INFO] [stderr]     38:                0x0 - <unknown>
[INFO] [stderr] warning: build failed, waiting for other jobs to finish...
[INFO] [stdout] error[E0713]: borrow may still be in use when destructor runs
[INFO] [stdout]    --> /opt/rustwide/cargo-home/registry/src/index.crates.io-6f17d22bba15001f/url-1.7.0/src/form_urlencoded.rs:261:40
[INFO] [stdout]     |
[INFO] [stdout] 259 | impl<'a> Target for ::UrlQuery<'a> {
[INFO] [stdout]     |      -- lifetime `'a` defined here
[INFO] [stdout] 260 |     fn as_mut_string(&mut self) -> &mut String { &mut self.url.serialization }
[INFO] [stdout] 261 |     fn finish(self) -> &'a mut ::Url { self.url }
[INFO] [stdout]     |                                        ^^^^^^^^ - here, drop of `self` needs exclusive access to `*self.url`, because the type `UrlQuery<'_>` implements the `Drop` trait
[INFO] [stdout]     |                                        |
[INFO] [stdout]     |                                        returning this value requires that `*self.url` is borrowed for `'a`
[INFO] [stdout] 
[INFO] [stdout] 
[INFO] [stdout] error: aborting due to 1 previous error
[INFO] [stdout] 
[INFO] [stdout] 
[INFO] [stdout] For more information about this error, try `rustc --explain E0713`.
[INFO] [stdout] 
[INFO] [stderr] error: could not compile `url` (lib) due to 2 previous errors
[INFO] running `Command { std: "docker" "inspect" "ac64f389b5a22b7502d60b2debfd75c5ff0bc8b9e3671b091a0be689eea668a7", kill_on_drop: false }`
[INFO] running `Command { std: "docker" "rm" "-f" "ac64f389b5a22b7502d60b2debfd75c5ff0bc8b9e3671b091a0be689eea668a7", kill_on_drop: false }`
[INFO] [stdout] ac64f389b5a22b7502d60b2debfd75c5ff0bc8b9e3671b091a0be689eea668a7
