[INFO] cloning repository https://github.com/Alongside-Finance/gnosis-safe-sdk-rs
[INFO] running `Command { std: "git" "-c" "credential.helper=" "-c" "credential.helper=/workspace/cargo-home/bin/git-credential-null" "clone" "--bare" "https://github.com/Alongside-Finance/gnosis-safe-sdk-rs" "/workspace/cache/git-repos/https%3A%2F%2Fgithub.com%2FAlongside-Finance%2Fgnosis-safe-sdk-rs", kill_on_drop: false }`
[INFO] [stderr] Cloning into bare repository '/workspace/cache/git-repos/https%3A%2F%2Fgithub.com%2FAlongside-Finance%2Fgnosis-safe-sdk-rs'...
[INFO] running `Command { std: "git" "rev-parse" "HEAD", kill_on_drop: false }`
[INFO] [stdout] 65897d84ba9f37d56f7dd3fccf3987ea23159ce4
[INFO] documenting Alongside-Finance/gnosis-safe-sdk-rs against 1.75.0 for beta-1.76-rustdoc-1
[INFO] running `Command { std: "git" "clone" "/workspace/cache/git-repos/https%3A%2F%2Fgithub.com%2FAlongside-Finance%2Fgnosis-safe-sdk-rs" "/workspace/builds/worker-7-tc1/source", kill_on_drop: false }`
[INFO] [stderr] Cloning into '/workspace/builds/worker-7-tc1/source'...
[INFO] [stderr] done.
[INFO] validating manifest of git repo https://github.com/Alongside-Finance/gnosis-safe-sdk-rs on toolchain 1.75.0
[INFO] running `Command { std: CARGO_HOME="/workspace/cargo-home" RUSTUP_HOME="/workspace/rustup-home" "/workspace/cargo-home/bin/cargo" "+1.75.0" "metadata" "--manifest-path" "Cargo.toml" "--no-deps", kill_on_drop: false }`
[INFO] started tweaking git repo https://github.com/Alongside-Finance/gnosis-safe-sdk-rs
[INFO] finished tweaking git repo https://github.com/Alongside-Finance/gnosis-safe-sdk-rs
[INFO] tweaked toml for git repo https://github.com/Alongside-Finance/gnosis-safe-sdk-rs written to /workspace/builds/worker-7-tc1/source/Cargo.toml
[INFO] crate git repo https://github.com/Alongside-Finance/gnosis-safe-sdk-rs already has a lockfile, it will not be regenerated
[INFO] running `Command { std: CARGO_HOME="/workspace/cargo-home" RUSTUP_HOME="/workspace/rustup-home" "/workspace/cargo-home/bin/cargo" "+1.75.0" "fetch" "--manifest-path" "Cargo.toml", kill_on_drop: false }`
[INFO] [stderr]     Updating crates.io index
[INFO] [stderr]     Updating git repository `https://github.com/Alongside-Finance/safe-client-gateway.git`
[INFO] [stderr]  Downloading crates ...
[INFO] [stderr]   Downloaded bech32 v0.7.3
[INFO] [stderr]   Downloaded serde_repr v0.1.10
[INFO] [stderr]   Downloaded base58check v0.1.0
[INFO] [stderr]   Downloaded ethers v1.5.0
[INFO] [stderr]   Downloaded coins-core v0.7.0
[INFO] [stderr]   Downloaded open-fastrlp-derive v0.1.1
[INFO] [stderr]   Downloaded scratch v1.0.4
[INFO] [stderr]   Downloaded rusb v0.9.1
[INFO] [stderr]   Downloaded ethers-middleware v1.5.0
[INFO] [stderr]   Downloaded hidapi-rusb v1.3.2
[INFO] [stderr]   Downloaded scale-info-derive v2.3.1
[INFO] [stderr]   Downloaded web3 v0.18.0
[INFO] [stderr]   Downloaded figment v0.10.8
[INFO] [stderr]   Downloaded rocket_okapi v0.8.0-rc.2
[INFO] [stderr]   Downloaded aes-gcm v0.10.1
[INFO] [stderr]   Downloaded camino v1.1.3
[INFO] [stderr]   Downloaded open-fastrlp v0.1.4
[INFO] [stderr]   Downloaded bb8 v0.8.0
[INFO] [stderr]   Downloaded bigdecimal v0.3.0
[INFO] [stderr]   Downloaded async-trait v0.1.65
[INFO] [stderr]   Downloaded coins-bip32 v0.7.0
[INFO] [stderr]   Downloaded mockall v0.11.3
[INFO] [stderr]   Downloaded unicode-ident v1.0.7
[INFO] [stderr]   Downloaded multer v2.0.4
[INFO] [stderr]   Downloaded generator v0.7.3
[INFO] [stderr]   Downloaded ubyte v0.10.3
[INFO] [stderr]   Downloaded mockall_derive v0.11.3
[INFO] [stderr]   Downloaded bb8-redis v0.12.0
[INFO] [stderr]   Downloaded ref-cast-impl v1.0.15
[INFO] [stderr]   Downloaded rocket_okapi_codegen v0.8.0-rc.2
[INFO] [stderr]   Downloaded enr v0.7.0
[INFO] [stderr]   Downloaded coins-bip39 v0.7.0
[INFO] [stderr]   Downloaded scale-info v2.3.1
[INFO] [stderr]   Downloaded ethabi v16.0.0
[INFO] [stderr]   Downloaded okapi v0.7.0-rc.1
[INFO] [stderr]   Downloaded aead v0.5.1
[INFO] [stderr]   Downloaded ref-cast v1.0.15
[INFO] [stderr]   Downloaded serde-aux v4.1.2
[INFO] [stderr]   Downloaded futures-locks v0.7.1
[INFO] [stderr]   Downloaded ethcontract-common v0.23.0
[INFO] [stderr]   Downloaded ethers-addressbook v1.5.0
[INFO] [stderr]   Downloaded ethers-signers v1.5.0
[INFO] [stderr]   Downloaded ethers-contract-abigen v1.5.0
[INFO] [stderr]   Downloaded coins-ledger v0.7.1
[INFO] [stderr]   Downloaded ethers-contract v1.5.0
[INFO] [stderr]   Downloaded ethers-etherscan v1.5.0
[INFO] [stderr]   Downloaded ethers-providers v1.5.0
[INFO] [stderr]   Downloaded ethers-core v1.5.0
[INFO] [stderr]   Downloaded ethers-contract-derive v1.5.0
[INFO] running `Command { std: "docker" "create" "-v" "/var/lib/crater-agent-workspace/builds/worker-7-tc1/target:/opt/rustwide/target:rw,Z" "-v" "/var/lib/crater-agent-workspace/builds/worker-7-tc1/source:/opt/rustwide/workdir:ro,Z" "-v" "/var/lib/crater-agent-workspace/cargo-home:/opt/rustwide/cargo-home:ro,Z" "-v" "/var/lib/crater-agent-workspace/rustup-home:/opt/rustwide/rustup-home:ro,Z" "-e" "SOURCE_DIR=/opt/rustwide/workdir" "-e" "CARGO_TARGET_DIR=/opt/rustwide/target" "-e" "CARGO_HOME=/opt/rustwide/cargo-home" "-e" "RUSTUP_HOME=/opt/rustwide/rustup-home" "-w" "/opt/rustwide/workdir" "-m" "1610612736" "--user" "0:0" "--network" "none" "ghcr.io/rust-lang/crates-build-env/linux@sha256:2788e3201cd34a07e3172128adcd8b3090168a8e3bcc40d7c032b9dda1df7d1c" "/opt/rustwide/cargo-home/bin/cargo" "+1.75.0" "metadata" "--no-deps" "--format-version=1", kill_on_drop: false }`
[INFO] [stdout] 068b6c50342afba6497c31c8452a34a5eb507c721dca8e5df826421390b53836
[INFO] running `Command { std: "docker" "start" "-a" "068b6c50342afba6497c31c8452a34a5eb507c721dca8e5df826421390b53836", kill_on_drop: false }`
[INFO] running `Command { std: "docker" "inspect" "068b6c50342afba6497c31c8452a34a5eb507c721dca8e5df826421390b53836", kill_on_drop: false }`
[INFO] running `Command { std: "docker" "rm" "-f" "068b6c50342afba6497c31c8452a34a5eb507c721dca8e5df826421390b53836", kill_on_drop: false }`
[INFO] [stdout] 068b6c50342afba6497c31c8452a34a5eb507c721dca8e5df826421390b53836
[INFO] running `Command { std: "docker" "create" "-v" "/var/lib/crater-agent-workspace/builds/worker-7-tc1/target:/opt/rustwide/target:rw,Z" "-v" "/var/lib/crater-agent-workspace/builds/worker-7-tc1/source:/opt/rustwide/workdir:ro,Z" "-v" "/var/lib/crater-agent-workspace/cargo-home:/opt/rustwide/cargo-home:ro,Z" "-v" "/var/lib/crater-agent-workspace/rustup-home:/opt/rustwide/rustup-home:ro,Z" "-e" "SOURCE_DIR=/opt/rustwide/workdir" "-e" "CARGO_TARGET_DIR=/opt/rustwide/target" "-e" "CARGO_INCREMENTAL=0" "-e" "RUST_BACKTRACE=full" "-e" "RUSTFLAGS=--cap-lints=warn" "-e" "RUSTDOCFLAGS=--cap-lints=warn" "-e" "CARGO_HOME=/opt/rustwide/cargo-home" "-e" "RUSTUP_HOME=/opt/rustwide/rustup-home" "-w" "/opt/rustwide/workdir" "-m" "1610612736" "--user" "0:0" "--network" "none" "ghcr.io/rust-lang/crates-build-env/linux@sha256:2788e3201cd34a07e3172128adcd8b3090168a8e3bcc40d7c032b9dda1df7d1c" "/opt/rustwide/cargo-home/bin/cargo" "+1.75.0" "doc" "--frozen" "--no-deps" "--document-private-items" "--message-format=json", kill_on_drop: false }`
[INFO] [stdout] 44ecc09f939a7c453172184d9c6452679182cf89449d2fca8db4211d54aafbed
[INFO] running `Command { std: "docker" "start" "-a" "44ecc09f939a7c453172184d9c6452679182cf89449d2fca8db4211d54aafbed", kill_on_drop: false }`
[INFO] [stderr]    Compiling proc-macro2 v1.0.51
[INFO] [stderr]    Compiling quote v1.0.23
[INFO] [stderr]    Compiling unicode-ident v1.0.7
[INFO] [stderr]    Compiling syn v1.0.109
[INFO] [stderr]    Compiling libc v0.2.139
[INFO] [stderr]    Compiling serde_derive v1.0.152
[INFO] [stderr]    Compiling serde v1.0.152
[INFO] [stderr]    Compiling hashbrown v0.12.3
[INFO] [stderr]    Compiling winnow v0.3.3
[INFO] [stderr]    Compiling generic-array v0.14.6
[INFO] [stderr]    Compiling indexmap v1.9.2
[INFO] [stderr]    Compiling toml_datetime v0.6.1
[INFO] [stderr]    Compiling log v0.4.17
[INFO] [stderr]    Compiling futures-channel v0.3.26
[INFO] [stderr]    Compiling futures-core v0.3.26
[INFO] [stderr]    Compiling lock_api v0.4.9
[INFO] [stderr]    Compiling subtle v2.4.1
[INFO] [stderr]    Compiling parking_lot_core v0.9.7
[INFO] [stderr]     Checking smallvec v1.10.0
[INFO] [stderr]     Checking scopeguard v1.1.0
[INFO] [stderr]     Checking futures-sink v0.3.26
[INFO] [stderr]    Compiling futures-task v0.3.26
[INFO] [stderr]    Compiling convert_case v0.4.0
[INFO] [stderr]    Compiling futures-util v0.3.26
[INFO] [stderr]    Compiling thiserror v1.0.38
[INFO] [stderr]     Checking cpufeatures v0.2.5
[INFO] [stderr]     Checking futures-io v0.3.26
[INFO] [stderr]    Compiling tokio v1.26.0
[INFO] [stderr]     Checking arrayvec v0.7.2
[INFO] [stderr]     Checking byte-slice-cast v1.2.2
[INFO] [stderr]    Compiling serde_json v1.0.93
[INFO] [stderr]     Checking keccak v0.1.3
[INFO] [stderr]     Checking base64ct v1.6.0
[INFO] [stderr]     Checking zeroize v1.5.7
[INFO] [stderr]    Compiling itoa v1.0.6
[INFO] [stderr]     Checking uint v0.9.5
[INFO] [stderr]    Compiling num-traits v0.2.15
[INFO] [stderr]     Checking const-oid v0.9.2
[INFO] [stderr]    Compiling semver v1.0.16
[INFO] [stderr]    Compiling io-lifetimes v1.0.5
[INFO] [stderr]    Compiling rustversion v1.0.11
[INFO] [stderr]    Compiling camino v1.1.3
[INFO] [stderr]     Checking der v0.6.1
[INFO] [stderr]     Checking block-buffer v0.10.3
[INFO] [stderr]     Checking percent-encoding v2.2.0
[INFO] [stderr]    Compiling rustix v0.36.9
[INFO] [stderr]    Compiling openssl-sys v0.9.80
[INFO] [stderr]    Compiling proc-macro2-diagnostics v0.9.1
[INFO] [stderr]     Checking linux-raw-sys v0.1.4
[INFO] [stderr]     Checking regex-syntax v0.6.28
[INFO] [stderr]    Compiling proc-macro-error-attr v1.0.4
[INFO] [stderr]     Checking base16ct v0.1.1
[INFO] [stderr]     Checking inout v0.1.3
[INFO] [stderr]     Checking unicode-bidi v0.3.10
[INFO] [stderr]    Compiling rustls v0.20.8
[INFO] [stderr]    Compiling yansi v0.5.1
[INFO] [stderr]     Checking want v0.3.0
[INFO] [stderr]    Compiling async-trait v0.1.65
[INFO] [stderr]     Checking spki v0.6.0
[INFO] [stderr]    Compiling rustc-hex v2.1.0
[INFO] [stderr]     Checking pkcs8 v0.9.0
[INFO] [stderr]     Checking getrandom v0.2.8
[INFO] [stderr]     Checking mio v0.8.6
[INFO] [stderr]     Checking num_cpus v1.15.0
[INFO] [stderr]     Checking signal-hook-registry v1.4.1
[INFO] [stderr]     Checking socket2 v0.4.9
[INFO] [stderr]     Checking rand_core v0.6.4
[INFO] [stderr]     Checking ring v0.16.20
[INFO] [stderr]     Checking sec1 v0.3.0
[INFO] [stderr]     Checking parking_lot v0.12.1
[INFO] [stderr]     Checking crypto-common v0.1.6
[INFO] [stderr]     Checking rand_chacha v0.3.1
[INFO] [stderr]     Checking crypto-bigint v0.4.9
[INFO] [stderr]     Checking ff v0.12.1
[INFO] [stderr]     Checking digest v0.10.6
[INFO] [stderr]     Checking cipher v0.4.3
[INFO] [stderr]    Compiling crunchy v0.2.2
[INFO] [stderr]    Compiling byteorder v1.4.3
[INFO] [stderr]     Checking group v0.12.1
[INFO] [stderr]     Checking rand v0.8.5
[INFO] [stderr]     Checking num-integer v0.1.45
[INFO] [stderr]     Checking fastrand v1.9.0
[INFO] [stderr]     Checking hmac v0.12.1
[INFO] [stderr]     Checking sha2 v0.10.6
[INFO] [stderr]     Checking sha3 v0.10.6
[INFO] [stderr]     Checking signature v1.6.4
[INFO] [stderr]    Compiling openssl v0.10.45
[INFO] [stderr]    Compiling toml_edit v0.19.4
[INFO] [stderr]     Checking form_urlencoded v1.1.0
[INFO] [stderr]    Compiling pin-project-lite v0.2.9
[INFO] [stderr]     Checking regex v1.7.1
[INFO] [stderr]     Checking base64 v0.21.0
[INFO] [stderr]    Compiling time-core v0.1.0
[INFO] [stderr]     Checking rfc6979 v0.3.1
[INFO] [stderr]     Checking elliptic-curve v0.12.3
[INFO] [stderr]     Checking fixed-hash v0.8.0
[INFO] [stderr]     Checking webpki v0.22.0
[INFO] [stderr]     Checking sct v0.7.0
[INFO] [stderr]     Checking either v1.8.1
[INFO] [stderr]     Checking rustls-pemfile v1.0.2
[INFO] [stderr]    Compiling time-macros v0.2.8
[INFO] [stderr]    Compiling native-tls v0.2.11
[INFO] [stderr]     Checking time v0.1.45
[INFO] [stderr]     Checking idna v0.3.0
[INFO] [stderr]     Checking ecdsa v0.14.8
[INFO] [stderr]    Compiling radium v0.6.2
[INFO] [stderr]    Compiling hex v0.4.3
[INFO] [stderr]     Checking mime v0.3.16
[INFO] [stderr]     Checking iana-time-zone v0.1.53
[INFO] [stderr]     Checking k256 v0.11.6
[INFO] [stderr]     Checking url v2.3.1
[INFO] [stderr]     Checking ctr v0.9.2
[INFO] [stderr]     Checking aes v0.8.2
[INFO] [stderr]    Compiling universal-hash v0.5.0
[INFO] [stderr]    Compiling tiny-keccak v2.0.2
[INFO] [stderr]     Checking generic-array v0.12.4
[INFO] [stderr]    Compiling cookie v0.16.2
[INFO] [stderr]     Checking unicode-segmentation v1.10.1
[INFO] [stderr]     Checking tempfile v3.4.0
[INFO] [stderr]    Compiling ref-cast v1.0.15
[INFO] [stderr]    Compiling proc-macro-crate v1.3.1
[INFO] [stderr]     Checking byte-tools v0.3.1
[INFO] [stderr]     Checking block-padding v0.1.5
[INFO] [stderr]     Checking convert_case v0.6.0
[INFO] [stderr]    Compiling polyval v0.6.0
[INFO] [stderr]    Compiling libusb1-sys v0.6.4
[INFO] [stderr]     Checking wyz v0.2.0
[INFO] [stderr]     Checking unicode-xid v0.2.4
[INFO] [stderr]    Compiling ryu v1.0.13
[INFO] [stderr]    Compiling eyre v0.6.8
[INFO] [stderr]    Compiling prettyplease v0.1.23
[INFO] [stderr]    Compiling pin-utils v0.1.0
[INFO] [stderr]     Checking funty v1.1.0
[INFO] [stderr]    Compiling ghash v0.5.0
[INFO] [stderr]     Checking block-buffer v0.7.3
[INFO] [stderr]     Checking digest v0.8.1
[INFO] [stderr]     Checking webpki-roots v0.22.6
[INFO] [stderr]    Compiling aead v0.5.1
[INFO] [stderr]    Compiling tracing-core v0.1.30
[INFO] [stderr]    Compiling uncased v0.9.7
[INFO] [stderr]     Checking ipnet v2.7.1
[INFO] [stderr]     Checking fake-simd v0.1.2
[INFO] [stderr]    Compiling try-lock v0.2.4
[INFO] [stderr]     Checking bs58 v0.4.0
[INFO] [stderr]     Checking opaque-debug v0.2.3
[INFO] [stderr]     Checking bitvec v0.20.4
[INFO] [stderr]     Checking matches v0.1.10
[INFO] [stderr]    Compiling proc-macro-error v1.0.4
[INFO] [stderr]    Compiling aes-gcm v0.10.1
[INFO] [stderr]    Compiling tracing v0.1.37
[INFO] [stderr]     Checking sha2 v0.8.2
[INFO] [stderr]    Compiling time v0.3.20
[INFO] [stderr]     Checking fixed-hash v0.7.0
[INFO] [stderr]    Compiling hkdf v0.12.3
[INFO] [stderr]     Checking password-hash v0.4.2
[INFO] [stderr]    Compiling httparse v1.8.0
[INFO] [stderr]    Compiling memoffset v0.7.1
[INFO] [stderr]    Compiling rusb v0.9.1
[INFO] [stderr]    Compiling inlinable_string v0.1.15
[INFO] [stderr]    Compiling base64 v0.20.0
[INFO] [stderr]    Compiling tower-service v0.3.2
[INFO] [stderr]     Checking futures-timer v3.0.2
[INFO] [stderr]     Checking base58 v0.1.0
[INFO] [stderr]    Compiling httpdate v1.0.2
[INFO] [stderr]     Checking base58check v0.1.0
[INFO] [stderr]     Checking pbkdf2 v0.11.0
[INFO] [stderr]    Compiling chrono v0.4.23
[INFO] [stderr]    Compiling devise_core v0.3.1
[INFO] [stderr]     Checking blake2 v0.10.6
[INFO] [stderr]     Checking ripemd v0.1.3
[INFO] [stderr]    Compiling stable-pattern v0.1.0
[INFO] [stderr]    Compiling hidapi-rusb v1.3.2
[INFO] [stderr]    Compiling futures v0.3.26
[INFO] [stderr]    Compiling indenter v0.3.3
[INFO] [stderr]    Compiling state v0.5.3
[INFO] [stderr]     Checking base64 v0.12.3
[INFO] [stderr]     Checking bech32 v0.7.3
[INFO] [stderr]    Compiling walkdir v2.3.2
[INFO] [stderr]     Checking block-buffer v0.9.0
[INFO] [stderr]    Compiling darling_core v0.13.4
[INFO] [stderr]    Compiling serde_derive_internals v0.26.0
[INFO] [stderr]     Checking salsa20 v0.10.2
[INFO] [stderr]     Checking digest v0.9.0
[INFO] [stderr]     Checking fxhash v0.2.1
[INFO] [stderr]    Compiling multer v2.0.4
[INFO] [stderr]    Compiling atomic v0.5.1
[INFO] [stderr]    Compiling figment v0.10.8
[INFO] [stderr]    Compiling Inflector v0.11.4
[INFO] [stderr]    Compiling dunce v1.0.3
[INFO] [stderr]     Checking base64 v0.13.1
[INFO] [stderr]     Checking arrayvec v0.5.2
[INFO] [stderr]    Compiling schemars v0.8.12
[INFO] [stderr]     Checking radium v0.3.0
[INFO] [stderr]     Checking blake2b_simd v0.5.11
[INFO] [stderr]     Checking bitvec v0.17.4
[INFO] [stderr]     Checking scrypt v0.10.0
[INFO] [stderr]     Checking hashers v1.0.1
[INFO] [stderr]     Checking sha3 v0.9.1
[INFO] [stderr]     Checking nix v0.26.2
[INFO] [stderr]    Compiling rocket v0.5.0-rc.2
[INFO] [stderr]     Checking dyn-clone v1.0.11
[INFO] [stderr]     Checking spin v0.9.5
[INFO] [stderr]     Checking predicates-core v1.0.5
[INFO] [stderr]     Checking idna v0.2.3
[INFO] [stderr]     Checking itertools v0.10.5
[INFO] [stderr]     Checking float-cmp v0.9.0
[INFO] [stderr]     Checking atty v0.2.14
[INFO] [stderr]     Checking difflib v0.4.0
[INFO] [stderr]     Checking termtree v0.4.0
[INFO] [stderr]     Checking normalize-line-endings v0.3.0
[INFO] [stderr]     Checking binascii v0.1.4
[INFO] [stderr]     Checking num-bigint v0.4.3
[INFO] [stderr]     Checking is-terminal v0.4.4
[INFO] [stderr]     Checking scheduled-thread-pool v0.2.6
[INFO] [stderr]     Checking futures-locks v0.7.1
[INFO] [stderr]     Checking predicates-tree v1.0.7
[INFO] [stderr]     Checking instant v0.1.12
[INFO] [stderr]    Compiling anyhow v1.0.69
[INFO] [stderr]     Checking termcolor v1.2.0
[INFO] [stderr]    Compiling impl-trait-for-tuples v0.2.2
[INFO] [stderr]    Compiling parity-scale-codec-derive v3.1.4
[INFO] [stderr]    Compiling derive_more v0.99.17
[INFO] [stderr]    Compiling futures-macro v0.3.26
[INFO] [stderr]    Compiling thiserror-impl v1.0.38
[INFO] [stderr]    Compiling tokio-macros v1.8.2
[INFO] [stderr]    Compiling scale-info-derive v2.3.1
[INFO] [stderr]    Compiling tracing-attributes v0.1.23
[INFO] [stderr]    Compiling num_enum_derive v0.5.11
[INFO] [stderr]    Compiling strum_macros v0.24.3
[INFO] [stderr]    Compiling auto_impl v1.0.1
[INFO] [stderr]    Compiling rlp-derive v0.1.0
[INFO] [stderr]    Compiling openssl-macros v0.1.0
[INFO] [stderr]    Compiling pear_codegen v0.2.3
[INFO] [stderr]    Compiling ref-cast-impl v1.0.15
[INFO] [stderr]    Compiling pin-project-internal v1.0.12
[INFO] [stderr]     Checking num_enum v0.5.11
[INFO] [stderr]    Compiling parity-scale-codec-derive v2.3.1
[INFO] [stderr]    Compiling devise_codegen v0.3.1
[INFO] [stderr]    Compiling pear v0.2.3
[INFO] [stderr]    Compiling darling_macro v0.13.4
[INFO] [stderr]    Compiling async-stream-impl v0.3.4
[INFO] [stderr]    Compiling schemars_derive v0.8.12
[INFO] [stderr]     Checking predicates v2.1.5
[INFO] [stderr]    Compiling mockall_derive v0.11.3
[INFO] [stderr]     Checking downcast v0.11.0
[INFO] [stderr]    Compiling devise v0.3.1
[INFO] [stderr]     Checking fragile v2.0.0
[INFO] [stderr]     Checking env_logger v0.10.0
[INFO] [stderr]     Checking r2d2 v0.8.10
[INFO] [stderr]    Compiling derivative v2.2.0
[INFO] [stderr]    Compiling serde_repr v0.1.10
[INFO] [stderr]     Checking dotenv v0.15.0
[INFO] [stderr]     Checking strum v0.24.1
[INFO] [stderr]    Compiling darling v0.13.4
[INFO] [stderr]     Checking async-stream v0.3.4
[INFO] [stderr]     Checking pin-project v1.0.12
[INFO] [stderr]     Checking futures-executor v0.3.26
[INFO] [stderr]     Checking tracing-futures v0.2.5
[INFO] [stderr]     Checking mockall v0.11.3
[INFO] [stderr]     Checking bytes v1.4.0
[INFO] [stderr]     Checking parity-scale-codec v3.4.0
[INFO] [stderr]     Checking impl-serde v0.4.0
[INFO] [stderr]     Checking cargo-platform v0.1.2
[INFO] [stderr]     Checking toml v0.5.11
[INFO] [stderr]     Checking serde_urlencoded v0.7.1
[INFO] [stderr]     Checking parity-scale-codec v2.3.1
[INFO] [stderr]     Checking impl-serde v0.3.2
[INFO] [stderr]     Checking bincode v1.3.3
[INFO] [stderr]     Checking coins-core v0.7.0
[INFO] [stderr]     Checking uuid v0.8.2
[INFO] [stderr]     Checking coins-ledger v0.7.1
[INFO] [stderr]     Checking rlp v0.5.2
[INFO] [stderr]     Checking http v0.2.9
[INFO] [stderr]     Checking coins-bip32 v0.7.0
[INFO] [stderr]     Checking impl-codec v0.5.1
[INFO] [stderr]     Checking scale-info v2.3.1
[INFO] [stderr]     Checking impl-codec v0.6.0
[INFO] [stderr]     Checking impl-rlp v0.3.0
[INFO] [stderr]     Checking enr v0.7.0
[INFO] [stderr]     Checking ubyte v0.10.3
[INFO] [stderr]     Checking primitive-types v0.10.1
[INFO] [stderr]     Checking ethbloom v0.11.1
[INFO] [stderr]     Checking cargo_metadata v0.15.3
[INFO] [stderr]     Checking serde-aux v4.1.2
[INFO] [stderr]     Checking coins-bip39 v0.7.0
[INFO] [stderr]     Checking eth-keystore v0.5.0
[INFO] [stderr]    Compiling open-fastrlp-derive v0.1.1
[INFO] [stderr]     Checking primitive-types v0.12.1
[INFO] [stderr]     Checking http-body v0.4.5
[INFO] [stderr]     Checking ethbloom v0.13.0
[INFO] [stderr]     Checking jsonrpc-core v18.0.0
[INFO] [stderr]     Checking bigdecimal v0.3.0
[INFO] [stderr]     Checking ethereum-types v0.12.1
[INFO] [stderr]     Checking okapi v0.7.0-rc.1
[INFO] [stderr]    Compiling hyper v0.14.24
[INFO] [stderr]     Checking ethereum-types v0.14.1
[INFO] [stderr]     Checking ethabi v16.0.0
[INFO] [stderr]     Checking ethabi v18.0.0
[INFO] [stderr]     Checking open-fastrlp v0.1.4
[INFO] [stderr]     Checking web3 v0.18.0
[INFO] [stderr]     Checking ethers-core v1.5.0
[INFO] [stderr]    Compiling rocket_http v0.5.0-rc.2
[INFO] [stderr]     Checking tokio-util v0.7.7
[INFO] [stderr]     Checking tokio-rustls v0.23.4
[INFO] [stderr]     Checking tokio-native-tls v0.3.1
[INFO] [stderr]     Checking tokio-stream v0.1.12
[INFO] [stderr]     Checking bb8 v0.8.0
[INFO] [stderr]     Checking h2 v0.3.16
[INFO] [stderr]     Checking combine v4.6.6
[INFO] [stderr]    Compiling rocket_codegen v0.5.0-rc.2
[INFO] [stderr]    Compiling rocket_okapi_codegen v0.8.0-rc.2
[INFO] [stderr]     Checking ethcontract-common v0.23.0
[INFO] [stderr]     Checking ethers-signers v1.5.0
[INFO] [stderr]     Checking ethers-addressbook v1.5.0
[INFO] [stderr]     Checking redis v0.22.3
[INFO] [stderr]     Checking hyper-rustls v0.23.2
[INFO] [stderr]     Checking hyper-tls v0.5.0
[INFO] [stderr]    Compiling ethers-contract-abigen v1.5.0
[INFO] [stderr]     Checking reqwest v0.11.14
[INFO] [stderr]     Checking ethers-etherscan v1.5.0
[INFO] [stderr]     Checking ethers-providers v1.5.0
[INFO] [stderr]    Compiling ethers-contract-derive v1.5.0
[INFO] [stderr]     Checking bb8-redis v0.12.0
[INFO] [stderr]     Checking ethers-contract v1.5.0
[INFO] [stderr]     Checking rocket_okapi v0.8.0-rc.2
[INFO] [stderr]     Checking safe-client-gateway v3.48.0 (https://github.com/Alongside-Finance/safe-client-gateway.git?branch=patched#0277a274)
[INFO] [stdout] error[E0433]: failed to resolve: could not find `ethers` in the list of imported crates
[INFO] [stdout]  --> /opt/rustwide/cargo-home/registry/src/index.crates.io-6f17d22bba15001f/ethers-contract-1.5.0/src/multicall/contract.rs:4:1
[INFO] [stdout]   |
[INFO] [stdout] 4 | abigen!(Multicall3, "src/multicall/multicall_abi.json");
[INFO] [stdout]   | ^^^^^^^^^^^^^^^^^^^^^^^^^^^^^^^^^^^^^^^^^^^^^^^^^^^^^^^ could not find `ethers` in the list of imported crates
[INFO] [stdout]   |
[INFO] [stdout]   = note: this error originates in the macro `abigen` (in Nightly builds, run with -Z macro-backtrace for more info)
[INFO] [stdout] 
[INFO] [stdout] 
[INFO] [stdout] error: cannot find attribute `ethcall` in this scope
[INFO] [stdout]  --> /opt/rustwide/cargo-home/registry/src/index.crates.io-6f17d22bba15001f/ethers-contract-1.5.0/src/multicall/contract.rs:4:1
[INFO] [stdout]   |
[INFO] [stdout] 4 | abigen!(Multicall3, "src/multicall/multicall_abi.json");
[INFO] [stdout]   | ^^^^^^^^^^^^^^^^^^^^^^^^^^^^^^^^^^^^^^^^^^^^^^^^^^^^^^^
[INFO] [stdout]   |
[INFO] [stdout]   = note: this error originates in the macro `abigen` (in Nightly builds, run with -Z macro-backtrace for more info)
[INFO] [stdout] 
[INFO] [stdout] 
[INFO] [stdout] error[E0433]: failed to resolve: could not find `ethers` in the list of imported crates
[INFO] [stdout]  --> /opt/rustwide/cargo-home/registry/src/index.crates.io-6f17d22bba15001f/ethers-contract-1.5.0/src/multicall/contract.rs:4:1
[INFO] [stdout]   |
[INFO] [stdout] 4 | abigen!(Multicall3, "src/multicall/multicall_abi.json");
[INFO] [stdout]   | ^^^^^^^^^^^^^^^^^^^^^^^^^^^^^^^^^^^^^^^^^^^^^^^^^^^^^^^ could not find `ethers` in the list of imported crates
[INFO] [stdout]   |
[INFO] [stdout]   = help: consider importing this module:
[INFO] [stdout]           ethers_core::abi
[INFO] [stdout]   = note: this error originates in the macro `abigen` (in Nightly builds, run with -Z macro-backtrace for more info)
[INFO] [stdout] 
[INFO] [stdout] 
[INFO] [stdout] error[E0433]: failed to resolve: could not find `ethers` in the list of imported crates
[INFO] [stdout]  --> /opt/rustwide/cargo-home/registry/src/index.crates.io-6f17d22bba15001f/ethers-contract-1.5.0/src/multicall/contract.rs:4:1
[INFO] [stdout]   |
[INFO] [stdout] 4 | abigen!(Multicall3, "src/multicall/multicall_abi.json");
[INFO] [stdout]   | ^^^^^^^^^^^^^^^^^^^^^^^^^^^^^^^^^^^^^^^^^^^^^^^^^^^^^^^ could not find `ethers` in the list of imported crates
[INFO] [stdout]   |
[INFO] [stdout]   = help: consider importing one of these items:
[INFO] [stdout]           crate::Lazy
[INFO] [stdout]           futures_util::future::Lazy
[INFO] [stdout]           once_cell::sync::Lazy
[INFO] [stdout]           once_cell::unsync::Lazy
[INFO] [stdout]   = note: this error originates in the macro `abigen` (in Nightly builds, run with -Z macro-backtrace for more info)
[INFO] [stdout] 
[INFO] [stdout] 
[INFO] [stdout] error[E0433]: failed to resolve: could not find `ethers` in the list of imported crates
[INFO] [stdout]  --> /opt/rustwide/cargo-home/registry/src/index.crates.io-6f17d22bba15001f/ethers-contract-1.5.0/src/multicall/contract.rs:4:1
[INFO] [stdout]   |
[INFO] [stdout] 4 | abigen!(Multicall3, "src/multicall/multicall_abi.json");
[INFO] [stdout]   | ^^^^^^^^^^^^^^^^^^^^^^^^^^^^^^^^^^^^^^^^^^^^^^^^^^^^^^^ could not find `ethers` in the list of imported crates
[INFO] [stdout]   |
[INFO] [stdout]   = help: consider importing this module:
[INFO] [stdout]           ethers_core::utils::__serde_json
[INFO] [stdout]   = note: this error originates in the macro `abigen` (in Nightly builds, run with -Z macro-backtrace for more info)
[INFO] [stdout] 
[INFO] [stdout] 
[INFO] [stdout] error[E0433]: failed to resolve: could not find `ethers` in the list of imported crates
[INFO] [stdout]  --> /opt/rustwide/cargo-home/registry/src/index.crates.io-6f17d22bba15001f/ethers-contract-1.5.0/src/multicall/contract.rs:4:1
[INFO] [stdout]   |
[INFO] [stdout] 4 | abigen!(Multicall3, "src/multicall/multicall_abi.json");
[INFO] [stdout]   | ^^^^^^^^^^^^^^^^^^^^^^^^^^^^^^^^^^^^^^^^^^^^^^^^^^^^^^^ could not find `ethers` in the list of imported crates
[INFO] [stdout]   |
[INFO] [stdout]   = help: consider importing this module:
[INFO] [stdout]           crate::contract
[INFO] [stdout]   = note: this error originates in the macro `abigen` (in Nightly builds, run with -Z macro-backtrace for more info)
[INFO] [stdout] 
[INFO] [stdout] 
[INFO] [stdout] error[E0433]: failed to resolve: could not find `ethers` in the list of imported crates
[INFO] [stdout]  --> /opt/rustwide/cargo-home/registry/src/index.crates.io-6f17d22bba15001f/ethers-contract-1.5.0/src/multicall/contract.rs:4:1
[INFO] [stdout]   |
[INFO] [stdout] 4 | abigen!(Multicall3, "src/multicall/multicall_abi.json");
[INFO] [stdout]   | ^^^^^^^^^^^^^^^^^^^^^^^^^^^^^^^^^^^^^^^^^^^^^^^^^^^^^^^ could not find `ethers` in the list of imported crates
[INFO] [stdout]   |
[INFO] [stdout]   = help: consider importing this module:
[INFO] [stdout]           ethers_core::types
[INFO] [stdout]   = note: this error originates in the macro `abigen` (in Nightly builds, run with -Z macro-backtrace for more info)
[INFO] [stdout] 
[INFO] [stdout] 
[INFO] [stdout] error[E0433]: failed to resolve: could not find `ethers` in the list of imported crates
[INFO] [stdout]  --> /opt/rustwide/cargo-home/registry/src/index.crates.io-6f17d22bba15001f/ethers-contract-1.5.0/src/multicall/contract.rs:4:1
[INFO] [stdout]   |
[INFO] [stdout] 4 | abigen!(Multicall3, "src/multicall/multicall_abi.json");
[INFO] [stdout]   | ^^^^^^^^^^^^^^^^^^^^^^^^^^^^^^^^^^^^^^^^^^^^^^^^^^^^^^^ could not find `ethers` in the list of imported crates
[INFO] [stdout]   |
[INFO] [stdout]   = help: consider importing one of these items:
[INFO] [stdout]           crate::Contract
[INFO] [stdout]           ethers_core::abi::Contract
[INFO] [stdout]   = note: this error originates in the macro `abigen` (in Nightly builds, run with -Z macro-backtrace for more info)
[INFO] [stdout] 
[INFO] [stdout] 
[INFO] [stdout] error[E0433]: failed to resolve: could not find `ethers` in the list of imported crates
[INFO] [stdout]  --> /opt/rustwide/cargo-home/registry/src/index.crates.io-6f17d22bba15001f/ethers-contract-1.5.0/src/multicall/contract.rs:4:1
[INFO] [stdout]   |
[INFO] [stdout] 4 | abigen!(Multicall3, "src/multicall/multicall_abi.json");
[INFO] [stdout]   | ^^^^^^^^^^^^^^^^^^^^^^^^^^^^^^^^^^^^^^^^^^^^^^^^^^^^^^^ could not find `ethers` in the list of imported crates
[INFO] [stdout]   |
[INFO] [stdout]   = help: consider importing this module:
[INFO] [stdout]           crate::builders
[INFO] [stdout]   = note: this error originates in the macro `abigen` (in Nightly builds, run with -Z macro-backtrace for more info)
[INFO] [stdout] 
[INFO] [stdout] 
[INFO] [stdout] error[E0433]: failed to resolve: could not find `ethers` in the list of imported crates
[INFO] [stdout]  --> /opt/rustwide/cargo-home/registry/src/index.crates.io-6f17d22bba15001f/ethers-contract-1.5.0/src/multicall/contract.rs:4:1
[INFO] [stdout]   |
[INFO] [stdout] 4 | abigen!(Multicall3, "src/multicall/multicall_abi.json");
[INFO] [stdout]   | ^^^^^^^^^^^^^^^^^^^^^^^^^^^^^^^^^^^^^^^^^^^^^^^^^^^^^^^ could not find `ethers` in the list of imported crates
[INFO] [stdout]   |
[INFO] [stdout]   = help: consider importing one of these items:
[INFO] [stdout]           crate::multicall::fmt::Error
[INFO] [stdout]           ethers_core::abi::Error
[INFO] [stdout]           ethers_core::utils::__serde_json::Error
[INFO] [stdout]           futures_util::io::Error
[INFO] [stdout]           serde::__private::doc::Error
[INFO] [stdout]           serde::__private::fmt::Error
[INFO] [stdout]           serde::de::Error
[INFO] [stdout]           serde::de::value::Error
[INFO] [stdout]           serde::ser::Error
[INFO] [stdout]           serde_json::Error
[INFO] [stdout]           std::error::Error
[INFO] [stdout]           std::fmt::Error
[INFO] [stdout]           std::io::Error
[INFO] [stdout]           core::error::Error
[INFO] [stdout]           core::fmt::Error
[INFO] [stdout]   = note: this error originates in the macro `abigen` (in Nightly builds, run with -Z macro-backtrace for more info)
[INFO] [stdout] 
[INFO] [stdout] 
[INFO] [stdout] error[E0433]: failed to resolve: could not find `ethers` in the list of imported crates
[INFO] [stdout]  --> /opt/rustwide/cargo-home/registry/src/index.crates.io-6f17d22bba15001f/ethers-contract-1.5.0/src/multicall/contract.rs:4:1
[INFO] [stdout]   |
[INFO] [stdout] 4 | abigen!(Multicall3, "src/multicall/multicall_abi.json");
[INFO] [stdout]   | ^^^^^^^^^^^^^^^^^^^^^^^^^^^^^^^^^^^^^^^^^^^^^^^^^^^^^^^ could not find `ethers` in the list of imported crates
[INFO] [stdout]   |
[INFO] [stdout]   = help: consider importing this trait:
[INFO] [stdout]           ethers_core::abi::AbiEncode
[INFO] [stdout]   = note: this error originates in the macro `abigen` (in Nightly builds, run with -Z macro-backtrace for more info)
[INFO] [stdout] 
[INFO] [stdout] 
[INFO] [stdout] error: aborting due to 11 previous errors
[INFO] [stdout] 
[INFO] [stdout] 
[INFO] [stdout] For more information about this error, try `rustc --explain E0433`.
[INFO] [stdout] 
[INFO] [stderr] error: could not compile `ethers-contract` (lib) due to 12 previous errors
[INFO] running `Command { std: "docker" "inspect" "44ecc09f939a7c453172184d9c6452679182cf89449d2fca8db4211d54aafbed", kill_on_drop: false }`
[INFO] running `Command { std: "docker" "rm" "-f" "44ecc09f939a7c453172184d9c6452679182cf89449d2fca8db4211d54aafbed", kill_on_drop: false }`
[INFO] [stdout] 44ecc09f939a7c453172184d9c6452679182cf89449d2fca8db4211d54aafbed
