[INFO] cloning repository https://github.com/All-In-One-Blockchain/phoenix-onchain-mm
[INFO] running `Command { std: "git" "-c" "credential.helper=" "-c" "credential.helper=/workspace/cargo-home/bin/git-credential-null" "clone" "--bare" "https://github.com/All-In-One-Blockchain/phoenix-onchain-mm" "/workspace/cache/git-repos/https%3A%2F%2Fgithub.com%2FAll-In-One-Blockchain%2Fphoenix-onchain-mm", kill_on_drop: false }`
[INFO] [stderr] Cloning into bare repository '/workspace/cache/git-repos/https%3A%2F%2Fgithub.com%2FAll-In-One-Blockchain%2Fphoenix-onchain-mm'...
[INFO] running `Command { std: "git" "rev-parse" "HEAD", kill_on_drop: false }`
[INFO] [stdout] c6d22eb93069204299035e74fc644d3d93ddc007
[INFO] documenting All-In-One-Blockchain/phoenix-onchain-mm against 1.75.0 for beta-1.76-rustdoc-1
[INFO] running `Command { std: "git" "clone" "/workspace/cache/git-repos/https%3A%2F%2Fgithub.com%2FAll-In-One-Blockchain%2Fphoenix-onchain-mm" "/workspace/builds/worker-5-tc1/source", kill_on_drop: false }`
[INFO] [stderr] Cloning into '/workspace/builds/worker-5-tc1/source'...
[INFO] [stderr] done.
[INFO] validating manifest of git repo https://github.com/All-In-One-Blockchain/phoenix-onchain-mm on toolchain 1.75.0
[INFO] running `Command { std: CARGO_HOME="/workspace/cargo-home" RUSTUP_HOME="/workspace/rustup-home" "/workspace/cargo-home/bin/cargo" "+1.75.0" "metadata" "--manifest-path" "Cargo.toml" "--no-deps", kill_on_drop: false }`
[INFO] started tweaking git repo https://github.com/All-In-One-Blockchain/phoenix-onchain-mm
[INFO] finished tweaking git repo https://github.com/All-In-One-Blockchain/phoenix-onchain-mm
[INFO] tweaked toml for git repo https://github.com/All-In-One-Blockchain/phoenix-onchain-mm written to /workspace/builds/worker-5-tc1/source/Cargo.toml
[INFO] crate git repo https://github.com/All-In-One-Blockchain/phoenix-onchain-mm already has a lockfile, it will not be regenerated
[INFO] running `Command { std: CARGO_HOME="/workspace/cargo-home" RUSTUP_HOME="/workspace/rustup-home" "/workspace/cargo-home/bin/cargo" "+1.75.0" "fetch" "--manifest-path" "Cargo.toml", kill_on_drop: false }`
[INFO] [stderr] warning: /workspace/builds/worker-5-tc1/source/pomm/Cargo.toml: version requirement `=1.1.1+solana.1.15.2` for dependency `yellowstone-grpc-client` includes semver metadata which will be ignored, removing the metadata is recommended to avoid confusion
[INFO] [stderr] warning: /workspace/builds/worker-5-tc1/source/pomm/Cargo.toml: version requirement `=1.1.0+solana.1.15.2` for dependency `yellowstone-grpc-proto` includes semver metadata which will be ignored, removing the metadata is recommended to avoid confusion
[INFO] [stderr]     Updating crates.io index
[INFO] [stderr]  Downloading crates ...
[INFO] [stderr]   Downloaded shank v0.0.12
[INFO] [stderr]   Downloaded solana-version v1.14.9
[INFO] [stderr]   Downloaded spl-associated-token-account v1.1.1
[INFO] [stderr]   Downloaded shank_macro_impl v0.0.12
[INFO] [stderr]   Downloaded solana-clap-utils v1.14.9
[INFO] [stderr]   Downloaded toml_edit v0.20.0
[INFO] [stderr]   Downloaded solana-rayon-threadlimit v1.14.9
[INFO] [stderr]   Downloaded solana-cli-config v1.14.9
[INFO] [stderr]   Downloaded solana-account-decoder v1.14.9
[INFO] [stderr]   Downloaded solana-net-utils v1.14.9
[INFO] [stderr]   Downloaded solana-zk-token-proof-program v1.14.9
[INFO] [stderr]   Downloaded yellowstone-grpc-proto v1.1.0+solana.1.15.2
[INFO] [stderr]   Downloaded enum-ordinalize v3.1.13
[INFO] [stderr]   Downloaded scroll_derive v0.11.0
[INFO] [stderr]   Downloaded solana-compute-budget-program v1.14.9
[INFO] [stderr]   Downloaded solana-perf v1.14.9
[INFO] [stderr]   Downloaded chrono-humanize v0.2.2
[INFO] [stderr]   Downloaded solana-frozen-abi v1.14.9
[INFO] [stderr]   Downloaded lib-sokoban v0.3.0
[INFO] [stderr]   Downloaded schemars_derive v0.8.15
[INFO] [stderr]   Downloaded solana-remote-wallet v1.14.9
[INFO] [stderr]   Downloaded solana-transaction-status v1.14.9
[INFO] [stderr]   Downloaded solana-bpf-loader-program v1.14.9
[INFO] [stderr]   Downloaded phoenix-v1 v0.2.3
[INFO] [stderr]   Downloaded solana-runtime v1.14.9
[INFO] [stderr]   Downloaded solana-zk-token-sdk v1.14.9
[INFO] [stderr]   Downloaded dir-diff v0.3.2
[INFO] [stderr]   Downloaded openssl v0.10.53
[INFO] [stderr]   Downloaded solana-program v1.14.9
[INFO] [stderr]   Downloaded ellipsis-client v0.2.0
[INFO] [stderr]   Downloaded solana-bucket-map v1.14.9
[INFO] [stderr]   Downloaded solana-program-runtime v1.14.9
[INFO] [stderr]   Downloaded phoenix-sdk-core v0.4.2
[INFO] [stderr]   Downloaded shank_render v0.0.1
[INFO] [stderr]   Downloaded schemars v0.8.15
[INFO] [stderr]   Downloaded coinbase-pro-rs v0.8.1
[INFO] [stderr]   Downloaded index_list v0.2.7
[INFO] [stderr]   Downloaded solana-metrics v1.14.9
[INFO] [stderr]   Downloaded solana-stake-program v1.14.9
[INFO] [stderr]   Downloaded phoenix-seat-manager v0.1.1
[INFO] [stderr]   Downloaded solana-send-transaction-service v1.14.9
[INFO] [stderr]   Downloaded rust_decimal v1.29.1
[INFO] [stderr]   Downloaded shank_macro v0.0.12
[INFO] [stderr]   Downloaded solana-sdk-macro v1.14.9
[INFO] [stderr]   Downloaded solana-client v1.14.9
[INFO] [stderr]   Downloaded anchor-spl v0.26.0
[INFO] [stderr]   Downloaded solana-config-program v1.14.9
[INFO] [stderr]   Downloaded solana-address-lookup-table-program v1.14.9
[INFO] [stderr]   Downloaded rust_decimal_macros v1.29.1
[INFO] [stderr]   Downloaded spl-token-2022 v0.4.3
[INFO] [stderr]   Downloaded solana-faucet v1.14.9
[INFO] [stderr]   Downloaded yellowstone-grpc-client v1.1.1+solana.1.15.2
[INFO] [stderr]   Downloaded solana-streamer v1.14.9
[INFO] [stderr]   Downloaded solana-frozen-abi-macro v1.14.9
[INFO] [stderr]   Downloaded solana-vote-program v1.14.9
[INFO] [stderr]   Downloaded solana-security-txt v1.1.0
[INFO] [stderr]   Downloaded educe v0.4.22
[INFO] [stderr]   Downloaded solana-logger v1.14.9
[INFO] [stderr]   Downloaded solana-measure v1.14.9
[INFO] [stderr]   Downloaded ellipsis-macros v0.1.1
[INFO] [stderr]   Downloaded solana-sdk v1.14.9
[INFO] [stderr]   Downloaded toml v0.8.0
[INFO] [stderr]   Downloaded generic-token-faucet v0.1.2
[INFO] [stderr]   Downloaded phoenix-sdk v0.4.2
[INFO] running `Command { std: "docker" "create" "-v" "/var/lib/crater-agent-workspace/builds/worker-5-tc1/target:/opt/rustwide/target:rw,Z" "-v" "/var/lib/crater-agent-workspace/builds/worker-5-tc1/source:/opt/rustwide/workdir:ro,Z" "-v" "/var/lib/crater-agent-workspace/cargo-home:/opt/rustwide/cargo-home:ro,Z" "-v" "/var/lib/crater-agent-workspace/rustup-home:/opt/rustwide/rustup-home:ro,Z" "-e" "SOURCE_DIR=/opt/rustwide/workdir" "-e" "CARGO_TARGET_DIR=/opt/rustwide/target" "-e" "CARGO_HOME=/opt/rustwide/cargo-home" "-e" "RUSTUP_HOME=/opt/rustwide/rustup-home" "-w" "/opt/rustwide/workdir" "-m" "1610612736" "--user" "0:0" "--network" "none" "ghcr.io/rust-lang/crates-build-env/linux@sha256:2788e3201cd34a07e3172128adcd8b3090168a8e3bcc40d7c032b9dda1df7d1c" "/opt/rustwide/cargo-home/bin/cargo" "+1.75.0" "metadata" "--no-deps" "--format-version=1", kill_on_drop: false }`
[INFO] [stdout] f8ed6b7baa564471765fadd93254c8581bb72ae0d777b9d998daa13a049dcdce
[INFO] running `Command { std: "docker" "start" "-a" "f8ed6b7baa564471765fadd93254c8581bb72ae0d777b9d998daa13a049dcdce", kill_on_drop: false }`
[INFO] running `Command { std: "docker" "inspect" "f8ed6b7baa564471765fadd93254c8581bb72ae0d777b9d998daa13a049dcdce", kill_on_drop: false }`
[INFO] running `Command { std: "docker" "rm" "-f" "f8ed6b7baa564471765fadd93254c8581bb72ae0d777b9d998daa13a049dcdce", kill_on_drop: false }`
[INFO] [stdout] f8ed6b7baa564471765fadd93254c8581bb72ae0d777b9d998daa13a049dcdce
[INFO] running `Command { std: "docker" "create" "-v" "/var/lib/crater-agent-workspace/builds/worker-5-tc1/target:/opt/rustwide/target:rw,Z" "-v" "/var/lib/crater-agent-workspace/builds/worker-5-tc1/source:/opt/rustwide/workdir:ro,Z" "-v" "/var/lib/crater-agent-workspace/cargo-home:/opt/rustwide/cargo-home:ro,Z" "-v" "/var/lib/crater-agent-workspace/rustup-home:/opt/rustwide/rustup-home:ro,Z" "-e" "SOURCE_DIR=/opt/rustwide/workdir" "-e" "CARGO_TARGET_DIR=/opt/rustwide/target" "-e" "CARGO_INCREMENTAL=0" "-e" "RUST_BACKTRACE=full" "-e" "RUSTFLAGS=--cap-lints=warn" "-e" "RUSTDOCFLAGS=--cap-lints=warn" "-e" "CARGO_HOME=/opt/rustwide/cargo-home" "-e" "RUSTUP_HOME=/opt/rustwide/rustup-home" "-w" "/opt/rustwide/workdir" "-m" "1610612736" "--user" "0:0" "--network" "none" "ghcr.io/rust-lang/crates-build-env/linux@sha256:2788e3201cd34a07e3172128adcd8b3090168a8e3bcc40d7c032b9dda1df7d1c" "/opt/rustwide/cargo-home/bin/cargo" "+1.75.0" "doc" "--frozen" "--no-deps" "--document-private-items" "--message-format=json", kill_on_drop: false }`
[INFO] [stdout] 88f4536176425d2b8e31a126dae7141cec5a5b6a85aca6cd1301f3e12a878460
[INFO] running `Command { std: "docker" "start" "-a" "88f4536176425d2b8e31a126dae7141cec5a5b6a85aca6cd1301f3e12a878460", kill_on_drop: false }`
[INFO] [stderr] warning: /opt/rustwide/workdir/pomm/Cargo.toml: version requirement `=1.1.1+solana.1.15.2` for dependency `yellowstone-grpc-client` includes semver metadata which will be ignored, removing the metadata is recommended to avoid confusion
[INFO] [stderr] warning: /opt/rustwide/workdir/pomm/Cargo.toml: version requirement `=1.1.0+solana.1.15.2` for dependency `yellowstone-grpc-proto` includes semver metadata which will be ignored, removing the metadata is recommended to avoid confusion
[INFO] [stderr]    Compiling proc-macro2 v1.0.59
[INFO] [stderr]    Compiling quote v1.0.28
[INFO] [stderr]    Compiling unicode-ident v1.0.9
[INFO] [stderr]    Compiling libc v0.2.144
[INFO] [stderr]    Compiling serde v1.0.163
[INFO] [stderr]    Compiling syn v1.0.109
[INFO] [stderr]    Compiling typenum v1.16.0
[INFO] [stderr]    Compiling generic-array v0.14.7
[INFO] [stderr]    Compiling log v0.4.18
[INFO] [stderr]     Checking once_cell v1.17.2
[INFO] [stderr]    Compiling memchr v2.5.0
[INFO] [stderr]    Compiling thiserror v1.0.38
[INFO] [stderr]     Checking itoa v1.0.6
[INFO] [stderr]    Compiling anyhow v1.0.71
[INFO] [stderr]    Compiling semver v1.0.17
[INFO] [stderr]    Compiling syn v2.0.18
[INFO] [stderr]     Checking ppv-lite86 v0.2.17
[INFO] [stderr]     Checking subtle v2.4.1
[INFO] [stderr]    Compiling cfg-if v1.0.0
[INFO] [stderr]    Compiling rustc_version v0.4.0
[INFO] [stderr]    Compiling serde_json v1.0.96
[INFO] [stderr]    Compiling crossbeam-utils v0.8.15
[INFO] [stderr]    Compiling getrandom v0.1.16
[INFO] [stderr]     Checking getrandom v0.2.9
[INFO] [stderr]    Compiling jobserver v0.1.26
[INFO] [stderr]     Checking num_cpus v1.15.0
[INFO] [stderr]     Checking rand_core v0.6.4
[INFO] [stderr]     Checking ahash v0.7.6
[INFO] [stderr]     Checking pin-project-lite v0.2.9
[INFO] [stderr]    Compiling cc v1.0.79
[INFO] [stderr]    Compiling indexmap v1.9.3
[INFO] [stderr]    Compiling memoffset v0.8.0
[INFO] [stderr]     Checking byteorder v1.4.3
[INFO] [stderr]     Checking hashbrown v0.12.3
[INFO] [stderr]     Checking cpufeatures v0.2.7
[INFO] [stderr]    Compiling rustversion v1.0.12
[INFO] [stderr]    Compiling crossbeam-epoch v0.9.14
[INFO] [stderr]     Checking bytes v1.4.0
[INFO] [stderr]     Checking base64 v0.13.1
[INFO] [stderr]     Checking tinyvec_macros v0.1.1
[INFO] [stderr]     Checking tinyvec v1.6.0
[INFO] [stderr]    Compiling crunchy v0.2.2
[INFO] [stderr]    Compiling futures-core v0.3.28
[INFO] [stderr]     Checking ryu v1.0.13
[INFO] [stderr]    Compiling rayon-core v1.11.0
[INFO] [stderr]     Checking block-padding v0.2.1
[INFO] [stderr]    Compiling lock_api v0.4.9
[INFO] [stderr]    Compiling parking_lot_core v0.9.7
[INFO] [stderr]     Checking smallvec v1.10.0
[INFO] [stderr]    Compiling wasm-bindgen-shared v0.2.86
[INFO] [stderr]     Checking unicode-normalization v0.1.22
[INFO] [stderr]     Checking crossbeam-channel v0.5.8
[INFO] [stderr]    Compiling tokio v1.28.2
[INFO] [stderr]    Compiling feature-probe v0.1.1
[INFO] [stderr]     Checking parking_lot v0.12.1
[INFO] [stderr]    Compiling bv v0.11.1
[INFO] [stderr]     Checking rand_core v0.5.1
[INFO] [stderr]    Compiling blake3 v1.3.3
[INFO] [stderr]     Checking socket2 v0.4.9
[INFO] [stderr]     Checking signal-hook-registry v1.4.1
[INFO] [stderr]     Checking mio v0.8.8
[INFO] [stderr]    Compiling im v15.1.0
[INFO] [stderr]    Compiling slab v0.4.8
[INFO] [stderr]     Checking either v1.8.1
[INFO] [stderr]     Checking futures-sink v0.3.28
[INFO] [stderr]    Compiling bumpalo v3.13.0
[INFO] [stderr]    Compiling solana-frozen-abi-macro v1.14.9
[INFO] [stderr]     Checking rand_chacha v0.2.2
[INFO] [stderr]    Compiling solana-frozen-abi v1.14.9
[INFO] [stderr]    Compiling wasm-bindgen v0.2.86
[INFO] [stderr]     Checking crossbeam-deque v0.8.3
[INFO] [stderr]    Compiling futures-channel v0.3.28
[INFO] [stderr]    Compiling bs58 v0.4.0
[INFO] [stderr]    Compiling futures-task v0.3.28
[INFO] [stderr]     Checking rand v0.7.3
[INFO] [stderr]    Compiling futures-util v0.3.28
[INFO] [stderr]    Compiling solana-program v1.14.9
[INFO] [stderr]     Checking bitmaps v2.1.0
[INFO] [stderr]     Checking futures v0.1.31
[INFO] [stderr]     Checking keccak v0.1.4
[INFO] [stderr]     Checking arrayref v0.3.7
[INFO] [stderr]    Compiling wasm-bindgen-backend v0.2.86
[INFO] [stderr]     Checking arrayvec v0.7.2
[INFO] [stderr]     Checking rayon v1.7.0
[INFO] [stderr]     Checking futures-io v0.3.28
[INFO] [stderr]    Compiling ring v0.16.20
[INFO] [stderr]     Checking hashbrown v0.11.2
[INFO] [stderr]    Compiling borsh-schema-derive-internal v0.9.3
[INFO] [stderr]    Compiling borsh-derive-internal v0.9.3
[INFO] [stderr]    Compiling wasm-bindgen-macro-support v0.2.86
[INFO] [stderr]     Checking sized-chunks v0.6.5
[INFO] [stderr]     Checking rand_xoshiro v0.6.0
[INFO] [stderr]     Checking constant_time_eq v0.2.5
[INFO] [stderr]    Compiling pkg-config v0.3.27
[INFO] [stderr]     Checking memmap2 v0.5.10
[INFO] [stderr]     Checking base64 v0.12.3
[INFO] [stderr]     Checking itertools v0.10.5
[INFO] [stderr]     Checking atty v0.2.14
[INFO] [stderr]     Checking aho-corasick v1.0.1
[INFO] [stderr]     Checking tracing-core v0.1.31
[INFO] [stderr]     Checking regex-syntax v0.7.2
[INFO] [stderr]     Checking spin v0.5.2
[INFO] [stderr]     Checking untrusted v0.7.1
[INFO] [stderr]     Checking time v0.1.45
[INFO] [stderr]     Checking signature v1.6.4
[INFO] [stderr]     Checking iana-time-zone v0.1.56
[INFO] [stderr]     Checking termcolor v1.2.0
[INFO] [stderr]     Checking ed25519 v1.5.3
[INFO] [stderr]     Checking http v0.2.9
[INFO] [stderr]    Compiling solana-sdk v1.14.9
[INFO] [stderr]    Compiling serde_derive v1.0.163
[INFO] [stderr]    Compiling zeroize_derive v1.4.2
[INFO] [stderr]    Compiling tokio-macros v2.1.0
[INFO] [stderr]    Compiling bytemuck_derive v1.4.1
[INFO] [stderr]    Compiling wasm-bindgen-macro v0.2.86
[INFO] [stderr]    Compiling futures-macro v0.3.28
[INFO] [stderr]    Compiling thiserror-impl v1.0.38
[INFO] [stderr]     Checking zeroize v1.3.0
[INFO] [stderr]    Compiling num-derive v0.3.3
[INFO] [stderr]    Compiling solana-sdk-macro v1.14.9
[INFO] [stderr]     Checking bytemuck v1.13.0
[INFO] [stderr]     Checking regex v1.8.3
[INFO] [stderr]    Compiling tracing-attributes v0.1.24
[INFO] [stderr]     Checking env_logger v0.9.3
[INFO] [stderr]     Checking derivation-path v0.2.0
[INFO] [stderr]     Checking solana-logger v1.14.9
[INFO] [stderr]     Checking qstring v0.7.2
[INFO] [stderr]     Checking uriparse v0.6.4
[INFO] [stderr]     Checking assert_matches v1.5.0
[INFO] [stderr]    Compiling httparse v1.8.0
[INFO] [stderr]     Checking openssl-probe v0.1.5
[INFO] [stderr]     Checking sct v0.7.0
[INFO] [stderr]     Checking webpki v0.22.0
[INFO] [stderr]    Compiling openssl-sys v0.9.88
[INFO] [stderr]     Checking tower-service v0.3.2
[INFO] [stderr]     Checking http-body v0.4.5
[INFO] [stderr]     Checking try-lock v0.2.4
[INFO] [stderr]     Checking want v0.3.0
[INFO] [stderr]     Checking httpdate v1.0.2
[INFO] [stderr]     Checking form_urlencoded v1.1.0
[INFO] [stderr]     Checking unicode-bidi v0.3.13
[INFO] [stderr]    Compiling openssl v0.10.53
[INFO] [stderr]     Checking tracing v0.1.37
[INFO] [stderr]     Checking base64 v0.21.2
[INFO] [stderr]     Checking foreign-types-shared v0.1.1
[INFO] [stderr]     Checking idna v0.3.0
[INFO] [stderr]     Checking foreign-types v0.3.2
[INFO] [stderr]    Compiling openssl-macros v0.1.1
[INFO] [stderr]    Compiling native-tls v0.2.11
[INFO] [stderr]     Checking rustls-pemfile v1.0.2
[INFO] [stderr]     Checking miniz_oxide v0.7.1
[INFO] [stderr]     Checking url v2.3.1
[INFO] [stderr]     Checking mime v0.3.17
[INFO] [stderr]    Compiling rustls v0.21.1
[INFO] [stderr]     Checking flate2 v1.0.26
[INFO] [stderr]     Checking alloc-no-stdlib v2.0.4
[INFO] [stderr]     Checking alloc-stdlib v0.2.2
[INFO] [stderr]     Checking tokio-util v0.7.8
[INFO] [stderr]     Checking rustls-webpki v0.100.1
[INFO] [stderr]     Checking rand_chacha v0.3.1
[INFO] [stderr]     Checking brotli-decompressor v2.3.4
[INFO] [stderr]     Checking webpki-roots v0.22.6
[INFO] [stderr]     Checking rand v0.8.5
[INFO] [stderr]    Compiling io-lifetimes v1.0.11
[INFO] [stderr]     Checking h2 v0.3.19
[INFO] [stderr]    Compiling opaque-debug v0.3.0
[INFO] [stderr]     Checking encoding_rs v0.8.32
[INFO] [stderr]    Compiling rustix v0.37.19
[INFO] [stderr]     Checking brotli v3.3.4
[INFO] [stderr]     Checking ipnet v2.7.2
[INFO] [stderr]    Compiling enum-iterator-derive v0.8.1
[INFO] [stderr]    Compiling solana-program-runtime v1.14.9
[INFO] [stderr]     Checking tokio-rustls v0.24.0
[INFO] [stderr]     Checking gethostname v0.2.3
[INFO] [stderr]    Compiling nom8 v0.2.0
[INFO] [stderr]     Checking libloading v0.7.4
[INFO] [stderr]     Checking eager v0.1.0
[INFO] [stderr]    Compiling toml_datetime v0.5.1
[INFO] [stderr]    Compiling toml v0.5.11
[INFO] [stderr]     Checking bincode v1.3.3
[INFO] [stderr]     Checking digest v0.9.0
[INFO] [stderr]     Checking crypto-common v0.1.6
[INFO] [stderr]     Checking block-buffer v0.9.0
[INFO] [stderr]     Checking block-buffer v0.10.4
[INFO] [stderr]     Checking sha2 v0.9.9
[INFO] [stderr]     Checking digest v0.10.7
[INFO] [stderr]     Checking crypto-mac v0.8.0
[INFO] [stderr]     Checking hmac v0.8.1
[INFO] [stderr]     Checking curve25519-dalek v3.2.1
[INFO] [stderr]     Checking sha2 v0.10.6
[INFO] [stderr]     Checking hmac-drbg v0.3.0
[INFO] [stderr]    Compiling libsecp256k1-core v0.2.2
[INFO] [stderr]     Checking pbkdf2 v0.4.0
[INFO] [stderr]    Compiling proc-macro-crate v0.1.5
[INFO] [stderr]     Checking serde_bytes v0.11.9
[INFO] [stderr]    Compiling libsecp256k1-gen-genmult v0.2.1
[INFO] [stderr]    Compiling libsecp256k1-gen-ecmult v0.2.1
[INFO] [stderr]     Checking tiny-bip39 v0.8.2
[INFO] [stderr]     Checking sha3 v0.10.8
[INFO] [stderr]     Checking chrono v0.4.26
[INFO] [stderr]     Checking ed25519-dalek v1.0.1
[INFO] [stderr]     Checking hmac v0.12.1
[INFO] [stderr]     Checking pbkdf2 v0.11.0
[INFO] [stderr]     Checking hyper v0.14.26
[INFO] [stderr]     Checking ed25519-dalek-bip32 v0.2.0
[INFO] [stderr]    Compiling libsecp256k1 v0.6.0
[INFO] [stderr]    Compiling borsh-derive v0.9.3
[INFO] [stderr]     Checking tokio-native-tls v0.3.1
[INFO] [stderr]     Checking async-compression v0.4.0
[INFO] [stderr]     Checking cipher v0.3.0
[INFO] [stderr]     Checking serde_urlencoded v0.7.1
[INFO] [stderr]     Checking universal-hash v0.4.1
[INFO] [stderr]     Checking polyval v0.5.3
[INFO] [stderr]     Checking aes v0.7.5
[INFO] [stderr]     Checking ctr v0.8.0
[INFO] [stderr]     Checking aead v0.4.3
[INFO] [stderr]     Checking inout v0.1.3
[INFO] [stderr]     Checking enum-iterator v0.8.1
[INFO] [stderr]     Checking cipher v0.4.4
[INFO] [stderr]     Checking borsh v0.9.3
[INFO] [stderr]    Compiling toml_edit v0.18.1
[INFO] [stderr]     Checking aes-gcm-siv v0.10.3
[INFO] [stderr]     Checking sha3 v0.9.1
[INFO] [stderr]     Checking merlin v3.0.0
[INFO] [stderr]    Compiling unicode-segmentation v1.10.1
[INFO] [stderr]    Compiling num-traits v0.2.15
[INFO] [stderr]    Compiling heck v0.3.3
[INFO] [stderr]    Compiling proc-macro2-diagnostics v0.9.1
[INFO] [stderr]    Compiling heck v0.4.1
[INFO] [stderr]    Compiling rustls v0.20.8
[INFO] [stderr]    Compiling bitflags v1.3.2
[INFO] [stderr]    Compiling proc-macro-crate v1.3.0
[INFO] [stderr]    Compiling pin-project-internal v1.1.0
[INFO] [stderr]    Compiling solana-vote-program v1.14.9
[INFO] [stderr]    Compiling proc-macro-error-attr v1.0.4
[INFO] [stderr]    Compiling yansi v0.5.1
[INFO] [stderr]    Compiling lazy_static v1.4.0
[INFO] [stderr]    Compiling async-trait v0.1.68
[INFO] [stderr]    Compiling proc-macro2 v0.4.30
[INFO] [stderr]     Checking hyper-tls v0.5.0
[INFO] [stderr]     Checking hyper-rustls v0.24.0
[INFO] [stderr]     Checking reqwest v0.11.18
[INFO] [stderr]    Compiling num_enum_derive v0.5.11
[INFO] [stderr]     Checking pin-project v1.1.0
[INFO] [stderr]    Compiling num-bigint v0.4.3
[INFO] [stderr]    Compiling proc-macro-error v1.0.4
[INFO] [stderr]     Checking unicode-width v0.1.10
[INFO] [stderr]    Compiling bs58 v0.3.1
[INFO] [stderr]    Compiling anchor-syn v0.26.0
[INFO] [stderr]    Compiling time-core v0.1.1
[INFO] [stderr]     Checking linux-raw-sys v0.3.8
[INFO] [stderr]    Compiling scopeguard v1.1.0
[INFO] [stderr]    Compiling time-macros v0.2.9
[INFO] [stderr]     Checking num_enum v0.5.9
[INFO] [stderr]    Compiling quote v0.6.13
[INFO] [stderr]    Compiling prost-derive v0.11.9
[INFO] [stderr]    Compiling zstd-sys v2.0.8+zstd.1.5.5
[INFO] [stderr]     Checking fastrand v1.9.0
[INFO] [stderr]    Compiling syn v0.15.44
[INFO] [stderr]     Checking time v0.3.21
[INFO] [stderr]     Checking tempfile v3.5.0
[INFO] [stderr]     Checking futures-executor v0.3.28
[INFO] [stderr]     Checking rustls-native-certs v0.6.2
[INFO] [stderr]    Compiling unicode-xid v0.2.4
[INFO] [stderr]     Checking nom v7.1.3
[INFO] [stderr]    Compiling synstructure v0.12.6
[INFO] [stderr]     Checking console v0.15.7
[INFO] [stderr]     Checking nix v0.24.3
[INFO] [stderr]     Checking solana-rayon-threadlimit v1.14.9
[INFO] [stderr]    Compiling num-bigint v0.2.6
[INFO] [stderr]    Compiling zstd-safe v5.0.2+zstd.1.5.2
[INFO] [stderr]    Compiling solana-perf v1.14.9
[INFO] [stderr]    Compiling prettyplease v0.1.25
[INFO] [stderr]    Compiling dlopen_derive v0.1.4
[INFO] [stderr]     Checking rusticata-macros v4.1.0
[INFO] [stderr]    Compiling asn1-rs-derive v0.4.0
[INFO] [stderr]    Compiling prost v0.11.9
[INFO] [stderr]     Checking textwrap v0.11.0
[INFO] [stderr]     Checking dlopen v0.1.8
[INFO] [stderr]     Checking caps v0.5.5
[INFO] [stderr]    Compiling asn1-rs-impl v0.1.0
[INFO] [stderr]    Compiling displaydoc v0.2.4
[INFO] [stderr]    Compiling autotools v0.2.6
[INFO] [stderr]    Compiling solana-address-lookup-table-program v1.14.9
[INFO] [stderr]    Compiling num-rational v0.2.4
[INFO] [stderr]    Compiling num-complex v0.2.4
[INFO] [stderr]    Compiling num-iter v0.1.43
[INFO] [stderr]     Checking utf-8 v0.7.6
[INFO] [stderr]     Checking strsim v0.8.0
[INFO] [stderr]     Checking shell-words v1.1.0
[INFO] [stderr]    Compiling fixedbitset v0.4.2
[INFO] [stderr]     Checking ansi_term v0.12.1
[INFO] [stderr]    Compiling petgraph v0.6.3
[INFO] [stderr]     Checking clap v2.34.0
[INFO] [stderr]     Checking dialoguer v0.10.4
[INFO] [stderr]     Checking asn1-rs v0.5.2
[INFO] [stderr]    Compiling protobuf-src v1.1.0+21.5
[INFO] [stderr]    Compiling prost-types v0.11.9
[INFO] [stderr]     Checking futures v0.3.28
[INFO] [stderr]     Checking tokio-rustls v0.23.4
[INFO] [stderr]    Compiling shank_macro_impl v0.0.12
[INFO] [stderr]    Compiling which v4.4.0
[INFO] [stderr]    Compiling axum-core v0.3.4
[INFO] [stderr]     Checking rustls-pemfile v0.2.1
[INFO] [stderr]     Checking fxhash v0.2.1
[INFO] [stderr]    Compiling solana-version v1.14.9
[INFO] [stderr]    Compiling oid-registry v0.6.1
[INFO] [stderr]    Compiling multimap v0.8.3
[INFO] [stderr]     Checking const-oid v0.7.1
[INFO] [stderr]    Compiling rustc-hash v1.1.0
[INFO] [stderr]     Checking linked-hash-map v0.5.6
[INFO] [stderr]     Checking tower-layer v0.3.2
[INFO] [stderr]     Checking der v0.5.1
[INFO] [stderr]    Compiling prost-build v0.11.9
[INFO] [stderr]     Checking yaml-rust v0.4.5
[INFO] [stderr]     Checking quinn-proto v0.8.4
[INFO] [stderr]    Compiling shank_render v0.0.1
[INFO] [stderr]    Compiling num-integer v0.1.45
[INFO] [stderr]     Checking rpassword v6.0.1
[INFO] [stderr]     Checking tokio-stream v0.1.14
[INFO] [stderr]    Compiling bzip2-sys v0.1.11+1.0.8
[INFO] [stderr]    Compiling memoffset v0.6.5
[INFO] [stderr]    Compiling axum v0.6.18
[INFO] [stderr]    Compiling lz4-sys v1.9.4
[INFO] [stderr]     Checking dirs-sys-next v0.1.2
[INFO] [stderr]     Checking os_str_bytes v6.5.0
[INFO] [stderr]     Checking base64ct v1.6.0
[INFO] [stderr]     Checking clap_lex v0.2.4
[INFO] [stderr]     Checking spki v0.5.4
[INFO] [stderr]     Checking dirs-next v2.0.0
[INFO] [stderr]     Checking der-parser v8.2.0
[INFO] [stderr]     Checking num v0.2.1
[INFO] [stderr]    Compiling shank_macro v0.0.12
[INFO] [stderr]    Compiling tonic-build v0.8.4
[INFO] [stderr]     Checking quinn-udp v0.1.4
[INFO] [stderr]     Checking serde_yaml v0.8.26
[INFO] [stderr]     Checking tower v0.4.13
[INFO] [stderr]     Checking yasna v0.5.2
[INFO] [stderr]    Compiling clap_derive v3.2.25
[INFO] [stderr]     Checking sha-1 v0.10.1
[INFO] [stderr]     Checking tokio-io-timeout v1.2.0
[INFO] [stderr]     Checking Inflector v0.11.4
[INFO] [stderr]    Compiling scroll_derive v0.11.0
[INFO] [stderr]    Compiling modular-bitfield-impl v0.11.2
[INFO] [stderr]    Compiling async-stream-impl v0.3.5
[INFO] [stderr]     Checking pem v1.1.1
[INFO] [stderr]    Compiling solana-stake-program v1.14.9
[INFO] [stderr]     Checking textwrap v0.16.0
[INFO] [stderr]     Checking data-encoding v2.4.0
[INFO] [stderr]     Checking sync_wrapper v0.1.2
[INFO] [stderr]     Checking matchit v0.7.0
[INFO] [stderr]     Checking strsim v0.10.0
[INFO] [stderr]     Checking same-file v1.0.6
[INFO] [stderr]     Checking void v1.0.2
[INFO] [stderr]     Checking walkdir v2.3.3
[INFO] [stderr]     Checking unreachable v1.0.0
[INFO] [stderr]     Checking x509-parser v0.14.0
[INFO] [stderr]     Checking async-stream v0.3.5
[INFO] [stderr]    Compiling ouroboros_macro v0.15.6
[INFO] [stderr]     Checking rcgen v0.9.3
[INFO] [stderr]     Checking scroll v0.11.0
[INFO] [stderr]     Checking modular-bitfield v0.11.2
[INFO] [stderr]     Checking hyper-timeout v0.4.1
[INFO] [stderr]     Checking tungstenite v0.17.3
[INFO] [stderr]    Compiling enum-ordinalize v3.1.13
[INFO] [stderr]     Checking clap v3.2.25
[INFO] [stderr]     Checking shank v0.0.12
[INFO] [stderr]     Checking quinn v0.8.5
[INFO] [stderr]     Checking percentage v0.1.0
[INFO] [stderr]     Checking pkcs8 v0.8.0
[INFO] [stderr]     Checking tracing-futures v0.2.5
[INFO] [stderr]    Compiling strum_macros v0.24.3
[INFO] [stderr]     Checking lib-sokoban v0.3.0
[INFO] [stderr]    Compiling serde_derive_internals v0.26.0
[INFO] [stderr]     Checking sharded-slab v0.1.4
[INFO] [stderr]    Compiling solana-runtime v1.14.9
[INFO] [stderr]     Checking xattr v0.2.3
[INFO] [stderr]     Checking filetime v0.2.21
[INFO] [stderr]     Checking thread_local v1.1.7
[INFO] [stderr]     Checking event-listener v2.5.3
[INFO] [stderr]     Checking plain v0.2.3
[INFO] [stderr]    Compiling schemars v0.8.15
[INFO] [stderr]     Checking ascii v0.9.3
[INFO] [stderr]     Checking histogram v0.6.9
[INFO] [stderr]     Checking number_prefix v0.4.0
[INFO] [stderr]     Checking aliasable v0.1.3
[INFO] [stderr]     Checking solana-security-txt v1.1.0
[INFO] [stderr]     Checking indicatif v0.16.2
[INFO] [stderr]     Checking ouroboros v0.15.6
[INFO] [stderr]    Compiling schemars_derive v0.8.15
[INFO] [stderr]     Checking goblin v0.5.4
[INFO] [stderr]     Checking tracing-subscriber v0.3.17
[INFO] [stderr]     Checking combine v3.8.1
[INFO] [stderr]     Checking async-mutex v1.4.0
[INFO] [stderr]     Checking tar v0.4.38
[INFO] [stderr]    Compiling educe v0.4.22
[INFO] [stderr]     Checking tokio-tungstenite v0.17.2
[INFO] [stderr]     Checking strum v0.24.1
[INFO] [stderr]     Checking dir-diff v0.3.2
[INFO] [stderr]     Checking jsonrpc-core v18.0.0
[INFO] [stderr]    Compiling anchor-derive-accounts v0.26.0
[INFO] [stderr]     Checking tonic v0.8.3
[INFO] [stderr]    Compiling anchor-attribute-account v0.26.0
[INFO] [stderr]    Compiling anchor-attribute-constant v0.26.0
[INFO] [stderr]    Compiling anchor-attribute-interface v0.26.0
[INFO] [stderr]    Compiling anchor-attribute-state v0.26.0
[INFO] [stderr]    Compiling anchor-attribute-event v0.26.0
[INFO] [stderr]    Compiling anchor-attribute-error v0.26.0
[INFO] [stderr]    Compiling anchor-attribute-access-control v0.26.0
[INFO] [stderr]    Compiling anchor-attribute-program v0.26.0
[INFO] [stderr]     Checking opentelemetry v0.17.0
[INFO] [stderr]    Compiling enum_dispatch v0.3.11
[INFO] [stderr]     Checking dashmap v4.0.2
[INFO] [stderr]     Checking hash32 v0.2.1
[INFO] [stderr]     Checking index_list v0.2.7
[INFO] [stderr]     Checking symlink v0.1.0
[INFO] [stderr]     Checking dyn-clone v1.0.14
[INFO] [stderr]    Compiling rust_decimal v1.29.1
[INFO] [stderr]     Checking rustc-demangle v0.1.23
[INFO] [stderr]     Checking tracing-opentelemetry v0.17.4
[INFO] [stderr]     Checking tokio-serde v0.8.0
[INFO] [stderr]     Checking sha-1 v0.9.8
[INFO] [stderr]     Checking hex v0.4.3
[INFO] [stderr]     Checking tokio-util v0.6.10
[INFO] [stderr]    Compiling tarpc-plugins v0.12.0
[INFO] [stderr]     Checking input_buffer v0.4.0
[INFO] [stderr]     Checking solana_rbpf v0.2.31
[INFO] [stderr]     Checking instant v0.1.12
[INFO] [stderr]     Checking backoff v0.4.0
[INFO] [stderr]     Checking tungstenite v0.12.0
[INFO] [stderr]     Checking pyth-sdk v0.7.0
[INFO] [stderr]     Checking chrono-humanize v0.2.2
[INFO] [stderr]     Checking crypto-mac v0.10.1
[INFO] [stderr]     Checking hashbrown v0.14.0
[INFO] [stderr]     Checking equivalent v1.0.1
[INFO] [stderr]     Checking hmac v0.10.1
[INFO] [stderr]     Checking tokio-tungstenite v0.13.0
[INFO] [stderr]     Checking serde_spanned v0.6.3
[INFO] [stderr]     Checking indexmap v2.0.0
[INFO] [stderr]     Checking toml_datetime v0.6.3
[INFO] [stderr]     Checking uuid v0.8.2
[INFO] [stderr]     Checking tarpc v0.29.0
[INFO] [stderr]     Checking dirs-sys v0.3.7
[INFO] [stderr]     Checking winnow v0.5.15
[INFO] [stderr]    Compiling rust_decimal_macros v1.29.1
[INFO] [stderr]     Checking option-ext v0.2.0
[INFO] [stderr]     Checking dirs-sys v0.4.1
[INFO] [stderr]     Checking coinbase-pro-rs v0.8.1
[INFO] [stderr]     Checking dirs v4.0.0
[INFO] [stderr]    Compiling structopt-derive v0.4.18
[INFO] [stderr]     Checking shellexpand v2.1.2
[INFO] [stderr]     Checking dirs v5.0.1
[INFO] [stderr]     Checking bs58 v0.5.0
[INFO] [stderr]     Checking toml_edit v0.20.0
[INFO] [stderr]     Checking structopt v0.3.26
[INFO] [stderr]     Checking bzip2 v0.4.4
[INFO] [stderr]     Checking toml v0.8.0
[INFO] [stderr]     Checking spl-memo v3.0.1
[INFO] [stderr]     Checking spl-token v3.5.0
[INFO] [stderr]     Checking anchor-lang v0.26.0
[INFO] [stderr]     Checking pyth-sdk-solana v0.7.2
[INFO] [stderr]     Checking solana-measure v1.14.9
[INFO] [stderr]     Checking solana-metrics v1.14.9
[INFO] [stderr]     Checking solana-zk-token-sdk v1.14.9
[INFO] [stderr]     Checking solana-remote-wallet v1.14.9
[INFO] [stderr]     Checking solana-bucket-map v1.14.9
[INFO] [stderr]     Checking lz4 v1.24.0
[INFO] [stderr]     Checking solana-net-utils v1.14.9
[INFO] [stderr]    Compiling ellipsis-macros v0.1.1
[INFO] [stderr]     Checking solana-config-program v1.14.9
[INFO] [stderr]     Checking solana-compute-budget-program v1.14.9
[INFO] [stderr]     Checking spl-token-2022 v0.4.3
[INFO] [stderr]     Checking spl-token-2022 v0.5.0
[INFO] [stderr]     Checking solana-zk-token-proof-program v1.14.9
[INFO] [stderr]     Checking solana-bpf-loader-program v1.14.9
[INFO] [stderr]     Checking zstd v0.11.2+zstd.1.5.2
[INFO] [stderr]     Checking solana-clap-utils v1.14.9
[INFO] [stderr]     Checking solana-streamer v1.14.9
[INFO] [stderr]     Checking spl-associated-token-account v1.1.1
[INFO] [stderr]     Checking phoenix-v1 v0.2.3
[INFO] [stderr]     Checking anchor-spl v0.26.0
[INFO] [stderr]     Checking solana-cli-config v1.14.9
[INFO] [stderr]     Checking solana-account-decoder v1.14.9
[INFO] [stderr]     Checking solana-faucet v1.14.9
[INFO] [stderr]     Checking generic-token-faucet v0.1.2
[INFO] [stderr]     Checking phoenix-seat-manager v0.1.1
[INFO] [stderr]     Checking phoenix-onchain-mm v0.1.1 (/opt/rustwide/workdir/programs/phoenix-onchain-mm)
[INFO] [stderr]  Documenting phoenix-onchain-mm v0.1.1 (/opt/rustwide/workdir/programs/phoenix-onchain-mm)
[INFO] [stderr]     Checking solana-transaction-status v1.14.9
[INFO] [stderr]     Checking solana-client v1.14.9
[INFO] [stderr]     Checking solana-send-transaction-service v1.14.9
[INFO] [stderr] error: failed to run custom build command for `protobuf-src v1.1.0+21.5`
[INFO] [stderr] note: To improve backtraces for build dependencies, set the CARGO_PROFILE_DEV_BUILD_OVERRIDE_DEBUG=true environment variable to enable debug information generation.
[INFO] [stderr] 
[INFO] [stderr] Caused by:
[INFO] [stderr]   process didn't exit successfully: `/opt/rustwide/target/debug/build/protobuf-src-3b8147438dbba09f/build-script-build` (exit status: 101)
[INFO] [stderr]   --- stdout
[INFO] [stderr]   running: cd "/opt/rustwide/target/debug/build/protobuf-src-5f9c187b947a2842/out/install/build" && CC="cc" CFLAGS="-O0 -ffunction-sections -fdata-sections -fPIC -m64" CXX="c++" CXXFLAGS="-O0 -ffunction-sections -fdata-sections -fPIC -m64" "sh" "-c" "exec \"$0\" \"$@\"" "/opt/rustwide/cargo-home/registry/src/index.crates.io-6f17d22bba15001f/protobuf-src-1.1.0+21.5/protobuf/configure" "--prefix=/opt/rustwide/target/debug/build/protobuf-src-5f9c187b947a2842/out/install" "--disable-shared" "--enable-static" "--disable-maintainer-mode"
[INFO] [stderr]   checking whether to enable maintainer-specific portions of Makefiles... no
[INFO] [stderr]   checking build system type... x86_64-pc-linux-gnu
[INFO] [stderr]   checking host system type... x86_64-pc-linux-gnu
[INFO] [stderr]   checking target system type... x86_64-pc-linux-gnu
[INFO] [stderr]   checking for a BSD-compatible install... /usr/bin/install -c
[INFO] [stderr]   checking whether build environment is sane... yes
[INFO] [stderr]   checking for a race-free mkdir -p... /usr/bin/mkdir -p
[INFO] [stderr]   checking for gawk... no
[INFO] [stderr]   checking for mawk... mawk
[INFO] [stderr]   checking whether make sets $(MAKE)... yes
[INFO] [stderr]   checking whether make supports nested variables... yes
[INFO] [stderr]   checking whether UID '0' is supported by ustar format... yes
[INFO] [stderr]   checking whether GID '0' is supported by ustar format... yes
[INFO] [stderr]   checking how to create a ustar tar archive... gnutar
[INFO] [stderr]   checking whether make supports nested variables... (cached) yes
[INFO] [stderr]   checking for gcc... cc
[INFO] [stderr]   checking whether the C compiler works... yes
[INFO] [stderr]   checking for C compiler default output file name... a.out
[INFO] [stderr]   checking for suffix of executables... 
[INFO] [stderr]   checking whether we are cross compiling... no
[INFO] [stderr]   checking for suffix of object files... o
[INFO] [stderr]   checking whether the compiler supports GNU C... yes
[INFO] [stderr]   checking whether cc accepts -g... yes
[INFO] [stderr]   checking for cc option to enable C11 features... none needed
[INFO] [stderr]   checking whether cc understands -c and -o together... yes
[INFO] [stderr]   checking whether make supports the include directive... yes (GNU style)
[INFO] [stderr]   checking dependency style of cc... gcc3
[INFO] [stderr]   checking whether the compiler supports GNU C++... yes
[INFO] [stderr]   checking whether c++ accepts -g... yes
[INFO] [stderr]   checking for c++ option to enable C++11 features... none needed
[INFO] [stderr]   checking dependency style of c++... gcc3
[INFO] [stderr]   checking how to run the C preprocessor... cc -E
[INFO] [stderr]   checking for gcc... gcc
[INFO] [stderr]   checking whether the compiler supports GNU C... (cached) yes
[INFO] [stderr]   checking whether gcc accepts -g... yes
[INFO] [stderr]   checking for gcc option to enable C11 features... (cached) none needed
[INFO] [stderr]   checking whether gcc understands -c and -o together... (cached) yes
[INFO] [stderr]   checking dependency style of gcc... (cached) gcc3
[INFO] [stderr]   checking how to run the C preprocessor... gcc -E
[INFO] [stderr]   checking how to run the C++ preprocessor... c++ -E
[INFO] [stderr]   checking for g++... g++
[INFO] [stderr]   checking whether the compiler supports GNU C++... (cached) yes
[INFO] [stderr]   checking whether g++ accepts -g... yes
[INFO] [stderr]   checking for g++ option to enable C++11 features... (cached) none needed
[INFO] [stderr]   checking dependency style of g++... (cached) gcc3
[INFO] [stderr]   checking how to run the C++ preprocessor... g++ -E
[INFO] [stderr]   checking for stdio.h... yes
[INFO] [stderr]   checking for stdlib.h... yes
[INFO] [stderr]   checking for string.h... yes
[INFO] [stderr]   checking for inttypes.h... yes
[INFO] [stderr]   checking for stdint.h... yes
[INFO] [stderr]   checking for strings.h... yes
[INFO] [stderr]   checking for sys/stat.h... yes
[INFO] [stderr]   checking for sys/types.h... yes
[INFO] [stderr]   checking for unistd.h... yes
[INFO] [stderr]   checking for wchar.h... yes
[INFO] [stderr]   checking for minix/config.h... no
[INFO] [stderr]   checking whether it is safe to define __EXTENSIONS__... yes
[INFO] [stderr]   checking whether _XOPEN_SOURCE should be defined... no
[INFO] [stderr]   checking for ar... ar
[INFO] [stderr]   checking the archiver (ar) interface... ar
[INFO] [stderr]   checking C++ compiler flags...... use user-supplied: -O0 -ffunction-sections -fdata-sections -fPIC -m64
[INFO] [stderr]   checking for c++ options needed to detect all undeclared functions... none needed
[INFO] [stderr]   checking whether __SUNPRO_CC is declared... no
[INFO] [stderr]   checking how to print strings... printf
[INFO] [stderr]   checking for a sed that does not truncate output... /usr/bin/sed
[INFO] [stderr]   checking for grep that handles long lines and -e... /usr/bin/grep
[INFO] [stderr]   checking for egrep... /usr/bin/grep -E
[INFO] [stderr]   checking for fgrep... /usr/bin/grep -F
[INFO] [stderr]   checking for ld used by cc... /usr/bin/ld
[INFO] [stderr]   checking if the linker (/usr/bin/ld) is GNU ld... yes
[INFO] [stderr]   checking for BSD- or MS-compatible name lister (nm)... /usr/bin/nm -B
[INFO] [stderr]   checking the name lister (/usr/bin/nm -B) interface... BSD nm
[INFO] [stderr]   checking whether ln -s works... yes
[INFO] [stderr]   checking the maximum length of command line arguments... 1572864
[INFO] [stderr]   checking how to convert x86_64-pc-linux-gnu file names to x86_64-pc-linux-gnu format... func_convert_file_noop
[INFO] [stderr]   checking how to convert x86_64-pc-linux-gnu file names to toolchain format... func_convert_file_noop
[INFO] [stderr]   checking for /usr/bin/ld option to reload object files... -r
[INFO] [stderr]   checking for file... file
[INFO] [stderr]   checking for objdump... objdump
[INFO] [stderr]   checking how to recognize dependent libraries... pass_all
[INFO] [stderr]   checking for dlltool... no
[INFO] [stderr]   checking how to associate runtime and link libraries... printf %s\n
[INFO] [stderr]   checking for archiver @FILE support... @
[INFO] [stderr]   checking for strip... strip
[INFO] [stderr]   checking for ranlib... ranlib
[INFO] [stderr]   checking command to parse /usr/bin/nm -B output from cc object... ok
[INFO] [stderr]   checking for sysroot... no
[INFO] [stderr]   checking for a working dd... /usr/bin/dd
[INFO] [stderr]   checking how to truncate binary pipes... /usr/bin/dd bs=4096 count=1
[INFO] [stderr]   checking for mt... no
[INFO] [stderr]   checking if : is a manifest tool... no
[INFO] [stderr]   checking for dlfcn.h... yes
[INFO] [stderr]   checking for objdir... .libs
[INFO] [stderr]   checking if cc supports -fno-rtti -fno-exceptions... no
[INFO] [stderr]   checking for cc option to produce PIC... -fPIC -DPIC
[INFO] [stderr]   checking if cc PIC flag -fPIC -DPIC works... yes
[INFO] [stderr]   checking if cc static flag -static works... yes
[INFO] [stderr]   checking if cc supports -c -o file.o... yes
[INFO] [stderr]   checking if cc supports -c -o file.o... (cached) yes
[INFO] [stderr]   checking whether the cc linker (/usr/bin/ld -m elf_x86_64) supports shared libraries... yes
[INFO] [stderr]   checking dynamic linker characteristics... GNU/Linux ld.so
[INFO] [stderr]   checking how to hardcode library paths into programs... immediate
[INFO] [stderr]   checking whether stripping libraries is possible... yes
[INFO] [stderr]   checking if libtool supports shared libraries... yes
[INFO] [stderr]   checking whether to build shared libraries... no
[INFO] [stderr]   checking whether to build static libraries... yes
[INFO] [stderr]   checking how to run the C++ preprocessor... c++ -E
[INFO] [stderr]   checking for ld used by c++... /usr/bin/ld -m elf_x86_64
[INFO] [stderr]   checking if the linker (/usr/bin/ld -m elf_x86_64) is GNU ld... yes
[INFO] [stderr]   checking whether the c++ linker (/usr/bin/ld -m elf_x86_64) supports shared libraries... yes
[INFO] [stderr]   checking for c++ option to produce PIC... -fPIC -DPIC
[INFO] [stderr]   checking if c++ PIC flag -fPIC -DPIC works... yes
[INFO] [stderr]   checking if c++ static flag -static works... yes
[INFO] [stderr]   checking if c++ supports -c -o file.o... yes
[INFO] [stderr]   checking if c++ supports -c -o file.o... (cached) yes
[INFO] [stderr]   checking whether the c++ linker (/usr/bin/ld -m elf_x86_64) supports shared libraries... yes
[INFO] [stderr]   checking dynamic linker characteristics... (cached) GNU/Linux ld.so
[INFO] [stderr]   checking how to hardcode library paths into programs... immediate
[INFO] [stderr]   checking whether the linker supports version scripts... yes
[INFO] [stderr]   checking for egrep... (cached) /usr/bin/grep -E
[INFO] [stderr]   checking for fcntl.h... yes
[INFO] [stderr]   checking for inttypes.h... (cached) yes
[INFO] [stderr]   checking for limits.h... yes
[INFO] [stderr]   checking for stdlib.h... (cached) yes
[INFO] [stderr]   checking for unistd.h... (cached) yes
[INFO] [stderr]   checking for working memcmp... yes
[INFO] [stderr]   checking for working strtod... yes
[INFO] [stderr]   checking for ftruncate... yes
[INFO] [stderr]   checking for memset... yes
[INFO] [stderr]   checking for mkdir... yes
[INFO] [stderr]   checking for strchr... yes
[INFO] [stderr]   checking for strerror... yes
[INFO] [stderr]   checking for strtol... yes
[INFO] [stderr]   checking zlib version... ok (1.2.0.4 or later)
[INFO] [stderr]   checking for library containing zlibVersion... -lz
[INFO] [stderr]   checking whether c++ supports C++11 features by default... yes
[INFO] [stderr]   checking whether -latomic is needed... no
[INFO] [stderr]   checking whether cc is Clang... no
[INFO] [stderr]   checking whether pthreads work with "-pthread" and "-lpthread"... yes
[INFO] [stderr]   checking for joinable pthread attribute... PTHREAD_CREATE_JOINABLE
[INFO] [stderr]   checking whether more special flags are required for pthreads... no
[INFO] [stderr]   checking for PTHREAD_PRIO_INHERIT... yes
[INFO] [stderr]   checking the location of hash_map... <unordered_map>
[INFO] [stderr]   checking whether -llog is needed... no
[INFO] [stderr]   checking that generated files are newer than configure... done
[INFO] [stderr]   configure: creating ./config.status
[INFO] [stderr]   config.status: creating Makefile
[INFO] [stderr]   config.status: creating src/Makefile
[INFO] [stderr]   config.status: creating benchmarks/Makefile
[INFO] [stderr]   config.status: creating conformance/Makefile
[INFO] [stderr]   config.status: creating protobuf.pc
[INFO] [stderr]   config.status: creating protobuf-lite.pc
[INFO] [stderr]   config.status: creating config.h
[INFO] [stderr]   config.status: executing depfiles commands
[INFO] [stderr]   config.status: executing libtool commands
[INFO] [stderr]   === configuring in third_party/googletest (/opt/rustwide/target/debug/build/protobuf-src-5f9c187b947a2842/out/install/build/third_party/googletest)
[INFO] [stderr]   configure: running /bin/bash /opt/rustwide/cargo-home/registry/src/index.crates.io-6f17d22bba15001f/protobuf-src-1.1.0+21.5/protobuf/third_party/googletest/configure --disable-option-checking '--prefix=/opt/rustwide/target/debug/build/protobuf-src-5f9c187b947a2842/out/install'  '--disable-shared' '--enable-static' '--disable-maintainer-mode' 'CC=cc' 'CFLAGS=-O0 -ffunction-sections -fdata-sections -fPIC -m64' 'CXX=c++' 'CXXFLAGS=-O0 -ffunction-sections -fdata-sections -fPIC -m64' --cache-file=/dev/null --srcdir=/opt/rustwide/cargo-home/registry/src/index.crates.io-6f17d22bba15001f/protobuf-src-1.1.0+21.5/protobuf/third_party/googletest
[INFO] [stderr]   checking for a BSD-compatible install... /usr/bin/install -c
[INFO] [stderr]   checking whether build environment is sane... yes
[INFO] [stderr]   checking for a race-free mkdir -p... /usr/bin/mkdir -p
[INFO] [stderr]   checking for gawk... no
[INFO] [stderr]   checking for mawk... mawk
[INFO] [stderr]   checking whether make sets $(MAKE)... yes
[INFO] [stderr]   checking whether make supports nested variables... yes
[INFO] [stderr]   checking that generated files are newer than configure... done
[INFO] [stderr]   configure: creating ./config.status
[INFO] [stderr]   config.status: creating Makefile
[INFO] [stderr]   === configuring in googletest (/opt/rustwide/target/debug/build/protobuf-src-5f9c187b947a2842/out/install/build/third_party/googletest/googletest)
[INFO] [stderr]   configure: running /bin/bash /opt/rustwide/cargo-home/registry/src/index.crates.io-6f17d22bba15001f/protobuf-src-1.1.0+21.5/protobuf/third_party/googletest/googletest/configure --disable-option-checking '--prefix=/opt/rustwide/target/debug/build/protobuf-src-5f9c187b947a2842/out/install'  '--disable-shared' '--enable-static' '--disable-maintainer-mode' 'CC=cc' 'CFLAGS=-O0 -ffunction-sections -fdata-sections -fPIC -m64' 'CXX=c++' 'CXXFLAGS=-O0 -ffunction-sections -fdata-sections -fPIC -m64' --cache-file=/dev/null --srcdir=/opt/rustwide/cargo-home/registry/src/index.crates.io-6f17d22bba15001f/protobuf-src-1.1.0+21.5/protobuf/third_party/googletest/googletest
[INFO] [stderr]   checking for a BSD-compatible install... /usr/bin/install -c
[INFO] [stderr]   checking whether build environment is sane... yes
[INFO] [stderr]   checking for a race-free mkdir -p... /usr/bin/mkdir -p
[INFO] [stderr]   checking for gawk... no
[INFO] [stderr]   checking for mawk... mawk
[INFO] [stderr]   checking whether make sets $(MAKE)... yes
[INFO] [stderr]   checking whether make supports nested variables... yes
[INFO] [stderr]   checking for gcc... cc
[INFO] [stderr]   checking whether the C compiler works... yes
[INFO] [stderr]   checking for C compiler default output file name... a.out
[INFO] [stderr]   checking for suffix of executables... 
[INFO] [stderr]   checking whether we are cross compiling... no
[INFO] [stderr]   checking for suffix of object files... o
[INFO] [stderr]   checking whether the compiler supports GNU C... yes
[INFO] [stderr]   checking whether cc accepts -g... yes
[INFO] [stderr]   checking for cc option to enable C11 features... none needed
[INFO] [stderr]   checking whether cc understands -c and -o together... yes
[INFO] [stderr]   checking whether make supports the include directive... yes (GNU style)
[INFO] [stderr]   checking dependency style of cc... gcc3
[INFO] [stderr]   checking whether the compiler supports GNU C++... yes
[INFO] [stderr]   checking whether c++ accepts -g... yes
[INFO] [stderr]   checking for c++ option to enable C++11 features... none needed
[INFO] [stderr]   checking dependency style of c++... gcc3
[INFO] [stderr]   checking build system type... x86_64-pc-linux-gnu
[INFO] [stderr]   checking host system type... x86_64-pc-linux-gnu
[INFO] [stderr]   checking how to print strings... printf
[INFO] [stderr]   checking for a sed that does not truncate output... /usr/bin/sed
[INFO] [stderr]   checking for grep that handles long lines and -e... /usr/bin/grep
[INFO] [stderr]   checking for egrep... /usr/bin/grep -E
[INFO] [stderr]   checking for fgrep... /usr/bin/grep -F
[INFO] [stderr]   checking for ld used by cc... /usr/bin/ld
[INFO] [stderr]   checking if the linker (/usr/bin/ld) is GNU ld... yes
[INFO] [stderr]   checking for BSD- or MS-compatible name lister (nm)... /usr/bin/nm -B
[INFO] [stderr]   checking the name lister (/usr/bin/nm -B) interface... BSD nm
[INFO] [stderr]   checking whether ln -s works... yes
[INFO] [stderr]   checking the maximum length of command line arguments... 1572864
[INFO] [stderr]   checking how to convert x86_64-pc-linux-gnu file names to x86_64-pc-linux-gnu format... func_convert_file_noop
[INFO] [stderr]   checking how to convert x86_64-pc-linux-gnu file names to toolchain format... func_convert_file_noop
[INFO] [stderr]   checking for /usr/bin/ld option to reload object files... -r
[INFO] [stderr]   checking for file... file
[INFO] [stderr]   checking for objdump... objdump
[INFO] [stderr]   checking how to recognize dependent libraries... pass_all
[INFO] [stderr]   checking for dlltool... no
[INFO] [stderr]   checking how to associate runtime and link libraries... printf %s\n
[INFO] [stderr]   checking for ar... ar
[INFO] [stderr]   checking for archiver @FILE support... @
[INFO] [stderr]   checking for strip... strip
[INFO] [stderr]   checking for ranlib... ranlib
[INFO] [stderr]   checking command to parse /usr/bin/nm -B output from cc object... ok
[INFO] [stderr]   checking for sysroot... no
[INFO] [stderr]   checking for a working dd... /usr/bin/dd
[INFO] [stderr]   checking how to truncate binary pipes... /usr/bin/dd bs=4096 count=1
[INFO] [stderr]   checking for mt... no
[INFO] [stderr]   checking if : is a manifest tool... no
[INFO] [stderr]   checking for stdio.h... yes
[INFO] [stderr]   checking for stdlib.h... yes
[INFO] [stderr]   checking for string.h... yes
[INFO] [stderr]   checking for inttypes.h... yes
[INFO] [stderr]   checking for stdint.h... yes
[INFO] [stderr]   checking for strings.h... yes
[INFO] [stderr]   checking for sys/stat.h... yes
[INFO] [stderr]   checking for sys/types.h... yes
[INFO] [stderr]   checking for unistd.h... yes
[INFO] [stderr]   checking for dlfcn.h... yes
[INFO] [stderr]   checking for objdir... .libs
[INFO] [stderr]   checking if cc supports -fno-rtti -fno-exceptions... no
[INFO] [stderr]   checking for cc option to produce PIC... -fPIC -DPIC
[INFO] [stderr]   checking if cc PIC flag -fPIC -DPIC works... yes
[INFO] [stderr]   checking if cc static flag -static works... yes
[INFO] [stderr]   checking if cc supports -c -o file.o... yes
[INFO] [stderr]   checking if cc supports -c -o file.o... (cached) yes
[INFO] [stderr]   checking whether the cc linker (/usr/bin/ld -m elf_x86_64) supports shared libraries... yes
[INFO] [stderr]   checking dynamic linker characteristics... GNU/Linux ld.so
[INFO] [stderr]   checking how to hardcode library paths into programs... immediate
[INFO] [stderr]   checking whether stripping libraries is possible... yes
[INFO] [stderr]   checking if libtool supports shared libraries... yes
[INFO] [stderr]   checking whether to build shared libraries... no
[INFO] [stderr]   checking whether to build static libraries... yes
[INFO] [stderr]   checking how to run the C++ preprocessor... c++ -E
[INFO] [stderr]   checking for ld used by c++... /usr/bin/ld -m elf_x86_64
[INFO] [stderr]   checking if the linker (/usr/bin/ld -m elf_x86_64) is GNU ld... yes
[INFO] [stderr]   checking whether the c++ linker (/usr/bin/ld -m elf_x86_64) supports shared libraries... yes
[INFO] [stderr]   checking for c++ option to produce PIC... -fPIC -DPIC
[INFO] [stderr]   checking if c++ PIC flag -fPIC -DPIC works... yes
[INFO] [stderr]   checking if c++ static flag -static works... yes
[INFO] [stderr]   checking if c++ supports -c -o file.o... yes
[INFO] [stderr]   checking if c++ supports -c -o file.o... (cached) yes
[INFO] [stderr]   checking whether the c++ linker (/usr/bin/ld -m elf_x86_64) supports shared libraries... yes
[INFO] [stderr]   checking dynamic linker characteristics... (cached) GNU/Linux ld.so
[INFO] [stderr]   checking how to hardcode library paths into programs... immediate
[INFO] [stderr]   checking for python... :
[INFO] [stderr]   checking for the pthreads library -lpthreads... no
[INFO] [stderr]   checking whether pthreads work without any flags... yes
[INFO] [stderr]   checking for joinable pthread attribute... PTHREAD_CREATE_JOINABLE
[INFO] [stderr]   checking if more special flags are required for pthreads... no
[INFO] [stderr]   checking whether to check for GCC pthread/shared inconsistencies... yes
[INFO] [stderr]   checking whether -pthread is sufficient with -shared... yes
[INFO] [stderr]   checking that generated files are newer than configure... done
[INFO] [stderr]   configure: creating ./config.status
[INFO] [stderr]   config.status: creating Makefile
[INFO] [stderr]   config.status: creating scripts/gtest-config
[INFO] [stderr]   config.status: creating build-aux/config.h
[INFO] [stderr]   config.status: executing depfiles commands
[INFO] [stderr]   config.status: executing libtool commands
[INFO] [stderr]   === configuring in googlemock (/opt/rustwide/target/debug/build/protobuf-src-5f9c187b947a2842/out/install/build/third_party/googletest/googlemock)
[INFO] [stderr]   configure: running /bin/bash /opt/rustwide/cargo-home/registry/src/index.crates.io-6f17d22bba15001f/protobuf-src-1.1.0+21.5/protobuf/third_party/googletest/googlemock/configure --disable-option-checking '--prefix=/opt/rustwide/target/debug/build/protobuf-src-5f9c187b947a2842/out/install'  '--disable-shared' '--enable-static' '--disable-maintainer-mode' 'CC=cc' 'CFLAGS=-O0 -ffunction-sections -fdata-sections -fPIC -m64' 'CXX=c++' 'CXXFLAGS=-O0 -ffunction-sections -fdata-sections -fPIC -m64' --cache-file=/dev/null --srcdir=/opt/rustwide/cargo-home/registry/src/index.crates.io-6f17d22bba15001f/protobuf-src-1.1.0+21.5/protobuf/third_party/googletest/googlemock
[INFO] [stderr]   checking for a BSD-compatible install... /usr/bin/install -c
[INFO] [stderr]   checking whether build environment is sane... yes
[INFO] [stderr]   checking for a race-free mkdir -p... /usr/bin/mkdir -p
[INFO] [stderr]   checking for gawk... no
[INFO] [stderr]   checking for mawk... mawk
[INFO] [stderr]   checking whether make sets $(MAKE)... yes
[INFO] [stderr]   checking whether make supports nested variables... yes
[INFO] [stderr]   checking for gcc... cc
[INFO] [stderr]   checking whether the C compiler works... yes
[INFO] [stderr]   checking for C compiler default output file name... a.out
[INFO] [stderr]   checking for suffix of executables... 
[INFO] [stderr]   checking whether we are cross compiling... no
[INFO] [stderr]   checking for suffix of object files... o
[INFO] [stderr]   checking whether the compiler supports GNU C... yes
[INFO] [stderr]   checking whether cc accepts -g... yes
[INFO] [stderr]   checking for cc option to enable C11 features... none needed
[INFO] [stderr]   checking whether cc understands -c and -o together... yes
[INFO] [stderr]   checking whether make supports the include directive... yes (GNU style)
[INFO] [stderr]   checking dependency style of cc... gcc3
[INFO] [stderr]   checking whether the compiler supports GNU C++... yes
[INFO] [stderr]   checking whether c++ accepts -g... yes
[INFO] [stderr]   checking for c++ option to enable C++11 features... none needed
[INFO] [stderr]   checking dependency style of c++... gcc3
[INFO] [stderr]   checking build system type... x86_64-pc-linux-gnu
[INFO] [stderr]   checking host system type... x86_64-pc-linux-gnu
[INFO] [stderr]   checking how to print strings... printf
[INFO] [stderr]   checking for a sed that does not truncate output... /usr/bin/sed
[INFO] [stderr]   checking for grep that handles long lines and -e... /usr/bin/grep
[INFO] [stderr]   checking for egrep... /usr/bin/grep -E
[INFO] [stderr]   checking for fgrep... /usr/bin/grep -F
[INFO] [stderr]   checking for ld used by cc... /usr/bin/ld
[INFO] [stderr]   checking if the linker (/usr/bin/ld) is GNU ld... yes
[INFO] [stderr]   checking for BSD- or MS-compatible name lister (nm)... /usr/bin/nm -B
[INFO] [stderr]   checking the name lister (/usr/bin/nm -B) interface... BSD nm
[INFO] [stderr]   checking whether ln -s works... yes
[INFO] [stderr]   checking the maximum length of command line arguments... 1572864
[INFO] [stderr]   checking how to convert x86_64-pc-linux-gnu file names to x86_64-pc-linux-gnu format... func_convert_file_noop
[INFO] [stderr]   checking how to convert x86_64-pc-linux-gnu file names to toolchain format... func_convert_file_noop
[INFO] [stderr]   checking for /usr/bin/ld option to reload object files... -r
[INFO] [stderr]   checking for file... file
[INFO] [stderr]   checking for objdump... objdump
[INFO] [stderr]   checking how to recognize dependent libraries... pass_all
[INFO] [stderr]   checking for dlltool... no
[INFO] [stderr]   checking how to associate runtime and link libraries... printf %s\n
[INFO] [stderr]   checking for ar... ar
[INFO] [stderr]   checking for archiver @FILE support... @
[INFO] [stderr]   checking for strip... strip
[INFO] [stderr]   checking for ranlib... ranlib
[INFO] [stderr]   checking command to parse /usr/bin/nm -B output from cc object... ok
[INFO] [stderr]   checking for sysroot... no
[INFO] [stderr]   checking for a working dd... /usr/bin/dd
[INFO] [stderr]   checking how to truncate binary pipes... /usr/bin/dd bs=4096 count=1
[INFO] [stderr]   checking for mt... no
[INFO] [stderr]   checking if : is a manifest tool... no
[INFO] [stderr]   checking for stdio.h... yes
[INFO] [stderr]   checking for stdlib.h... yes
[INFO] [stderr]   checking for string.h... yes
[INFO] [stderr]   checking for inttypes.h... yes
[INFO] [stderr]   checking for stdint.h... yes
[INFO] [stderr]   checking for strings.h... yes
[INFO] [stderr]   checking for sys/stat.h... yes
[INFO] [stderr]   checking for sys/types.h... yes
[INFO] [stderr]   checking for unistd.h... yes
[INFO] [stderr]   checking for dlfcn.h... yes
[INFO] [stderr]   checking for objdir... .libs
[INFO] [stderr]   checking if cc supports -fno-rtti -fno-exceptions... no
[INFO] [stderr]   checking for cc option to produce PIC... -fPIC -DPIC
[INFO] [stderr]   checking if cc PIC flag -fPIC -DPIC works... yes
[INFO] [stderr]   checking if cc static flag -static works... yes
[INFO] [stderr]   checking if cc supports -c -o file.o... yes
[INFO] [stderr]   checking if cc supports -c -o file.o... (cached) yes
[INFO] [stderr]   checking whether the cc linker (/usr/bin/ld -m elf_x86_64) supports shared libraries... yes
[INFO] [stderr]   checking dynamic linker characteristics... GNU/Linux ld.so
[INFO] [stderr]   checking how to hardcode library paths into programs... immediate
[INFO] [stderr]   checking whether stripping libraries is possible... yes
[INFO] [stderr]   checking if libtool supports shared libraries... yes
[INFO] [stderr]   checking whether to build shared libraries... no
[INFO] [stderr]   checking whether to build static libraries... yes
[INFO] [stderr]   checking how to run the C++ preprocessor... c++ -E
[INFO] [stderr]   checking for ld used by c++... /usr/bin/ld -m elf_x86_64
[INFO] [stderr]   checking if the linker (/usr/bin/ld -m elf_x86_64) is GNU ld... yes
[INFO] [stderr]   checking whether the c++ linker (/usr/bin/ld -m elf_x86_64) supports shared libraries... yes
[INFO] [stderr]   checking for c++ option to produce PIC... -fPIC -DPIC
[INFO] [stderr]   checking if c++ PIC flag -fPIC -DPIC works... yes
[INFO] [stderr]   checking if c++ static flag -static works... yes
[INFO] [stderr]   checking if c++ supports -c -o file.o... yes
[INFO] [stderr]   checking if c++ supports -c -o file.o... (cached) yes
[INFO] [stderr]   checking whether the c++ linker (/usr/bin/ld -m elf_x86_64) supports shared libraries... yes
[INFO] [stderr]   checking dynamic linker characteristics... (cached) GNU/Linux ld.so
[INFO] [stderr]   checking how to hardcode library paths into programs... immediate
[INFO] [stderr]   checking for python... :
[INFO] [stderr]   checking for the pthreads library -lpthreads... no
[INFO] [stderr]   checking whether pthreads work without any flags... yes
[INFO] [stderr]   checking for joinable pthread attribute... PTHREAD_CREATE_JOINABLE
[INFO] [stderr]   checking if more special flags are required for pthreads... no
[INFO] [stderr]   checking whether to check for GCC pthread/shared inconsistencies... yes
[INFO] [stderr]   checking whether -pthread is sufficient with -shared... yes
[INFO] [stderr]   checking for gtest-config... no
[INFO] [stderr]   checking that generated files are newer than configure... done
[INFO] [stderr]   configure: creating ./config.status
[INFO] [stderr]   config.status: creating Makefile
[INFO] [stderr]   config.status: creating scripts/gmock-config
[INFO] [stderr]   config.status: creating build-aux/config.h
[INFO] [stderr]   config.status: executing depfiles commands
[INFO] [stderr]   config.status: executing libtool commands
[INFO] [stderr]   running: cd "/opt/rustwide/target/debug/build/protobuf-src-5f9c187b947a2842/out/install/build" && MAKEFLAGS="-j --jobserver-fds=7,8 --jobserver-auth=7,8" "sh" "-c" "exec \"$0\" \"$@\"" "make" "install"
[INFO] [stderr]   Making install in .
[INFO] [stderr]   make[1]: Entering directory '/opt/rustwide/target/debug/build/protobuf-src-5f9c187b947a2842/out/install/build'
[INFO] [stderr]   make[2]: Entering directory '/opt/rustwide/target/debug/build/protobuf-src-5f9c187b947a2842/out/install/build'
[INFO] [stderr]   make[2]: Nothing to be done for 'install-exec-am'.
[INFO] [stderr]    /usr/bin/mkdir -p '/opt/rustwide/target/debug/build/protobuf-src-5f9c187b947a2842/out/install/lib/pkgconfig'
[INFO] [stderr]    /usr/bin/install -c -m 644 protobuf.pc protobuf-lite.pc '/opt/rustwide/target/debug/build/protobuf-src-5f9c187b947a2842/out/install/lib/pkgconfig'
[INFO] [stderr]   make[2]: Leaving directory '/opt/rustwide/target/debug/build/protobuf-src-5f9c187b947a2842/out/install/build'
[INFO] [stderr]   make[1]: Leaving directory '/opt/rustwide/target/debug/build/protobuf-src-5f9c187b947a2842/out/install/build'
[INFO] [stderr]   Making install in src
[INFO] [stderr]   make[1]: Entering directory '/opt/rustwide/target/debug/build/protobuf-src-5f9c187b947a2842/out/install/build/src'
[INFO] [stderr]     CXX      google/protobuf/wire_format.lo
[INFO] [stderr]     CXX      google/protobuf/wrappers.pb.lo
[INFO] [stderr]     CXX      google/protobuf/compiler/code_generator.lo
[INFO] [stderr]     CXX      google/protobuf/compiler/command_line_interface.lo
[INFO] [stderr]     CXX      google/protobuf/compiler/plugin.lo
[INFO] [stderr]     CXX      google/protobuf/compiler/plugin.pb.lo
[INFO] [stderr]     CXX      google/protobuf/compiler/subprocess.lo
[INFO] [stderr]     CXX      google/protobuf/compiler/zip_writer.lo
[INFO] [stderr]     CXX      google/protobuf/compiler/main.o
[INFO] [stderr]     CXX      google/protobuf/any_lite.lo
[INFO] [stderr]     CXX      google/protobuf/arena.lo
[INFO] [stderr]     CXX      google/protobuf/arenastring.lo
[INFO] [stderr]     CXX      google/protobuf/arenaz_sampler.lo
[INFO] [stderr]     CXX      google/protobuf/extension_set.lo
[INFO] [stderr]     CXX      google/protobuf/generated_enum_util.lo
[INFO] [stderr]     CXX      google/protobuf/generated_message_tctable_lite.lo
[INFO] [stderr]     CXX      google/protobuf/generated_message_util.lo
[INFO] [stderr]     CXX      google/protobuf/implicit_weak_message.lo
[INFO] [stderr]     CXX      google/protobuf/inlined_string_field.lo
[INFO] [stderr]     CXX      google/protobuf/io/coded_stream.lo
[INFO] [stderr]     CXX      google/protobuf/io/io_win32.lo
[INFO] [stderr]     CXX      google/protobuf/io/strtod.lo
[INFO] [stderr]     CXX      google/protobuf/io/zero_copy_stream.lo
[INFO] [stderr]     CXX      google/protobuf/io/zero_copy_stream_impl.lo
[INFO] [stderr]     CXX      google/protobuf/io/zero_copy_stream_impl_lite.lo
[INFO] [stderr]     CXX      google/protobuf/map.lo
[INFO] [stderr]     CXX      google/protobuf/message_lite.lo
[INFO] [stderr]     CXX      google/protobuf/parse_context.lo
[INFO] [stderr]     CXX      google/protobuf/repeated_field.lo
[INFO] [stderr]     CXX      google/protobuf/repeated_ptr_field.lo
[INFO] [stderr]     CXX      google/protobuf/stubs/bytestream.lo
[INFO] [stderr]     CXX      google/protobuf/stubs/common.lo
[INFO] [stderr]     CXX      google/protobuf/stubs/int128.lo
[INFO] [stderr]     CXX      google/protobuf/stubs/status.lo
[INFO] [stderr]     CXX      google/protobuf/stubs/statusor.lo
[INFO] [stderr]     CXX      google/protobuf/stubs/stringpiece.lo
[INFO] [stderr]     CXX      google/protobuf/stubs/stringprintf.lo
[INFO] [stderr]     CXX      google/protobuf/stubs/structurally_valid.lo
[INFO] [stderr]     CXX      google/protobuf/stubs/strutil.lo
[INFO] [stderr]     CXX      google/protobuf/stubs/time.lo
[INFO] [stderr]     CXX      google/protobuf/wire_format_lite.lo
[INFO] [stderr]     CXX      google/protobuf/any.lo
[INFO] [stderr]     CXX      google/protobuf/any.pb.lo
[INFO] [stderr]     CXX      google/protobuf/api.pb.lo
[INFO] [stderr]     CXX      google/protobuf/compiler/importer.lo
[INFO] [stderr]     CXX      google/protobuf/compiler/parser.lo
[INFO] [stderr]     CXX      google/protobuf/descriptor.lo
[INFO] [stderr]     CXX      google/protobuf/descriptor.pb.lo
[INFO] [stderr]     CXX      google/protobuf/descriptor_database.lo
[INFO] [stderr]     CXX      google/protobuf/duration.pb.lo
[INFO] [stderr]     CXX      google/protobuf/dynamic_message.lo
[INFO] [stderr]     CXX      google/protobuf/empty.pb.lo
[INFO] [stderr]     CXX      google/protobuf/extension_set_heavy.lo
[INFO] [stderr]     CXX      google/protobuf/field_mask.pb.lo
[INFO] [stderr]     CXX      google/protobuf/generated_message_bases.lo
[INFO] [stderr]     CXX      google/protobuf/generated_message_reflection.lo
[INFO] [stderr]     CXX      google/protobuf/generated_message_tctable_full.lo
[INFO] [stderr]     CXX      google/protobuf/io/gzip_stream.lo
[INFO] [stderr]     CXX      google/protobuf/io/printer.lo
[INFO] [stderr]     CXX      google/protobuf/io/tokenizer.lo
[INFO] [stderr]     CXX      google/protobuf/map_field.lo
[INFO] [stderr]     CXX      google/protobuf/message.lo
[INFO] [stderr]     CXX      google/protobuf/reflection_ops.lo
[INFO] [stderr]     CXX      google/protobuf/service.lo
[INFO] [stderr]     CXX      google/protobuf/source_context.pb.lo
[INFO] [stderr]     CXX      google/protobuf/struct.pb.lo
[INFO] [stderr]     CXX      google/protobuf/stubs/substitute.lo
[INFO] [stderr]     CXX      google/protobuf/text_format.lo
[INFO] [stderr]     CXX      google/protobuf/timestamp.pb.lo
[INFO] [stderr]     CXX      google/protobuf/type.pb.lo
[INFO] [stderr]     CXX      google/protobuf/unknown_field_set.lo
[INFO] [stderr]     CXX      google/protobuf/util/delimited_message_util.lo
[INFO] [stderr]     CXX      google/protobuf/util/field_comparator.lo
[INFO] [stderr]     CXX      google/protobuf/util/field_mask_util.lo
[INFO] [stderr]     CXX      google/protobuf/util/internal/datapiece.lo
[INFO] [stderr]     CXX      google/protobuf/util/internal/default_value_objectwriter.lo
[INFO] [stderr]     CXX      google/protobuf/util/internal/error_listener.lo
[INFO] [stderr]     CXX      google/protobuf/util/internal/field_mask_utility.lo
[INFO] [stderr]     CXX      google/protobuf/util/internal/json_escaping.lo
[INFO] [stderr]     CXX      google/protobuf/util/internal/json_objectwriter.lo
[INFO] [stderr]     CXX      google/protobuf/util/internal/json_stream_parser.lo
[INFO] [stderr]     CXX      google/protobuf/util/internal/object_writer.lo
[INFO] [stderr]     CXX      google/protobuf/util/internal/proto_writer.lo
[INFO] [stderr]     CXX      google/protobuf/util/internal/protostream_objectsource.lo
[INFO] [stderr]     CXX      google/protobuf/util/internal/protostream_objectwriter.lo
[INFO] [stderr]     CXX      google/protobuf/util/internal/type_info.lo
[INFO] [stderr]     CXX      google/protobuf/util/internal/utility.lo
[INFO] [stderr]     CXX      google/protobuf/util/json_util.lo
[INFO] [stderr]     CXX      google/protobuf/util/message_differencer.lo
[INFO] [stderr]     CXX      google/protobuf/util/time_util.lo
[INFO] [stderr]     CXX      google/protobuf/util/type_resolver_util.lo
[INFO] [stderr]     CXX      google/protobuf/compiler/cpp/enum.lo
[INFO] [stderr]     CXX      google/protobuf/compiler/cpp/enum_field.lo
[INFO] [stderr]     CXX      google/protobuf/compiler/cpp/extension.lo
[INFO] [stderr]     CXX      google/protobuf/compiler/cpp/field.lo
[INFO] [stderr]     CXX      google/protobuf/compiler/cpp/file.lo
[INFO] [stderr]     CXX      google/protobuf/compiler/cpp/generator.lo
[INFO] [stderr]     CXX      google/protobuf/compiler/cpp/helpers.lo
[INFO] [stderr]     CXX      google/protobuf/compiler/cpp/map_field.lo
[INFO] [stderr]     CXX      google/protobuf/compiler/cpp/message.lo
[INFO] [stderr]     CXX      google/protobuf/compiler/cpp/message_field.lo
[INFO] [stderr]     CXX      google/protobuf/compiler/cpp/padding_optimizer.lo
[INFO] [stderr]     CXX      google/protobuf/compiler/cpp/parse_function_generator.lo
[INFO] [stderr]     CXX      google/protobuf/compiler/cpp/primitive_field.lo
[INFO] [stderr]   make[1]: Leaving directory '/opt/rustwide/target/debug/build/protobuf-src-5f9c187b947a2842/out/install/build/src'
[INFO] [stderr] 
[INFO] [stderr]   --- stderr
[INFO] [stderr]   In file included from /opt/rustwide/cargo-home/registry/src/index.crates.io-6f17d22bba15001f/protobuf-src-1.1.0+21.5/protobuf/src/google/protobuf/generated_message_tctable_lite.cc:36:
[INFO] [stderr]   /opt/rustwide/cargo-home/registry/src/index.crates.io-6f17d22bba15001f/protobuf-src-1.1.0+21.5/protobuf/src/google/protobuf/generated_message_tctable_impl.h: In function 'void google::protobuf::internal::AlignFail(uintptr_t) [with long unsigned int align = 4]':
[INFO] [stderr]   /opt/rustwide/cargo-home/registry/src/index.crates.io-6f17d22bba15001f/protobuf-src-1.1.0+21.5/protobuf/src/google/protobuf/generated_message_tctable_impl.h:256:1: warning: 'noreturn' function does return
[INFO] [stderr]     256 | }
[INFO] [stderr]         | ^
[INFO] [stderr]   /opt/rustwide/cargo-home/registry/src/index.crates.io-6f17d22bba15001f/protobuf-src-1.1.0+21.5/protobuf/src/google/protobuf/generated_message_tctable_impl.h: In function 'void google::protobuf::internal::AlignFail(uintptr_t) [with long unsigned int align = 8]':
[INFO] [stderr]   /opt/rustwide/cargo-home/registry/src/index.crates.io-6f17d22bba15001f/protobuf-src-1.1.0+21.5/protobuf/src/google/protobuf/generated_message_tctable_impl.h:256:1: warning: 'noreturn' function does return
[INFO] [stderr]   c++: fatal error: Killed signal terminated program cc1plus
[INFO] [stderr]   compilation terminated.
[INFO] [stderr]   make[1]: *** [Makefile:4514: google/protobuf/compiler/cpp/file.lo] Error 1
[INFO] [stderr]   make[1]: *** Waiting for unfinished jobs....
[INFO] [stderr]   c++: fatal error: Killed signal terminated program cc1plus
[INFO] [stderr]   compilation terminated.
[INFO] [stderr]   make[1]: *** [Makefile:4514: google/protobuf/compiler/cpp/helpers.lo] Error 1
[INFO] [stderr]   make: *** [Makefile:1757: install-recursive] Error 1
[INFO] [stderr]   thread 'main' panicked at /opt/rustwide/cargo-home/registry/src/index.crates.io-6f17d22bba15001f/autotools-0.2.6/src/lib.rs:781:5:
[INFO] [stderr] 
[INFO] [stderr]   command did not execute successfully, got: exit status: 2
[INFO] [stderr] 
[INFO] [stderr]   build script failed, must exit now
[INFO] [stderr]   stack backtrace:
[INFO] [stderr]      0:     0x55e69fd27d4c - std::backtrace_rs::backtrace::libunwind::trace::ha637c64ce894333a
[INFO] [stderr]                                  at /rustc/82e1608dfa6e0b5569232559e3d385fea5a93112/library/std/src/../../backtrace/src/backtrace/libunwind.rs:104:5
[INFO] [stderr]      1:     0x55e69fd27d4c - std::backtrace_rs::backtrace::trace_unsynchronized::h47f62dea28e0c88d
[INFO] [stderr]                                  at /rustc/82e1608dfa6e0b5569232559e3d385fea5a93112/library/std/src/../../backtrace/src/backtrace/mod.rs:66:5
[INFO] [stderr]      2:     0x55e69fd27d4c - std::sys_common::backtrace::_print_fmt::h9eef0abe20ede486
[INFO] [stderr]                                  at /rustc/82e1608dfa6e0b5569232559e3d385fea5a93112/library/std/src/sys_common/backtrace.rs:67:5
[INFO] [stderr]      3:     0x55e69fd27d4c - <std::sys_common::backtrace::_print::DisplayBacktrace as core::fmt::Display>::fmt::hed7f999df88cc644
[INFO] [stderr]                                  at /rustc/82e1608dfa6e0b5569232559e3d385fea5a93112/library/std/src/sys_common/backtrace.rs:44:22
[INFO] [stderr]      4:     0x55e69fd4de90 - core::fmt::rt::Argument::fmt::h1539a9308b8d058d
[INFO] [stderr]                                  at /rustc/82e1608dfa6e0b5569232559e3d385fea5a93112/library/core/src/fmt/rt.rs:142:9
[INFO] [stderr]      5:     0x55e69fd4de90 - core::fmt::write::h3a39390d8560d9c9
[INFO] [stderr]                                  at /rustc/82e1608dfa6e0b5569232559e3d385fea5a93112/library/core/src/fmt/mod.rs:1120:17
[INFO] [stderr]      6:     0x55e69fd2557f - std::io::Write::write_fmt::h5fc9997dfe05f882
[INFO] [stderr]                                  at /rustc/82e1608dfa6e0b5569232559e3d385fea5a93112/library/std/src/io/mod.rs:1762:15
[INFO] [stderr]      7:     0x55e69fd27b34 - std::sys_common::backtrace::_print::h894006fb5c6f3d45
[INFO] [stderr]                                  at /rustc/82e1608dfa6e0b5569232559e3d385fea5a93112/library/std/src/sys_common/backtrace.rs:47:5
[INFO] [stderr]      8:     0x55e69fd27b34 - std::sys_common::backtrace::print::h23a2d212c6fff936
[INFO] [stderr]                                  at /rustc/82e1608dfa6e0b5569232559e3d385fea5a93112/library/std/src/sys_common/backtrace.rs:34:9
[INFO] [stderr]      9:     0x55e69fd29347 - std::panicking::default_hook::{{closure}}::h8a1d2ee00185001a
[INFO] [stderr]     10:     0x55e69fd290af - std::panicking::default_hook::h6038f2eba384e475
[INFO] [stderr]                                  at /rustc/82e1608dfa6e0b5569232559e3d385fea5a93112/library/std/src/panicking.rs:292:9
[INFO] [stderr]     11:     0x55e69fd297c8 - std::panicking::rust_panic_with_hook::h2b5517d590cab22e
[INFO] [stderr]                                  at /rustc/82e1608dfa6e0b5569232559e3d385fea5a93112/library/std/src/panicking.rs:779:13
[INFO] [stderr]     12:     0x55e69fd296ae - std::panicking::begin_panic_handler::{{closure}}::h233112c06e0ef43e
[INFO] [stderr]                                  at /rustc/82e1608dfa6e0b5569232559e3d385fea5a93112/library/std/src/panicking.rs:657:13
[INFO] [stderr]     13:     0x55e69fd28216 - std::sys_common::backtrace::__rust_end_short_backtrace::h6e893f24d7ebbff8
[INFO] [stderr]                                  at /rustc/82e1608dfa6e0b5569232559e3d385fea5a93112/library/std/src/sys_common/backtrace.rs:170:18
[INFO] [stderr]     14:     0x55e69fd29412 - rust_begin_unwind
[INFO] [stderr]                                  at /rustc/82e1608dfa6e0b5569232559e3d385fea5a93112/library/std/src/panicking.rs:645:5
[INFO] [stderr]     15:     0x55e69fcb3815 - core::panicking::panic_fmt::hbf0e066aabfa482c
[INFO] [stderr]                                  at /rustc/82e1608dfa6e0b5569232559e3d385fea5a93112/library/core/src/panicking.rs:72:14
[INFO] [stderr]     16:     0x55e69fcc50f1 - autotools::fail::h67ff90b65937d56e
[INFO] [stderr]     17:     0x55e69fcc3465 - autotools::Config::build::h82a9c4cacb15a697
[INFO] [stderr]     18:     0x55e69fcb7eb8 - build_script_build::main::he74b905cb4ec21bb
[INFO] [stderr]     19:     0x55e69fcb98f3 - core::ops::function::FnOnce::call_once::ha6d3b1e0b6e17c86
[INFO] [stderr]     20:     0x55e69fcb41f6 - std::sys_common::backtrace::__rust_begin_short_backtrace::h3d31a2d6c66ec208
[INFO] [stderr]     21:     0x55e69fcb4539 - std::rt::lang_start::{{closure}}::hfa7463d0f3c8daa9
[INFO] [stderr]     22:     0x55e69fd21007 - core::ops::function::impls::<impl core::ops::function::FnOnce<A> for &F>::call_once::hd95060ecd5e1ca24
[INFO] [stderr]                                  at /rustc/82e1608dfa6e0b5569232559e3d385fea5a93112/library/core/src/ops/function.rs:284:13
[INFO] [stderr]     23:     0x55e69fd21007 - std::panicking::try::do_call::h6e8cf51db32a6e4b
[INFO] [stderr]                                  at /rustc/82e1608dfa6e0b5569232559e3d385fea5a93112/library/std/src/panicking.rs:552:40
[INFO] [stderr]     24:     0x55e69fd21007 - std::panicking::try::h3a52eefe24fe3c29
[INFO] [stderr]                                  at /rustc/82e1608dfa6e0b5569232559e3d385fea5a93112/library/std/src/panicking.rs:516:19
[INFO] [stderr]     25:     0x55e69fd21007 - std::panic::catch_unwind::h24c28c23c02c3841
[INFO] [stderr]                                  at /rustc/82e1608dfa6e0b5569232559e3d385fea5a93112/library/std/src/panic.rs:142:14
[INFO] [stderr]     26:     0x55e69fd21007 - std::rt::lang_start_internal::{{closure}}::h705d3c9cbc06ef47
[INFO] [stderr]                                  at /rustc/82e1608dfa6e0b5569232559e3d385fea5a93112/library/std/src/rt.rs:148:48
[INFO] [stderr]     27:     0x55e69fd21007 - std::panicking::try::do_call::ha21f52ba13158470
[INFO] [stderr]                                  at /rustc/82e1608dfa6e0b5569232559e3d385fea5a93112/library/std/src/panicking.rs:552:40
[INFO] [stderr]     28:     0x55e69fd21007 - std::panicking::try::h5581346bf6aeb1f8
[INFO] [stderr]                                  at /rustc/82e1608dfa6e0b5569232559e3d385fea5a93112/library/std/src/panicking.rs:516:19
[INFO] [stderr]     29:     0x55e69fd21007 - std::panic::catch_unwind::h7919645a6b72e25b
[INFO] [stderr]                                  at /rustc/82e1608dfa6e0b5569232559e3d385fea5a93112/library/std/src/panic.rs:142:14
[INFO] [stderr]     30:     0x55e69fd21007 - std::rt::lang_start_internal::h12de51168669836e
[INFO] [stderr]                                  at /rustc/82e1608dfa6e0b5569232559e3d385fea5a93112/library/std/src/rt.rs:148:20
[INFO] [stderr]     31:     0x55e69fcb4517 - std::rt::lang_start::he8e0d9fe752189eb
[INFO] [stderr]     32:     0x55e69fcb8375 - main
[INFO] [stderr]     33:     0x7f74939a3d90 - <unknown>
[INFO] [stderr]     34:     0x7f74939a3e40 - __libc_start_main
[INFO] [stderr]     35:     0x55e69fcb4025 - _start
[INFO] [stderr]     36:                0x0 - <unknown>
[INFO] running `Command { std: "docker" "inspect" "88f4536176425d2b8e31a126dae7141cec5a5b6a85aca6cd1301f3e12a878460", kill_on_drop: false }`
[INFO] running `Command { std: "docker" "rm" "-f" "88f4536176425d2b8e31a126dae7141cec5a5b6a85aca6cd1301f3e12a878460", kill_on_drop: false }`
[INFO] [stdout] 88f4536176425d2b8e31a126dae7141cec5a5b6a85aca6cd1301f3e12a878460
[INFO] documenting All-In-One-Blockchain/phoenix-onchain-mm against beta-2023-12-22 for beta-1.76-rustdoc-1
[INFO] running `Command { std: "git" "clone" "/workspace/cache/git-repos/https%3A%2F%2Fgithub.com%2FAll-In-One-Blockchain%2Fphoenix-onchain-mm" "/workspace/builds/worker-5-tc2/source", kill_on_drop: false }`
[INFO] [stderr] Cloning into '/workspace/builds/worker-5-tc2/source'...
[INFO] [stderr] done.
[INFO] validating manifest of git repo https://github.com/All-In-One-Blockchain/phoenix-onchain-mm on toolchain beta-2023-12-22
[INFO] running `Command { std: CARGO_HOME="/workspace/cargo-home" RUSTUP_HOME="/workspace/rustup-home" "/workspace/cargo-home/bin/cargo" "+beta-2023-12-22" "metadata" "--manifest-path" "Cargo.toml" "--no-deps", kill_on_drop: false }`
[INFO] started tweaking git repo https://github.com/All-In-One-Blockchain/phoenix-onchain-mm
[INFO] finished tweaking git repo https://github.com/All-In-One-Blockchain/phoenix-onchain-mm
[INFO] tweaked toml for git repo https://github.com/All-In-One-Blockchain/phoenix-onchain-mm written to /workspace/builds/worker-5-tc2/source/Cargo.toml
[INFO] crate git repo https://github.com/All-In-One-Blockchain/phoenix-onchain-mm already has a lockfile, it will not be regenerated
[INFO] running `Command { std: CARGO_HOME="/workspace/cargo-home" RUSTUP_HOME="/workspace/rustup-home" "/workspace/cargo-home/bin/cargo" "+beta-2023-12-22" "fetch" "--manifest-path" "Cargo.toml", kill_on_drop: false }`
[INFO] [stderr] warning: /workspace/builds/worker-5-tc2/source/pomm/Cargo.toml: version requirement `=1.1.1+solana.1.15.2` for dependency `yellowstone-grpc-client` includes semver metadata which will be ignored, removing the metadata is recommended to avoid confusion
[INFO] [stderr] warning: /workspace/builds/worker-5-tc2/source/pomm/Cargo.toml: version requirement `=1.1.0+solana.1.15.2` for dependency `yellowstone-grpc-proto` includes semver metadata which will be ignored, removing the metadata is recommended to avoid confusion
[INFO] running `Command { std: "docker" "create" "-v" "/var/lib/crater-agent-workspace/builds/worker-5-tc2/target:/opt/rustwide/target:rw,Z" "-v" "/var/lib/crater-agent-workspace/builds/worker-5-tc2/source:/opt/rustwide/workdir:ro,Z" "-v" "/var/lib/crater-agent-workspace/cargo-home:/opt/rustwide/cargo-home:ro,Z" "-v" "/var/lib/crater-agent-workspace/rustup-home:/opt/rustwide/rustup-home:ro,Z" "-e" "SOURCE_DIR=/opt/rustwide/workdir" "-e" "CARGO_TARGET_DIR=/opt/rustwide/target" "-e" "CARGO_HOME=/opt/rustwide/cargo-home" "-e" "RUSTUP_HOME=/opt/rustwide/rustup-home" "-w" "/opt/rustwide/workdir" "-m" "1610612736" "--user" "0:0" "--network" "none" "ghcr.io/rust-lang/crates-build-env/linux@sha256:2788e3201cd34a07e3172128adcd8b3090168a8e3bcc40d7c032b9dda1df7d1c" "/opt/rustwide/cargo-home/bin/cargo" "+beta-2023-12-22" "metadata" "--no-deps" "--format-version=1", kill_on_drop: false }`
[INFO] [stdout] 52bd4e09b0154bc758d994263680f6535e2068e82c547b5988f337e2f019dbf9
[INFO] running `Command { std: "docker" "start" "-a" "52bd4e09b0154bc758d994263680f6535e2068e82c547b5988f337e2f019dbf9", kill_on_drop: false }`
[INFO] running `Command { std: "docker" "inspect" "52bd4e09b0154bc758d994263680f6535e2068e82c547b5988f337e2f019dbf9", kill_on_drop: false }`
[INFO] running `Command { std: "docker" "rm" "-f" "52bd4e09b0154bc758d994263680f6535e2068e82c547b5988f337e2f019dbf9", kill_on_drop: false }`
[INFO] [stdout] 52bd4e09b0154bc758d994263680f6535e2068e82c547b5988f337e2f019dbf9
[INFO] running `Command { std: "docker" "create" "-v" "/var/lib/crater-agent-workspace/builds/worker-5-tc2/target:/opt/rustwide/target:rw,Z" "-v" "/var/lib/crater-agent-workspace/builds/worker-5-tc2/source:/opt/rustwide/workdir:ro,Z" "-v" "/var/lib/crater-agent-workspace/cargo-home:/opt/rustwide/cargo-home:ro,Z" "-v" "/var/lib/crater-agent-workspace/rustup-home:/opt/rustwide/rustup-home:ro,Z" "-e" "SOURCE_DIR=/opt/rustwide/workdir" "-e" "CARGO_TARGET_DIR=/opt/rustwide/target" "-e" "CARGO_INCREMENTAL=0" "-e" "RUST_BACKTRACE=full" "-e" "RUSTFLAGS=--cap-lints=warn" "-e" "RUSTDOCFLAGS=--cap-lints=warn" "-e" "CARGO_HOME=/opt/rustwide/cargo-home" "-e" "RUSTUP_HOME=/opt/rustwide/rustup-home" "-w" "/opt/rustwide/workdir" "-m" "1610612736" "--user" "0:0" "--network" "none" "ghcr.io/rust-lang/crates-build-env/linux@sha256:2788e3201cd34a07e3172128adcd8b3090168a8e3bcc40d7c032b9dda1df7d1c" "/opt/rustwide/cargo-home/bin/cargo" "+beta-2023-12-22" "doc" "--frozen" "--no-deps" "--document-private-items" "--message-format=json", kill_on_drop: false }`
[INFO] [stdout] e5d219fb6dc5ad21bde4caa95a04193a086310b7087d44fd5394a2481c920caa
[INFO] running `Command { std: "docker" "start" "-a" "e5d219fb6dc5ad21bde4caa95a04193a086310b7087d44fd5394a2481c920caa", kill_on_drop: false }`
[INFO] [stderr] warning: /opt/rustwide/workdir/pomm/Cargo.toml: version requirement `=1.1.1+solana.1.15.2` for dependency `yellowstone-grpc-client` includes semver metadata which will be ignored, removing the metadata is recommended to avoid confusion
[INFO] [stderr] warning: /opt/rustwide/workdir/pomm/Cargo.toml: version requirement `=1.1.0+solana.1.15.2` for dependency `yellowstone-grpc-proto` includes semver metadata which will be ignored, removing the metadata is recommended to avoid confusion
[INFO] [stderr]    Compiling proc-macro2 v1.0.59
[INFO] [stderr]    Compiling unicode-ident v1.0.9
[INFO] [stderr]    Compiling quote v1.0.28
[INFO] [stderr]    Compiling libc v0.2.144
[INFO] [stderr]    Compiling serde v1.0.163
[INFO] [stderr]    Compiling syn v1.0.109
[INFO] [stderr]    Compiling typenum v1.16.0
[INFO] [stderr]    Compiling generic-array v0.14.7
[INFO] [stderr]    Compiling log v0.4.18
[INFO] [stderr]     Checking once_cell v1.17.2
[INFO] [stderr]    Compiling memchr v2.5.0
[INFO] [stderr]    Compiling thiserror v1.0.38
[INFO] [stderr]     Checking itoa v1.0.6
[INFO] [stderr]    Compiling anyhow v1.0.71
[INFO] [stderr]    Compiling semver v1.0.17
[INFO] [stderr]    Compiling cfg-if v1.0.0
[INFO] [stderr]    Compiling syn v2.0.18
[INFO] [stderr]     Checking ppv-lite86 v0.2.17
[INFO] [stderr]     Checking subtle v2.4.1
[INFO] [stderr]    Compiling rustc_version v0.4.0
[INFO] [stderr]    Compiling serde_json v1.0.96
[INFO] [stderr]    Compiling crossbeam-utils v0.8.15
[INFO] [stderr]    Compiling getrandom v0.1.16
[INFO] [stderr]     Checking getrandom v0.2.9
[INFO] [stderr]     Checking num_cpus v1.15.0
[INFO] [stderr]     Checking rand_core v0.6.4
[INFO] [stderr]     Checking ahash v0.7.6
[INFO] [stderr]    Compiling jobserver v0.1.26
[INFO] [stderr]     Checking pin-project-lite v0.2.9
[INFO] [stderr]    Compiling memoffset v0.8.0
[INFO] [stderr]    Compiling cc v1.0.79
[INFO] [stderr]     Checking hashbrown v0.12.3
[INFO] [stderr]    Compiling indexmap v1.9.3
[INFO] [stderr]     Checking cpufeatures v0.2.7
[INFO] [stderr]    Compiling rustversion v1.0.12
[INFO] [stderr]     Checking byteorder v1.4.3
[INFO] [stderr]    Compiling crossbeam-epoch v0.9.14
[INFO] [stderr]     Checking bytes v1.4.0
[INFO] [stderr]     Checking base64 v0.13.1
[INFO] [stderr]     Checking tinyvec_macros v0.1.1
[INFO] [stderr]     Checking tinyvec v1.6.0
[INFO] [stderr]    Compiling futures-core v0.3.28
[INFO] [stderr]    Compiling crunchy v0.2.2
[INFO] [stderr]    Compiling rayon-core v1.11.0
[INFO] [stderr]     Checking ryu v1.0.13
[INFO] [stderr]     Checking block-padding v0.2.1
[INFO] [stderr]    Compiling lock_api v0.4.9
[INFO] [stderr]    Compiling parking_lot_core v0.9.7
[INFO] [stderr]     Checking smallvec v1.10.0
[INFO] [stderr]    Compiling wasm-bindgen-shared v0.2.86
[INFO] [stderr]     Checking unicode-normalization v0.1.22
[INFO] [stderr]     Checking crossbeam-channel v0.5.8
[INFO] [stderr]    Compiling tokio v1.28.2
[INFO] [stderr]    Compiling feature-probe v0.1.1
[INFO] [stderr]     Checking parking_lot v0.12.1
[INFO] [stderr]    Compiling bv v0.11.1
[INFO] [stderr]     Checking rand_core v0.5.1
[INFO] [stderr]    Compiling blake3 v1.3.3
[INFO] [stderr]     Checking mio v0.8.8
[INFO] [stderr]     Checking socket2 v0.4.9
[INFO] [stderr]     Checking signal-hook-registry v1.4.1
[INFO] [stderr]    Compiling slab v0.4.8
[INFO] [stderr]    Compiling im v15.1.0
[INFO] [stderr]     Checking either v1.8.1
[INFO] [stderr]    Compiling bumpalo v3.13.0
[INFO] [stderr]     Checking futures-sink v0.3.28
[INFO] [stderr]    Compiling solana-frozen-abi-macro v1.14.9
[INFO] [stderr]     Checking rand_chacha v0.2.2
[INFO] [stderr]    Compiling solana-frozen-abi v1.14.9
[INFO] [stderr]    Compiling futures-channel v0.3.28
[INFO] [stderr]     Checking crossbeam-deque v0.8.3
[INFO] [stderr]    Compiling futures-task v0.3.28
[INFO] [stderr]    Compiling bs58 v0.4.0
[INFO] [stderr]    Compiling wasm-bindgen v0.2.86
[INFO] [stderr]     Checking rand v0.7.3
[INFO] [stderr]    Compiling futures-util v0.3.28
[INFO] [stderr]    Compiling solana-program v1.14.9
[INFO] [stderr]     Checking bitmaps v2.1.0
[INFO] [stderr]     Checking arrayref v0.3.7
[INFO] [stderr]     Checking futures v0.1.31
[INFO] [stderr]    Compiling wasm-bindgen-backend v0.2.86
[INFO] [stderr]     Checking rayon v1.7.0
[INFO] [stderr]     Checking keccak v0.1.4
[INFO] [stderr]     Checking arrayvec v0.7.2
[INFO] [stderr]     Checking futures-io v0.3.28
[INFO] [stderr]    Compiling ring v0.16.20
[INFO] [stderr]    Compiling borsh-schema-derive-internal v0.9.3
[INFO] [stderr]    Compiling borsh-derive-internal v0.9.3
[INFO] [stderr]     Checking sized-chunks v0.6.5
[INFO] [stderr]    Compiling wasm-bindgen-macro-support v0.2.86
[INFO] [stderr]     Checking hashbrown v0.11.2
[INFO] [stderr]     Checking rand_xoshiro v0.6.0
[INFO] [stderr]     Checking constant_time_eq v0.2.5
[INFO] [stderr]    Compiling pkg-config v0.3.27
[INFO] [stderr]     Checking memmap2 v0.5.10
[INFO] [stderr]     Checking base64 v0.12.3
[INFO] [stderr]     Checking itertools v0.10.5
[INFO] [stderr]     Checking atty v0.2.14
[INFO] [stderr]     Checking aho-corasick v1.0.1
[INFO] [stderr]     Checking tracing-core v0.1.31
[INFO] [stderr]     Checking regex-syntax v0.7.2
[INFO] [stderr]     Checking spin v0.5.2
[INFO] [stderr]     Checking untrusted v0.7.1
[INFO] [stderr]     Checking time v0.1.45
[INFO] [stderr]     Checking signature v1.6.4
[INFO] [stderr]     Checking iana-time-zone v0.1.56
[INFO] [stderr]     Checking termcolor v1.2.0
[INFO] [stderr]     Checking ed25519 v1.5.3
[INFO] [stderr]     Checking http v0.2.9
[INFO] [stderr]    Compiling serde_derive v1.0.163
[INFO] [stderr]    Compiling zeroize_derive v1.4.2
[INFO] [stderr]    Compiling tokio-macros v2.1.0
[INFO] [stderr]    Compiling bytemuck_derive v1.4.1
[INFO] [stderr]    Compiling wasm-bindgen-macro v0.2.86
[INFO] [stderr]    Compiling futures-macro v0.3.28
[INFO] [stderr]    Compiling thiserror-impl v1.0.38
[INFO] [stderr]     Checking zeroize v1.3.0
[INFO] [stderr]    Compiling num-derive v0.3.3
[INFO] [stderr]    Compiling solana-sdk-macro v1.14.9
[INFO] [stderr]     Checking bytemuck v1.13.0
[INFO] [stderr]     Checking regex v1.8.3
[INFO] [stderr]    Compiling tracing-attributes v0.1.24
[INFO] [stderr]    Compiling solana-sdk v1.14.9
[INFO] [stderr]     Checking env_logger v0.9.3
[INFO] [stderr]     Checking derivation-path v0.2.0
[INFO] [stderr]     Checking qstring v0.7.2
[INFO] [stderr]     Checking uriparse v0.6.4
[INFO] [stderr]     Checking solana-logger v1.14.9
[INFO] [stderr]     Checking assert_matches v1.5.0
[INFO] [stderr]    Compiling httparse v1.8.0
[INFO] [stderr]     Checking openssl-probe v0.1.5
[INFO] [stderr]     Checking sct v0.7.0
[INFO] [stderr]     Checking webpki v0.22.0
[INFO] [stderr]    Compiling openssl-sys v0.9.88
[INFO] [stderr]     Checking tower-service v0.3.2
[INFO] [stderr]     Checking http-body v0.4.5
[INFO] [stderr]     Checking try-lock v0.2.4
[INFO] [stderr]     Checking want v0.3.0
[INFO] [stderr]     Checking httpdate v1.0.2
[INFO] [stderr]     Checking form_urlencoded v1.1.0
[INFO] [stderr]     Checking foreign-types-shared v0.1.1
[INFO] [stderr]     Checking unicode-bidi v0.3.13
[INFO] [stderr]     Checking tracing v0.1.37
[INFO] [stderr]     Checking base64 v0.21.2
[INFO] [stderr]    Compiling openssl v0.10.53
[INFO] [stderr]     Checking idna v0.3.0
[INFO] [stderr]     Checking foreign-types v0.3.2
[INFO] [stderr]     Checking rustls-pemfile v1.0.2
[INFO] [stderr]    Compiling openssl-macros v0.1.1
[INFO] [stderr]    Compiling native-tls v0.2.11
[INFO] [stderr]     Checking miniz_oxide v0.7.1
[INFO] [stderr]     Checking mime v0.3.17
[INFO] [stderr]     Checking url v2.3.1
[INFO] [stderr]    Compiling rustls v0.21.1
[INFO] [stderr]     Checking flate2 v1.0.26
[INFO] [stderr]     Checking alloc-no-stdlib v2.0.4
[INFO] [stderr]     Checking rustls-webpki v0.100.1
[INFO] [stderr]     Checking alloc-stdlib v0.2.2
[INFO] [stderr]     Checking tokio-util v0.7.8
[INFO] [stderr]     Checking rand_chacha v0.3.1
[INFO] [stderr]     Checking brotli-decompressor v2.3.4
[INFO] [stderr]     Checking rand v0.8.5
[INFO] [stderr]     Checking webpki-roots v0.22.6
[INFO] [stderr]    Compiling io-lifetimes v1.0.11
[INFO] [stderr]     Checking h2 v0.3.19
[INFO] [stderr]    Compiling opaque-debug v0.3.0
[INFO] [stderr]     Checking encoding_rs v0.8.32
[INFO] [stderr]     Checking ipnet v2.7.2
[INFO] [stderr]     Checking brotli v3.3.4
[INFO] [stderr]    Compiling rustix v0.37.19
[INFO] [stderr]    Compiling enum-iterator-derive v0.8.1
[INFO] [stderr]     Checking tokio-rustls v0.24.0
[INFO] [stderr]    Compiling solana-program-runtime v1.14.9
[INFO] [stderr]     Checking gethostname v0.2.3
[INFO] [stderr]    Compiling nom8 v0.2.0
[INFO] [stderr]     Checking libloading v0.7.4
[INFO] [stderr]    Compiling toml_datetime v0.5.1
[INFO] [stderr]    Compiling toml v0.5.11
[INFO] [stderr]     Checking digest v0.9.0
[INFO] [stderr]     Checking crypto-common v0.1.6
[INFO] [stderr]     Checking block-buffer v0.9.0
[INFO] [stderr]     Checking block-buffer v0.10.4
[INFO] [stderr]     Checking sha2 v0.9.9
[INFO] [stderr]     Checking digest v0.10.7
[INFO] [stderr]     Checking crypto-mac v0.8.0
[INFO] [stderr]     Checking hmac v0.8.1
[INFO] [stderr]     Checking sha2 v0.10.6
[INFO] [stderr]     Checking curve25519-dalek v3.2.1
[INFO] [stderr]     Checking bincode v1.3.3
[INFO] [stderr]    Compiling libsecp256k1-core v0.2.2
[INFO] [stderr]     Checking hmac-drbg v0.3.0
[INFO] [stderr]     Checking pbkdf2 v0.4.0
[INFO] [stderr]    Compiling proc-macro-crate v0.1.5
[INFO] [stderr]     Checking serde_bytes v0.11.9
[INFO] [stderr]     Checking tiny-bip39 v0.8.2
[INFO] [stderr]     Checking sha3 v0.10.8
[INFO] [stderr]    Compiling libsecp256k1-gen-genmult v0.2.1
[INFO] [stderr]    Compiling libsecp256k1-gen-ecmult v0.2.1
[INFO] [stderr]     Checking chrono v0.4.26
[INFO] [stderr]     Checking ed25519-dalek v1.0.1
[INFO] [stderr]     Checking hmac v0.12.1
[INFO] [stderr]    Compiling libsecp256k1 v0.6.0
[INFO] [stderr]     Checking pbkdf2 v0.11.0
[INFO] [stderr]     Checking hyper v0.14.26
[INFO] [stderr]     Checking ed25519-dalek-bip32 v0.2.0
[INFO] [stderr]    Compiling borsh-derive v0.9.3
[INFO] [stderr]     Checking async-compression v0.4.0
[INFO] [stderr]     Checking tokio-native-tls v0.3.1
[INFO] [stderr]     Checking cipher v0.3.0
[INFO] [stderr]     Checking serde_urlencoded v0.7.1
[INFO] [stderr]     Checking universal-hash v0.4.1
[INFO] [stderr]     Checking aes v0.7.5
[INFO] [stderr]     Checking ctr v0.8.0
[INFO] [stderr]     Checking polyval v0.5.3
[INFO] [stderr]     Checking borsh v0.9.3
[INFO] [stderr]     Checking aead v0.4.3
[INFO] [stderr]     Checking inout v0.1.3
[INFO] [stderr]     Checking enum-iterator v0.8.1
[INFO] [stderr]     Checking eager v0.1.0
[INFO] [stderr]     Checking cipher v0.4.4
[INFO] [stderr]    Compiling toml_edit v0.18.1
[INFO] [stderr]     Checking aes-gcm-siv v0.10.3
[INFO] [stderr]     Checking sha3 v0.9.1
[INFO] [stderr]     Checking merlin v3.0.0
[INFO] [stderr]    Compiling unicode-segmentation v1.10.1
[INFO] [stderr]    Compiling num-traits v0.2.15
[INFO] [stderr]    Compiling heck v0.3.3
[INFO] [stderr]    Compiling proc-macro2-diagnostics v0.9.1
[INFO] [stderr]    Compiling bitflags v1.3.2
[INFO] [stderr]    Compiling heck v0.4.1
[INFO] [stderr]    Compiling rustls v0.20.8
[INFO] [stderr]    Compiling proc-macro-crate v1.3.0
[INFO] [stderr]    Compiling pin-project-internal v1.1.0
[INFO] [stderr]    Compiling solana-vote-program v1.14.9
[INFO] [stderr]    Compiling proc-macro-error-attr v1.0.4
[INFO] [stderr]    Compiling proc-macro2 v0.4.30
[INFO] [stderr]    Compiling lazy_static v1.4.0
[INFO] [stderr]    Compiling yansi v0.5.1
[INFO] [stderr]    Compiling async-trait v0.1.68
[INFO] [stderr]     Checking hyper-tls v0.5.0
[INFO] [stderr]     Checking hyper-rustls v0.24.0
[INFO] [stderr]     Checking reqwest v0.11.18
[INFO] [stderr]    Compiling num_enum_derive v0.5.11
[INFO] [stderr]    Compiling proc-macro-error v1.0.4
[INFO] [stderr]     Checking pin-project v1.1.0
[INFO] [stderr]    Compiling num-bigint v0.4.3
[INFO] [stderr]    Compiling bs58 v0.3.1
[INFO] [stderr]     Checking unicode-width v0.1.10
[INFO] [stderr]    Compiling anchor-syn v0.26.0
[INFO] [stderr]     Checking linux-raw-sys v0.3.8
[INFO] [stderr]    Compiling time-core v0.1.1
[INFO] [stderr]    Compiling scopeguard v1.1.0
[INFO] [stderr]    Compiling time-macros v0.2.9
[INFO] [stderr]     Checking num_enum v0.5.9
[INFO] [stderr]    Compiling quote v0.6.13
[INFO] [stderr]    Compiling prost-derive v0.11.9
[INFO] [stderr]    Compiling zstd-sys v2.0.8+zstd.1.5.5
[INFO] [stderr]     Checking fastrand v1.9.0
[INFO] [stderr]    Compiling syn v0.15.44
[INFO] [stderr]     Checking rustls-native-certs v0.6.2
[INFO] [stderr]     Checking futures-executor v0.3.28
[INFO] [stderr]     Checking tempfile v3.5.0
[INFO] [stderr]     Checking time v0.3.21
[INFO] [stderr]    Compiling unicode-xid v0.2.4
[INFO] [stderr]    Compiling synstructure v0.12.6
[INFO] [stderr]     Checking nom v7.1.3
[INFO] [stderr]     Checking console v0.15.7
[INFO] [stderr]     Checking nix v0.24.3
[INFO] [stderr]     Checking solana-rayon-threadlimit v1.14.9
[INFO] [stderr]    Compiling num-bigint v0.2.6
[INFO] [stderr]    Compiling dlopen_derive v0.1.4
[INFO] [stderr]    Compiling prettyplease v0.1.25
[INFO] [stderr]    Compiling solana-perf v1.14.9
[INFO] [stderr]    Compiling zstd-safe v5.0.2+zstd.1.5.2
[INFO] [stderr]    Compiling prost v0.11.9
[INFO] [stderr]     Checking rusticata-macros v4.1.0
[INFO] [stderr]    Compiling asn1-rs-derive v0.4.0
[INFO] [stderr]     Checking dlopen v0.1.8
[INFO] [stderr]     Checking textwrap v0.11.0
[INFO] [stderr]     Checking caps v0.5.5
[INFO] [stderr]    Compiling asn1-rs-impl v0.1.0
[INFO] [stderr]    Compiling displaydoc v0.2.4
[INFO] [stderr]    Compiling autotools v0.2.6
[INFO] [stderr]    Compiling solana-address-lookup-table-program v1.14.9
[INFO] [stderr]    Compiling num-rational v0.2.4
[INFO] [stderr]    Compiling num-complex v0.2.4
[INFO] [stderr]    Compiling num-iter v0.1.43
[INFO] [stderr]     Checking strsim v0.8.0
[INFO] [stderr]     Checking shell-words v1.1.0
[INFO] [stderr]     Checking ansi_term v0.12.1
[INFO] [stderr]    Compiling fixedbitset v0.4.2
[INFO] [stderr]     Checking utf-8 v0.7.6
[INFO] [stderr]     Checking asn1-rs v0.5.2
[INFO] [stderr]     Checking clap v2.34.0
[INFO] [stderr]    Compiling petgraph v0.6.3
[INFO] [stderr]     Checking dialoguer v0.10.4
[INFO] [stderr]    Compiling protobuf-src v1.1.0+21.5
[INFO] [stderr]    Compiling prost-types v0.11.9
[INFO] [stderr]     Checking futures v0.3.28
[INFO] [stderr]     Checking tokio-rustls v0.23.4
[INFO] [stderr]    Compiling shank_macro_impl v0.0.12
[INFO] [stderr]    Compiling which v4.4.0
[INFO] [stderr]    Compiling axum-core v0.3.4
[INFO] [stderr]     Checking rustls-pemfile v0.2.1
[INFO] [stderr]     Checking fxhash v0.2.1
[INFO] [stderr]    Compiling solana-version v1.14.9
[INFO] [stderr]    Compiling oid-registry v0.6.1
[INFO] [stderr]     Checking const-oid v0.7.1
[INFO] [stderr]    Compiling rustc-hash v1.1.0
[INFO] [stderr]    Compiling multimap v0.8.3
[INFO] [stderr]     Checking linked-hash-map v0.5.6
[INFO] [stderr]     Checking tower-layer v0.3.2
[INFO] [stderr]    Compiling prost-build v0.11.9
[INFO] [stderr]     Checking yaml-rust v0.4.5
[INFO] [stderr]     Checking der v0.5.1
[INFO] [stderr]     Checking quinn-proto v0.8.4
[INFO] [stderr]    Compiling shank_render v0.0.1
[INFO] [stderr]    Compiling num-integer v0.1.45
[INFO] [stderr]     Checking rpassword v6.0.1
[INFO] [stderr]     Checking tokio-stream v0.1.14
[INFO] [stderr]    Compiling bzip2-sys v0.1.11+1.0.8
[INFO] [stderr]    Compiling memoffset v0.6.5
[INFO] [stderr]    Compiling axum v0.6.18
[INFO] [stderr]    Compiling lz4-sys v1.9.4
[INFO] [stderr]     Checking dirs-sys-next v0.1.2
[INFO] [stderr]     Checking os_str_bytes v6.5.0
[INFO] [stderr]     Checking base64ct v1.6.0
[INFO] [stderr]     Checking clap_lex v0.2.4
[INFO] [stderr]     Checking spki v0.5.4
[INFO] [stderr]     Checking dirs-next v2.0.0
[INFO] [stderr]     Checking der-parser v8.2.0
[INFO] [stderr]     Checking num v0.2.1
[INFO] [stderr]    Compiling shank_macro v0.0.12
[INFO] [stderr]    Compiling tonic-build v0.8.4
[INFO] [stderr]     Checking quinn-udp v0.1.4
[INFO] [stderr]     Checking serde_yaml v0.8.26
[INFO] [stderr]     Checking tower v0.4.13
[INFO] [stderr]     Checking yasna v0.5.2
[INFO] [stderr]    Compiling clap_derive v3.2.25
[INFO] [stderr]     Checking sha-1 v0.10.1
[INFO] [stderr]     Checking tokio-io-timeout v1.2.0
[INFO] [stderr]     Checking Inflector v0.11.4
[INFO] [stderr]    Compiling modular-bitfield-impl v0.11.2
[INFO] [stderr]    Compiling scroll_derive v0.11.0
[INFO] [stderr]    Compiling async-stream-impl v0.3.5
[INFO] [stderr]     Checking pem v1.1.1
[INFO] [stderr]    Compiling solana-stake-program v1.14.9
[INFO] [stderr]     Checking strsim v0.10.0
[INFO] [stderr]     Checking matchit v0.7.0
[INFO] [stderr]     Checking sync_wrapper v0.1.2
[INFO] [stderr]     Checking textwrap v0.16.0
[INFO] [stderr]     Checking void v1.0.2
[INFO] [stderr]     Checking same-file v1.0.6
[INFO] [stderr]     Checking data-encoding v2.4.0
[INFO] [stderr]     Checking walkdir v2.3.3
[INFO] [stderr]     Checking scroll v0.11.0
[INFO] [stderr]     Checking async-stream v0.3.5
[INFO] [stderr]     Checking unreachable v1.0.0
[INFO] [stderr]    Compiling ouroboros_macro v0.15.6
[INFO] [stderr]     Checking x509-parser v0.14.0
[INFO] [stderr]     Checking rcgen v0.9.3
[INFO] [stderr]     Checking hyper-timeout v0.4.1
[INFO] [stderr]     Checking tungstenite v0.17.3
[INFO] [stderr]     Checking modular-bitfield v0.11.2
[INFO] [stderr]    Compiling enum-ordinalize v3.1.13
[INFO] [stderr]     Checking shank v0.0.12
[INFO] [stderr]     Checking quinn v0.8.5
[INFO] [stderr]     Checking percentage v0.1.0
[INFO] [stderr]     Checking pkcs8 v0.8.0
[INFO] [stderr]     Checking clap v3.2.25
[INFO] [stderr]     Checking tracing-futures v0.2.5
[INFO] [stderr]    Compiling strum_macros v0.24.3
[INFO] [stderr]     Checking lib-sokoban v0.3.0
[INFO] [stderr]    Compiling serde_derive_internals v0.26.0
[INFO] [stderr]     Checking sharded-slab v0.1.4
[INFO] [stderr]    Compiling solana-runtime v1.14.9
[INFO] [stderr]     Checking filetime v0.2.21
[INFO] [stderr]     Checking xattr v0.2.3
[INFO] [stderr]     Checking thread_local v1.1.7
[INFO] [stderr]     Checking aliasable v0.1.3
[INFO] [stderr]    Compiling schemars v0.8.15
[INFO] [stderr]     Checking ascii v0.9.3
[INFO] [stderr]     Checking histogram v0.6.9
[INFO] [stderr]     Checking number_prefix v0.4.0
[INFO] [stderr]     Checking plain v0.2.3
[INFO] [stderr]     Checking event-listener v2.5.3
[INFO] [stderr]     Checking solana-security-txt v1.1.0
[INFO] [stderr]     Checking indicatif v0.16.2
[INFO] [stderr]     Checking goblin v0.5.4
[INFO] [stderr]     Checking async-mutex v1.4.0
[INFO] [stderr]    Compiling schemars_derive v0.8.15
[INFO] [stderr]     Checking combine v3.8.1
[INFO] [stderr]     Checking ouroboros v0.15.6
[INFO] [stderr]     Checking tracing-subscriber v0.3.17
[INFO] [stderr]     Checking tonic v0.8.3
[INFO] [stderr]     Checking strum v0.24.1
[INFO] [stderr]     Checking tar v0.4.38
[INFO] [stderr]    Compiling educe v0.4.22
[INFO] [stderr]     Checking tokio-tungstenite v0.17.2
[INFO] [stderr]     Checking dir-diff v0.3.2
[INFO] [stderr]     Checking jsonrpc-core v18.0.0
[INFO] [stderr]    Compiling anchor-attribute-error v0.26.0
[INFO] [stderr]    Compiling anchor-attribute-program v0.26.0
[INFO] [stderr]    Compiling anchor-attribute-state v0.26.0
[INFO] [stderr]    Compiling anchor-attribute-event v0.26.0
[INFO] [stderr]    Compiling anchor-attribute-access-control v0.26.0
[INFO] [stderr]    Compiling anchor-derive-accounts v0.26.0
[INFO] [stderr]    Compiling anchor-attribute-account v0.26.0
[INFO] [stderr]    Compiling anchor-attribute-interface v0.26.0
[INFO] [stderr]    Compiling anchor-attribute-constant v0.26.0
[INFO] [stderr]     Checking opentelemetry v0.17.0
[INFO] [stderr]    Compiling enum_dispatch v0.3.11
[INFO] [stderr]     Checking dashmap v4.0.2
[INFO] [stderr]     Checking hash32 v0.2.1
[INFO] [stderr]     Checking symlink v0.1.0
[INFO] [stderr]     Checking index_list v0.2.7
[INFO] [stderr]     Checking rustc-demangle v0.1.23
[INFO] [stderr]     Checking dyn-clone v1.0.14
[INFO] [stderr]    Compiling rust_decimal v1.29.1
[INFO] [stderr]     Checking tokio-serde v0.8.0
[INFO] [stderr]     Checking solana_rbpf v0.2.31
[INFO] [stderr]     Checking sha-1 v0.9.8
[INFO] [stderr]     Checking hex v0.4.3
[INFO] [stderr]     Checking tracing-opentelemetry v0.17.4
[INFO] [stderr]     Checking tokio-util v0.6.10
[INFO] [stderr]    Compiling tarpc-plugins v0.12.0
[INFO] [stderr]     Checking input_buffer v0.4.0
[INFO] [stderr]     Checking instant v0.1.12
[INFO] [stderr]     Checking backoff v0.4.0
[INFO] [stderr]     Checking tungstenite v0.12.0
[INFO] [stderr]     Checking pyth-sdk v0.7.0
[INFO] [stderr]     Checking chrono-humanize v0.2.2
[INFO] [stderr]     Checking crypto-mac v0.10.1
[INFO] [stderr]     Checking hashbrown v0.14.0
[INFO] [stderr]     Checking equivalent v1.0.1
[INFO] [stderr]     Checking tokio-tungstenite v0.13.0
[INFO] [stderr]     Checking hmac v0.10.1
[INFO] [stderr]     Checking uuid v0.8.2
[INFO] [stderr]     Checking toml_datetime v0.6.3
[INFO] [stderr]     Checking serde_spanned v0.6.3
[INFO] [stderr]     Checking indexmap v2.0.0
[INFO] [stderr]     Checking tarpc v0.29.0
[INFO] [stderr]     Checking dirs-sys v0.3.7
[INFO] [stderr]    Compiling rust_decimal_macros v1.29.1
[INFO] [stderr]     Checking option-ext v0.2.0
[INFO] [stderr]     Checking winnow v0.5.15
[INFO] [stderr]     Checking dirs v4.0.0
[INFO] [stderr]     Checking dirs-sys v0.4.1
[INFO] [stderr]     Checking coinbase-pro-rs v0.8.1
[INFO] [stderr]    Compiling structopt-derive v0.4.18
[INFO] [stderr]     Checking dirs v5.0.1
[INFO] [stderr]     Checking shellexpand v2.1.2
[INFO] [stderr]     Checking bs58 v0.5.0
[INFO] [stderr]     Checking toml_edit v0.20.0
[INFO] [stderr]     Checking structopt v0.3.26
[INFO] [stderr]     Checking bzip2 v0.4.4
[INFO] [stderr]     Checking toml v0.8.0
[INFO] [stderr]     Checking spl-memo v3.0.1
[INFO] [stderr]     Checking spl-token v3.5.0
[INFO] [stderr]     Checking anchor-lang v0.26.0
[INFO] [stderr]     Checking pyth-sdk-solana v0.7.2
[INFO] [stderr]     Checking solana-measure v1.14.9
[INFO] [stderr]     Checking solana-metrics v1.14.9
[INFO] [stderr]     Checking solana-zk-token-sdk v1.14.9
[INFO] [stderr]     Checking solana-remote-wallet v1.14.9
[INFO] [stderr]     Checking solana-net-utils v1.14.9
[INFO] [stderr]     Checking solana-bucket-map v1.14.9
[INFO] [stderr]     Checking solana-config-program v1.14.9
[INFO] [stderr]     Checking solana-compute-budget-program v1.14.9
[INFO] [stderr]     Checking lz4 v1.24.0
[INFO] [stderr]     Checking spl-token-2022 v0.4.3
[INFO] [stderr]     Checking spl-token-2022 v0.5.0
[INFO] [stderr]     Checking solana-zk-token-proof-program v1.14.9
[INFO] [stderr]    Compiling ellipsis-macros v0.1.1
[INFO] [stderr]     Checking solana-bpf-loader-program v1.14.9
[INFO] [stderr]     Checking solana-clap-utils v1.14.9
[INFO] [stderr]     Checking solana-streamer v1.14.9
[INFO] [stderr]     Checking solana-cli-config v1.14.9
[INFO] [stderr]     Checking spl-associated-token-account v1.1.1
[INFO] [stderr]     Checking solana-faucet v1.14.9
[INFO] [stderr]     Checking phoenix-v1 v0.2.3
[INFO] [stderr]     Checking anchor-spl v0.26.0
[INFO] [stderr]     Checking zstd v0.11.2+zstd.1.5.2
[INFO] [stderr]     Checking generic-token-faucet v0.1.2
[INFO] [stderr]     Checking solana-account-decoder v1.14.9
[INFO] [stderr]     Checking phoenix-seat-manager v0.1.1
[INFO] [stderr]     Checking phoenix-onchain-mm v0.1.1 (/opt/rustwide/workdir/programs/phoenix-onchain-mm)
[INFO] [stderr]  Documenting phoenix-onchain-mm v0.1.1 (/opt/rustwide/workdir/programs/phoenix-onchain-mm)
[INFO] [stderr]     Checking solana-transaction-status v1.14.9
[INFO] [stderr]     Checking solana-client v1.14.9
[INFO] [stderr]     Checking solana-send-transaction-service v1.14.9
[INFO] [stderr] error: failed to run custom build command for `protobuf-src v1.1.0+21.5`
[INFO] [stderr] note: To improve backtraces for build dependencies, set the CARGO_PROFILE_DEV_BUILD_OVERRIDE_DEBUG=true environment variable to enable debug information generation.
[INFO] [stderr] 
[INFO] [stderr] Caused by:
[INFO] [stderr]   process didn't exit successfully: `/opt/rustwide/target/debug/build/protobuf-src-06bc0c7ee698acb8/build-script-build` (exit status: 101)
[INFO] [stderr]   --- stdout
[INFO] [stderr]   running: cd "/opt/rustwide/target/debug/build/protobuf-src-de03c642cc143668/out/install/build" && CC="cc" CFLAGS="-O0 -ffunction-sections -fdata-sections -fPIC -m64" CXX="c++" CXXFLAGS="-O0 -ffunction-sections -fdata-sections -fPIC -m64" "sh" "-c" "exec \"$0\" \"$@\"" "/opt/rustwide/cargo-home/registry/src/index.crates.io-6f17d22bba15001f/protobuf-src-1.1.0+21.5/protobuf/configure" "--prefix=/opt/rustwide/target/debug/build/protobuf-src-de03c642cc143668/out/install" "--disable-shared" "--enable-static" "--disable-maintainer-mode"
[INFO] [stderr]   checking whether to enable maintainer-specific portions of Makefiles... no
[INFO] [stderr]   checking build system type... x86_64-pc-linux-gnu
[INFO] [stderr]   checking host system type... x86_64-pc-linux-gnu
[INFO] [stderr]   checking target system type... x86_64-pc-linux-gnu
[INFO] [stderr]   checking for a BSD-compatible install... /usr/bin/install -c
[INFO] [stderr]   checking whether build environment is sane... yes
[INFO] [stderr]   checking for a race-free mkdir -p... /usr/bin/mkdir -p
[INFO] [stderr]   checking for gawk... no
[INFO] [stderr]   checking for mawk... mawk
[INFO] [stderr]   checking whether make sets $(MAKE)... yes
[INFO] [stderr]   checking whether make supports nested variables... yes
[INFO] [stderr]   checking whether UID '0' is supported by ustar format... yes
[INFO] [stderr]   checking whether GID '0' is supported by ustar format... yes
[INFO] [stderr]   checking how to create a ustar tar archive... gnutar
[INFO] [stderr]   checking whether make supports nested variables... (cached) yes
[INFO] [stderr]   checking for gcc... cc
[INFO] [stderr]   checking whether the C compiler works... yes
[INFO] [stderr]   checking for C compiler default output file name... a.out
[INFO] [stderr]   checking for suffix of executables... 
[INFO] [stderr]   checking whether we are cross compiling... no
[INFO] [stderr]   checking for suffix of object files... o
[INFO] [stderr]   checking whether the compiler supports GNU C... yes
[INFO] [stderr]   checking whether cc accepts -g... yes
[INFO] [stderr]   checking for cc option to enable C11 features... none needed
[INFO] [stderr]   checking whether cc understands -c and -o together... yes
[INFO] [stderr]   checking whether make supports the include directive... yes (GNU style)
[INFO] [stderr]   checking dependency style of cc... gcc3
[INFO] [stderr]   checking whether the compiler supports GNU C++... yes
[INFO] [stderr]   checking whether c++ accepts -g... yes
[INFO] [stderr]   checking for c++ option to enable C++11 features... none needed
[INFO] [stderr]   checking dependency style of c++... gcc3
[INFO] [stderr]   checking how to run the C preprocessor... cc -E
[INFO] [stderr]   checking for gcc... gcc
[INFO] [stderr]   checking whether the compiler supports GNU C... (cached) yes
[INFO] [stderr]   checking whether gcc accepts -g... yes
[INFO] [stderr]   checking for gcc option to enable C11 features... (cached) none needed
[INFO] [stderr]   checking whether gcc understands -c and -o together... (cached) yes
[INFO] [stderr]   checking dependency style of gcc... (cached) gcc3
[INFO] [stderr]   checking how to run the C preprocessor... gcc -E
[INFO] [stderr]   checking how to run the C++ preprocessor... c++ -E
[INFO] [stderr]   checking for g++... g++
[INFO] [stderr]   checking whether the compiler supports GNU C++... (cached) yes
[INFO] [stderr]   checking whether g++ accepts -g... yes
[INFO] [stderr]   checking for g++ option to enable C++11 features... (cached) none needed
[INFO] [stderr]   checking dependency style of g++... (cached) gcc3
[INFO] [stderr]   checking how to run the C++ preprocessor... g++ -E
[INFO] [stderr]   checking for stdio.h... yes
[INFO] [stderr]   checking for stdlib.h... yes
[INFO] [stderr]   checking for string.h... yes
[INFO] [stderr]   checking for inttypes.h... yes
[INFO] [stderr]   checking for stdint.h... yes
[INFO] [stderr]   checking for strings.h... yes
[INFO] [stderr]   checking for sys/stat.h... yes
[INFO] [stderr]   checking for sys/types.h... yes
[INFO] [stderr]   checking for unistd.h... yes
[INFO] [stderr]   checking for wchar.h... yes
[INFO] [stderr]   checking for minix/config.h... no
[INFO] [stderr]   checking whether it is safe to define __EXTENSIONS__... yes
[INFO] [stderr]   checking whether _XOPEN_SOURCE should be defined... no
[INFO] [stderr]   checking for ar... ar
[INFO] [stderr]   checking the archiver (ar) interface... ar
[INFO] [stderr]   checking C++ compiler flags...... use user-supplied: -O0 -ffunction-sections -fdata-sections -fPIC -m64
[INFO] [stderr]   checking for c++ options needed to detect all undeclared functions... none needed
[INFO] [stderr]   checking whether __SUNPRO_CC is declared... no
[INFO] [stderr]   checking how to print strings... printf
[INFO] [stderr]   checking for a sed that does not truncate output... /usr/bin/sed
[INFO] [stderr]   checking for grep that handles long lines and -e... /usr/bin/grep
[INFO] [stderr]   checking for egrep... /usr/bin/grep -E
[INFO] [stderr]   checking for fgrep... /usr/bin/grep -F
[INFO] [stderr]   checking for ld used by cc... /usr/bin/ld
[INFO] [stderr]   checking if the linker (/usr/bin/ld) is GNU ld... yes
[INFO] [stderr]   checking for BSD- or MS-compatible name lister (nm)... /usr/bin/nm -B
[INFO] [stderr]   checking the name lister (/usr/bin/nm -B) interface... BSD nm
[INFO] [stderr]   checking whether ln -s works... yes
[INFO] [stderr]   checking the maximum length of command line arguments... 1572864
[INFO] [stderr]   checking how to convert x86_64-pc-linux-gnu file names to x86_64-pc-linux-gnu format... func_convert_file_noop
[INFO] [stderr]   checking how to convert x86_64-pc-linux-gnu file names to toolchain format... func_convert_file_noop
[INFO] [stderr]   checking for /usr/bin/ld option to reload object files... -r
[INFO] [stderr]   checking for file... file
[INFO] [stderr]   checking for objdump... objdump
[INFO] [stderr]   checking how to recognize dependent libraries... pass_all
[INFO] [stderr]   checking for dlltool... no
[INFO] [stderr]   checking how to associate runtime and link libraries... printf %s\n
[INFO] [stderr]   checking for archiver @FILE support... @
[INFO] [stderr]   checking for strip... strip
[INFO] [stderr]   checking for ranlib... ranlib
[INFO] [stderr]   checking command to parse /usr/bin/nm -B output from cc object... ok
[INFO] [stderr]   checking for sysroot... no
[INFO] [stderr]   checking for a working dd... /usr/bin/dd
[INFO] [stderr]   checking how to truncate binary pipes... /usr/bin/dd bs=4096 count=1
[INFO] [stderr]   checking for mt... no
[INFO] [stderr]   checking if : is a manifest tool... no
[INFO] [stderr]   checking for dlfcn.h... yes
[INFO] [stderr]   checking for objdir... .libs
[INFO] [stderr]   checking if cc supports -fno-rtti -fno-exceptions... no
[INFO] [stderr]   checking for cc option to produce PIC... -fPIC -DPIC
[INFO] [stderr]   checking if cc PIC flag -fPIC -DPIC works... yes
[INFO] [stderr]   checking if cc static flag -static works... yes
[INFO] [stderr]   checking if cc supports -c -o file.o... yes
[INFO] [stderr]   checking if cc supports -c -o file.o... (cached) yes
[INFO] [stderr]   checking whether the cc linker (/usr/bin/ld -m elf_x86_64) supports shared libraries... yes
[INFO] [stderr]   checking dynamic linker characteristics... GNU/Linux ld.so
[INFO] [stderr]   checking how to hardcode library paths into programs... immediate
[INFO] [stderr]   checking whether stripping libraries is possible... yes
[INFO] [stderr]   checking if libtool supports shared libraries... yes
[INFO] [stderr]   checking whether to build shared libraries... no
[INFO] [stderr]   checking whether to build static libraries... yes
[INFO] [stderr]   checking how to run the C++ preprocessor... c++ -E
[INFO] [stderr]   checking for ld used by c++... /usr/bin/ld -m elf_x86_64
[INFO] [stderr]   checking if the linker (/usr/bin/ld -m elf_x86_64) is GNU ld... yes
[INFO] [stderr]   checking whether the c++ linker (/usr/bin/ld -m elf_x86_64) supports shared libraries... yes
[INFO] [stderr]   checking for c++ option to produce PIC... -fPIC -DPIC
[INFO] [stderr]   checking if c++ PIC flag -fPIC -DPIC works... yes
[INFO] [stderr]   checking if c++ static flag -static works... yes
[INFO] [stderr]   checking if c++ supports -c -o file.o... yes
[INFO] [stderr]   checking if c++ supports -c -o file.o... (cached) yes
[INFO] [stderr]   checking whether the c++ linker (/usr/bin/ld -m elf_x86_64) supports shared libraries... yes
[INFO] [stderr]   checking dynamic linker characteristics... (cached) GNU/Linux ld.so
[INFO] [stderr]   checking how to hardcode library paths into programs... immediate
[INFO] [stderr]   checking whether the linker supports version scripts... yes
[INFO] [stderr]   checking for egrep... (cached) /usr/bin/grep -E
[INFO] [stderr]   checking for fcntl.h... yes
[INFO] [stderr]   checking for inttypes.h... (cached) yes
[INFO] [stderr]   checking for limits.h... yes
[INFO] [stderr]   checking for stdlib.h... (cached) yes
[INFO] [stderr]   checking for unistd.h... (cached) yes
[INFO] [stderr]   checking for working memcmp... yes
[INFO] [stderr]   checking for working strtod... yes
[INFO] [stderr]   checking for ftruncate... yes
[INFO] [stderr]   checking for memset... yes
[INFO] [stderr]   checking for mkdir... yes
[INFO] [stderr]   checking for strchr... yes
[INFO] [stderr]   checking for strerror... yes
[INFO] [stderr]   checking for strtol... yes
[INFO] [stderr]   checking zlib version... ok (1.2.0.4 or later)
[INFO] [stderr]   checking for library containing zlibVersion... -lz
[INFO] [stderr]   checking whether c++ supports C++11 features by default... yes
[INFO] [stderr]   checking whether -latomic is needed... no
[INFO] [stderr]   checking whether cc is Clang... no
[INFO] [stderr]   checking whether pthreads work with "-pthread" and "-lpthread"... yes
[INFO] [stderr]   checking for joinable pthread attribute... PTHREAD_CREATE_JOINABLE
[INFO] [stderr]   checking whether more special flags are required for pthreads... no
[INFO] [stderr]   checking for PTHREAD_PRIO_INHERIT... yes
[INFO] [stderr]   checking the location of hash_map... <unordered_map>
[INFO] [stderr]   checking whether -llog is needed... no
[INFO] [stderr]   checking that generated files are newer than configure... done
[INFO] [stderr]   configure: creating ./config.status
[INFO] [stderr]   config.status: creating Makefile
[INFO] [stderr]   config.status: creating src/Makefile
[INFO] [stderr]   config.status: creating benchmarks/Makefile
[INFO] [stderr]   config.status: creating conformance/Makefile
[INFO] [stderr]   config.status: creating protobuf.pc
[INFO] [stderr]   config.status: creating protobuf-lite.pc
[INFO] [stderr]   config.status: creating config.h
[INFO] [stderr]   config.status: executing depfiles commands
[INFO] [stderr]   config.status: executing libtool commands
[INFO] [stderr]   === configuring in third_party/googletest (/opt/rustwide/target/debug/build/protobuf-src-de03c642cc143668/out/install/build/third_party/googletest)
[INFO] [stderr]   configure: running /bin/bash /opt/rustwide/cargo-home/registry/src/index.crates.io-6f17d22bba15001f/protobuf-src-1.1.0+21.5/protobuf/third_party/googletest/configure --disable-option-checking '--prefix=/opt/rustwide/target/debug/build/protobuf-src-de03c642cc143668/out/install'  '--disable-shared' '--enable-static' '--disable-maintainer-mode' 'CC=cc' 'CFLAGS=-O0 -ffunction-sections -fdata-sections -fPIC -m64' 'CXX=c++' 'CXXFLAGS=-O0 -ffunction-sections -fdata-sections -fPIC -m64' --cache-file=/dev/null --srcdir=/opt/rustwide/cargo-home/registry/src/index.crates.io-6f17d22bba15001f/protobuf-src-1.1.0+21.5/protobuf/third_party/googletest
[INFO] [stderr]   checking for a BSD-compatible install... /usr/bin/install -c
[INFO] [stderr]   checking whether build environment is sane... yes
[INFO] [stderr]   checking for a race-free mkdir -p... /usr/bin/mkdir -p
[INFO] [stderr]   checking for gawk... no
[INFO] [stderr]   checking for mawk... mawk
[INFO] [stderr]   checking whether make sets $(MAKE)... yes
[INFO] [stderr]   checking whether make supports nested variables... yes
[INFO] [stderr]   checking that generated files are newer than configure... done
[INFO] [stderr]   configure: creating ./config.status
[INFO] [stderr]   config.status: creating Makefile
[INFO] [stderr]   === configuring in googletest (/opt/rustwide/target/debug/build/protobuf-src-de03c642cc143668/out/install/build/third_party/googletest/googletest)
[INFO] [stderr]   configure: running /bin/bash /opt/rustwide/cargo-home/registry/src/index.crates.io-6f17d22bba15001f/protobuf-src-1.1.0+21.5/protobuf/third_party/googletest/googletest/configure --disable-option-checking '--prefix=/opt/rustwide/target/debug/build/protobuf-src-de03c642cc143668/out/install'  '--disable-shared' '--enable-static' '--disable-maintainer-mode' 'CC=cc' 'CFLAGS=-O0 -ffunction-sections -fdata-sections -fPIC -m64' 'CXX=c++' 'CXXFLAGS=-O0 -ffunction-sections -fdata-sections -fPIC -m64' --cache-file=/dev/null --srcdir=/opt/rustwide/cargo-home/registry/src/index.crates.io-6f17d22bba15001f/protobuf-src-1.1.0+21.5/protobuf/third_party/googletest/googletest
[INFO] [stderr]   checking for a BSD-compatible install... /usr/bin/install -c
[INFO] [stderr]   checking whether build environment is sane... yes
[INFO] [stderr]   checking for a race-free mkdir -p... /usr/bin/mkdir -p
[INFO] [stderr]   checking for gawk... no
[INFO] [stderr]   checking for mawk... mawk
[INFO] [stderr]   checking whether make sets $(MAKE)... yes
[INFO] [stderr]   checking whether make supports nested variables... yes
[INFO] [stderr]   checking for gcc... cc
[INFO] [stderr]   checking whether the C compiler works... yes
[INFO] [stderr]   checking for C compiler default output file name... a.out
[INFO] [stderr]   checking for suffix of executables... 
[INFO] [stderr]   checking whether we are cross compiling... no
[INFO] [stderr]   checking for suffix of object files... o
[INFO] [stderr]   checking whether the compiler supports GNU C... yes
[INFO] [stderr]   checking whether cc accepts -g... yes
[INFO] [stderr]   checking for cc option to enable C11 features... none needed
[INFO] [stderr]   checking whether cc understands -c and -o together... yes
[INFO] [stderr]   checking whether make supports the include directive... yes (GNU style)
[INFO] [stderr]   checking dependency style of cc... gcc3
[INFO] [stderr]   checking whether the compiler supports GNU C++... yes
[INFO] [stderr]   checking whether c++ accepts -g... yes
[INFO] [stderr]   checking for c++ option to enable C++11 features... none needed
[INFO] [stderr]   checking dependency style of c++... gcc3
[INFO] [stderr]   checking build system type... x86_64-pc-linux-gnu
[INFO] [stderr]   checking host system type... x86_64-pc-linux-gnu
[INFO] [stderr]   checking how to print strings... printf
[INFO] [stderr]   checking for a sed that does not truncate output... /usr/bin/sed
[INFO] [stderr]   checking for grep that handles long lines and -e... /usr/bin/grep
[INFO] [stderr]   checking for egrep... /usr/bin/grep -E
[INFO] [stderr]   checking for fgrep... /usr/bin/grep -F
[INFO] [stderr]   checking for ld used by cc... /usr/bin/ld
[INFO] [stderr]   checking if the linker (/usr/bin/ld) is GNU ld... yes
[INFO] [stderr]   checking for BSD- or MS-compatible name lister (nm)... /usr/bin/nm -B
[INFO] [stderr]   checking the name lister (/usr/bin/nm -B) interface... BSD nm
[INFO] [stderr]   checking whether ln -s works... yes
[INFO] [stderr]   checking the maximum length of command line arguments... 1572864
[INFO] [stderr]   checking how to convert x86_64-pc-linux-gnu file names to x86_64-pc-linux-gnu format... func_convert_file_noop
[INFO] [stderr]   checking how to convert x86_64-pc-linux-gnu file names to toolchain format... func_convert_file_noop
[INFO] [stderr]   checking for /usr/bin/ld option to reload object files... -r
[INFO] [stderr]   checking for file... file
[INFO] [stderr]   checking for objdump... objdump
[INFO] [stderr]   checking how to recognize dependent libraries... pass_all
[INFO] [stderr]   checking for dlltool... no
[INFO] [stderr]   checking how to associate runtime and link libraries... printf %s\n
[INFO] [stderr]   checking for ar... ar
[INFO] [stderr]   checking for archiver @FILE support... @
[INFO] [stderr]   checking for strip... strip
[INFO] [stderr]   checking for ranlib... ranlib
[INFO] [stderr]   checking command to parse /usr/bin/nm -B output from cc object... ok
[INFO] [stderr]   checking for sysroot... no
[INFO] [stderr]   checking for a working dd... /usr/bin/dd
[INFO] [stderr]   checking how to truncate binary pipes... /usr/bin/dd bs=4096 count=1
[INFO] [stderr]   checking for mt... no
[INFO] [stderr]   checking if : is a manifest tool... no
[INFO] [stderr]   checking for stdio.h... yes
[INFO] [stderr]   checking for stdlib.h... yes
[INFO] [stderr]   checking for string.h... yes
[INFO] [stderr]   checking for inttypes.h... yes
[INFO] [stderr]   checking for stdint.h... yes
[INFO] [stderr]   checking for strings.h... yes
[INFO] [stderr]   checking for sys/stat.h... yes
[INFO] [stderr]   checking for sys/types.h... yes
[INFO] [stderr]   checking for unistd.h... yes
[INFO] [stderr]   checking for dlfcn.h... yes
[INFO] [stderr]   checking for objdir... .libs
[INFO] [stderr]   checking if cc supports -fno-rtti -fno-exceptions... no
[INFO] [stderr]   checking for cc option to produce PIC... -fPIC -DPIC
[INFO] [stderr]   checking if cc PIC flag -fPIC -DPIC works... yes
[INFO] [stderr]   checking if cc static flag -static works... yes
[INFO] [stderr]   checking if cc supports -c -o file.o... yes
[INFO] [stderr]   checking if cc supports -c -o file.o... (cached) yes
[INFO] [stderr]   checking whether the cc linker (/usr/bin/ld -m elf_x86_64) supports shared libraries... yes
[INFO] [stderr]   checking dynamic linker characteristics... GNU/Linux ld.so
[INFO] [stderr]   checking how to hardcode library paths into programs... immediate
[INFO] [stderr]   checking whether stripping libraries is possible... yes
[INFO] [stderr]   checking if libtool supports shared libraries... yes
[INFO] [stderr]   checking whether to build shared libraries... no
[INFO] [stderr]   checking whether to build static libraries... yes
[INFO] [stderr]   checking how to run the C++ preprocessor... c++ -E
[INFO] [stderr]   checking for ld used by c++... /usr/bin/ld -m elf_x86_64
[INFO] [stderr]   checking if the linker (/usr/bin/ld -m elf_x86_64) is GNU ld... yes
[INFO] [stderr]   checking whether the c++ linker (/usr/bin/ld -m elf_x86_64) supports shared libraries... yes
[INFO] [stderr]   checking for c++ option to produce PIC... -fPIC -DPIC
[INFO] [stderr]   checking if c++ PIC flag -fPIC -DPIC works... yes
[INFO] [stderr]   checking if c++ static flag -static works... yes
[INFO] [stderr]   checking if c++ supports -c -o file.o... yes
[INFO] [stderr]   checking if c++ supports -c -o file.o... (cached) yes
[INFO] [stderr]   checking whether the c++ linker (/usr/bin/ld -m elf_x86_64) supports shared libraries... yes
[INFO] [stderr]   checking dynamic linker characteristics... (cached) GNU/Linux ld.so
[INFO] [stderr]   checking how to hardcode library paths into programs... immediate
[INFO] [stderr]   checking for python... :
[INFO] [stderr]   checking for the pthreads library -lpthreads... no
[INFO] [stderr]   checking whether pthreads work without any flags... yes
[INFO] [stderr]   checking for joinable pthread attribute... PTHREAD_CREATE_JOINABLE
[INFO] [stderr]   checking if more special flags are required for pthreads... no
[INFO] [stderr]   checking whether to check for GCC pthread/shared inconsistencies... yes
[INFO] [stderr]   checking whether -pthread is sufficient with -shared... yes
[INFO] [stderr]   checking that generated files are newer than configure... done
[INFO] [stderr]   configure: creating ./config.status
[INFO] [stderr]   config.status: creating Makefile
[INFO] [stderr]   config.status: creating scripts/gtest-config
[INFO] [stderr]   config.status: creating build-aux/config.h
[INFO] [stderr]   config.status: executing depfiles commands
[INFO] [stderr]   config.status: executing libtool commands
[INFO] [stderr]   === configuring in googlemock (/opt/rustwide/target/debug/build/protobuf-src-de03c642cc143668/out/install/build/third_party/googletest/googlemock)
[INFO] [stderr]   configure: running /bin/bash /opt/rustwide/cargo-home/registry/src/index.crates.io-6f17d22bba15001f/protobuf-src-1.1.0+21.5/protobuf/third_party/googletest/googlemock/configure --disable-option-checking '--prefix=/opt/rustwide/target/debug/build/protobuf-src-de03c642cc143668/out/install'  '--disable-shared' '--enable-static' '--disable-maintainer-mode' 'CC=cc' 'CFLAGS=-O0 -ffunction-sections -fdata-sections -fPIC -m64' 'CXX=c++' 'CXXFLAGS=-O0 -ffunction-sections -fdata-sections -fPIC -m64' --cache-file=/dev/null --srcdir=/opt/rustwide/cargo-home/registry/src/index.crates.io-6f17d22bba15001f/protobuf-src-1.1.0+21.5/protobuf/third_party/googletest/googlemock
[INFO] [stderr]   checking for a BSD-compatible install... /usr/bin/install -c
[INFO] [stderr]   checking whether build environment is sane... yes
[INFO] [stderr]   checking for a race-free mkdir -p... /usr/bin/mkdir -p
[INFO] [stderr]   checking for gawk... no
[INFO] [stderr]   checking for mawk... mawk
[INFO] [stderr]   checking whether make sets $(MAKE)... yes
[INFO] [stderr]   checking whether make supports nested variables... yes
[INFO] [stderr]   checking for gcc... cc
[INFO] [stderr]   checking whether the C compiler works... yes
[INFO] [stderr]   checking for C compiler default output file name... a.out
[INFO] [stderr]   checking for suffix of executables... 
[INFO] [stderr]   checking whether we are cross compiling... no
[INFO] [stderr]   checking for suffix of object files... o
[INFO] [stderr]   checking whether the compiler supports GNU C... yes
[INFO] [stderr]   checking whether cc accepts -g... yes
[INFO] [stderr]   checking for cc option to enable C11 features... none needed
[INFO] [stderr]   checking whether cc understands -c and -o together... yes
[INFO] [stderr]   checking whether make supports the include directive... yes (GNU style)
[INFO] [stderr]   checking dependency style of cc... gcc3
[INFO] [stderr]   checking whether the compiler supports GNU C++... yes
[INFO] [stderr]   checking whether c++ accepts -g... yes
[INFO] [stderr]   checking for c++ option to enable C++11 features... none needed
[INFO] [stderr]   checking dependency style of c++... gcc3
[INFO] [stderr]   checking build system type... x86_64-pc-linux-gnu
[INFO] [stderr]   checking host system type... x86_64-pc-linux-gnu
[INFO] [stderr]   checking how to print strings... printf
[INFO] [stderr]   checking for a sed that does not truncate output... /usr/bin/sed
[INFO] [stderr]   checking for grep that handles long lines and -e... /usr/bin/grep
[INFO] [stderr]   checking for egrep... /usr/bin/grep -E
[INFO] [stderr]   checking for fgrep... /usr/bin/grep -F
[INFO] [stderr]   checking for ld used by cc... /usr/bin/ld
[INFO] [stderr]   checking if the linker (/usr/bin/ld) is GNU ld... yes
[INFO] [stderr]   checking for BSD- or MS-compatible name lister (nm)... /usr/bin/nm -B
[INFO] [stderr]   checking the name lister (/usr/bin/nm -B) interface... BSD nm
[INFO] [stderr]   checking whether ln -s works... yes
[INFO] [stderr]   checking the maximum length of command line arguments... 1572864
[INFO] [stderr]   checking how to convert x86_64-pc-linux-gnu file names to x86_64-pc-linux-gnu format... func_convert_file_noop
[INFO] [stderr]   checking how to convert x86_64-pc-linux-gnu file names to toolchain format... func_convert_file_noop
[INFO] [stderr]   checking for /usr/bin/ld option to reload object files... -r
[INFO] [stderr]   checking for file... file
[INFO] [stderr]   checking for objdump... objdump
[INFO] [stderr]   checking how to recognize dependent libraries... pass_all
[INFO] [stderr]   checking for dlltool... no
[INFO] [stderr]   checking how to associate runtime and link libraries... printf %s\n
[INFO] [stderr]   checking for ar... ar
[INFO] [stderr]   checking for archiver @FILE support... @
[INFO] [stderr]   checking for strip... strip
[INFO] [stderr]   checking for ranlib... ranlib
[INFO] [stderr]   checking command to parse /usr/bin/nm -B output from cc object... ok
[INFO] [stderr]   checking for sysroot... no
[INFO] [stderr]   checking for a working dd... /usr/bin/dd
[INFO] [stderr]   checking how to truncate binary pipes... /usr/bin/dd bs=4096 count=1
[INFO] [stderr]   checking for mt... no
[INFO] [stderr]   checking if : is a manifest tool... no
[INFO] [stderr]   checking for stdio.h... yes
[INFO] [stderr]   checking for stdlib.h... yes
[INFO] [stderr]   checking for string.h... yes
[INFO] [stderr]   checking for inttypes.h... yes
[INFO] [stderr]   checking for stdint.h... yes
[INFO] [stderr]   checking for strings.h... yes
[INFO] [stderr]   checking for sys/stat.h... yes
[INFO] [stderr]   checking for sys/types.h... yes
[INFO] [stderr]   checking for unistd.h... yes
[INFO] [stderr]   checking for dlfcn.h... yes
[INFO] [stderr]   checking for objdir... .libs
[INFO] [stderr]   checking if cc supports -fno-rtti -fno-exceptions... no
[INFO] [stderr]   checking for cc option to produce PIC... -fPIC -DPIC
[INFO] [stderr]   checking if cc PIC flag -fPIC -DPIC works... yes
[INFO] [stderr]   checking if cc static flag -static works... yes
[INFO] [stderr]   checking if cc supports -c -o file.o... yes
[INFO] [stderr]   checking if cc supports -c -o file.o... (cached) yes
[INFO] [stderr]   checking whether the cc linker (/usr/bin/ld -m elf_x86_64) supports shared libraries... yes
[INFO] [stderr]   checking dynamic linker characteristics... GNU/Linux ld.so
[INFO] [stderr]   checking how to hardcode library paths into programs... immediate
[INFO] [stderr]   checking whether stripping libraries is possible... yes
[INFO] [stderr]   checking if libtool supports shared libraries... yes
[INFO] [stderr]   checking whether to build shared libraries... no
[INFO] [stderr]   checking whether to build static libraries... yes
[INFO] [stderr]   checking how to run the C++ preprocessor... c++ -E
[INFO] [stderr]   checking for ld used by c++... /usr/bin/ld -m elf_x86_64
[INFO] [stderr]   checking if the linker (/usr/bin/ld -m elf_x86_64) is GNU ld... yes
[INFO] [stderr]   checking whether the c++ linker (/usr/bin/ld -m elf_x86_64) supports shared libraries... yes
[INFO] [stderr]   checking for c++ option to produce PIC... -fPIC -DPIC
[INFO] [stderr]   checking if c++ PIC flag -fPIC -DPIC works... yes
[INFO] [stderr]   checking if c++ static flag -static works... yes
[INFO] [stderr]   checking if c++ supports -c -o file.o... yes
[INFO] [stderr]   checking if c++ supports -c -o file.o... (cached) yes
[INFO] [stderr]   checking whether the c++ linker (/usr/bin/ld -m elf_x86_64) supports shared libraries... yes
[INFO] [stderr]   checking dynamic linker characteristics... (cached) GNU/Linux ld.so
[INFO] [stderr]   checking how to hardcode library paths into programs... immediate
[INFO] [stderr]   checking for python... :
[INFO] [stderr]   checking for the pthreads library -lpthreads... no
[INFO] [stderr]   checking whether pthreads work without any flags... yes
[INFO] [stderr]   checking for joinable pthread attribute... PTHREAD_CREATE_JOINABLE
[INFO] [stderr]   checking if more special flags are required for pthreads... no
[INFO] [stderr]   checking whether to check for GCC pthread/shared inconsistencies... yes
[INFO] [stderr]   checking whether -pthread is sufficient with -shared... yes
[INFO] [stderr]   checking for gtest-config... no
[INFO] [stderr]   checking that generated files are newer than configure... done
[INFO] [stderr]   configure: creating ./config.status
[INFO] [stderr]   config.status: creating Makefile
[INFO] [stderr]   config.status: creating scripts/gmock-config
[INFO] [stderr]   config.status: creating build-aux/config.h
[INFO] [stderr]   config.status: executing depfiles commands
[INFO] [stderr]   config.status: executing libtool commands
[INFO] [stderr]   running: cd "/opt/rustwide/target/debug/build/protobuf-src-de03c642cc143668/out/install/build" && MAKEFLAGS="-j --jobserver-fds=7,8 --jobserver-auth=7,8" "sh" "-c" "exec \"$0\" \"$@\"" "make" "install"
[INFO] [stderr]   Making install in .
[INFO] [stderr]   make[1]: Entering directory '/opt/rustwide/target/debug/build/protobuf-src-de03c642cc143668/out/install/build'
[INFO] [stderr]   make[2]: Entering directory '/opt/rustwide/target/debug/build/protobuf-src-de03c642cc143668/out/install/build'
[INFO] [stderr]   make[2]: Nothing to be done for 'install-exec-am'.
[INFO] [stderr]    /usr/bin/mkdir -p '/opt/rustwide/target/debug/build/protobuf-src-de03c642cc143668/out/install/lib/pkgconfig'
[INFO] [stderr]    /usr/bin/install -c -m 644 protobuf.pc protobuf-lite.pc '/opt/rustwide/target/debug/build/protobuf-src-de03c642cc143668/out/install/lib/pkgconfig'
[INFO] [stderr]   make[2]: Leaving directory '/opt/rustwide/target/debug/build/protobuf-src-de03c642cc143668/out/install/build'
[INFO] [stderr]   make[1]: Leaving directory '/opt/rustwide/target/debug/build/protobuf-src-de03c642cc143668/out/install/build'
[INFO] [stderr]   Making install in src
[INFO] [stderr]   make[1]: Entering directory '/opt/rustwide/target/debug/build/protobuf-src-de03c642cc143668/out/install/build/src'
[INFO] [stderr]     CXX      google/protobuf/compiler/importer.lo
[INFO] [stderr]     CXX      google/protobuf/compiler/parser.lo
[INFO] [stderr]     CXX      google/protobuf/descriptor.lo
[INFO] [stderr]     CXX      google/protobuf/descriptor.pb.lo
[INFO] [stderr]     CXX      google/protobuf/descriptor_database.lo
[INFO] [stderr]     CXX      google/protobuf/duration.pb.lo
[INFO] [stderr]     CXX      google/protobuf/dynamic_message.lo
[INFO] [stderr]     CXX      google/protobuf/empty.pb.lo
[INFO] [stderr]     CXX      google/protobuf/extension_set_heavy.lo
[INFO] [stderr]     CXX      google/protobuf/field_mask.pb.lo
[INFO] [stderr]     CXX      google/protobuf/generated_message_bases.lo
[INFO] [stderr]     CXX      google/protobuf/generated_message_reflection.lo
[INFO] [stderr]     CXX      google/protobuf/generated_message_tctable_full.lo
[INFO] [stderr]     CXX      google/protobuf/io/gzip_stream.lo
[INFO] [stderr]     CXX      google/protobuf/io/printer.lo
[INFO] [stderr]     CXX      google/protobuf/io/tokenizer.lo
[INFO] [stderr]     CXX      google/protobuf/map_field.lo
[INFO] [stderr]     CXX      google/protobuf/message.lo
[INFO] [stderr]     CXX      google/protobuf/reflection_ops.lo
[INFO] [stderr]     CXX      google/protobuf/service.lo
[INFO] [stderr]     CXX      google/protobuf/source_context.pb.lo
[INFO] [stderr]     CXX      google/protobuf/struct.pb.lo
[INFO] [stderr]     CXX      google/protobuf/stubs/substitute.lo
[INFO] [stderr]     CXX      google/protobuf/text_format.lo
[INFO] [stderr]     CXX      google/protobuf/timestamp.pb.lo
[INFO] [stderr]     CXX      google/protobuf/type.pb.lo
[INFO] [stderr]     CXX      google/protobuf/unknown_field_set.lo
[INFO] [stderr]     CXX      google/protobuf/util/json_util.lo
[INFO] [stderr]     CXX      google/protobuf/util/message_differencer.lo
[INFO] [stderr]     CXX      google/protobuf/util/time_util.lo
[INFO] [stderr]     CXX      google/protobuf/util/type_resolver_util.lo
[INFO] [stderr]     CXX      google/protobuf/wire_format.lo
[INFO] [stderr]     CXX      google/protobuf/wrappers.pb.lo
[INFO] [stderr]     CXX      google/protobuf/compiler/code_generator.lo
[INFO] [stderr]     CXX      google/protobuf/compiler/command_line_interface.lo
[INFO] [stderr]     CXX      google/protobuf/compiler/plugin.lo
[INFO] [stderr]     CXX      google/protobuf/compiler/plugin.pb.lo
[INFO] [stderr]     CXX      google/protobuf/compiler/subprocess.lo
[INFO] [stderr]     CXX      google/protobuf/compiler/zip_writer.lo
[INFO] [stderr]     CXX      google/protobuf/compiler/main.o
[INFO] [stderr]     CXX      google/protobuf/any_lite.lo
[INFO] [stderr]     CXX      google/protobuf/arena.lo
[INFO] [stderr]     CXX      google/protobuf/arenastring.lo
[INFO] [stderr]     CXX      google/protobuf/arenaz_sampler.lo
[INFO] [stderr]     CXX      google/protobuf/extension_set.lo
[INFO] [stderr]     CXX      google/protobuf/generated_enum_util.lo
[INFO] [stderr]     CXX      google/protobuf/generated_message_tctable_lite.lo
[INFO] [stderr]     CXX      google/protobuf/generated_message_util.lo
[INFO] [stderr]     CXX      google/protobuf/implicit_weak_message.lo
[INFO] [stderr]     CXX      google/protobuf/inlined_string_field.lo
[INFO] [stderr]     CXX      google/protobuf/io/coded_stream.lo
[INFO] [stderr]     CXX      google/protobuf/io/io_win32.lo
[INFO] [stderr]     CXX      google/protobuf/io/strtod.lo
[INFO] [stderr]     CXX      google/protobuf/io/zero_copy_stream.lo
[INFO] [stderr]     CXX      google/protobuf/io/zero_copy_stream_impl.lo
[INFO] [stderr]     CXX      google/protobuf/io/zero_copy_stream_impl_lite.lo
[INFO] [stderr]     CXX      google/protobuf/map.lo
[INFO] [stderr]     CXX      google/protobuf/message_lite.lo
[INFO] [stderr]     CXX      google/protobuf/parse_context.lo
[INFO] [stderr]     CXX      google/protobuf/repeated_field.lo
[INFO] [stderr]     CXX      google/protobuf/repeated_ptr_field.lo
[INFO] [stderr]     CXX      google/protobuf/stubs/bytestream.lo
[INFO] [stderr]     CXX      google/protobuf/stubs/common.lo
[INFO] [stderr]     CXX      google/protobuf/stubs/int128.lo
[INFO] [stderr]     CXX      google/protobuf/stubs/status.lo
[INFO] [stderr]     CXX      google/protobuf/stubs/statusor.lo
[INFO] [stderr]     CXX      google/protobuf/stubs/stringpiece.lo
[INFO] [stderr]     CXX      google/protobuf/stubs/stringprintf.lo
[INFO] [stderr]     CXX      google/protobuf/stubs/structurally_valid.lo
[INFO] [stderr]     CXX      google/protobuf/stubs/strutil.lo
[INFO] [stderr]     CXX      google/protobuf/stubs/time.lo
[INFO] [stderr]     CXX      google/protobuf/wire_format_lite.lo
[INFO] [stderr]     CXX      google/protobuf/any.lo
[INFO] [stderr]     CXX      google/protobuf/any.pb.lo
[INFO] [stderr]     CXX      google/protobuf/api.pb.lo
[INFO] [stderr]     CXX      google/protobuf/util/delimited_message_util.lo
[INFO] [stderr]     CXX      google/protobuf/util/field_comparator.lo
[INFO] [stderr]     CXX      google/protobuf/util/field_mask_util.lo
[INFO] [stderr]     CXX      google/protobuf/util/internal/datapiece.lo
[INFO] [stderr]     CXX      google/protobuf/util/internal/default_value_objectwriter.lo
[INFO] [stderr]     CXX      google/protobuf/util/internal/error_listener.lo
[INFO] [stderr]     CXX      google/protobuf/util/internal/field_mask_utility.lo
[INFO] [stderr]     CXX      google/protobuf/util/internal/json_escaping.lo
[INFO] [stderr]     CXX      google/protobuf/util/internal/json_objectwriter.lo
[INFO] [stderr]     CXX      google/protobuf/util/internal/json_stream_parser.lo
[INFO] [stderr]     CXX      google/protobuf/util/internal/object_writer.lo
[INFO] [stderr]     CXX      google/protobuf/util/internal/proto_writer.lo
[INFO] [stderr]     CXX      google/protobuf/util/internal/protostream_objectsource.lo
[INFO] [stderr]     CXX      google/protobuf/util/internal/protostream_objectwriter.lo
[INFO] [stderr]     CXX      google/protobuf/util/internal/type_info.lo
[INFO] [stderr]     CXX      google/protobuf/util/internal/utility.lo
[INFO] [stderr]     CXX      google/protobuf/compiler/cpp/enum.lo
[INFO] [stderr]     CXX      google/protobuf/compiler/cpp/enum_field.lo
[INFO] [stderr]     CXX      google/protobuf/compiler/cpp/extension.lo
[INFO] [stderr]     CXX      google/protobuf/compiler/cpp/field.lo
[INFO] [stderr]     CXX      google/protobuf/compiler/cpp/file.lo
[INFO] [stderr]     CXX      google/protobuf/compiler/cpp/generator.lo
[INFO] [stderr]     CXX      google/protobuf/compiler/cpp/helpers.lo
[INFO] [stderr]     CXX      google/protobuf/compiler/cpp/map_field.lo
[INFO] [stderr]     CXX      google/protobuf/compiler/cpp/message.lo
[INFO] [stderr]     CXX      google/protobuf/compiler/cpp/message_field.lo
[INFO] [stderr]     CXX      google/protobuf/compiler/cpp/padding_optimizer.lo
[INFO] [stderr]   make[1]: Leaving directory '/opt/rustwide/target/debug/build/protobuf-src-de03c642cc143668/out/install/build/src'
[INFO] [stderr] 
[INFO] [stderr]   --- stderr
[INFO] [stderr]   In file included from /opt/rustwide/cargo-home/registry/src/index.crates.io-6f17d22bba15001f/protobuf-src-1.1.0+21.5/protobuf/src/google/protobuf/generated_message_tctable_lite.cc:36:
[INFO] [stderr]   /opt/rustwide/cargo-home/registry/src/index.crates.io-6f17d22bba15001f/protobuf-src-1.1.0+21.5/protobuf/src/google/protobuf/generated_message_tctable_impl.h: In function 'void google::protobuf::internal::AlignFail(uintptr_t) [with long unsigned int align = 4]':
[INFO] [stderr]   /opt/rustwide/cargo-home/registry/src/index.crates.io-6f17d22bba15001f/protobuf-src-1.1.0+21.5/protobuf/src/google/protobuf/generated_message_tctable_impl.h:256:1: warning: 'noreturn' function does return
[INFO] [stderr]     256 | }
[INFO] [stderr]         | ^
[INFO] [stderr]   /opt/rustwide/cargo-home/registry/src/index.crates.io-6f17d22bba15001f/protobuf-src-1.1.0+21.5/protobuf/src/google/protobuf/generated_message_tctable_impl.h: In function 'void google::protobuf::internal::AlignFail(uintptr_t) [with long unsigned int align = 8]':
[INFO] [stderr]   /opt/rustwide/cargo-home/registry/src/index.crates.io-6f17d22bba15001f/protobuf-src-1.1.0+21.5/protobuf/src/google/protobuf/generated_message_tctable_impl.h:256:1: warning: 'noreturn' function does return
[INFO] [stderr]   c++: fatal error: Killed signal terminated program cc1plus
[INFO] [stderr]   compilation terminated.
[INFO] [stderr]   make[1]: *** [Makefile:4514: google/protobuf/compiler/cpp/helpers.lo] Error 1
[INFO] [stderr]   make[1]: *** Waiting for unfinished jobs....
[INFO] [stderr]   make: *** [Makefile:1757: install-recursive] Error 1
[INFO] [stderr]   thread 'main' panicked at /opt/rustwide/cargo-home/registry/src/index.crates.io-6f17d22bba15001f/autotools-0.2.6/src/lib.rs:781:5:
[INFO] [stderr] 
[INFO] [stderr]   command did not execute successfully, got: exit status: 2
[INFO] [stderr] 
[INFO] [stderr]   build script failed, must exit now
[INFO] [stderr]   stack backtrace:
[INFO] [stderr]      0:     0x5594eb3088a6 - std::backtrace_rs::backtrace::libunwind::trace::h261606ad26a499c1
[INFO] [stderr]                                  at /rustc/0e09125c6c3c2fd70d7de961bcf0e51575235fad/library/std/src/../../backtrace/src/backtrace/libunwind.rs:104:5
[INFO] [stderr]      1:     0x5594eb3088a6 - std::backtrace_rs::backtrace::trace_unsynchronized::hd183f0625477fb28
[INFO] [stderr]                                  at /rustc/0e09125c6c3c2fd70d7de961bcf0e51575235fad/library/std/src/../../backtrace/src/backtrace/mod.rs:66:5
[INFO] [stderr]      2:     0x5594eb3088a6 - std::sys_common::backtrace::_print_fmt::hd7f8fef21b4eda67
[INFO] [stderr]                                  at /rustc/0e09125c6c3c2fd70d7de961bcf0e51575235fad/library/std/src/sys_common/backtrace.rs:68:5
[INFO] [stderr]      3:     0x5594eb3088a6 - <std::sys_common::backtrace::_print::DisplayBacktrace as core::fmt::Display>::fmt::h623d9b51f2f453f1
[INFO] [stderr]                                  at /rustc/0e09125c6c3c2fd70d7de961bcf0e51575235fad/library/std/src/sys_common/backtrace.rs:44:22
[INFO] [stderr]      4:     0x5594eb32ddc0 - core::fmt::rt::Argument::fmt::h9f417ac76a86f368
[INFO] [stderr]                                  at /rustc/0e09125c6c3c2fd70d7de961bcf0e51575235fad/library/core/src/fmt/rt.rs:142:9
[INFO] [stderr]      5:     0x5594eb32ddc0 - core::fmt::write::hc9b6faf4ac2aeff7
[INFO] [stderr]                                  at /rustc/0e09125c6c3c2fd70d7de961bcf0e51575235fad/library/core/src/fmt/mod.rs:1120:17
[INFO] [stderr]      6:     0x5594eb3061bf - std::io::Write::write_fmt::hfead1eee52c2e65e
[INFO] [stderr]                                  at /rustc/0e09125c6c3c2fd70d7de961bcf0e51575235fad/library/std/src/io/mod.rs:1810:15
[INFO] [stderr]      7:     0x5594eb308684 - std::sys_common::backtrace::_print::hd5d66399c7df88a2
[INFO] [stderr]                                  at /rustc/0e09125c6c3c2fd70d7de961bcf0e51575235fad/library/std/src/sys_common/backtrace.rs:47:5
[INFO] [stderr]      8:     0x5594eb308684 - std::sys_common::backtrace::print::he81ed2da642d37e5
[INFO] [stderr]                                  at /rustc/0e09125c6c3c2fd70d7de961bcf0e51575235fad/library/std/src/sys_common/backtrace.rs:34:9
[INFO] [stderr]      9:     0x5594eb309f67 - std::panicking::default_hook::{{closure}}::h85773f4fa117163d
[INFO] [stderr]     10:     0x5594eb309cc9 - std::panicking::default_hook::h6a1694a91d09b278
[INFO] [stderr]                                  at /rustc/0e09125c6c3c2fd70d7de961bcf0e51575235fad/library/std/src/panicking.rs:292:9
[INFO] [stderr]     11:     0x5594eb30a3f8 - std::panicking::rust_panic_with_hook::h0a7ad96e90f7145b
[INFO] [stderr]                                  at /rustc/0e09125c6c3c2fd70d7de961bcf0e51575235fad/library/std/src/panicking.rs:779:13
[INFO] [stderr]     12:     0x5594eb30a2d2 - std::panicking::begin_panic_handler::{{closure}}::h7919090525c6485e
[INFO] [stderr]                                  at /rustc/0e09125c6c3c2fd70d7de961bcf0e51575235fad/library/std/src/panicking.rs:657:13
[INFO] [stderr]     13:     0x5594eb308da6 - std::sys_common::backtrace::__rust_end_short_backtrace::hf3289479464f7dfe
[INFO] [stderr]                                  at /rustc/0e09125c6c3c2fd70d7de961bcf0e51575235fad/library/std/src/sys_common/backtrace.rs:171:18
[INFO] [stderr]     14:     0x5594eb30a030 - rust_begin_unwind
[INFO] [stderr]                                  at /rustc/0e09125c6c3c2fd70d7de961bcf0e51575235fad/library/std/src/panicking.rs:645:5
[INFO] [stderr]     15:     0x5594eb292845 - core::panicking::panic_fmt::hcc9f77c5c132af55
[INFO] [stderr]                                  at /rustc/0e09125c6c3c2fd70d7de961bcf0e51575235fad/library/core/src/panicking.rs:72:14
[INFO] [stderr]     16:     0x5594eb2a42d1 - autotools::fail::hc3cf73a2685f18bf
[INFO] [stderr]     17:     0x5594eb2a2615 - autotools::Config::build::hf263627861f16c4c
[INFO] [stderr]     18:     0x5594eb296da8 - build_script_build::main::h4d4308ba8e97427b
[INFO] [stderr]     19:     0x5594eb298583 - core::ops::function::FnOnce::call_once::h0f13d82785451740
[INFO] [stderr]     20:     0x5594eb2934d6 - std::sys_common::backtrace::__rust_begin_short_backtrace::h4690fe00fdd90776
[INFO] [stderr]     21:     0x5594eb293819 - std::rt::lang_start::{{closure}}::h5328c86fc7336c78
[INFO] [stderr]     22:     0x5594eb3019d1 - core::ops::function::impls::<impl core::ops::function::FnOnce<A> for &F>::call_once::h4eb4c5e1620f29b0
[INFO] [stderr]                                  at /rustc/0e09125c6c3c2fd70d7de961bcf0e51575235fad/library/core/src/ops/function.rs:284:13
[INFO] [stderr]     23:     0x5594eb3019d1 - std::panicking::try::do_call::h73fd26535faffcdf
[INFO] [stderr]                                  at /rustc/0e09125c6c3c2fd70d7de961bcf0e51575235fad/library/std/src/panicking.rs:552:40
[INFO] [stderr]     24:     0x5594eb3019d1 - std::panicking::try::h77ff1d98f0fb9f39
[INFO] [stderr]                                  at /rustc/0e09125c6c3c2fd70d7de961bcf0e51575235fad/library/std/src/panicking.rs:516:19
[INFO] [stderr]     25:     0x5594eb3019d1 - std::panic::catch_unwind::hab3caf2448b95e37
[INFO] [stderr]                                  at /rustc/0e09125c6c3c2fd70d7de961bcf0e51575235fad/library/std/src/panic.rs:142:14
[INFO] [stderr]     26:     0x5594eb3019d1 - std::rt::lang_start_internal::{{closure}}::h8086711f9c783f78
[INFO] [stderr]                                  at /rustc/0e09125c6c3c2fd70d7de961bcf0e51575235fad/library/std/src/rt.rs:148:48
[INFO] [stderr]     27:     0x5594eb3019d1 - std::panicking::try::do_call::hf920d4dc291cd6ca
[INFO] [stderr]                                  at /rustc/0e09125c6c3c2fd70d7de961bcf0e51575235fad/library/std/src/panicking.rs:552:40
[INFO] [stderr]     28:     0x5594eb3019d1 - std::panicking::try::h2b806ccc0a85db74
[INFO] [stderr]                                  at /rustc/0e09125c6c3c2fd70d7de961bcf0e51575235fad/library/std/src/panicking.rs:516:19
[INFO] [stderr]     29:     0x5594eb3019d1 - std::panic::catch_unwind::h038489539c507df2
[INFO] [stderr]                                  at /rustc/0e09125c6c3c2fd70d7de961bcf0e51575235fad/library/std/src/panic.rs:142:14
[INFO] [stderr]     30:     0x5594eb3019d1 - std::rt::lang_start_internal::h28503b88912e8a5c
[INFO] [stderr]                                  at /rustc/0e09125c6c3c2fd70d7de961bcf0e51575235fad/library/std/src/rt.rs:148:20
[INFO] [stderr]     31:     0x5594eb2937f7 - std::rt::lang_start::h7d69816222b808c1
[INFO] [stderr]     32:     0x5594eb297265 - main
[INFO] [stderr]     33:     0x7f95eadf9d90 - <unknown>
[INFO] [stderr]     34:     0x7f95eadf9e40 - __libc_start_main
[INFO] [stderr]     35:     0x5594eb293065 - _start
[INFO] [stderr]     36:                0x0 - <unknown>
[INFO] running `Command { std: "docker" "inspect" "e5d219fb6dc5ad21bde4caa95a04193a086310b7087d44fd5394a2481c920caa", kill_on_drop: false }`
[INFO] running `Command { std: "docker" "rm" "-f" "e5d219fb6dc5ad21bde4caa95a04193a086310b7087d44fd5394a2481c920caa", kill_on_drop: false }`
[INFO] [stdout] e5d219fb6dc5ad21bde4caa95a04193a086310b7087d44fd5394a2481c920caa
